[INFO] cloning repository https://github.com/deislabs/containerd-wasm-shims
[INFO] running `Command { std: "git" "-c" "credential.helper=" "-c" "credential.helper=/workspace/cargo-home/bin/git-credential-null" "clone" "--bare" "https://github.com/deislabs/containerd-wasm-shims" "/workspace/cache/git-repos/https%3A%2F%2Fgithub.com%2Fdeislabs%2Fcontainerd-wasm-shims", kill_on_drop: false }`
[INFO] [stderr] Cloning into bare repository '/workspace/cache/git-repos/https%3A%2F%2Fgithub.com%2Fdeislabs%2Fcontainerd-wasm-shims'...
[INFO] running `Command { std: "git" "rev-parse" "HEAD", kill_on_drop: false }`
[INFO] [stdout] 7255abc934ebc1021c5abe2dc63dda91bd24ac24
[INFO] testing deislabs/containerd-wasm-shims against 1.75.0 for beta-1.76-1
[INFO] running `Command { std: "git" "clone" "/workspace/cache/git-repos/https%3A%2F%2Fgithub.com%2Fdeislabs%2Fcontainerd-wasm-shims" "/workspace/builds/worker-3-tc1/source", kill_on_drop: false }`
[INFO] [stderr] Cloning into '/workspace/builds/worker-3-tc1/source'...
[INFO] [stderr] done.
[INFO] validating manifest of git repo https://github.com/deislabs/containerd-wasm-shims on toolchain 1.75.0
[INFO] running `Command { std: CARGO_HOME="/workspace/cargo-home" RUSTUP_HOME="/workspace/rustup-home" "/workspace/cargo-home/bin/cargo" "+1.75.0" "metadata" "--manifest-path" "Cargo.toml" "--no-deps", kill_on_drop: false }`
[INFO] removed /workspace/builds/worker-3-tc1/source/.cargo/config.toml
[INFO] removed /workspace/builds/worker-3-tc1/source/rust-toolchain.toml
[INFO] started tweaking git repo https://github.com/deislabs/containerd-wasm-shims
[INFO] finished tweaking git repo https://github.com/deislabs/containerd-wasm-shims
[INFO] tweaked toml for git repo https://github.com/deislabs/containerd-wasm-shims written to /workspace/builds/worker-3-tc1/source/Cargo.toml
[INFO] crate git repo https://github.com/deislabs/containerd-wasm-shims already has a lockfile, it will not be regenerated
[INFO] running `Command { std: CARGO_HOME="/workspace/cargo-home" RUSTUP_HOME="/workspace/rustup-home" "/workspace/cargo-home/bin/cargo" "+1.75.0" "fetch" "--manifest-path" "Cargo.toml", kill_on_drop: false }`
[INFO] [stderr]  Downloading crates ...
[INFO] [stderr]   Downloaded kube-derive v0.87.1
[INFO] [stderr]   Downloaded kube v0.87.1
[INFO] [stderr]   Downloaded kube-client v0.87.1
[INFO] [stderr]   Downloaded kube-runtime v0.87.1
[INFO] [stderr]   Downloaded kube-core v0.87.1
[INFO] running `Command { std: "docker" "create" "-v" "/var/lib/crater-agent-workspace/builds/worker-3-tc1/target:/opt/rustwide/target:rw,Z" "-v" "/var/lib/crater-agent-workspace/builds/worker-3-tc1/source:/opt/rustwide/workdir:ro,Z" "-v" "/var/lib/crater-agent-workspace/cargo-home:/opt/rustwide/cargo-home:ro,Z" "-v" "/var/lib/crater-agent-workspace/rustup-home:/opt/rustwide/rustup-home:ro,Z" "-e" "SOURCE_DIR=/opt/rustwide/workdir" "-e" "CARGO_TARGET_DIR=/opt/rustwide/target" "-e" "CARGO_HOME=/opt/rustwide/cargo-home" "-e" "RUSTUP_HOME=/opt/rustwide/rustup-home" "-w" "/opt/rustwide/workdir" "-m" "1610612736" "--user" "0:0" "--network" "none" "ghcr.io/rust-lang/crates-build-env/linux@sha256:2788e3201cd34a07e3172128adcd8b3090168a8e3bcc40d7c032b9dda1df7d1c" "/opt/rustwide/cargo-home/bin/cargo" "+1.75.0" "metadata" "--no-deps" "--format-version=1", kill_on_drop: false }`
[INFO] [stdout] cdc90eb751d71f517d8eab104321347e507ad941807130c6336ef6a7701253d8
[INFO] running `Command { std: "docker" "start" "-a" "cdc90eb751d71f517d8eab104321347e507ad941807130c6336ef6a7701253d8", kill_on_drop: false }`
[INFO] running `Command { std: "docker" "inspect" "cdc90eb751d71f517d8eab104321347e507ad941807130c6336ef6a7701253d8", kill_on_drop: false }`
[INFO] running `Command { std: "docker" "rm" "-f" "cdc90eb751d71f517d8eab104321347e507ad941807130c6336ef6a7701253d8", kill_on_drop: false }`
[INFO] [stdout] cdc90eb751d71f517d8eab104321347e507ad941807130c6336ef6a7701253d8
[INFO] running `Command { std: "docker" "create" "-v" "/var/lib/crater-agent-workspace/builds/worker-3-tc1/target:/opt/rustwide/target:rw,Z" "-v" "/var/lib/crater-agent-workspace/builds/worker-3-tc1/source:/opt/rustwide/workdir:ro,Z" "-v" "/var/lib/crater-agent-workspace/cargo-home:/opt/rustwide/cargo-home:ro,Z" "-v" "/var/lib/crater-agent-workspace/rustup-home:/opt/rustwide/rustup-home:ro,Z" "-e" "SOURCE_DIR=/opt/rustwide/workdir" "-e" "CARGO_TARGET_DIR=/opt/rustwide/target" "-e" "CARGO_INCREMENTAL=0" "-e" "RUST_BACKTRACE=full" "-e" "RUSTFLAGS=--cap-lints=warn" "-e" "RUSTDOCFLAGS=--cap-lints=warn" "-e" "CARGO_HOME=/opt/rustwide/cargo-home" "-e" "RUSTUP_HOME=/opt/rustwide/rustup-home" "-w" "/opt/rustwide/workdir" "-m" "1610612736" "--user" "0:0" "--network" "none" "ghcr.io/rust-lang/crates-build-env/linux@sha256:2788e3201cd34a07e3172128adcd8b3090168a8e3bcc40d7c032b9dda1df7d1c" "/opt/rustwide/cargo-home/bin/cargo" "+1.75.0" "build" "--frozen" "--message-format=json", kill_on_drop: false }`
[INFO] [stdout] 9c4875ef6bfe2ee9705e56669ea3c9db1aeffd11a914fb18d927b9cc0698f719
[INFO] running `Command { std: "docker" "start" "-a" "9c4875ef6bfe2ee9705e56669ea3c9db1aeffd11a914fb18d927b9cc0698f719", kill_on_drop: false }`
[INFO] [stderr]    Compiling proc-macro2 v1.0.69
[INFO] [stderr]    Compiling unicode-ident v1.0.12
[INFO] [stderr]    Compiling libc v0.2.150
[INFO] [stderr]    Compiling cfg-if v1.0.0
[INFO] [stderr]    Compiling autocfg v1.1.0
[INFO] [stderr]    Compiling version_check v0.9.4
[INFO] [stderr]    Compiling once_cell v1.18.0
[INFO] [stderr]    Compiling itoa v1.0.9
[INFO] [stderr]    Compiling bytes v1.5.0
[INFO] [stderr]    Compiling pin-project-lite v0.2.13
[INFO] [stderr]    Compiling fnv v1.0.7
[INFO] [stderr]    Compiling futures-core v0.3.29
[INFO] [stderr]    Compiling serde v1.0.192
[INFO] [stderr]    Compiling log v0.4.20
[INFO] [stderr]    Compiling futures-sink v0.3.29
[INFO] [stderr]    Compiling futures-channel v0.3.29
[INFO] [stderr]    Compiling zerocopy v0.7.25
[INFO] [stderr]    Compiling futures-task v0.3.29
[INFO] [stderr]    Compiling ryu v1.0.15
[INFO] [stderr]    Compiling futures-util v0.3.29
[INFO] [stderr]    Compiling allocator-api2 v0.2.16
[INFO] [stderr]    Compiling equivalent v1.0.1
[INFO] [stderr]    Compiling typenum v1.17.0
[INFO] [stderr]    Compiling futures-io v0.3.29
[INFO] [stderr]    Compiling ahash v0.8.6
[INFO] [stderr]    Compiling memchr v2.6.4
[INFO] [stderr]    Compiling slab v0.4.9
[INFO] [stderr]    Compiling pin-utils v0.1.0
[INFO] [stderr]    Compiling generic-array v0.14.7
[INFO] [stderr]    Compiling pkg-config v0.3.27
[INFO] [stderr]    Compiling serde_json v1.0.108
[INFO] [stderr]    Compiling num-traits v0.2.17
[INFO] [stderr]    Compiling tracing-core v0.1.32
[INFO] [stderr]    Compiling base64 v0.21.5
[INFO] [stderr]    Compiling http v0.2.11
[INFO] [stderr]    Compiling httparse v1.8.0
[INFO] [stderr]    Compiling vcpkg v0.2.15
[INFO] [stderr]    Compiling syn v1.0.109
[INFO] [stderr]    Compiling spin v0.9.8
[INFO] [stderr]    Compiling tinyvec_macros v0.1.1
[INFO] [stderr]    Compiling untrusted v0.9.0
[INFO] [stderr]    Compiling thiserror v1.0.50
[INFO] [stderr]    Compiling tinyvec v1.6.0
[INFO] [stderr]    Compiling quote v1.0.33
[INFO] [stderr]    Compiling percent-encoding v2.3.0
[INFO] [stderr]    Compiling tower-service v0.3.2
[INFO] [stderr]    Compiling syn v2.0.39
[INFO] [stderr]    Compiling ppv-lite86 v0.2.17
[INFO] [stderr]    Compiling form_urlencoded v1.2.0
[INFO] [stderr]    Compiling try-lock v0.2.4
[INFO] [stderr]    Compiling cc v1.0.84
[INFO] [stderr]    Compiling unicode-bidi v0.3.13
[INFO] [stderr]    Compiling getrandom v0.2.11
[INFO] [stderr]    Compiling signal-hook-registry v1.4.1
[INFO] [stderr]    Compiling socket2 v0.5.5
[INFO] [stderr]    Compiling mio v0.8.9
[INFO] [stderr]    Compiling socket2 v0.4.10
[INFO] [stderr]    Compiling rand_core v0.6.4
[INFO] [stderr]    Compiling http-body v0.4.5
[INFO] [stderr]    Compiling rustls v0.21.8
[INFO] [stderr]    Compiling rand_chacha v0.3.1
[INFO] [stderr]    Compiling hashbrown v0.14.2
[INFO] [stderr]    Compiling want v0.3.1
[INFO] [stderr]    Compiling schemars v0.8.16
[INFO] [stderr]    Compiling unicode-normalization v0.1.22
[INFO] [stderr]    Compiling rand v0.8.5
[INFO] [stderr]    Compiling httpdate v1.0.3
[INFO] [stderr]    Compiling openssl-probe v0.1.5
[INFO] [stderr]    Compiling k8s-openapi v0.20.0
[INFO] [stderr]    Compiling iana-time-zone v0.1.58
[INFO] [stderr]    Compiling cpufeatures v0.2.11
[INFO] [stderr]    Compiling ordered-float v2.10.1
[INFO] [stderr]    Compiling rustls-pemfile v1.0.4
[INFO] [stderr]    Compiling lock_api v0.4.11
[INFO] [stderr]    Compiling parking_lot_core v0.9.9
[INFO] [stderr]    Compiling indexmap v2.1.0
[INFO] [stderr]    Compiling idna v0.4.0
[INFO] [stderr]    Compiling data-encoding v2.4.0
[INFO] [stderr]    Compiling tower-layer v0.3.2
[INFO] [stderr]    Compiling ident_case v1.0.1
[INFO] [stderr]    Compiling strsim v0.10.0
[INFO] [stderr]    Compiling byteorder v1.5.0
[INFO] [stderr]    Compiling utf-8 v0.7.6
[INFO] [stderr]    Compiling dyn-clone v1.0.16
[INFO] [stderr]    Compiling block-buffer v0.10.4
[INFO] [stderr]    Compiling crypto-common v0.1.6
[INFO] [stderr]    Compiling rustls-native-certs v0.6.3
[INFO] [stderr]    Compiling smallvec v1.11.2
[INFO] [stderr]    Compiling scopeguard v1.2.0
[INFO] [stderr]    Compiling http-range-header v0.3.1
[INFO] [stderr]    Compiling unsafe-libyaml v0.2.9
[INFO] [stderr]    Compiling bitflags v2.4.1
[INFO] [stderr]    Compiling digest v0.10.7
[INFO] [stderr]    Compiling async-trait v0.1.74
[INFO] [stderr]    Compiling zeroize v1.6.0
[INFO] [stderr]    Compiling mime v0.3.17
[INFO] [stderr]    Compiling ring v0.17.5
[INFO] [stderr]    Compiling libz-sys v1.1.12
[INFO] [stderr]    Compiling openssl-sys v0.9.95
[INFO] [stderr]    Compiling curl-sys v0.4.68+curl-8.4.0
[INFO] [stderr]    Compiling sha1 v0.10.6
[INFO] [stderr]    Compiling url v2.4.1
[INFO] [stderr]    Compiling pem v3.0.2
[INFO] [stderr]    Compiling instant v0.1.12
[INFO] [stderr]    Compiling either v1.9.0
[INFO] [stderr]    Compiling home v0.5.5
[INFO] [stderr]    Compiling serde_derive_internals v0.26.0
[INFO] [stderr]    Compiling backoff v0.4.0
[INFO] [stderr]    Compiling parking_lot v0.12.1
[INFO] [stderr]    Compiling curl v0.4.44
[INFO] [stderr]    Compiling anyhow v1.0.75
[INFO] [stderr]    Compiling schemars_derive v0.8.16
[INFO] [stderr]    Compiling derivative v2.2.0
[INFO] [stderr]    Compiling darling_core v0.20.3
[INFO] [stderr]    Compiling serde_derive v1.0.192
[INFO] [stderr]    Compiling tokio-macros v2.2.0
[INFO] [stderr]    Compiling futures-macro v0.3.29
[INFO] [stderr]    Compiling tracing-attributes v0.1.27
[INFO] [stderr]    Compiling thiserror-impl v1.0.50
[INFO] [stderr]    Compiling pin-project-internal v1.1.3
[INFO] [stderr]    Compiling tokio v1.34.0
[INFO] [stderr]    Compiling darling_macro v0.20.3
[INFO] [stderr]    Compiling tungstenite v0.20.1
[INFO] [stderr]    Compiling pin-project v1.1.3
[INFO] [stderr]    Compiling tracing v0.1.40
[INFO] [stderr]    Compiling darling v0.20.3
[INFO] [stderr]    Compiling kube-derive v0.87.1
[INFO] [stderr]    Compiling sct v0.7.1
[INFO] [stderr]    Compiling rustls-webpki v0.101.7
[INFO] [stderr]    Compiling futures-executor v0.3.29
[INFO] [stderr]    Compiling tower-http v0.4.4
[INFO] [stderr]    Compiling futures v0.3.29
[INFO] [stderr]    Compiling hyper v0.14.27
[INFO] [stderr]    Compiling tokio-io-timeout v1.2.0
[INFO] [stderr]    Compiling tokio-util v0.7.10
[INFO] [stderr]    Compiling tokio-tungstenite v0.20.1
[INFO] [stderr]    Compiling tokio-rustls v0.24.1
[INFO] [stderr]    Compiling tower v0.4.13
[INFO] [stderr]    Compiling chrono v0.4.31
[INFO] [stderr]    Compiling serde-value v0.7.0
[INFO] [stderr]    Compiling secrecy v0.8.0
[INFO] [stderr]    Compiling serde_yaml v0.9.27
[INFO] [stderr]    Compiling treediff v4.0.2
[INFO] [stderr]    Compiling json-patch v1.2.0
[INFO] [stderr]    Compiling jsonpath_lib v0.3.0
[INFO] [stderr]    Compiling hyper-timeout v0.4.1
[INFO] [stderr]    Compiling hyper-rustls v0.24.2
[INFO] [stderr]    Compiling kube-core v0.87.1
[INFO] [stderr]    Compiling kube-client v0.87.1
[INFO] [stderr]    Compiling kube-runtime v0.87.1
[INFO] [stderr]    Compiling kube v0.87.1
[INFO] [stderr]    Compiling containerd-wasm-shims-tests v0.10.0 (/opt/rustwide/workdir/tests)
[INFO] [stderr]     Finished dev [unoptimized + debuginfo] target(s) in 36.13s
[INFO] running `Command { std: "docker" "inspect" "9c4875ef6bfe2ee9705e56669ea3c9db1aeffd11a914fb18d927b9cc0698f719", kill_on_drop: false }`
[INFO] running `Command { std: "docker" "rm" "-f" "9c4875ef6bfe2ee9705e56669ea3c9db1aeffd11a914fb18d927b9cc0698f719", kill_on_drop: false }`
[INFO] [stdout] 9c4875ef6bfe2ee9705e56669ea3c9db1aeffd11a914fb18d927b9cc0698f719
[INFO] running `Command { std: "docker" "create" "-v" "/var/lib/crater-agent-workspace/builds/worker-3-tc1/target:/opt/rustwide/target:rw,Z" "-v" "/var/lib/crater-agent-workspace/builds/worker-3-tc1/source:/opt/rustwide/workdir:ro,Z" "-v" "/var/lib/crater-agent-workspace/cargo-home:/opt/rustwide/cargo-home:ro,Z" "-v" "/var/lib/crater-agent-workspace/rustup-home:/opt/rustwide/rustup-home:ro,Z" "-e" "SOURCE_DIR=/opt/rustwide/workdir" "-e" "CARGO_TARGET_DIR=/opt/rustwide/target" "-e" "CARGO_INCREMENTAL=0" "-e" "RUST_BACKTRACE=full" "-e" "RUSTFLAGS=--cap-lints=warn" "-e" "RUSTDOCFLAGS=--cap-lints=warn" "-e" "CARGO_HOME=/opt/rustwide/cargo-home" "-e" "RUSTUP_HOME=/opt/rustwide/rustup-home" "-w" "/opt/rustwide/workdir" "-m" "1610612736" "--user" "0:0" "--network" "none" "ghcr.io/rust-lang/crates-build-env/linux@sha256:2788e3201cd34a07e3172128adcd8b3090168a8e3bcc40d7c032b9dda1df7d1c" "/opt/rustwide/cargo-home/bin/cargo" "+1.75.0" "test" "--frozen" "--no-run" "--message-format=json", kill_on_drop: false }`
[INFO] [stdout] 02a60ec04fd4f789c8684e6c3bd12617bff1f6e95ec8d2093d602d3e22345f9b
[INFO] running `Command { std: "docker" "start" "-a" "02a60ec04fd4f789c8684e6c3bd12617bff1f6e95ec8d2093d602d3e22345f9b", kill_on_drop: false }`
[INFO] [stderr]    Compiling combine v4.6.6
[INFO] [stderr]    Compiling sha1_smol v1.0.0
[INFO] [stderr]    Compiling redis v0.23.3
[INFO] [stderr]    Compiling containerd-wasm-shims-tests v0.10.0 (/opt/rustwide/workdir/tests)
[INFO] [stderr]     Finished test [unoptimized + debuginfo] target(s) in 11.53s
[INFO] running `Command { std: "docker" "inspect" "02a60ec04fd4f789c8684e6c3bd12617bff1f6e95ec8d2093d602d3e22345f9b", kill_on_drop: false }`
[INFO] running `Command { std: "docker" "rm" "-f" "02a60ec04fd4f789c8684e6c3bd12617bff1f6e95ec8d2093d602d3e22345f9b", kill_on_drop: false }`
[INFO] [stdout] 02a60ec04fd4f789c8684e6c3bd12617bff1f6e95ec8d2093d602d3e22345f9b
[INFO] running `Command { std: "docker" "create" "-v" "/var/lib/crater-agent-workspace/builds/worker-3-tc1/target:/opt/rustwide/target:rw,Z" "-v" "/var/lib/crater-agent-workspace/builds/worker-3-tc1/source:/opt/rustwide/workdir:ro,Z" "-v" "/var/lib/crater-agent-workspace/cargo-home:/opt/rustwide/cargo-home:ro,Z" "-v" "/var/lib/crater-agent-workspace/rustup-home:/opt/rustwide/rustup-home:ro,Z" "-e" "SOURCE_DIR=/opt/rustwide/workdir" "-e" "CARGO_TARGET_DIR=/opt/rustwide/target" "-e" "CARGO_INCREMENTAL=0" "-e" "RUST_BACKTRACE=full" "-e" "RUSTFLAGS=--cap-lints=warn" "-e" "RUSTDOCFLAGS=--cap-lints=warn" "-e" "CARGO_HOME=/opt/rustwide/cargo-home" "-e" "RUSTUP_HOME=/opt/rustwide/rustup-home" "-w" "/opt/rustwide/workdir" "-m" "1610612736" "--user" "0:0" "--network" "none" "ghcr.io/rust-lang/crates-build-env/linux@sha256:2788e3201cd34a07e3172128adcd8b3090168a8e3bcc40d7c032b9dda1df7d1c" "/opt/rustwide/cargo-home/bin/cargo" "+1.75.0" "test" "--frozen", kill_on_drop: false }`
[INFO] [stdout] ade8767e13796baad9903d347f0be8dbc5aa91e6c2ef2f7680e6057a948f22ef
[INFO] running `Command { std: "docker" "start" "-a" "ade8767e13796baad9903d347f0be8dbc5aa91e6c2ef2f7680e6057a948f22ef", kill_on_drop: false }`
[INFO] [stderr]     Finished test [unoptimized + debuginfo] target(s) in 0.10s
[INFO] [stderr]      Running unittests src/lib.rs (/opt/rustwide/target/debug/deps/containerd_wasm_shims_tests-b6cf426808ee5611)
[INFO] [stdout] 
[INFO] [stdout] running 6 tests
[INFO] [stdout] test integration_test::test::spin_inbound_redis_outbound_redis_test ... FAILED
[INFO] [stdout] test integration_test::test::slight_test ... FAILED
[INFO] [stdout] test integration_test::test::lunatic_test ... FAILED
[INFO] [stdout] test integration_test::test::wws_test ... FAILED
[INFO] [stdout] test integration_test::test::spin_test ... FAILED
[INFO] [stdout] test integration_test::test::spin_keyvalue_test ... FAILED
[INFO] [stdout] 
[INFO] [stdout] failures:
[INFO] [stdout] 
[INFO] [stdout] ---- integration_test::test::spin_inbound_redis_outbound_redis_test stdout ----
[INFO] [stdout] Error: kubectl is not installed
[INFO] [stdout] 
[INFO] [stdout] ---- integration_test::test::slight_test stdout ----
[INFO] [stdout]  >>> curl http://localhost:8082/slight/hello
[INFO] [stdout] res: [7] Couldn't connect to server (Failed to connect to localhost port 8082 after 0 ms: Couldn't connect to server), response_code: 0
[INFO] [stdout] res: [7] Couldn't connect to server (Failed to connect to localhost port 8082 after 0 ms: Couldn't connect to server), response_code: 0
[INFO] [stdout] res: [7] Couldn't connect to server (Failed to connect to localhost port 8082 after 0 ms: Couldn't connect to server), response_code: 0
[INFO] [stdout] res: [7] Couldn't connect to server (Failed to connect to localhost port 8082 after 0 ms: Couldn't connect to server), response_code: 0
[INFO] [stdout] res: [7] Couldn't connect to server (Failed to connect to localhost port 8082 after 0 ms: Couldn't connect to server), response_code: 0
[INFO] [stdout] Error: failed to curl for http://localhost:8082/slight/hello
[INFO] [stdout] 
[INFO] [stdout] ---- integration_test::test::lunatic_test stdout ----
[INFO] [stdout]  >>> curl http://localhost:8082/lunatic/hello
[INFO] [stdout] res: [7] Couldn't connect to server (Failed to connect to localhost port 8082 after 0 ms: Couldn't connect to server), response_code: 0
[INFO] [stdout] res: [7] Couldn't connect to server (Failed to connect to localhost port 8082 after 0 ms: Couldn't connect to server), response_code: 0
[INFO] [stdout] res: [7] Couldn't connect to server (Failed to connect to localhost port 8082 after 0 ms: Couldn't connect to server), response_code: 0
[INFO] [stdout] res: [7] Couldn't connect to server (Failed to connect to localhost port 8082 after 0 ms: Couldn't connect to server), response_code: 0
[INFO] [stdout] res: [7] Couldn't connect to server (Failed to connect to localhost port 8082 after 0 ms: Couldn't connect to server), response_code: 0
[INFO] [stdout] Error: failed to curl for http://localhost:8082/lunatic/hello
[INFO] [stdout] 
[INFO] [stdout] ---- integration_test::test::wws_test stdout ----
[INFO] [stdout]  >>> curl http://localhost:8082/wws/hello
[INFO] [stdout] res: [7] Couldn't connect to server (Failed to connect to localhost port 8082 after 0 ms: Couldn't connect to server), response_code: 0
[INFO] [stdout] res: [7] Couldn't connect to server (Failed to connect to localhost port 8082 after 0 ms: Couldn't connect to server), response_code: 0
[INFO] [stdout] res: [7] Couldn't connect to server (Failed to connect to localhost port 8082 after 0 ms: Couldn't connect to server), response_code: 0
[INFO] [stdout] res: [7] Couldn't connect to server (Failed to connect to localhost port 8082 after 0 ms: Couldn't connect to server), response_code: 0
[INFO] [stdout] res: [7] Couldn't connect to server (Failed to connect to localhost port 8082 after 0 ms: Couldn't connect to server), response_code: 0
[INFO] [stdout] Error: failed to curl for http://localhost:8082/wws/hello
[INFO] [stdout] 
[INFO] [stdout] ---- integration_test::test::spin_test stdout ----
[INFO] [stdout]  >>> curl http://localhost:8082/spin/hello
[INFO] [stdout] res: [7] Couldn't connect to server (Failed to connect to localhost port 8082 after 0 ms: Couldn't connect to server), response_code: 0
[INFO] [stdout] res: [7] Couldn't connect to server (Failed to connect to localhost port 8082 after 0 ms: Couldn't connect to server), response_code: 0
[INFO] [stdout] res: [7] Couldn't connect to server (Failed to connect to localhost port 8082 after 0 ms: Couldn't connect to server), response_code: 0
[INFO] [stdout] res: [7] Couldn't connect to server (Failed to connect to localhost port 8082 after 0 ms: Couldn't connect to server), response_code: 0
[INFO] [stdout] res: [7] Couldn't connect to server (Failed to connect to localhost port 8082 after 0 ms: Couldn't connect to server), response_code: 0
[INFO] [stdout] Error: failed to curl for http://localhost:8082/spin/hello
[INFO] [stdout] 
[INFO] [stdout] ---- integration_test::test::spin_keyvalue_test stdout ----
[INFO] [stdout]  >>> curl http://localhost:8082/keyvalue/keyvalue
[INFO] [stdout] res: [7] Couldn't connect to server (Failed to connect to localhost port 8082 after 0 ms: Couldn't connect to server), response_code: 0
[INFO] [stdout] res: [7] Couldn't connect to server (Failed to connect to localhost port 8082 after 0 ms: Couldn't connect to server), response_code: 0
[INFO] [stdout] res: [7] Couldn't connect to server (Failed to connect to localhost port 8082 after 0 ms: Couldn't connect to server), response_code: 0
[INFO] [stdout] res: [7] Couldn't connect to server (Failed to connect to localhost port 8082 after 0 ms: Couldn't connect to server), response_code: 0
[INFO] [stdout] res: [7] Couldn't connect to server (Failed to connect to localhost port 8082 after 0 ms: Couldn't connect to server), response_code: 0
[INFO] [stdout] Error: failed to curl for http://localhost:8082/keyvalue/keyvalue
[INFO] [stdout] 
[INFO] [stdout] 
[INFO] [stdout] failures:
[INFO] [stdout]     integration_test::test::lunatic_test
[INFO] [stdout]     integration_test::test::slight_test
[INFO] [stdout]     integration_test::test::spin_inbound_redis_outbound_redis_test
[INFO] [stdout]     integration_test::test::spin_keyvalue_test
[INFO] [stdout]     integration_test::test::spin_test
[INFO] [stdout]     integration_test::test::wws_test
[INFO] [stdout] 
[INFO] [stdout] test result: FAILED. 0 passed; 6 failed; 0 ignored; 0 measured; 0 filtered out; finished in 40.01s
[INFO] [stdout] 
[INFO] [stderr] error: test failed, to rerun pass `--lib`
[INFO] running `Command { std: "docker" "inspect" "ade8767e13796baad9903d347f0be8dbc5aa91e6c2ef2f7680e6057a948f22ef", kill_on_drop: false }`
[INFO] running `Command { std: "docker" "rm" "-f" "ade8767e13796baad9903d347f0be8dbc5aa91e6c2ef2f7680e6057a948f22ef", kill_on_drop: false }`
[INFO] [stdout] ade8767e13796baad9903d347f0be8dbc5aa91e6c2ef2f7680e6057a948f22ef
