[INFO] cloning repository https://github.com/degroote22/pfclp
[INFO] running `Command { std: "git" "-c" "credential.helper=" "-c" "credential.helper=/workspace/cargo-home/bin/git-credential-null" "clone" "--bare" "https://github.com/degroote22/pfclp" "/workspace/cache/git-repos/https%3A%2F%2Fgithub.com%2Fdegroote22%2Fpfclp", kill_on_drop: false }`
[INFO] [stderr] Cloning into bare repository '/workspace/cache/git-repos/https%3A%2F%2Fgithub.com%2Fdegroote22%2Fpfclp'...
[INFO] running `Command { std: "git" "rev-parse" "HEAD", kill_on_drop: false }`
[INFO] [stdout] ac11da6281b4a96a154bd952437d654b0eef4118
[INFO] testing degroote22/pfclp against 1.75.0 for beta-1.76-1
[INFO] running `Command { std: "git" "clone" "/workspace/cache/git-repos/https%3A%2F%2Fgithub.com%2Fdegroote22%2Fpfclp" "/workspace/builds/worker-0-tc1/source", kill_on_drop: false }`
[INFO] [stderr] Cloning into '/workspace/builds/worker-0-tc1/source'...
[INFO] [stderr] done.
[INFO] [stderr] Updating files:  61% (61/99)
Updating files:  62% (62/99)
Updating files:  63% (63/99)
Updating files:  64% (64/99)
Updating files:  65% (65/99)
Updating files:  66% (66/99)
Updating files:  67% (67/99)
Updating files:  68% (68/99)
Updating files:  69% (69/99)
Updating files:  70% (70/99)
Updating files:  71% (71/99)
Updating files:  72% (72/99)
Updating files:  73% (73/99)
Updating files:  74% (74/99)
Updating files:  75% (75/99)
Updating files:  76% (76/99)
Updating files:  77% (77/99)
Updating files:  78% (78/99)
Updating files:  79% (79/99)
Updating files:  80% (80/99)
Updating files:  81% (81/99)
Updating files:  82% (82/99)
Updating files:  83% (83/99)
Updating files:  84% (84/99)
Updating files:  85% (85/99)
Updating files:  86% (86/99)
Updating files:  87% (87/99)
Updating files:  88% (88/99)
Updating files:  89% (89/99)
Updating files:  90% (90/99)
Updating files:  91% (91/99)
Updating files:  92% (92/99)
Updating files:  93% (93/99)
Updating files:  94% (94/99)
Updating files:  95% (95/99)
Updating files:  96% (96/99)
Updating files:  97% (97/99)
Updating files:  98% (98/99)
Updating files: 100% (99/99)
Updating files: 100% (99/99), done.
[INFO] validating manifest of git repo https://github.com/degroote22/pfclp on toolchain 1.75.0
[INFO] running `Command { std: CARGO_HOME="/workspace/cargo-home" RUSTUP_HOME="/workspace/rustup-home" "/workspace/cargo-home/bin/cargo" "+1.75.0" "metadata" "--manifest-path" "Cargo.toml" "--no-deps", kill_on_drop: false }`
[INFO] started tweaking git repo https://github.com/degroote22/pfclp
[INFO] finished tweaking git repo https://github.com/degroote22/pfclp
[INFO] tweaked toml for git repo https://github.com/degroote22/pfclp written to /workspace/builds/worker-0-tc1/source/Cargo.toml
[INFO] crate git repo https://github.com/degroote22/pfclp already has a lockfile, it will not be regenerated
[INFO] running `Command { std: CARGO_HOME="/workspace/cargo-home" RUSTUP_HOME="/workspace/rustup-home" "/workspace/cargo-home/bin/cargo" "+1.75.0" "fetch" "--manifest-path" "Cargo.toml", kill_on_drop: false }`
[INFO] [stderr]  Downloading crates ...
[INFO] [stderr]   Downloaded redox_syscall v0.1.42
[INFO] running `Command { std: "docker" "create" "-v" "/var/lib/crater-agent-workspace/builds/worker-0-tc1/target:/opt/rustwide/target:rw,Z" "-v" "/var/lib/crater-agent-workspace/builds/worker-0-tc1/source:/opt/rustwide/workdir:ro,Z" "-v" "/var/lib/crater-agent-workspace/cargo-home:/opt/rustwide/cargo-home:ro,Z" "-v" "/var/lib/crater-agent-workspace/rustup-home:/opt/rustwide/rustup-home:ro,Z" "-e" "SOURCE_DIR=/opt/rustwide/workdir" "-e" "CARGO_TARGET_DIR=/opt/rustwide/target" "-e" "CARGO_HOME=/opt/rustwide/cargo-home" "-e" "RUSTUP_HOME=/opt/rustwide/rustup-home" "-w" "/opt/rustwide/workdir" "-m" "1610612736" "--user" "0:0" "--network" "none" "ghcr.io/rust-lang/crates-build-env/linux@sha256:2788e3201cd34a07e3172128adcd8b3090168a8e3bcc40d7c032b9dda1df7d1c" "/opt/rustwide/cargo-home/bin/cargo" "+1.75.0" "metadata" "--no-deps" "--format-version=1", kill_on_drop: false }`
[INFO] [stdout] d52f8bf9a9edb78911db98ce1441c61d4939101be580c9e98d253faeb293d713
[INFO] running `Command { std: "docker" "start" "-a" "d52f8bf9a9edb78911db98ce1441c61d4939101be580c9e98d253faeb293d713", kill_on_drop: false }`
[INFO] running `Command { std: "docker" "inspect" "d52f8bf9a9edb78911db98ce1441c61d4939101be580c9e98d253faeb293d713", kill_on_drop: false }`
[INFO] running `Command { std: "docker" "rm" "-f" "d52f8bf9a9edb78911db98ce1441c61d4939101be580c9e98d253faeb293d713", kill_on_drop: false }`
[INFO] [stdout] d52f8bf9a9edb78911db98ce1441c61d4939101be580c9e98d253faeb293d713
[INFO] running `Command { std: "docker" "create" "-v" "/var/lib/crater-agent-workspace/builds/worker-0-tc1/target:/opt/rustwide/target:rw,Z" "-v" "/var/lib/crater-agent-workspace/builds/worker-0-tc1/source:/opt/rustwide/workdir:ro,Z" "-v" "/var/lib/crater-agent-workspace/cargo-home:/opt/rustwide/cargo-home:ro,Z" "-v" "/var/lib/crater-agent-workspace/rustup-home:/opt/rustwide/rustup-home:ro,Z" "-e" "SOURCE_DIR=/opt/rustwide/workdir" "-e" "CARGO_TARGET_DIR=/opt/rustwide/target" "-e" "CARGO_INCREMENTAL=0" "-e" "RUST_BACKTRACE=full" "-e" "RUSTFLAGS=--cap-lints=warn" "-e" "RUSTDOCFLAGS=--cap-lints=warn" "-e" "CARGO_HOME=/opt/rustwide/cargo-home" "-e" "RUSTUP_HOME=/opt/rustwide/rustup-home" "-w" "/opt/rustwide/workdir" "-m" "1610612736" "--user" "0:0" "--network" "none" "ghcr.io/rust-lang/crates-build-env/linux@sha256:2788e3201cd34a07e3172128adcd8b3090168a8e3bcc40d7c032b9dda1df7d1c" "/opt/rustwide/cargo-home/bin/cargo" "+1.75.0" "build" "--frozen" "--message-format=json", kill_on_drop: false }`
[INFO] [stdout] 91996f2b986daf4f9436f96ffd26e56f81fd06dbfaf33ff960704520fd21ad25
[INFO] running `Command { std: "docker" "start" "-a" "91996f2b986daf4f9436f96ffd26e56f81fd06dbfaf33ff960704520fd21ad25", kill_on_drop: false }`
[INFO] [stderr]    Compiling memchr v2.1.0
[INFO] [stderr]    Compiling regex v1.0.5
[INFO] [stderr]    Compiling ucd-util v0.1.1
[INFO] [stderr]    Compiling utf8-ranges v1.0.1
[INFO] [stderr]    Compiling time v0.1.40
[INFO] [stderr]    Compiling thread_local v0.3.6
[INFO] [stderr]    Compiling regex-syntax v0.6.2
[INFO] [stderr]    Compiling aho-corasick v0.6.8
[INFO] [stderr]    Compiling pfclp v0.1.0 (/opt/rustwide/workdir)
[INFO] [stdout] warning: variable does not need to be mutable
[INFO] [stdout]   --> src/instance.rs:93:17
[INFO] [stdout]    |
[INFO] [stdout] 93 |             let mut set = collisions_bag.get_mut(&face).unwrap();
[INFO] [stdout]    |                 ----^^^
[INFO] [stdout]    |                 |
[INFO] [stdout]    |                 help: remove this `mut`
[INFO] [stdout]    |
[INFO] [stdout]    = note: `#[warn(unused_mut)]` on by default
[INFO] [stdout] 
[INFO] [stdout] 
[INFO] [stdout] warning: variable does not need to be mutable
[INFO] [stdout]   --> src/main.rs:38:13
[INFO] [stdout]    |
[INFO] [stdout] 38 |         let mut instance = parser::parse(&io::read_file(name), Some(505));
[INFO] [stdout]    |             ----^^^^^^^^
[INFO] [stdout]    |             |
[INFO] [stdout]    |             help: remove this `mut`
[INFO] [stdout] 
[INFO] [stdout] 
[INFO] [stdout] warning: variable does not need to be mutable
[INFO] [stdout]   --> src/main.rs:42:13
[INFO] [stdout]    |
[INFO] [stdout] 42 |         let mut instance = parser::parse(&io::read_file(name), Some(5046));
[INFO] [stdout]    |             ----^^^^^^^^
[INFO] [stdout]    |             |
[INFO] [stdout]    |             help: remove this `mut`
[INFO] [stdout] 
[INFO] [stdout] 
[INFO] [stdout] warning: variable does not need to be mutable
[INFO] [stdout]   --> src/main.rs:46:13
[INFO] [stdout]    |
[INFO] [stdout] 46 |         let mut instance = parser::parse(&io::read_file(name), None);
[INFO] [stdout]    |             ----^^^^^^^^
[INFO] [stdout]    |             |
[INFO] [stdout]    |             help: remove this `mut`
[INFO] [stdout] 
[INFO] [stdout] 
[INFO] [stdout] warning: static variable `instances` should have an upper case name
[INFO] [stdout]   --> src/main.rs:53:16
[INFO] [stdout]    |
[INFO] [stdout] 53 |     static ref instances: Vec<(instance::ParsedInstance, String)> = make();
[INFO] [stdout]    |                ^^^^^^^^^ help: convert the identifier to upper case: `INSTANCES`
[INFO] [stdout]    |
[INFO] [stdout]    = note: `#[warn(non_upper_case_globals)]` on by default
[INFO] [stdout] 
[INFO] [stdout] 
[INFO] [stdout] warning: 5 warnings emitted
[INFO] [stdout] 
[INFO] [stdout] 
[INFO] [stderr]     Finished dev [unoptimized + debuginfo] target(s) in 6.09s
[INFO] running `Command { std: "docker" "inspect" "91996f2b986daf4f9436f96ffd26e56f81fd06dbfaf33ff960704520fd21ad25", kill_on_drop: false }`
[INFO] running `Command { std: "docker" "rm" "-f" "91996f2b986daf4f9436f96ffd26e56f81fd06dbfaf33ff960704520fd21ad25", kill_on_drop: false }`
[INFO] [stdout] 91996f2b986daf4f9436f96ffd26e56f81fd06dbfaf33ff960704520fd21ad25
[INFO] running `Command { std: "docker" "create" "-v" "/var/lib/crater-agent-workspace/builds/worker-0-tc1/target:/opt/rustwide/target:rw,Z" "-v" "/var/lib/crater-agent-workspace/builds/worker-0-tc1/source:/opt/rustwide/workdir:ro,Z" "-v" "/var/lib/crater-agent-workspace/cargo-home:/opt/rustwide/cargo-home:ro,Z" "-v" "/var/lib/crater-agent-workspace/rustup-home:/opt/rustwide/rustup-home:ro,Z" "-e" "SOURCE_DIR=/opt/rustwide/workdir" "-e" "CARGO_TARGET_DIR=/opt/rustwide/target" "-e" "CARGO_INCREMENTAL=0" "-e" "RUST_BACKTRACE=full" "-e" "RUSTFLAGS=--cap-lints=warn" "-e" "RUSTDOCFLAGS=--cap-lints=warn" "-e" "CARGO_HOME=/opt/rustwide/cargo-home" "-e" "RUSTUP_HOME=/opt/rustwide/rustup-home" "-w" "/opt/rustwide/workdir" "-m" "1610612736" "--user" "0:0" "--network" "none" "ghcr.io/rust-lang/crates-build-env/linux@sha256:2788e3201cd34a07e3172128adcd8b3090168a8e3bcc40d7c032b9dda1df7d1c" "/opt/rustwide/cargo-home/bin/cargo" "+1.75.0" "test" "--frozen" "--no-run" "--message-format=json", kill_on_drop: false }`
[INFO] [stdout] ac7956037aa19bc5bf162aec6b23a40e5d74215a0789f0b0f3db86b74f43e90c
[INFO] running `Command { std: "docker" "start" "-a" "ac7956037aa19bc5bf162aec6b23a40e5d74215a0789f0b0f3db86b74f43e90c", kill_on_drop: false }`
[INFO] [stderr]    Compiling pfclp v0.1.0 (/opt/rustwide/workdir)
[INFO] [stdout] warning: variable does not need to be mutable
[INFO] [stdout]   --> src/instance.rs:93:17
[INFO] [stdout]    |
[INFO] [stdout] 93 |             let mut set = collisions_bag.get_mut(&face).unwrap();
[INFO] [stdout]    |                 ----^^^
[INFO] [stdout]    |                 |
[INFO] [stdout]    |                 help: remove this `mut`
[INFO] [stdout]    |
[INFO] [stdout]    = note: `#[warn(unused_mut)]` on by default
[INFO] [stdout] 
[INFO] [stdout] 
[INFO] [stdout] warning: variable does not need to be mutable
[INFO] [stdout]   --> src/main.rs:38:13
[INFO] [stdout]    |
[INFO] [stdout] 38 |         let mut instance = parser::parse(&io::read_file(name), Some(505));
[INFO] [stdout]    |             ----^^^^^^^^
[INFO] [stdout]    |             |
[INFO] [stdout]    |             help: remove this `mut`
[INFO] [stdout] 
[INFO] [stdout] 
[INFO] [stdout] warning: variable does not need to be mutable
[INFO] [stdout]   --> src/main.rs:42:13
[INFO] [stdout]    |
[INFO] [stdout] 42 |         let mut instance = parser::parse(&io::read_file(name), Some(5046));
[INFO] [stdout]    |             ----^^^^^^^^
[INFO] [stdout]    |             |
[INFO] [stdout]    |             help: remove this `mut`
[INFO] [stdout] 
[INFO] [stdout] 
[INFO] [stdout] warning: variable does not need to be mutable
[INFO] [stdout]   --> src/main.rs:46:13
[INFO] [stdout]    |
[INFO] [stdout] 46 |         let mut instance = parser::parse(&io::read_file(name), None);
[INFO] [stdout]    |             ----^^^^^^^^
[INFO] [stdout]    |             |
[INFO] [stdout]    |             help: remove this `mut`
[INFO] [stdout] 
[INFO] [stdout] 
[INFO] [stdout] warning: static variable `instances` should have an upper case name
[INFO] [stdout]   --> src/main.rs:53:16
[INFO] [stdout]    |
[INFO] [stdout] 53 |     static ref instances: Vec<(instance::ParsedInstance, String)> = make();
[INFO] [stdout]    |                ^^^^^^^^^ help: convert the identifier to upper case: `INSTANCES`
[INFO] [stdout]    |
[INFO] [stdout]    = note: `#[warn(non_upper_case_globals)]` on by default
[INFO] [stdout] 
[INFO] [stdout] 
[INFO] [stdout] warning: 5 warnings emitted
[INFO] [stdout] 
[INFO] [stdout] 
[INFO] [stderr]     Finished test [unoptimized + debuginfo] target(s) in 0.93s
[INFO] running `Command { std: "docker" "inspect" "ac7956037aa19bc5bf162aec6b23a40e5d74215a0789f0b0f3db86b74f43e90c", kill_on_drop: false }`
[INFO] running `Command { std: "docker" "rm" "-f" "ac7956037aa19bc5bf162aec6b23a40e5d74215a0789f0b0f3db86b74f43e90c", kill_on_drop: false }`
[INFO] [stdout] ac7956037aa19bc5bf162aec6b23a40e5d74215a0789f0b0f3db86b74f43e90c
[INFO] running `Command { std: "docker" "create" "-v" "/var/lib/crater-agent-workspace/builds/worker-0-tc1/target:/opt/rustwide/target:rw,Z" "-v" "/var/lib/crater-agent-workspace/builds/worker-0-tc1/source:/opt/rustwide/workdir:ro,Z" "-v" "/var/lib/crater-agent-workspace/cargo-home:/opt/rustwide/cargo-home:ro,Z" "-v" "/var/lib/crater-agent-workspace/rustup-home:/opt/rustwide/rustup-home:ro,Z" "-e" "SOURCE_DIR=/opt/rustwide/workdir" "-e" "CARGO_TARGET_DIR=/opt/rustwide/target" "-e" "CARGO_INCREMENTAL=0" "-e" "RUST_BACKTRACE=full" "-e" "RUSTFLAGS=--cap-lints=warn" "-e" "RUSTDOCFLAGS=--cap-lints=warn" "-e" "CARGO_HOME=/opt/rustwide/cargo-home" "-e" "RUSTUP_HOME=/opt/rustwide/rustup-home" "-w" "/opt/rustwide/workdir" "-m" "1610612736" "--user" "0:0" "--network" "none" "ghcr.io/rust-lang/crates-build-env/linux@sha256:2788e3201cd34a07e3172128adcd8b3090168a8e3bcc40d7c032b9dda1df7d1c" "/opt/rustwide/cargo-home/bin/cargo" "+1.75.0" "test" "--frozen", kill_on_drop: false }`
[INFO] [stdout] 5e997db03f6da37aa4c1009eeb971fa3bd05e2b95d450a001e544db0e061bcd0
[INFO] running `Command { std: "docker" "start" "-a" "5e997db03f6da37aa4c1009eeb971fa3bd05e2b95d450a001e544db0e061bcd0", kill_on_drop: false }`
[INFO] [stderr] warning: variable does not need to be mutable
[INFO] [stderr]   --> src/instance.rs:93:17
[INFO] [stderr]    |
[INFO] [stderr] 93 |             let mut set = collisions_bag.get_mut(&face).unwrap();
[INFO] [stderr]    |                 ----^^^
[INFO] [stderr]    |                 |
[INFO] [stderr]    |                 help: remove this `mut`
[INFO] [stderr]    |
[INFO] [stderr]    = note: `#[warn(unused_mut)]` on by default
[INFO] [stderr] 
[INFO] [stderr] warning: variable does not need to be mutable
[INFO] [stderr]   --> src/main.rs:38:13
[INFO] [stderr]    |
[INFO] [stderr] 38 |         let mut instance = parser::parse(&io::read_file(name), Some(505));
[INFO] [stderr]    |             ----^^^^^^^^
[INFO] [stderr]    |             |
[INFO] [stderr]    |             help: remove this `mut`
[INFO] [stderr] 
[INFO] [stderr] warning: variable does not need to be mutable
[INFO] [stderr]   --> src/main.rs:42:13
[INFO] [stderr]    |
[INFO] [stderr] 42 |         let mut instance = parser::parse(&io::read_file(name), Some(5046));
[INFO] [stderr]    |             ----^^^^^^^^
[INFO] [stderr]    |             |
[INFO] [stderr]    |             help: remove this `mut`
[INFO] [stderr] 
[INFO] [stderr] warning: variable does not need to be mutable
[INFO] [stderr]   --> src/main.rs:46:13
[INFO] [stderr]    |
[INFO] [stderr] 46 |         let mut instance = parser::parse(&io::read_file(name), None);
[INFO] [stderr]    |             ----^^^^^^^^
[INFO] [stderr]    |             |
[INFO] [stderr]    |             help: remove this `mut`
[INFO] [stderr] 
[INFO] [stderr] warning: static variable `instances` should have an upper case name
[INFO] [stderr]   --> src/main.rs:53:16
[INFO] [stderr]    |
[INFO] [stderr] 53 |     static ref instances: Vec<(instance::ParsedInstance, String)> = make();
[INFO] [stderr]    |                ^^^^^^^^^ help: convert the identifier to upper case: `INSTANCES`
[INFO] [stderr]    |
[INFO] [stderr]    = note: `#[warn(non_upper_case_globals)]` on by default
[INFO] [stderr] 
[INFO] [stderr] warning: `pfclp` (bin "pfclp" test) generated 5 warnings (run `cargo fix --bin "pfclp" --tests` to apply 4 suggestions)
[INFO] [stderr]     Finished test [unoptimized + debuginfo] target(s) in 0.02s
[INFO] [stderr]      Running unittests src/main.rs (/opt/rustwide/target/debug/deps/pfclp-21cd7bc54f413b04)
[INFO] [stdout] 
[INFO] [stdout] running 4 tests
[INFO] [stdout] test calc::test_calc::test_calc_0 ... ok
[INFO] [stdout] test instance::test_instance::test_instance_collides ... ok
[INFO] [stdout] test instance::test_instance::test_make_collisions_map ... ok
[INFO] [stdout] test parser::test_parser::test_parser ... FAILED
[INFO] [stdout] 
[INFO] [stdout] failures:
[INFO] [stdout] 
[INFO] [stdout] ---- parser::test_parser::test_parser stdout ----
[INFO] [stdout] thread 'parser::test_parser::test_parser' panicked at src/parser.rs:189:9:
[INFO] [stdout] assertion `left == right` failed
[INFO] [stdout]   left: [InstanceFace { index: 0, face: 1 }, InstanceFace { index: 0, face: 2 }, InstanceFace { index: 0, face: 3 }, InstanceFace { index: 3, face: 2 }, InstanceFace { index: 4, face: 0 }, InstanceFace { index: 6, face: 1 }, InstanceFace { index: 9, face: 2 }, InstanceFace { index: 17, face: 0 }, InstanceFace { index: 22, face: 1 }, InstanceFace { index: 22, face: 2 }, InstanceFace { index: 23, face: 2 }, InstanceFace { index: 23, face: 3 }]
[INFO] [stdout]  right: [InstanceFace { index: 3, face: 2 }, InstanceFace { index: 4, face: 0 }, InstanceFace { index: 6, face: 1 }, InstanceFace { index: 9, face: 2 }, InstanceFace { index: 17, face: 0 }, InstanceFace { index: 22, face: 1 }, InstanceFace { index: 22, face: 2 }, InstanceFace { index: 23, face: 2 }, InstanceFace { index: 23, face: 3 }]
[INFO] [stdout] stack backtrace:
[INFO] [stdout]    0:     0x55aa63db0f3c - std::backtrace_rs::backtrace::libunwind::trace::ha637c64ce894333a
[INFO] [stdout]                                at /rustc/82e1608dfa6e0b5569232559e3d385fea5a93112/library/std/src/../../backtrace/src/backtrace/libunwind.rs:104:5
[INFO] [stdout]    1:     0x55aa63db0f3c - std::backtrace_rs::backtrace::trace_unsynchronized::h47f62dea28e0c88d
[INFO] [stdout]                                at /rustc/82e1608dfa6e0b5569232559e3d385fea5a93112/library/std/src/../../backtrace/src/backtrace/mod.rs:66:5
[INFO] [stdout]    2:     0x55aa63db0f3c - std::sys_common::backtrace::_print_fmt::h9eef0abe20ede486
[INFO] [stdout]                                at /rustc/82e1608dfa6e0b5569232559e3d385fea5a93112/library/std/src/sys_common/backtrace.rs:67:5
[INFO] [stdout]    3:     0x55aa63db0f3c - <std::sys_common::backtrace::_print::DisplayBacktrace as core::fmt::Display>::fmt::hed7f999df88cc644
[INFO] [stdout]                                at /rustc/82e1608dfa6e0b5569232559e3d385fea5a93112/library/std/src/sys_common/backtrace.rs:44:22
[INFO] [stdout]    4:     0x55aa63ddab10 - core::fmt::rt::Argument::fmt::h1539a9308b8d058d
[INFO] [stdout]                                at /rustc/82e1608dfa6e0b5569232559e3d385fea5a93112/library/core/src/fmt/rt.rs:142:9
[INFO] [stdout]    5:     0x55aa63ddab10 - core::fmt::write::h3a39390d8560d9c9
[INFO] [stdout]                                at /rustc/82e1608dfa6e0b5569232559e3d385fea5a93112/library/core/src/fmt/mod.rs:1120:17
[INFO] [stdout]    6:     0x55aa63dae8ef - std::io::Write::write_fmt::h040b369f3a0f9cbc
[INFO] [stdout]                                at /rustc/82e1608dfa6e0b5569232559e3d385fea5a93112/library/std/src/io/mod.rs:1762:15
[INFO] [stdout]    7:     0x55aa63db0d24 - std::sys_common::backtrace::_print::h894006fb5c6f3d45
[INFO] [stdout]                                at /rustc/82e1608dfa6e0b5569232559e3d385fea5a93112/library/std/src/sys_common/backtrace.rs:47:5
[INFO] [stdout]    8:     0x55aa63db0d24 - std::sys_common::backtrace::print::h23a2d212c6fff936
[INFO] [stdout]                                at /rustc/82e1608dfa6e0b5569232559e3d385fea5a93112/library/std/src/sys_common/backtrace.rs:34:9
[INFO] [stdout]    9:     0x55aa63db29e7 - std::panicking::default_hook::{{closure}}::h8a1d2ee00185001a
[INFO] [stdout]   10:     0x55aa63db26d3 - std::panicking::default_hook::h6038f2eba384e475
[INFO] [stdout]                                at /rustc/82e1608dfa6e0b5569232559e3d385fea5a93112/library/std/src/panicking.rs:289:9
[INFO] [stdout]   11:     0x55aa63c488f7 - <alloc::boxed::Box<F,A> as core::ops::function::Fn<Args>>::call::h0ad024c9bdc6d768
[INFO] [stdout]                                at /rustc/82e1608dfa6e0b5569232559e3d385fea5a93112/library/alloc/src/boxed.rs:2021:9
[INFO] [stdout]   12:     0x55aa63c488f7 - test::test_main::{{closure}}::h7500b54257359db6
[INFO] [stdout]                                at /rustc/82e1608dfa6e0b5569232559e3d385fea5a93112/library/test/src/lib.rs:138:21
[INFO] [stdout]   13:     0x55aa63db2ff8 - <alloc::boxed::Box<F,A> as core::ops::function::Fn<Args>>::call::h1f8f335eaa9cfaee
[INFO] [stdout]                                at /rustc/82e1608dfa6e0b5569232559e3d385fea5a93112/library/alloc/src/boxed.rs:2021:9
[INFO] [stdout]   14:     0x55aa63db2ff8 - std::panicking::rust_panic_with_hook::h2b5517d590cab22e
[INFO] [stdout]                                at /rustc/82e1608dfa6e0b5569232559e3d385fea5a93112/library/std/src/panicking.rs:783:13
[INFO] [stdout]   15:     0x55aa63db2d4e - std::panicking::begin_panic_handler::{{closure}}::h233112c06e0ef43e
[INFO] [stdout]                                at /rustc/82e1608dfa6e0b5569232559e3d385fea5a93112/library/std/src/panicking.rs:657:13
[INFO] [stdout]   16:     0x55aa63db1406 - std::sys_common::backtrace::__rust_end_short_backtrace::h6e893f24d7ebbff8
[INFO] [stdout]                                at /rustc/82e1608dfa6e0b5569232559e3d385fea5a93112/library/std/src/sys_common/backtrace.rs:170:18
[INFO] [stdout]   17:     0x55aa63db2ab2 - rust_begin_unwind
[INFO] [stdout]                                at /rustc/82e1608dfa6e0b5569232559e3d385fea5a93112/library/std/src/panicking.rs:645:5
[INFO] [stdout]   18:     0x55aa63bff225 - core::panicking::panic_fmt::hbf0e066aabfa482c
[INFO] [stdout]                                at /rustc/82e1608dfa6e0b5569232559e3d385fea5a93112/library/core/src/panicking.rs:72:14
[INFO] [stdout]   19:     0x55aa63bff63b - core::panicking::assert_failed_inner::h0bba8b7c26ee4492
[INFO] [stdout]   20:     0x55aa63c0740e - core::panicking::assert_failed::h37aecc5b303208bb
[INFO] [stdout]                                at /rustc/82e1608dfa6e0b5569232559e3d385fea5a93112/library/core/src/panicking.rs:279:5
[INFO] [stdout]   21:     0x55aa63c0caec - pfclp::parser::test_parser::test_parser::h435bf6b5f7b3adb6
[INFO] [stdout]                                at /opt/rustwide/workdir/src/parser.rs:189:9
[INFO] [stdout]   22:     0x55aa63c0c5e7 - pfclp::parser::test_parser::test_parser::{{closure}}::hb09f945d56594411
[INFO] [stdout]                                at /opt/rustwide/workdir/src/parser.rs:171:21
[INFO] [stdout]   23:     0x55aa63c0e226 - core::ops::function::FnOnce::call_once::h3d3eea22a900a5a9
[INFO] [stdout]                                at /rustc/82e1608dfa6e0b5569232559e3d385fea5a93112/library/core/src/ops/function.rs:250:5
[INFO] [stdout]   24:     0x55aa63c4df4f - core::ops::function::FnOnce::call_once::h2b5d431d5046312d
[INFO] [stdout]                                at /rustc/82e1608dfa6e0b5569232559e3d385fea5a93112/library/core/src/ops/function.rs:250:5
[INFO] [stdout]   25:     0x55aa63c4df4f - test::__rust_begin_short_backtrace::h7714669af176e207
[INFO] [stdout]                                at /rustc/82e1608dfa6e0b5569232559e3d385fea5a93112/library/test/src/lib.rs:628:18
[INFO] [stdout]   26:     0x55aa63c4cf65 - test::run_test_in_process::{{closure}}::h85218797dcbcec12
[INFO] [stdout]                                at /rustc/82e1608dfa6e0b5569232559e3d385fea5a93112/library/test/src/lib.rs:651:60
[INFO] [stdout]   27:     0x55aa63c4cf65 - <core::panic::unwind_safe::AssertUnwindSafe<F> as core::ops::function::FnOnce<()>>::call_once::h76c106ea31c14d7b
[INFO] [stdout]                                at /rustc/82e1608dfa6e0b5569232559e3d385fea5a93112/library/core/src/panic/unwind_safe.rs:272:9
[INFO] [stdout]   28:     0x55aa63c4cf65 - std::panicking::try::do_call::h3bd5d0f6620ee946
[INFO] [stdout]                                at /rustc/82e1608dfa6e0b5569232559e3d385fea5a93112/library/std/src/panicking.rs:552:40
[INFO] [stdout]   29:     0x55aa63c4cf65 - std::panicking::try::h232e535e4744fe31
[INFO] [stdout]                                at /rustc/82e1608dfa6e0b5569232559e3d385fea5a93112/library/std/src/panicking.rs:516:19
[INFO] [stdout]   30:     0x55aa63c4cf65 - std::panic::catch_unwind::h3ce3bd6ca8dbac68
[INFO] [stdout]                                at /rustc/82e1608dfa6e0b5569232559e3d385fea5a93112/library/std/src/panic.rs:142:14
[INFO] [stdout]   31:     0x55aa63c4cf65 - test::run_test_in_process::hc97b257c9621286a
[INFO] [stdout]                                at /rustc/82e1608dfa6e0b5569232559e3d385fea5a93112/library/test/src/lib.rs:651:27
[INFO] [stdout]   32:     0x55aa63c4cf65 - test::run_test::{{closure}}::h2aa798823a438d38
[INFO] [stdout]                                at /rustc/82e1608dfa6e0b5569232559e3d385fea5a93112/library/test/src/lib.rs:574:43
[INFO] [stdout]   33:     0x55aa63c15226 - test::run_test::{{closure}}::h87d231c78fb59832
[INFO] [stdout]                                at /rustc/82e1608dfa6e0b5569232559e3d385fea5a93112/library/test/src/lib.rs:602:41
[INFO] [stdout]   34:     0x55aa63c15226 - std::sys_common::backtrace::__rust_begin_short_backtrace::he6df152596625789
[INFO] [stdout]                                at /rustc/82e1608dfa6e0b5569232559e3d385fea5a93112/library/std/src/sys_common/backtrace.rs:154:18
[INFO] [stdout]   35:     0x55aa63c1a2d7 - std::thread::Builder::spawn_unchecked_::{{closure}}::{{closure}}::ha94be15d1e0acf36
[INFO] [stdout]                                at /rustc/82e1608dfa6e0b5569232559e3d385fea5a93112/library/std/src/thread/mod.rs:529:17
[INFO] [stdout]   36:     0x55aa63c1a2d7 - <core::panic::unwind_safe::AssertUnwindSafe<F> as core::ops::function::FnOnce<()>>::call_once::h9dc6bd6372f16606
[INFO] [stdout]                                at /rustc/82e1608dfa6e0b5569232559e3d385fea5a93112/library/core/src/panic/unwind_safe.rs:272:9
[INFO] [stdout]   37:     0x55aa63c1a2d7 - std::panicking::try::do_call::h9057517f80303cd4
[INFO] [stdout]                                at /rustc/82e1608dfa6e0b5569232559e3d385fea5a93112/library/std/src/panicking.rs:552:40
[INFO] [stdout]   38:     0x55aa63c1a2d7 - std::panicking::try::he3a30b11ee45340c
[INFO] [stdout]                                at /rustc/82e1608dfa6e0b5569232559e3d385fea5a93112/library/std/src/panicking.rs:516:19
[INFO] [stdout]   39:     0x55aa63c1a2d7 - std::panic::catch_unwind::h410458cfd3528b8b
[INFO] [stdout]                                at /rustc/82e1608dfa6e0b5569232559e3d385fea5a93112/library/std/src/panic.rs:142:14
[INFO] [stdout]   40:     0x55aa63c1a2d7 - std::thread::Builder::spawn_unchecked_::{{closure}}::h72ac3bdb567b737b
[INFO] [stdout]                                at /rustc/82e1608dfa6e0b5569232559e3d385fea5a93112/library/std/src/thread/mod.rs:528:30
[INFO] [stdout]   41:     0x55aa63c1a2d7 - core::ops::function::FnOnce::call_once{{vtable.shim}}::h38f34da3654a8344
[INFO] [stdout]                                at /rustc/82e1608dfa6e0b5569232559e3d385fea5a93112/library/core/src/ops/function.rs:250:5
[INFO] [stdout]   42:     0x55aa63db7a85 - <alloc::boxed::Box<F,A> as core::ops::function::FnOnce<Args>>::call_once::hc7eafaff61e32df9
[INFO] [stdout]                                at /rustc/82e1608dfa6e0b5569232559e3d385fea5a93112/library/alloc/src/boxed.rs:2007:9
[INFO] [stdout]   43:     0x55aa63db7a85 - <alloc::boxed::Box<F,A> as core::ops::function::FnOnce<Args>>::call_once::h6ba4a5de48dd2304
[INFO] [stdout]                                at /rustc/82e1608dfa6e0b5569232559e3d385fea5a93112/library/alloc/src/boxed.rs:2007:9
[INFO] [stdout]   44:     0x55aa63db7a85 - std::sys::unix::thread::Thread::new::thread_start::he469335aef763e45
[INFO] [stdout]                                at /rustc/82e1608dfa6e0b5569232559e3d385fea5a93112/library/std/src/sys/unix/thread.rs:108:17
[INFO] [stdout]   45:     0x7f4a53b36ac3 - <unknown>
[INFO] [stdout]   46:     0x7f4a53bc7bf4 - __clone
[INFO] [stdout]   47:                0x0 - <unknown>
[INFO] [stdout] 
[INFO] [stdout] 
[INFO] [stdout] failures:
[INFO] [stdout]     parser::test_parser::test_parser
[INFO] [stdout] 
[INFO] [stdout] test result: FAILED. 3 passed; 1 failed; 0 ignored; 0 measured; 0 filtered out; finished in 0.04s
[INFO] [stdout] 
[INFO] [stderr] error: test failed, to rerun pass `--bin pfclp`
[INFO] running `Command { std: "docker" "inspect" "5e997db03f6da37aa4c1009eeb971fa3bd05e2b95d450a001e544db0e061bcd0", kill_on_drop: false }`
[INFO] running `Command { std: "docker" "rm" "-f" "5e997db03f6da37aa4c1009eeb971fa3bd05e2b95d450a001e544db0e061bcd0", kill_on_drop: false }`
[INFO] [stdout] 5e997db03f6da37aa4c1009eeb971fa3bd05e2b95d450a001e544db0e061bcd0
