[INFO] cloning repository https://github.com/deepgreenAN/rs_workdays
[INFO] running `Command { std: "git" "-c" "credential.helper=" "-c" "credential.helper=/workspace/cargo-home/bin/git-credential-null" "clone" "--bare" "https://github.com/deepgreenAN/rs_workdays" "/workspace/cache/git-repos/https%3A%2F%2Fgithub.com%2FdeepgreenAN%2Frs_workdays", kill_on_drop: false }`
[INFO] [stderr] Cloning into bare repository '/workspace/cache/git-repos/https%3A%2F%2Fgithub.com%2FdeepgreenAN%2Frs_workdays'...
[INFO] running `Command { std: "git" "rev-parse" "HEAD", kill_on_drop: false }`
[INFO] [stdout] 67a91ca5782f227f98b6c016dbd4d58d9ef927d1
[INFO] testing deepgreenAN/rs_workdays against 1.75.0 for beta-1.76-1
[INFO] running `Command { std: "git" "clone" "/workspace/cache/git-repos/https%3A%2F%2Fgithub.com%2FdeepgreenAN%2Frs_workdays" "/workspace/builds/worker-6-tc1/source", kill_on_drop: false }`
[INFO] [stderr] Cloning into '/workspace/builds/worker-6-tc1/source'...
[INFO] [stderr] done.
[INFO] validating manifest of git repo https://github.com/deepgreenAN/rs_workdays on toolchain 1.75.0
[INFO] running `Command { std: CARGO_HOME="/workspace/cargo-home" RUSTUP_HOME="/workspace/rustup-home" "/workspace/cargo-home/bin/cargo" "+1.75.0" "metadata" "--manifest-path" "Cargo.toml" "--no-deps", kill_on_drop: false }`
[INFO] started tweaking git repo https://github.com/deepgreenAN/rs_workdays
[INFO] finished tweaking git repo https://github.com/deepgreenAN/rs_workdays
[INFO] tweaked toml for git repo https://github.com/deepgreenAN/rs_workdays written to /workspace/builds/worker-6-tc1/source/Cargo.toml
[INFO] crate git repo https://github.com/deepgreenAN/rs_workdays already has a lockfile, it will not be regenerated
[INFO] running `Command { std: CARGO_HOME="/workspace/cargo-home" RUSTUP_HOME="/workspace/rustup-home" "/workspace/cargo-home/bin/cargo" "+1.75.0" "fetch" "--manifest-path" "Cargo.toml", kill_on_drop: false }`
[INFO] [stderr]     Updating crates.io index
[INFO] [stderr]  Downloading crates ...
[INFO] [stderr]   Downloaded reqwest-wasm v0.11.0
[INFO] running `Command { std: "docker" "create" "-v" "/var/lib/crater-agent-workspace/builds/worker-6-tc1/target:/opt/rustwide/target:rw,Z" "-v" "/var/lib/crater-agent-workspace/builds/worker-6-tc1/source:/opt/rustwide/workdir:ro,Z" "-v" "/var/lib/crater-agent-workspace/cargo-home:/opt/rustwide/cargo-home:ro,Z" "-v" "/var/lib/crater-agent-workspace/rustup-home:/opt/rustwide/rustup-home:ro,Z" "-e" "SOURCE_DIR=/opt/rustwide/workdir" "-e" "CARGO_TARGET_DIR=/opt/rustwide/target" "-e" "CARGO_HOME=/opt/rustwide/cargo-home" "-e" "RUSTUP_HOME=/opt/rustwide/rustup-home" "-w" "/opt/rustwide/workdir" "-m" "1610612736" "--user" "0:0" "--network" "none" "ghcr.io/rust-lang/crates-build-env/linux@sha256:2788e3201cd34a07e3172128adcd8b3090168a8e3bcc40d7c032b9dda1df7d1c" "/opt/rustwide/cargo-home/bin/cargo" "+1.75.0" "metadata" "--no-deps" "--format-version=1", kill_on_drop: false }`
[INFO] [stdout] f8fafa69db54cfde97a6cc25b8769a75bb73bcb23b6c64b43cbdb8dd3b6f6967
[INFO] running `Command { std: "docker" "start" "-a" "f8fafa69db54cfde97a6cc25b8769a75bb73bcb23b6c64b43cbdb8dd3b6f6967", kill_on_drop: false }`
[INFO] running `Command { std: "docker" "inspect" "f8fafa69db54cfde97a6cc25b8769a75bb73bcb23b6c64b43cbdb8dd3b6f6967", kill_on_drop: false }`
[INFO] running `Command { std: "docker" "rm" "-f" "f8fafa69db54cfde97a6cc25b8769a75bb73bcb23b6c64b43cbdb8dd3b6f6967", kill_on_drop: false }`
[INFO] [stdout] f8fafa69db54cfde97a6cc25b8769a75bb73bcb23b6c64b43cbdb8dd3b6f6967
[INFO] running `Command { std: "docker" "create" "-v" "/var/lib/crater-agent-workspace/builds/worker-6-tc1/target:/opt/rustwide/target:rw,Z" "-v" "/var/lib/crater-agent-workspace/builds/worker-6-tc1/source:/opt/rustwide/workdir:ro,Z" "-v" "/var/lib/crater-agent-workspace/cargo-home:/opt/rustwide/cargo-home:ro,Z" "-v" "/var/lib/crater-agent-workspace/rustup-home:/opt/rustwide/rustup-home:ro,Z" "-e" "SOURCE_DIR=/opt/rustwide/workdir" "-e" "CARGO_TARGET_DIR=/opt/rustwide/target" "-e" "CARGO_INCREMENTAL=0" "-e" "RUST_BACKTRACE=full" "-e" "RUSTFLAGS=--cap-lints=warn" "-e" "RUSTDOCFLAGS=--cap-lints=warn" "-e" "CARGO_HOME=/opt/rustwide/cargo-home" "-e" "RUSTUP_HOME=/opt/rustwide/rustup-home" "-w" "/opt/rustwide/workdir" "-m" "1610612736" "--user" "0:0" "--network" "none" "ghcr.io/rust-lang/crates-build-env/linux@sha256:2788e3201cd34a07e3172128adcd8b3090168a8e3bcc40d7c032b9dda1df7d1c" "/opt/rustwide/cargo-home/bin/cargo" "+1.75.0" "build" "--frozen" "--message-format=json", kill_on_drop: false }`
[INFO] [stdout] 9680a23dace68a80247bf9c288a22ff4b712b23e0d3dff78b2e17b0f248ff7d1
[INFO] running `Command { std: "docker" "start" "-a" "9680a23dace68a80247bf9c288a22ff4b712b23e0d3dff78b2e17b0f248ff7d1", kill_on_drop: false }`
[INFO] [stderr]    Compiling libc v0.2.108
[INFO] [stderr]    Compiling memchr v2.4.0
[INFO] [stderr]    Compiling cc v1.0.72
[INFO] [stderr]    Compiling pkg-config v0.3.22
[INFO] [stderr]    Compiling futures-core v0.3.18
[INFO] [stderr]    Compiling tokio v1.14.0
[INFO] [stderr]    Compiling itoa v0.4.7
[INFO] [stderr]    Compiling futures-task v0.3.18
[INFO] [stderr]    Compiling indexmap v1.7.0
[INFO] [stderr]    Compiling proc-macro2 v1.0.27
[INFO] [stderr]    Compiling openssl v0.10.38
[INFO] [stderr]    Compiling serde v1.0.126
[INFO] [stderr]    Compiling foreign-types-shared v0.1.1
[INFO] [stderr]    Compiling futures-util v0.3.18
[INFO] [stderr]    Compiling foreign-types v0.3.2
[INFO] [stderr]    Compiling http v0.2.5
[INFO] [stderr]    Compiling tracing-core v0.1.21
[INFO] [stderr]    Compiling slab v0.4.5
[INFO] [stderr]    Compiling num_cpus v1.13.0
[INFO] [stderr]    Compiling mio v0.7.14
[INFO] [stderr]    Compiling futures-io v0.3.18
[INFO] [stderr]    Compiling hashbrown v0.11.2
[INFO] [stderr]    Compiling native-tls v0.2.8
[INFO] [stderr]    Compiling futures-sink v0.3.18
[INFO] [stderr]    Compiling tinyvec_macros v0.1.0
[INFO] [stderr]    Compiling futures-channel v0.3.18
[INFO] [stderr]    Compiling tinyvec v1.5.1
[INFO] [stderr]    Compiling tracing v0.1.29
[INFO] [stderr]    Compiling openssl-sys v0.9.71
[INFO] [stderr]    Compiling num-traits v0.2.14
[INFO] [stderr]    Compiling openssl-probe v0.1.4
[INFO] [stderr]    Compiling syn v1.0.72
[INFO] [stderr]    Compiling unicode-normalization v0.1.19
[INFO] [stderr]    Compiling quote v1.0.9
[INFO] [stderr]    Compiling http-body v0.4.4
[INFO] [stderr]    Compiling socket2 v0.4.2
[INFO] [stderr]    Compiling num-integer v0.1.44
[INFO] [stderr]    Compiling unicode-bidi v0.3.7
[INFO] [stderr]    Compiling encoding_rs v0.8.29
[INFO] [stderr]    Compiling byteorder v1.4.3
[INFO] [stderr]    Compiling httpdate v1.0.2
[INFO] [stderr]    Compiling regex-automata v0.1.9
[INFO] [stderr]    Compiling idna v0.2.3
[INFO] [stderr]    Compiling anyhow v1.0.51
[INFO] [stderr]    Compiling time v0.1.44
[INFO] [stderr]    Compiling url v2.2.2
[INFO] [stderr]    Compiling csv-core v0.1.10
[INFO] [stderr]    Compiling base64 v0.13.0
[INFO] [stderr]    Compiling mime v0.3.16
[INFO] [stderr]    Compiling ipnet v2.3.1
[INFO] [stderr]    Compiling bstr v0.2.16
[INFO] [stderr]    Compiling serde_urlencoded v0.7.0
[INFO] [stderr]    Compiling tokio-util v0.6.9
[INFO] [stderr]    Compiling tokio-native-tls v0.3.0
[INFO] [stderr]    Compiling csv v1.1.6
[INFO] [stderr]    Compiling chrono v0.4.19
[INFO] [stderr]    Compiling h2 v0.3.7
[INFO] [stderr]    Compiling thiserror-impl v1.0.30
[INFO] [stderr]    Compiling thiserror v1.0.30
[INFO] [stderr]    Compiling hyper v0.14.15
[INFO] [stderr]    Compiling hyper-tls v0.5.0
[INFO] [stderr]    Compiling reqwest v0.11.7
[INFO] [stderr]    Compiling rs_workdays v0.1.1 (/opt/rustwide/workdir)
[INFO] [stderr]     Finished dev [unoptimized + debuginfo] target(s) in 56.40s
[INFO] running `Command { std: "docker" "inspect" "9680a23dace68a80247bf9c288a22ff4b712b23e0d3dff78b2e17b0f248ff7d1", kill_on_drop: false }`
[INFO] running `Command { std: "docker" "rm" "-f" "9680a23dace68a80247bf9c288a22ff4b712b23e0d3dff78b2e17b0f248ff7d1", kill_on_drop: false }`
[INFO] [stdout] 9680a23dace68a80247bf9c288a22ff4b712b23e0d3dff78b2e17b0f248ff7d1
[INFO] running `Command { std: "docker" "create" "-v" "/var/lib/crater-agent-workspace/builds/worker-6-tc1/target:/opt/rustwide/target:rw,Z" "-v" "/var/lib/crater-agent-workspace/builds/worker-6-tc1/source:/opt/rustwide/workdir:ro,Z" "-v" "/var/lib/crater-agent-workspace/cargo-home:/opt/rustwide/cargo-home:ro,Z" "-v" "/var/lib/crater-agent-workspace/rustup-home:/opt/rustwide/rustup-home:ro,Z" "-e" "SOURCE_DIR=/opt/rustwide/workdir" "-e" "CARGO_TARGET_DIR=/opt/rustwide/target" "-e" "CARGO_INCREMENTAL=0" "-e" "RUST_BACKTRACE=full" "-e" "RUSTFLAGS=--cap-lints=warn" "-e" "RUSTDOCFLAGS=--cap-lints=warn" "-e" "CARGO_HOME=/opt/rustwide/cargo-home" "-e" "RUSTUP_HOME=/opt/rustwide/rustup-home" "-w" "/opt/rustwide/workdir" "-m" "1610612736" "--user" "0:0" "--network" "none" "ghcr.io/rust-lang/crates-build-env/linux@sha256:2788e3201cd34a07e3172128adcd8b3090168a8e3bcc40d7c032b9dda1df7d1c" "/opt/rustwide/cargo-home/bin/cargo" "+1.75.0" "test" "--frozen" "--no-run" "--message-format=json", kill_on_drop: false }`
[INFO] [stdout] 8408bbd3acee25f892240b8e9c14d47105de586160cceef9546045390d35b995
[INFO] running `Command { std: "docker" "start" "-a" "8408bbd3acee25f892240b8e9c14d47105de586160cceef9546045390d35b995", kill_on_drop: false }`
[INFO] [stderr]    Compiling rs_workdays v0.1.1 (/opt/rustwide/workdir)
[INFO] [stderr]     Finished test [unoptimized + debuginfo] target(s) in 4.85s
[INFO] running `Command { std: "docker" "inspect" "8408bbd3acee25f892240b8e9c14d47105de586160cceef9546045390d35b995", kill_on_drop: false }`
[INFO] running `Command { std: "docker" "rm" "-f" "8408bbd3acee25f892240b8e9c14d47105de586160cceef9546045390d35b995", kill_on_drop: false }`
[INFO] [stdout] 8408bbd3acee25f892240b8e9c14d47105de586160cceef9546045390d35b995
[INFO] running `Command { std: "docker" "create" "-v" "/var/lib/crater-agent-workspace/builds/worker-6-tc1/target:/opt/rustwide/target:rw,Z" "-v" "/var/lib/crater-agent-workspace/builds/worker-6-tc1/source:/opt/rustwide/workdir:ro,Z" "-v" "/var/lib/crater-agent-workspace/cargo-home:/opt/rustwide/cargo-home:ro,Z" "-v" "/var/lib/crater-agent-workspace/rustup-home:/opt/rustwide/rustup-home:ro,Z" "-e" "SOURCE_DIR=/opt/rustwide/workdir" "-e" "CARGO_TARGET_DIR=/opt/rustwide/target" "-e" "CARGO_INCREMENTAL=0" "-e" "RUST_BACKTRACE=full" "-e" "RUSTFLAGS=--cap-lints=warn" "-e" "RUSTDOCFLAGS=--cap-lints=warn" "-e" "CARGO_HOME=/opt/rustwide/cargo-home" "-e" "RUSTUP_HOME=/opt/rustwide/rustup-home" "-w" "/opt/rustwide/workdir" "-m" "1610612736" "--user" "0:0" "--network" "none" "ghcr.io/rust-lang/crates-build-env/linux@sha256:2788e3201cd34a07e3172128adcd8b3090168a8e3bcc40d7c032b9dda1df7d1c" "/opt/rustwide/cargo-home/bin/cargo" "+1.75.0" "test" "--frozen", kill_on_drop: false }`
[INFO] [stdout] e74e3297d4fb8c71edd30d9400a423c8d9df7c327f36e50857e42ceee6b86eb5
[INFO] running `Command { std: "docker" "start" "-a" "e74e3297d4fb8c71edd30d9400a423c8d9df7c327f36e50857e42ceee6b86eb5", kill_on_drop: false }`
[INFO] [stderr]     Finished test [unoptimized + debuginfo] target(s) in 0.09s
[INFO] [stderr]      Running unittests src/lib.rs (/opt/rustwide/target/debug/deps/rs_workdays-c77c12f599d744f6)
[INFO] [stdout] 
[INFO] [stdout] running 0 tests
[INFO] [stdout] 
[INFO] [stdout] test result: ok. 0 passed; 0 failed; 0 ignored; 0 measured; 0 filtered out; finished in 0.00s
[INFO] [stdout] 
[INFO] [stderr]      Running unittests src/bin/make_holidays_source.rs (/opt/rustwide/target/debug/deps/make_holidays_source-5ee3175dce93d969)
[INFO] [stdout] 
[INFO] [stdout] running 0 tests
[INFO] [stdout] 
[INFO] [stdout] test result: ok. 0 passed; 0 failed; 0 ignored; 0 measured; 0 filtered out; finished in 0.00s
[INFO] [stdout] 
[INFO] [stderr]      Running unittests src/bin/request_holiday_check.rs (/opt/rustwide/target/debug/deps/request_holiday_check-5dec2db82517edb3)
[INFO] [stdout] 
[INFO] [stdout] running 0 tests
[INFO] [stdout] 
[INFO] [stdout] test result: ok. 0 passed; 0 failed; 0 ignored; 0 measured; 0 filtered out; finished in 0.00s
[INFO] [stdout] 
[INFO] [stderr]      Running unittests src/bin/simple_use.rs (/opt/rustwide/target/debug/deps/simple_use-1af2541ad48c17eb)
[INFO] [stdout] 
[INFO] [stdout] running 0 tests
[INFO] [stdout] 
[INFO] [stdout] test result: ok. 0 passed; 0 failed; 0 ignored; 0 measured; 0 filtered out; finished in 0.00s
[INFO] [stdout] 
[INFO] [stderr]      Running tests/test_base.rs (/opt/rustwide/target/debug/deps/test_base-92571c11cb90ae1e)
[INFO] [stdout] 
[INFO] [stdout] running 3 tests
[INFO] [stdout] test related_extract ... ok
[INFO] [stdout] test related_workdays ... ok
[INFO] [stdout] test related_intraday ... ok
[INFO] [stdout] 
[INFO] [stdout] test result: ok. 3 passed; 0 failed; 0 ignored; 0 measured; 0 filtered out; finished in 1.19s
[INFO] [stdout] 
[INFO] [stderr]      Running tests/test_global.rs (/opt/rustwide/target/debug/deps/test_global-916d3c34fad87478)
[INFO] [stdout] 
[INFO] [stdout] running 0 tests
[INFO] [stdout] 
[INFO] [stdout] test result: ok. 0 passed; 0 failed; 0 ignored; 0 measured; 0 filtered out; finished in 0.00s
[INFO] [stdout] 
[INFO] [stderr]    Doc-tests rs_workdays
[INFO] [stdout] 
[INFO] [stdout] running 17 tests
[INFO] [stdout] test src/intraday.rs - intraday::check_workday_intraday (line 15) ... FAILED
[INFO] [stdout] test src/extract.rs - extract::extract_workdays_intraday_bool (line 172) ... FAILED
[INFO] [stdout] test src/extract.rs - extract::extract_intraday_bool (line 88) ... FAILED
[INFO] [stdout] test src/intraday.rs - intraday::add_workday_intraday_datetime (line 382) ... ok
[INFO] [stdout] test src/intraday.rs - intraday::get_previous_border_workday_intraday (line 106) ... ok
[INFO] [stdout] test src/intraday.rs - intraday::get_near_workday_intraday (line 183) ... ok
[INFO] [stdout] test src/intraday.rs - intraday::get_next_border_workday_intraday (line 48) ... ok
[INFO] [stdout] test src/extract.rs - extract::extract_workdays_bool (line 14) ... ok
[INFO] [stdout] test src/intraday.rs - intraday::get_timedelta_workdays_intraday (line 413) ... FAILED
[INFO] [stdout] test src/workdays.rs - workdays::check_workday (line 92) ... FAILED
[INFO] [stdout] test src/workdays.rs - workdays::get_next_workdays_number (line 266) ... ok
[INFO] [stdout] test src/workdays.rs - workdays::get_near_workday (line 234) ... ok
[INFO] [stdout] test src/workdays.rs - workdays::get_next_workday (line 118) ... ok
[INFO] [stdout] test src/workdays.rs - workdays::get_previous_workdays_number (line 325) ... ok
[INFO] [stdout] test src/workdays.rs - workdays::get_previous_workday (line 176) ... ok
[INFO] [stdout] test src/workdays.rs - workdays::get_workdays (line 34) ... ok
[INFO] [stdout] test src/workdays.rs - workdays::get_workdays_number (line 385) ... ok
[INFO] [stdout] 
[INFO] [stdout] failures:
[INFO] [stdout] 
[INFO] [stdout] ---- src/intraday.rs - intraday::check_workday_intraday (line 15) stdout ----
[INFO] [stdout] error: linking with `cc` failed: exit status: 1
[INFO] [stdout]   |
[INFO] [stdout]   = note: LC_ALL="C" PATH="/opt/rustwide/rustup-home/toolchains/1.75.0-x86_64-unknown-linux-gnu/lib/rustlib/x86_64-unknown-linux-gnu/bin:/opt/rustwide/cargo-home/bin:/usr/local/sbin:/usr/local/bin:/usr/sbin:/usr/bin:/sbin:/bin" VSLANG="1033" "cc" "-m64" "/tmp/rustc5Fybma/symbols.o" "/tmp/rustdoctest9PQVE2/rust_out.rust_out.263fb70ac1c95110-cgu.0.rcgu.o" "/tmp/rustdoctest9PQVE2/rust_out.2uel00cfmdh5ufit.rcgu.o" "-Wl,--as-needed" "-L" "/opt/rustwide/target/debug/deps" "-L" "/opt/rustwide/target/debug/deps" "-L" "/opt/rustwide/rustup-home/toolchains/1.75.0-x86_64-unknown-linux-gnu/lib/rustlib/x86_64-unknown-linux-gnu/lib" "-Wl,-Bstatic" "/opt/rustwide/target/debug/deps/librs_workdays-bf916d6399ce5de4.rlib" "/opt/rustwide/target/debug/deps/libthiserror-8574d0d41078691b.rlib" "/opt/rustwide/target/debug/deps/libreqwest-4bb9ebeb52d5c7af.rlib" "/opt/rustwide/target/debug/deps/libhyper_tls-d67b40cebe76289b.rlib" "/opt/rustwide/target/debug/deps/libipnet-6f7e696fa040902e.rlib" "/opt/rustwide/target/debug/deps/libtokio_native_tls-62a9328ed6e375a8.rlib" "/opt/rustwide/target/debug/deps/libserde_urlencoded-2a0197f52dbcd50a.rlib" "/opt/rustwide/target/debug/deps/libmime-450b243d21db2a61.rlib" "/opt/rustwide/target/debug/deps/libencoding_rs-b6fae1d903f5f1ab.rlib" "/opt/rustwide/target/debug/deps/libbase64-8ea64d3566a9d67e.rlib" "/opt/rustwide/target/debug/deps/libnative_tls-6089203b286065af.rlib" "/opt/rustwide/target/debug/deps/libopenssl_probe-337040a071287d36.rlib" "/opt/rustwide/target/debug/deps/libopenssl-618ae1dc72431981.rlib" "/opt/rustwide/target/debug/deps/libbitflags-b7cee2ca4fb438d0.rlib" "/opt/rustwide/target/debug/deps/libforeign_types-c05743815e5b8a9d.rlib" "/opt/rustwide/target/debug/deps/libforeign_types_shared-d149f5491fde2862.rlib" "/opt/rustwide/target/debug/deps/libopenssl_sys-d34ea62cf696a421.rlib" "/opt/rustwide/target/debug/deps/libhyper-f93a909ef3685277.rlib" "/opt/rustwide/target/debug/deps/libwant-6ac5d33a641fd6b2.rlib" "/opt/rustwide/target/debug/deps/libtry_lock-6573df21d991c823.rlib" "/opt/rustwide/target/debug/deps/libsocket2-b2d53a255164a610.rlib" "/opt/rustwide/target/debug/deps/libhttparse-c45cf483b346e59b.rlib" "/opt/rustwide/target/debug/deps/libh2-61a848fb0a69b97c.rlib" "/opt/rustwide/target/debug/deps/libindexmap-733665de8c613715.rlib" "/opt/rustwide/target/debug/deps/libhashbrown-60eca540826c5d5d.rlib" "/opt/rustwide/target/debug/deps/libtokio_util-3e2c505e88c1f13c.rlib" "/opt/rustwide/target/debug/deps/libfutures_sink-65c1999bd962674f.rlib" "/opt/rustwide/target/debug/deps/libtower_service-9991ae2cafd1f41b.rlib" "/opt/rustwide/target/debug/deps/libtracing-d39c4ecb9c841c4b.rlib" "/opt/rustwide/target/debug/deps/libtracing_core-e3dfcfb003507087.rlib" "/opt/rustwide/target/debug/deps/libfutures_channel-c5c20bce00d303fa.rlib" "/opt/rustwide/target/debug/deps/libtokio-e2835271e9e60b4b.rlib" "/opt/rustwide/target/debug/deps/libnum_cpus-5d94ed577da657c9.rlib" "/opt/rustwide/target/debug/deps/libmio-fed2f8f33ce1c519.rlib" "/opt/rustwide/target/debug/deps/libhttp_body-809112ac072ef126.rlib" "/opt/rustwide/target/debug/deps/liblog-0a8665efbc1725c2.rlib" "/opt/rustwide/target/debug/deps/libcfg_if-61dc7a6799e72b18.rlib" "/opt/rustwide/target/debug/deps/libfutures_util-9f0ab1aff4c2cfd6.rlib" "/opt/rustwide/target/debug/deps/libfutures_io-5c3776d320e78850.rlib" "/opt/rustwide/target/debug/deps/libslab-3fdda774eccf4f9f.rlib" "/opt/rustwide/target/debug/deps/libpin_project_lite-c675bd61a64207ec.rlib" "/opt/rustwide/target/debug/deps/libfutures_task-2ab853fbb66d62e2.rlib" "/opt/rustwide/target/debug/deps/libpin_utils-741f7d9d160e4a16.rlib" "/opt/rustwide/target/debug/deps/libfutures_core-ba6fa455c36177be.rlib" "/opt/rustwide/target/debug/deps/liburl-b3c55e1331b77670.rlib" "/opt/rustwide/target/debug/deps/libidna-7f2f8d2a0fa45e7d.rlib" "/opt/rustwide/target/debug/deps/libunicode_normalization-fa540275a0f8725d.rlib" "/opt/rustwide/target/debug/deps/libtinyvec-fc2adea61ab58f5e.rlib" "/opt/rustwide/target/debug/deps/libtinyvec_macros-bfeb7a087f0273ce.rlib" "/opt/rustwide/target/debug/deps/libunicode_bidi-d3ecfe40977b4a59.rlib" "/opt/rustwide/target/debug/deps/libform_urlencoded-74b1dcad9e8d80e6.rlib" "/opt/rustwide/target/debug/deps/libpercent_encoding-526c9d71c02fb5bb.rlib" "/opt/rustwide/target/debug/deps/libmatches-e0861c3f10bd1789.rlib" "/opt/rustwide/target/debug/deps/libhttp-ad837f67e5839f80.rlib" "/opt/rustwide/target/debug/deps/libbytes-55e4baa7bb335bc7.rlib" "/opt/rustwide/target/debug/deps/libfnv-18bf5144d055e772.rlib" "/opt/rustwide/target/debug/deps/libcsv-bf142b143c8dfbb9.rlib" "/opt/rustwide/target/debug/deps/libryu-aa04a306730705ee.rlib" "/opt/rustwide/target/debug/deps/libitoa-ec3d76e201e8fe94.rlib" "/opt/rustwide/target/debug/deps/libcsv_core-a46f4913aa6425fc.rlib" "/opt/rustwide/target/debug/deps/libbstr-aec024910b55dd03.rlib" "/opt/rustwide/target/debug/deps/liblazy_static-591486ebcb9a7ead.rlib" "/opt/rustwide/target/debug/deps/libregex_automata-47486a9a13483064.rlib" "/opt/rustwide/target/debug/deps/libbyteorder-6e85941598f342d7.rlib" "/opt/rustwide/target/debug/deps/libmemchr-a2d79df1e1129cb1.rlib" "/opt/rustwide/target/debug/deps/libserde-c475ecebf8e66670.rlib" "/opt/rustwide/target/debug/deps/libanyhow-a1dcb3324cd49ab7.rlib" "/opt/rustwide/target/debug/deps/libonce_cell-5e1d6083c59d0e91.rlib" "/opt/rustwide/target/debug/deps/libchrono-a70c1141a95d7983.rlib" "/opt/rustwide/target/debug/deps/libnum_integer-a8ec877db125b6d0.rlib" "/opt/rustwide/target/debug/deps/libnum_traits-fda31bbe803c55ba.rlib" "/opt/rustwide/target/debug/deps/libtime-052ae7256e010c38.rlib" "/opt/rustwide/target/debug/deps/liblibc-9bcfd2b24c00f1f2.rlib" "/opt/rustwide/rustup-home/toolchains/1.75.0-x86_64-unknown-linux-gnu/lib/rustlib/x86_64-unknown-linux-gnu/lib/libstd-90f6ddbf82de36ec.rlib" "/opt/rustwide/rustup-home/toolchains/1.75.0-x86_64-unknown-linux-gnu/lib/rustlib/x86_64-unknown-linux-gnu/lib/libpanic_unwind-480c41e9d4e1f677.rlib" "/opt/rustwide/rustup-home/toolchains/1.75.0-x86_64-unknown-linux-gnu/lib/rustlib/x86_64-unknown-linux-gnu/lib/libobject-db744c0ca03eed1d.rlib" "/opt/rustwide/rustup-home/toolchains/1.75.0-x86_64-unknown-linux-gnu/lib/rustlib/x86_64-unknown-linux-gnu/lib/libmemchr-8ba652dc7d4b285a.rlib" "/opt/rustwide/rustup-home/toolchains/1.75.0-x86_64-unknown-linux-gnu/lib/rustlib/x86_64-unknown-linux-gnu/lib/libaddr2line-d5f4520a9ebc0d58.rlib" "/opt/rustwide/rustup-home/toolchains/1.75.0-x86_64-unknown-linux-gnu/lib/rustlib/x86_64-unknown-linux-gnu/lib/libgimli-4ad84de58f0cb463.rlib" "/opt/rustwide/rustup-home/toolchains/1.75.0-x86_64-unknown-linux-gnu/lib/rustlib/x86_64-unknown-linux-gnu/lib/librustc_demangle-0d10aae2e0f38735.rlib" "/opt/rustwide/rustup-home/toolchains/1.75.0-x86_64-unknown-linux-gnu/lib/rustlib/x86_64-unknown-linux-gnu/lib/libstd_detect-0c17cff739e6745b.rlib" "/opt/rustwide/rustup-home/toolchains/1.75.0-x86_64-unknown-linux-gnu/lib/rustlib/x86_64-unknown-linux-gnu/lib/libhashbrown-b29e17139dde1aa8.rlib" "/opt/rustwide/rustup-home/toolchains/1.75.0-x86_64-unknown-linux-gnu/lib/rustlib/x86_64-unknown-linux-gnu/lib/librustc_std_workspace_alloc-1f975299829cc7bd.rlib" "/opt/rustwide/rustup-home/toolchains/1.75.0-x86_64-unknown-linux-gnu/lib/rustlib/x86_64-unknown-linux-gnu/lib/libminiz_oxide-86bae3bc3079f89b.rlib" "/opt/rustwide/rustup-home/toolchains/1.75.0-x86_64-unknown-linux-gnu/lib/rustlib/x86_64-unknown-linux-gnu/lib/libadler-321b82c30dffdf5f.rlib" "/opt/rustwide/rustup-home/toolchains/1.75.0-x86_64-unknown-linux-gnu/lib/rustlib/x86_64-unknown-linux-gnu/lib/libunwind-3dd8a6810a0bdfef.rlib" "/opt/rustwide/rustup-home/toolchains/1.75.0-x86_64-unknown-linux-gnu/lib/rustlib/x86_64-unknown-linux-gnu/lib/libcfg_if-eb39a61c0c879984.rlib" "/opt/rustwide/rustup-home/toolchains/1.75.0-x86_64-unknown-linux-gnu/lib/rustlib/x86_64-unknown-linux-gnu/lib/liblibc-aa769569f91c3548.rlib" "/opt/rustwide/rustup-home/toolchains/1.75.0-x86_64-unknown-linux-gnu/lib/rustlib/x86_64-unknown-linux-gnu/lib/liballoc-510a192a50a983ed.rlib" "/opt/rustwide/rustup-home/toolchains/1.75.0-x86_64-unknown-linux-gnu/lib/rustlib/x86_64-unknown-linux-gnu/lib/librustc_std_workspace_core-0577018320f99037.rlib" "/opt/rustwide/rustup-home/toolchains/1.75.0-x86_64-unknown-linux-gnu/lib/rustlib/x86_64-unknown-linux-gnu/lib/libcore-193cf992125ccd4c.rlib" "/opt/rustwide/rustup-home/toolchains/1.75.0-x86_64-unknown-linux-gnu/lib/rustlib/x86_64-unknown-linux-gnu/lib/libcompiler_builtins-8e138eaf26ebb4a8.rlib" "-Wl,-Bdynamic" "-lssl" "-lcrypto" "-lgcc_s" "-lutil" "-lrt" "-lpthread" "-lm" "-ldl" "-lc" "-Wl,--eh-frame-hdr" "-Wl,-z,noexecstack" "-L" "/opt/rustwide/rustup-home/toolchains/1.75.0-x86_64-unknown-linux-gnu/lib/rustlib/x86_64-unknown-linux-gnu/lib" "-o" "/tmp/rustdoctest9PQVE2/rust_out" "-Wl,--gc-sections" "-pie" "-Wl,-z,relro,-z,now" "-nodefaultlibs"
[INFO] [stdout]   = note: collect2: fatal error: ld terminated with signal 9 [Killed]
[INFO] [stdout]           compilation terminated.
[INFO] [stdout]           
[INFO] [stdout] 
[INFO] [stdout] error: aborting due to previous error
[INFO] [stdout] 
[INFO] [stdout] Couldn't compile the test.
[INFO] [stdout] ---- src/extract.rs - extract::extract_workdays_intraday_bool (line 172) stdout ----
[INFO] [stdout] error: linking with `cc` failed: exit status: 1
[INFO] [stdout]   |
[INFO] [stdout]   = note: LC_ALL="C" PATH="/opt/rustwide/rustup-home/toolchains/1.75.0-x86_64-unknown-linux-gnu/lib/rustlib/x86_64-unknown-linux-gnu/bin:/opt/rustwide/cargo-home/bin:/usr/local/sbin:/usr/local/bin:/usr/sbin:/usr/bin:/sbin:/bin" VSLANG="1033" "cc" "-m64" "/tmp/rustcK3rIr0/symbols.o" "/tmp/rustdoctestdT5Nuu/rust_out.rust_out.263fb70ac1c95110-cgu.0.rcgu.o" "/tmp/rustdoctestdT5Nuu/rust_out.2uel00cfmdh5ufit.rcgu.o" "-Wl,--as-needed" "-L" "/opt/rustwide/target/debug/deps" "-L" "/opt/rustwide/target/debug/deps" "-L" "/opt/rustwide/rustup-home/toolchains/1.75.0-x86_64-unknown-linux-gnu/lib/rustlib/x86_64-unknown-linux-gnu/lib" "-Wl,-Bstatic" "/opt/rustwide/target/debug/deps/librs_workdays-bf916d6399ce5de4.rlib" "/opt/rustwide/target/debug/deps/libthiserror-8574d0d41078691b.rlib" "/opt/rustwide/target/debug/deps/libreqwest-4bb9ebeb52d5c7af.rlib" "/opt/rustwide/target/debug/deps/libhyper_tls-d67b40cebe76289b.rlib" "/opt/rustwide/target/debug/deps/libipnet-6f7e696fa040902e.rlib" "/opt/rustwide/target/debug/deps/libtokio_native_tls-62a9328ed6e375a8.rlib" "/opt/rustwide/target/debug/deps/libserde_urlencoded-2a0197f52dbcd50a.rlib" "/opt/rustwide/target/debug/deps/libmime-450b243d21db2a61.rlib" "/opt/rustwide/target/debug/deps/libencoding_rs-b6fae1d903f5f1ab.rlib" "/opt/rustwide/target/debug/deps/libbase64-8ea64d3566a9d67e.rlib" "/opt/rustwide/target/debug/deps/libnative_tls-6089203b286065af.rlib" "/opt/rustwide/target/debug/deps/libopenssl_probe-337040a071287d36.rlib" "/opt/rustwide/target/debug/deps/libopenssl-618ae1dc72431981.rlib" "/opt/rustwide/target/debug/deps/libbitflags-b7cee2ca4fb438d0.rlib" "/opt/rustwide/target/debug/deps/libforeign_types-c05743815e5b8a9d.rlib" "/opt/rustwide/target/debug/deps/libforeign_types_shared-d149f5491fde2862.rlib" "/opt/rustwide/target/debug/deps/libopenssl_sys-d34ea62cf696a421.rlib" "/opt/rustwide/target/debug/deps/libhyper-f93a909ef3685277.rlib" "/opt/rustwide/target/debug/deps/libwant-6ac5d33a641fd6b2.rlib" "/opt/rustwide/target/debug/deps/libtry_lock-6573df21d991c823.rlib" "/opt/rustwide/target/debug/deps/libsocket2-b2d53a255164a610.rlib" "/opt/rustwide/target/debug/deps/libhttparse-c45cf483b346e59b.rlib" "/opt/rustwide/target/debug/deps/libh2-61a848fb0a69b97c.rlib" "/opt/rustwide/target/debug/deps/libindexmap-733665de8c613715.rlib" "/opt/rustwide/target/debug/deps/libhashbrown-60eca540826c5d5d.rlib" "/opt/rustwide/target/debug/deps/libtokio_util-3e2c505e88c1f13c.rlib" "/opt/rustwide/target/debug/deps/libfutures_sink-65c1999bd962674f.rlib" "/opt/rustwide/target/debug/deps/libtower_service-9991ae2cafd1f41b.rlib" "/opt/rustwide/target/debug/deps/libtracing-d39c4ecb9c841c4b.rlib" "/opt/rustwide/target/debug/deps/libtracing_core-e3dfcfb003507087.rlib" "/opt/rustwide/target/debug/deps/libfutures_channel-c5c20bce00d303fa.rlib" "/opt/rustwide/target/debug/deps/libtokio-e2835271e9e60b4b.rlib" "/opt/rustwide/target/debug/deps/libnum_cpus-5d94ed577da657c9.rlib" "/opt/rustwide/target/debug/deps/libmio-fed2f8f33ce1c519.rlib" "/opt/rustwide/target/debug/deps/libhttp_body-809112ac072ef126.rlib" "/opt/rustwide/target/debug/deps/liblog-0a8665efbc1725c2.rlib" "/opt/rustwide/target/debug/deps/libcfg_if-61dc7a6799e72b18.rlib" "/opt/rustwide/target/debug/deps/libfutures_util-9f0ab1aff4c2cfd6.rlib" "/opt/rustwide/target/debug/deps/libfutures_io-5c3776d320e78850.rlib" "/opt/rustwide/target/debug/deps/libslab-3fdda774eccf4f9f.rlib" "/opt/rustwide/target/debug/deps/libpin_project_lite-c675bd61a64207ec.rlib" "/opt/rustwide/target/debug/deps/libfutures_task-2ab853fbb66d62e2.rlib" "/opt/rustwide/target/debug/deps/libpin_utils-741f7d9d160e4a16.rlib" "/opt/rustwide/target/debug/deps/libfutures_core-ba6fa455c36177be.rlib" "/opt/rustwide/target/debug/deps/liburl-b3c55e1331b77670.rlib" "/opt/rustwide/target/debug/deps/libidna-7f2f8d2a0fa45e7d.rlib" "/opt/rustwide/target/debug/deps/libunicode_normalization-fa540275a0f8725d.rlib" "/opt/rustwide/target/debug/deps/libtinyvec-fc2adea61ab58f5e.rlib" "/opt/rustwide/target/debug/deps/libtinyvec_macros-bfeb7a087f0273ce.rlib" "/opt/rustwide/target/debug/deps/libunicode_bidi-d3ecfe40977b4a59.rlib" "/opt/rustwide/target/debug/deps/libform_urlencoded-74b1dcad9e8d80e6.rlib" "/opt/rustwide/target/debug/deps/libpercent_encoding-526c9d71c02fb5bb.rlib" "/opt/rustwide/target/debug/deps/libmatches-e0861c3f10bd1789.rlib" "/opt/rustwide/target/debug/deps/libhttp-ad837f67e5839f80.rlib" "/opt/rustwide/target/debug/deps/libbytes-55e4baa7bb335bc7.rlib" "/opt/rustwide/target/debug/deps/libfnv-18bf5144d055e772.rlib" "/opt/rustwide/target/debug/deps/libcsv-bf142b143c8dfbb9.rlib" "/opt/rustwide/target/debug/deps/libryu-aa04a306730705ee.rlib" "/opt/rustwide/target/debug/deps/libitoa-ec3d76e201e8fe94.rlib" "/opt/rustwide/target/debug/deps/libcsv_core-a46f4913aa6425fc.rlib" "/opt/rustwide/target/debug/deps/libbstr-aec024910b55dd03.rlib" "/opt/rustwide/target/debug/deps/liblazy_static-591486ebcb9a7ead.rlib" "/opt/rustwide/target/debug/deps/libregex_automata-47486a9a13483064.rlib" "/opt/rustwide/target/debug/deps/libbyteorder-6e85941598f342d7.rlib" "/opt/rustwide/target/debug/deps/libmemchr-a2d79df1e1129cb1.rlib" "/opt/rustwide/target/debug/deps/libserde-c475ecebf8e66670.rlib" "/opt/rustwide/target/debug/deps/libanyhow-a1dcb3324cd49ab7.rlib" "/opt/rustwide/target/debug/deps/libonce_cell-5e1d6083c59d0e91.rlib" "/opt/rustwide/target/debug/deps/libchrono-a70c1141a95d7983.rlib" "/opt/rustwide/target/debug/deps/libnum_integer-a8ec877db125b6d0.rlib" "/opt/rustwide/target/debug/deps/libnum_traits-fda31bbe803c55ba.rlib" "/opt/rustwide/target/debug/deps/libtime-052ae7256e010c38.rlib" "/opt/rustwide/target/debug/deps/liblibc-9bcfd2b24c00f1f2.rlib" "/opt/rustwide/rustup-home/toolchains/1.75.0-x86_64-unknown-linux-gnu/lib/rustlib/x86_64-unknown-linux-gnu/lib/libstd-90f6ddbf82de36ec.rlib" "/opt/rustwide/rustup-home/toolchains/1.75.0-x86_64-unknown-linux-gnu/lib/rustlib/x86_64-unknown-linux-gnu/lib/libpanic_unwind-480c41e9d4e1f677.rlib" "/opt/rustwide/rustup-home/toolchains/1.75.0-x86_64-unknown-linux-gnu/lib/rustlib/x86_64-unknown-linux-gnu/lib/libobject-db744c0ca03eed1d.rlib" "/opt/rustwide/rustup-home/toolchains/1.75.0-x86_64-unknown-linux-gnu/lib/rustlib/x86_64-unknown-linux-gnu/lib/libmemchr-8ba652dc7d4b285a.rlib" "/opt/rustwide/rustup-home/toolchains/1.75.0-x86_64-unknown-linux-gnu/lib/rustlib/x86_64-unknown-linux-gnu/lib/libaddr2line-d5f4520a9ebc0d58.rlib" "/opt/rustwide/rustup-home/toolchains/1.75.0-x86_64-unknown-linux-gnu/lib/rustlib/x86_64-unknown-linux-gnu/lib/libgimli-4ad84de58f0cb463.rlib" "/opt/rustwide/rustup-home/toolchains/1.75.0-x86_64-unknown-linux-gnu/lib/rustlib/x86_64-unknown-linux-gnu/lib/librustc_demangle-0d10aae2e0f38735.rlib" "/opt/rustwide/rustup-home/toolchains/1.75.0-x86_64-unknown-linux-gnu/lib/rustlib/x86_64-unknown-linux-gnu/lib/libstd_detect-0c17cff739e6745b.rlib" "/opt/rustwide/rustup-home/toolchains/1.75.0-x86_64-unknown-linux-gnu/lib/rustlib/x86_64-unknown-linux-gnu/lib/libhashbrown-b29e17139dde1aa8.rlib" "/opt/rustwide/rustup-home/toolchains/1.75.0-x86_64-unknown-linux-gnu/lib/rustlib/x86_64-unknown-linux-gnu/lib/librustc_std_workspace_alloc-1f975299829cc7bd.rlib" "/opt/rustwide/rustup-home/toolchains/1.75.0-x86_64-unknown-linux-gnu/lib/rustlib/x86_64-unknown-linux-gnu/lib/libminiz_oxide-86bae3bc3079f89b.rlib" "/opt/rustwide/rustup-home/toolchains/1.75.0-x86_64-unknown-linux-gnu/lib/rustlib/x86_64-unknown-linux-gnu/lib/libadler-321b82c30dffdf5f.rlib" "/opt/rustwide/rustup-home/toolchains/1.75.0-x86_64-unknown-linux-gnu/lib/rustlib/x86_64-unknown-linux-gnu/lib/libunwind-3dd8a6810a0bdfef.rlib" "/opt/rustwide/rustup-home/toolchains/1.75.0-x86_64-unknown-linux-gnu/lib/rustlib/x86_64-unknown-linux-gnu/lib/libcfg_if-eb39a61c0c879984.rlib" "/opt/rustwide/rustup-home/toolchains/1.75.0-x86_64-unknown-linux-gnu/lib/rustlib/x86_64-unknown-linux-gnu/lib/liblibc-aa769569f91c3548.rlib" "/opt/rustwide/rustup-home/toolchains/1.75.0-x86_64-unknown-linux-gnu/lib/rustlib/x86_64-unknown-linux-gnu/lib/liballoc-510a192a50a983ed.rlib" "/opt/rustwide/rustup-home/toolchains/1.75.0-x86_64-unknown-linux-gnu/lib/rustlib/x86_64-unknown-linux-gnu/lib/librustc_std_workspace_core-0577018320f99037.rlib" "/opt/rustwide/rustup-home/toolchains/1.75.0-x86_64-unknown-linux-gnu/lib/rustlib/x86_64-unknown-linux-gnu/lib/libcore-193cf992125ccd4c.rlib" "/opt/rustwide/rustup-home/toolchains/1.75.0-x86_64-unknown-linux-gnu/lib/rustlib/x86_64-unknown-linux-gnu/lib/libcompiler_builtins-8e138eaf26ebb4a8.rlib" "-Wl,-Bdynamic" "-lssl" "-lcrypto" "-lgcc_s" "-lutil" "-lrt" "-lpthread" "-lm" "-ldl" "-lc" "-Wl,--eh-frame-hdr" "-Wl,-z,noexecstack" "-L" "/opt/rustwide/rustup-home/toolchains/1.75.0-x86_64-unknown-linux-gnu/lib/rustlib/x86_64-unknown-linux-gnu/lib" "-o" "/tmp/rustdoctestdT5Nuu/rust_out" "-Wl,--gc-sections" "-pie" "-Wl,-z,relro,-z,now" "-nodefaultlibs"
[INFO] [stdout]   = note: collect2: fatal error: ld terminated with signal 9 [Killed]
[INFO] [stdout]           compilation terminated.
[INFO] [stdout]           
[INFO] [stdout] 
[INFO] [stdout] error: aborting due to previous error
[INFO] [stdout] 
[INFO] [stdout] Couldn't compile the test.
[INFO] [stdout] ---- src/extract.rs - extract::extract_intraday_bool (line 88) stdout ----
[INFO] [stdout] error: linking with `cc` failed: exit status: 1
[INFO] [stdout]   |
[INFO] [stdout]   = note: LC_ALL="C" PATH="/opt/rustwide/rustup-home/toolchains/1.75.0-x86_64-unknown-linux-gnu/lib/rustlib/x86_64-unknown-linux-gnu/bin:/opt/rustwide/cargo-home/bin:/usr/local/sbin:/usr/local/bin:/usr/sbin:/usr/bin:/sbin:/bin" VSLANG="1033" "cc" "-m64" "/tmp/rustcYOTtkm/symbols.o" "/tmp/rustdoctestdT1QPZ/rust_out.rust_out.263fb70ac1c95110-cgu.0.rcgu.o" "/tmp/rustdoctestdT1QPZ/rust_out.2uel00cfmdh5ufit.rcgu.o" "-Wl,--as-needed" "-L" "/opt/rustwide/target/debug/deps" "-L" "/opt/rustwide/target/debug/deps" "-L" "/opt/rustwide/rustup-home/toolchains/1.75.0-x86_64-unknown-linux-gnu/lib/rustlib/x86_64-unknown-linux-gnu/lib" "-Wl,-Bstatic" "/opt/rustwide/target/debug/deps/librs_workdays-bf916d6399ce5de4.rlib" "/opt/rustwide/target/debug/deps/libthiserror-8574d0d41078691b.rlib" "/opt/rustwide/target/debug/deps/libreqwest-4bb9ebeb52d5c7af.rlib" "/opt/rustwide/target/debug/deps/libhyper_tls-d67b40cebe76289b.rlib" "/opt/rustwide/target/debug/deps/libipnet-6f7e696fa040902e.rlib" "/opt/rustwide/target/debug/deps/libtokio_native_tls-62a9328ed6e375a8.rlib" "/opt/rustwide/target/debug/deps/libserde_urlencoded-2a0197f52dbcd50a.rlib" "/opt/rustwide/target/debug/deps/libmime-450b243d21db2a61.rlib" "/opt/rustwide/target/debug/deps/libencoding_rs-b6fae1d903f5f1ab.rlib" "/opt/rustwide/target/debug/deps/libbase64-8ea64d3566a9d67e.rlib" "/opt/rustwide/target/debug/deps/libnative_tls-6089203b286065af.rlib" "/opt/rustwide/target/debug/deps/libopenssl_probe-337040a071287d36.rlib" "/opt/rustwide/target/debug/deps/libopenssl-618ae1dc72431981.rlib" "/opt/rustwide/target/debug/deps/libbitflags-b7cee2ca4fb438d0.rlib" "/opt/rustwide/target/debug/deps/libforeign_types-c05743815e5b8a9d.rlib" "/opt/rustwide/target/debug/deps/libforeign_types_shared-d149f5491fde2862.rlib" "/opt/rustwide/target/debug/deps/libopenssl_sys-d34ea62cf696a421.rlib" "/opt/rustwide/target/debug/deps/libhyper-f93a909ef3685277.rlib" "/opt/rustwide/target/debug/deps/libwant-6ac5d33a641fd6b2.rlib" "/opt/rustwide/target/debug/deps/libtry_lock-6573df21d991c823.rlib" "/opt/rustwide/target/debug/deps/libsocket2-b2d53a255164a610.rlib" "/opt/rustwide/target/debug/deps/libhttparse-c45cf483b346e59b.rlib" "/opt/rustwide/target/debug/deps/libh2-61a848fb0a69b97c.rlib" "/opt/rustwide/target/debug/deps/libindexmap-733665de8c613715.rlib" "/opt/rustwide/target/debug/deps/libhashbrown-60eca540826c5d5d.rlib" "/opt/rustwide/target/debug/deps/libtokio_util-3e2c505e88c1f13c.rlib" "/opt/rustwide/target/debug/deps/libfutures_sink-65c1999bd962674f.rlib" "/opt/rustwide/target/debug/deps/libtower_service-9991ae2cafd1f41b.rlib" "/opt/rustwide/target/debug/deps/libtracing-d39c4ecb9c841c4b.rlib" "/opt/rustwide/target/debug/deps/libtracing_core-e3dfcfb003507087.rlib" "/opt/rustwide/target/debug/deps/libfutures_channel-c5c20bce00d303fa.rlib" "/opt/rustwide/target/debug/deps/libtokio-e2835271e9e60b4b.rlib" "/opt/rustwide/target/debug/deps/libnum_cpus-5d94ed577da657c9.rlib" "/opt/rustwide/target/debug/deps/libmio-fed2f8f33ce1c519.rlib" "/opt/rustwide/target/debug/deps/libhttp_body-809112ac072ef126.rlib" "/opt/rustwide/target/debug/deps/liblog-0a8665efbc1725c2.rlib" "/opt/rustwide/target/debug/deps/libcfg_if-61dc7a6799e72b18.rlib" "/opt/rustwide/target/debug/deps/libfutures_util-9f0ab1aff4c2cfd6.rlib" "/opt/rustwide/target/debug/deps/libfutures_io-5c3776d320e78850.rlib" "/opt/rustwide/target/debug/deps/libslab-3fdda774eccf4f9f.rlib" "/opt/rustwide/target/debug/deps/libpin_project_lite-c675bd61a64207ec.rlib" "/opt/rustwide/target/debug/deps/libfutures_task-2ab853fbb66d62e2.rlib" "/opt/rustwide/target/debug/deps/libpin_utils-741f7d9d160e4a16.rlib" "/opt/rustwide/target/debug/deps/libfutures_core-ba6fa455c36177be.rlib" "/opt/rustwide/target/debug/deps/liburl-b3c55e1331b77670.rlib" "/opt/rustwide/target/debug/deps/libidna-7f2f8d2a0fa45e7d.rlib" "/opt/rustwide/target/debug/deps/libunicode_normalization-fa540275a0f8725d.rlib" "/opt/rustwide/target/debug/deps/libtinyvec-fc2adea61ab58f5e.rlib" "/opt/rustwide/target/debug/deps/libtinyvec_macros-bfeb7a087f0273ce.rlib" "/opt/rustwide/target/debug/deps/libunicode_bidi-d3ecfe40977b4a59.rlib" "/opt/rustwide/target/debug/deps/libform_urlencoded-74b1dcad9e8d80e6.rlib" "/opt/rustwide/target/debug/deps/libpercent_encoding-526c9d71c02fb5bb.rlib" "/opt/rustwide/target/debug/deps/libmatches-e0861c3f10bd1789.rlib" "/opt/rustwide/target/debug/deps/libhttp-ad837f67e5839f80.rlib" "/opt/rustwide/target/debug/deps/libbytes-55e4baa7bb335bc7.rlib" "/opt/rustwide/target/debug/deps/libfnv-18bf5144d055e772.rlib" "/opt/rustwide/target/debug/deps/libcsv-bf142b143c8dfbb9.rlib" "/opt/rustwide/target/debug/deps/libryu-aa04a306730705ee.rlib" "/opt/rustwide/target/debug/deps/libitoa-ec3d76e201e8fe94.rlib" "/opt/rustwide/target/debug/deps/libcsv_core-a46f4913aa6425fc.rlib" "/opt/rustwide/target/debug/deps/libbstr-aec024910b55dd03.rlib" "/opt/rustwide/target/debug/deps/liblazy_static-591486ebcb9a7ead.rlib" "/opt/rustwide/target/debug/deps/libregex_automata-47486a9a13483064.rlib" "/opt/rustwide/target/debug/deps/libbyteorder-6e85941598f342d7.rlib" "/opt/rustwide/target/debug/deps/libmemchr-a2d79df1e1129cb1.rlib" "/opt/rustwide/target/debug/deps/libserde-c475ecebf8e66670.rlib" "/opt/rustwide/target/debug/deps/libanyhow-a1dcb3324cd49ab7.rlib" "/opt/rustwide/target/debug/deps/libonce_cell-5e1d6083c59d0e91.rlib" "/opt/rustwide/target/debug/deps/libchrono-a70c1141a95d7983.rlib" "/opt/rustwide/target/debug/deps/libnum_integer-a8ec877db125b6d0.rlib" "/opt/rustwide/target/debug/deps/libnum_traits-fda31bbe803c55ba.rlib" "/opt/rustwide/target/debug/deps/libtime-052ae7256e010c38.rlib" "/opt/rustwide/target/debug/deps/liblibc-9bcfd2b24c00f1f2.rlib" "/opt/rustwide/rustup-home/toolchains/1.75.0-x86_64-unknown-linux-gnu/lib/rustlib/x86_64-unknown-linux-gnu/lib/libstd-90f6ddbf82de36ec.rlib" "/opt/rustwide/rustup-home/toolchains/1.75.0-x86_64-unknown-linux-gnu/lib/rustlib/x86_64-unknown-linux-gnu/lib/libpanic_unwind-480c41e9d4e1f677.rlib" "/opt/rustwide/rustup-home/toolchains/1.75.0-x86_64-unknown-linux-gnu/lib/rustlib/x86_64-unknown-linux-gnu/lib/libobject-db744c0ca03eed1d.rlib" "/opt/rustwide/rustup-home/toolchains/1.75.0-x86_64-unknown-linux-gnu/lib/rustlib/x86_64-unknown-linux-gnu/lib/libmemchr-8ba652dc7d4b285a.rlib" "/opt/rustwide/rustup-home/toolchains/1.75.0-x86_64-unknown-linux-gnu/lib/rustlib/x86_64-unknown-linux-gnu/lib/libaddr2line-d5f4520a9ebc0d58.rlib" "/opt/rustwide/rustup-home/toolchains/1.75.0-x86_64-unknown-linux-gnu/lib/rustlib/x86_64-unknown-linux-gnu/lib/libgimli-4ad84de58f0cb463.rlib" "/opt/rustwide/rustup-home/toolchains/1.75.0-x86_64-unknown-linux-gnu/lib/rustlib/x86_64-unknown-linux-gnu/lib/librustc_demangle-0d10aae2e0f38735.rlib" "/opt/rustwide/rustup-home/toolchains/1.75.0-x86_64-unknown-linux-gnu/lib/rustlib/x86_64-unknown-linux-gnu/lib/libstd_detect-0c17cff739e6745b.rlib" "/opt/rustwide/rustup-home/toolchains/1.75.0-x86_64-unknown-linux-gnu/lib/rustlib/x86_64-unknown-linux-gnu/lib/libhashbrown-b29e17139dde1aa8.rlib" "/opt/rustwide/rustup-home/toolchains/1.75.0-x86_64-unknown-linux-gnu/lib/rustlib/x86_64-unknown-linux-gnu/lib/librustc_std_workspace_alloc-1f975299829cc7bd.rlib" "/opt/rustwide/rustup-home/toolchains/1.75.0-x86_64-unknown-linux-gnu/lib/rustlib/x86_64-unknown-linux-gnu/lib/libminiz_oxide-86bae3bc3079f89b.rlib" "/opt/rustwide/rustup-home/toolchains/1.75.0-x86_64-unknown-linux-gnu/lib/rustlib/x86_64-unknown-linux-gnu/lib/libadler-321b82c30dffdf5f.rlib" "/opt/rustwide/rustup-home/toolchains/1.75.0-x86_64-unknown-linux-gnu/lib/rustlib/x86_64-unknown-linux-gnu/lib/libunwind-3dd8a6810a0bdfef.rlib" "/opt/rustwide/rustup-home/toolchains/1.75.0-x86_64-unknown-linux-gnu/lib/rustlib/x86_64-unknown-linux-gnu/lib/libcfg_if-eb39a61c0c879984.rlib" "/opt/rustwide/rustup-home/toolchains/1.75.0-x86_64-unknown-linux-gnu/lib/rustlib/x86_64-unknown-linux-gnu/lib/liblibc-aa769569f91c3548.rlib" "/opt/rustwide/rustup-home/toolchains/1.75.0-x86_64-unknown-linux-gnu/lib/rustlib/x86_64-unknown-linux-gnu/lib/liballoc-510a192a50a983ed.rlib" "/opt/rustwide/rustup-home/toolchains/1.75.0-x86_64-unknown-linux-gnu/lib/rustlib/x86_64-unknown-linux-gnu/lib/librustc_std_workspace_core-0577018320f99037.rlib" "/opt/rustwide/rustup-home/toolchains/1.75.0-x86_64-unknown-linux-gnu/lib/rustlib/x86_64-unknown-linux-gnu/lib/libcore-193cf992125ccd4c.rlib" "/opt/rustwide/rustup-home/toolchains/1.75.0-x86_64-unknown-linux-gnu/lib/rustlib/x86_64-unknown-linux-gnu/lib/libcompiler_builtins-8e138eaf26ebb4a8.rlib" "-Wl,-Bdynamic" "-lssl" "-lcrypto" "-lgcc_s" "-lutil" "-lrt" "-lpthread" "-lm" "-ldl" "-lc" "-Wl,--eh-frame-hdr" "-Wl,-z,noexecstack" "-L" "/opt/rustwide/rustup-home/toolchains/1.75.0-x86_64-unknown-linux-gnu/lib/rustlib/x86_64-unknown-linux-gnu/lib" "-o" "/tmp/rustdoctestdT1QPZ/rust_out" "-Wl,--gc-sections" "-pie" "-Wl,-z,relro,-z,now" "-nodefaultlibs"
[INFO] [stdout]   = note: collect2: fatal error: ld terminated with signal 9 [Killed]
[INFO] [stdout]           compilation terminated.
[INFO] [stdout]           
[INFO] [stdout] 
[INFO] [stdout] error: aborting due to previous error
[INFO] [stdout] 
[INFO] [stdout] Couldn't compile the test.
[INFO] [stdout] ---- src/intraday.rs - intraday::get_timedelta_workdays_intraday (line 413) stdout ----
[INFO] [stdout] error: linking with `cc` failed: exit status: 1
[INFO] [stdout]   |
[INFO] [stdout]   = note: LC_ALL="C" PATH="/opt/rustwide/rustup-home/toolchains/1.75.0-x86_64-unknown-linux-gnu/lib/rustlib/x86_64-unknown-linux-gnu/bin:/opt/rustwide/cargo-home/bin:/usr/local/sbin:/usr/local/bin:/usr/sbin:/usr/bin:/sbin:/bin" VSLANG="1033" "cc" "-m64" "/tmp/rustcf7zj8w/symbols.o" "/tmp/rustdoctestAryTtm/rust_out.rust_out.263fb70ac1c95110-cgu.0.rcgu.o" "/tmp/rustdoctestAryTtm/rust_out.2uel00cfmdh5ufit.rcgu.o" "-Wl,--as-needed" "-L" "/opt/rustwide/target/debug/deps" "-L" "/opt/rustwide/target/debug/deps" "-L" "/opt/rustwide/rustup-home/toolchains/1.75.0-x86_64-unknown-linux-gnu/lib/rustlib/x86_64-unknown-linux-gnu/lib" "-Wl,-Bstatic" "/opt/rustwide/target/debug/deps/librs_workdays-bf916d6399ce5de4.rlib" "/opt/rustwide/target/debug/deps/libthiserror-8574d0d41078691b.rlib" "/opt/rustwide/target/debug/deps/libreqwest-4bb9ebeb52d5c7af.rlib" "/opt/rustwide/target/debug/deps/libhyper_tls-d67b40cebe76289b.rlib" "/opt/rustwide/target/debug/deps/libipnet-6f7e696fa040902e.rlib" "/opt/rustwide/target/debug/deps/libtokio_native_tls-62a9328ed6e375a8.rlib" "/opt/rustwide/target/debug/deps/libserde_urlencoded-2a0197f52dbcd50a.rlib" "/opt/rustwide/target/debug/deps/libmime-450b243d21db2a61.rlib" "/opt/rustwide/target/debug/deps/libencoding_rs-b6fae1d903f5f1ab.rlib" "/opt/rustwide/target/debug/deps/libbase64-8ea64d3566a9d67e.rlib" "/opt/rustwide/target/debug/deps/libnative_tls-6089203b286065af.rlib" "/opt/rustwide/target/debug/deps/libopenssl_probe-337040a071287d36.rlib" "/opt/rustwide/target/debug/deps/libopenssl-618ae1dc72431981.rlib" "/opt/rustwide/target/debug/deps/libbitflags-b7cee2ca4fb438d0.rlib" "/opt/rustwide/target/debug/deps/libforeign_types-c05743815e5b8a9d.rlib" "/opt/rustwide/target/debug/deps/libforeign_types_shared-d149f5491fde2862.rlib" "/opt/rustwide/target/debug/deps/libopenssl_sys-d34ea62cf696a421.rlib" "/opt/rustwide/target/debug/deps/libhyper-f93a909ef3685277.rlib" "/opt/rustwide/target/debug/deps/libwant-6ac5d33a641fd6b2.rlib" "/opt/rustwide/target/debug/deps/libtry_lock-6573df21d991c823.rlib" "/opt/rustwide/target/debug/deps/libsocket2-b2d53a255164a610.rlib" "/opt/rustwide/target/debug/deps/libhttparse-c45cf483b346e59b.rlib" "/opt/rustwide/target/debug/deps/libh2-61a848fb0a69b97c.rlib" "/opt/rustwide/target/debug/deps/libindexmap-733665de8c613715.rlib" "/opt/rustwide/target/debug/deps/libhashbrown-60eca540826c5d5d.rlib" "/opt/rustwide/target/debug/deps/libtokio_util-3e2c505e88c1f13c.rlib" "/opt/rustwide/target/debug/deps/libfutures_sink-65c1999bd962674f.rlib" "/opt/rustwide/target/debug/deps/libtower_service-9991ae2cafd1f41b.rlib" "/opt/rustwide/target/debug/deps/libtracing-d39c4ecb9c841c4b.rlib" "/opt/rustwide/target/debug/deps/libtracing_core-e3dfcfb003507087.rlib" "/opt/rustwide/target/debug/deps/libfutures_channel-c5c20bce00d303fa.rlib" "/opt/rustwide/target/debug/deps/libtokio-e2835271e9e60b4b.rlib" "/opt/rustwide/target/debug/deps/libnum_cpus-5d94ed577da657c9.rlib" "/opt/rustwide/target/debug/deps/libmio-fed2f8f33ce1c519.rlib" "/opt/rustwide/target/debug/deps/libhttp_body-809112ac072ef126.rlib" "/opt/rustwide/target/debug/deps/liblog-0a8665efbc1725c2.rlib" "/opt/rustwide/target/debug/deps/libcfg_if-61dc7a6799e72b18.rlib" "/opt/rustwide/target/debug/deps/libfutures_util-9f0ab1aff4c2cfd6.rlib" "/opt/rustwide/target/debug/deps/libfutures_io-5c3776d320e78850.rlib" "/opt/rustwide/target/debug/deps/libslab-3fdda774eccf4f9f.rlib" "/opt/rustwide/target/debug/deps/libpin_project_lite-c675bd61a64207ec.rlib" "/opt/rustwide/target/debug/deps/libfutures_task-2ab853fbb66d62e2.rlib" "/opt/rustwide/target/debug/deps/libpin_utils-741f7d9d160e4a16.rlib" "/opt/rustwide/target/debug/deps/libfutures_core-ba6fa455c36177be.rlib" "/opt/rustwide/target/debug/deps/liburl-b3c55e1331b77670.rlib" "/opt/rustwide/target/debug/deps/libidna-7f2f8d2a0fa45e7d.rlib" "/opt/rustwide/target/debug/deps/libunicode_normalization-fa540275a0f8725d.rlib" "/opt/rustwide/target/debug/deps/libtinyvec-fc2adea61ab58f5e.rlib" "/opt/rustwide/target/debug/deps/libtinyvec_macros-bfeb7a087f0273ce.rlib" "/opt/rustwide/target/debug/deps/libunicode_bidi-d3ecfe40977b4a59.rlib" "/opt/rustwide/target/debug/deps/libform_urlencoded-74b1dcad9e8d80e6.rlib" "/opt/rustwide/target/debug/deps/libpercent_encoding-526c9d71c02fb5bb.rlib" "/opt/rustwide/target/debug/deps/libmatches-e0861c3f10bd1789.rlib" "/opt/rustwide/target/debug/deps/libhttp-ad837f67e5839f80.rlib" "/opt/rustwide/target/debug/deps/libbytes-55e4baa7bb335bc7.rlib" "/opt/rustwide/target/debug/deps/libfnv-18bf5144d055e772.rlib" "/opt/rustwide/target/debug/deps/libcsv-bf142b143c8dfbb9.rlib" "/opt/rustwide/target/debug/deps/libryu-aa04a306730705ee.rlib" "/opt/rustwide/target/debug/deps/libitoa-ec3d76e201e8fe94.rlib" "/opt/rustwide/target/debug/deps/libcsv_core-a46f4913aa6425fc.rlib" "/opt/rustwide/target/debug/deps/libbstr-aec024910b55dd03.rlib" "/opt/rustwide/target/debug/deps/liblazy_static-591486ebcb9a7ead.rlib" "/opt/rustwide/target/debug/deps/libregex_automata-47486a9a13483064.rlib" "/opt/rustwide/target/debug/deps/libbyteorder-6e85941598f342d7.rlib" "/opt/rustwide/target/debug/deps/libmemchr-a2d79df1e1129cb1.rlib" "/opt/rustwide/target/debug/deps/libserde-c475ecebf8e66670.rlib" "/opt/rustwide/target/debug/deps/libanyhow-a1dcb3324cd49ab7.rlib" "/opt/rustwide/target/debug/deps/libonce_cell-5e1d6083c59d0e91.rlib" "/opt/rustwide/target/debug/deps/libchrono-a70c1141a95d7983.rlib" "/opt/rustwide/target/debug/deps/libnum_integer-a8ec877db125b6d0.rlib" "/opt/rustwide/target/debug/deps/libnum_traits-fda31bbe803c55ba.rlib" "/opt/rustwide/target/debug/deps/libtime-052ae7256e010c38.rlib" "/opt/rustwide/target/debug/deps/liblibc-9bcfd2b24c00f1f2.rlib" "/opt/rustwide/rustup-home/toolchains/1.75.0-x86_64-unknown-linux-gnu/lib/rustlib/x86_64-unknown-linux-gnu/lib/libstd-90f6ddbf82de36ec.rlib" "/opt/rustwide/rustup-home/toolchains/1.75.0-x86_64-unknown-linux-gnu/lib/rustlib/x86_64-unknown-linux-gnu/lib/libpanic_unwind-480c41e9d4e1f677.rlib" "/opt/rustwide/rustup-home/toolchains/1.75.0-x86_64-unknown-linux-gnu/lib/rustlib/x86_64-unknown-linux-gnu/lib/libobject-db744c0ca03eed1d.rlib" "/opt/rustwide/rustup-home/toolchains/1.75.0-x86_64-unknown-linux-gnu/lib/rustlib/x86_64-unknown-linux-gnu/lib/libmemchr-8ba652dc7d4b285a.rlib" "/opt/rustwide/rustup-home/toolchains/1.75.0-x86_64-unknown-linux-gnu/lib/rustlib/x86_64-unknown-linux-gnu/lib/libaddr2line-d5f4520a9ebc0d58.rlib" "/opt/rustwide/rustup-home/toolchains/1.75.0-x86_64-unknown-linux-gnu/lib/rustlib/x86_64-unknown-linux-gnu/lib/libgimli-4ad84de58f0cb463.rlib" "/opt/rustwide/rustup-home/toolchains/1.75.0-x86_64-unknown-linux-gnu/lib/rustlib/x86_64-unknown-linux-gnu/lib/librustc_demangle-0d10aae2e0f38735.rlib" "/opt/rustwide/rustup-home/toolchains/1.75.0-x86_64-unknown-linux-gnu/lib/rustlib/x86_64-unknown-linux-gnu/lib/libstd_detect-0c17cff739e6745b.rlib" "/opt/rustwide/rustup-home/toolchains/1.75.0-x86_64-unknown-linux-gnu/lib/rustlib/x86_64-unknown-linux-gnu/lib/libhashbrown-b29e17139dde1aa8.rlib" "/opt/rustwide/rustup-home/toolchains/1.75.0-x86_64-unknown-linux-gnu/lib/rustlib/x86_64-unknown-linux-gnu/lib/librustc_std_workspace_alloc-1f975299829cc7bd.rlib" "/opt/rustwide/rustup-home/toolchains/1.75.0-x86_64-unknown-linux-gnu/lib/rustlib/x86_64-unknown-linux-gnu/lib/libminiz_oxide-86bae3bc3079f89b.rlib" "/opt/rustwide/rustup-home/toolchains/1.75.0-x86_64-unknown-linux-gnu/lib/rustlib/x86_64-unknown-linux-gnu/lib/libadler-321b82c30dffdf5f.rlib" "/opt/rustwide/rustup-home/toolchains/1.75.0-x86_64-unknown-linux-gnu/lib/rustlib/x86_64-unknown-linux-gnu/lib/libunwind-3dd8a6810a0bdfef.rlib" "/opt/rustwide/rustup-home/toolchains/1.75.0-x86_64-unknown-linux-gnu/lib/rustlib/x86_64-unknown-linux-gnu/lib/libcfg_if-eb39a61c0c879984.rlib" "/opt/rustwide/rustup-home/toolchains/1.75.0-x86_64-unknown-linux-gnu/lib/rustlib/x86_64-unknown-linux-gnu/lib/liblibc-aa769569f91c3548.rlib" "/opt/rustwide/rustup-home/toolchains/1.75.0-x86_64-unknown-linux-gnu/lib/rustlib/x86_64-unknown-linux-gnu/lib/liballoc-510a192a50a983ed.rlib" "/opt/rustwide/rustup-home/toolchains/1.75.0-x86_64-unknown-linux-gnu/lib/rustlib/x86_64-unknown-linux-gnu/lib/librustc_std_workspace_core-0577018320f99037.rlib" "/opt/rustwide/rustup-home/toolchains/1.75.0-x86_64-unknown-linux-gnu/lib/rustlib/x86_64-unknown-linux-gnu/lib/libcore-193cf992125ccd4c.rlib" "/opt/rustwide/rustup-home/toolchains/1.75.0-x86_64-unknown-linux-gnu/lib/rustlib/x86_64-unknown-linux-gnu/lib/libcompiler_builtins-8e138eaf26ebb4a8.rlib" "-Wl,-Bdynamic" "-lssl" "-lcrypto" "-lgcc_s" "-lutil" "-lrt" "-lpthread" "-lm" "-ldl" "-lc" "-Wl,--eh-frame-hdr" "-Wl,-z,noexecstack" "-L" "/opt/rustwide/rustup-home/toolchains/1.75.0-x86_64-unknown-linux-gnu/lib/rustlib/x86_64-unknown-linux-gnu/lib" "-o" "/tmp/rustdoctestAryTtm/rust_out" "-Wl,--gc-sections" "-pie" "-Wl,-z,relro,-z,now" "-nodefaultlibs"
[INFO] [stdout]   = note: collect2: fatal error: ld terminated with signal 9 [Killed]
[INFO] [stdout]           compilation terminated.
[INFO] [stdout]           
[INFO] [stdout] 
[INFO] [stdout] error: aborting due to previous error
[INFO] [stdout] 
[INFO] [stdout] Couldn't compile the test.
[INFO] [stdout] ---- src/workdays.rs - workdays::check_workday (line 92) stdout ----
[INFO] [stdout] error: linking with `cc` failed: exit status: 1
[INFO] [stdout]   |
[INFO] [stdout]   = note: LC_ALL="C" PATH="/opt/rustwide/rustup-home/toolchains/1.75.0-x86_64-unknown-linux-gnu/lib/rustlib/x86_64-unknown-linux-gnu/bin:/opt/rustwide/cargo-home/bin:/usr/local/sbin:/usr/local/bin:/usr/sbin:/usr/bin:/sbin:/bin" VSLANG="1033" "cc" "-m64" "/tmp/rustc1LkMsW/symbols.o" "/tmp/rustdoctestwk5uZr/rust_out.rust_out.263fb70ac1c95110-cgu.0.rcgu.o" "/tmp/rustdoctestwk5uZr/rust_out.2uel00cfmdh5ufit.rcgu.o" "-Wl,--as-needed" "-L" "/opt/rustwide/target/debug/deps" "-L" "/opt/rustwide/target/debug/deps" "-L" "/opt/rustwide/rustup-home/toolchains/1.75.0-x86_64-unknown-linux-gnu/lib/rustlib/x86_64-unknown-linux-gnu/lib" "-Wl,-Bstatic" "/opt/rustwide/target/debug/deps/librs_workdays-bf916d6399ce5de4.rlib" "/opt/rustwide/target/debug/deps/libthiserror-8574d0d41078691b.rlib" "/opt/rustwide/target/debug/deps/libreqwest-4bb9ebeb52d5c7af.rlib" "/opt/rustwide/target/debug/deps/libhyper_tls-d67b40cebe76289b.rlib" "/opt/rustwide/target/debug/deps/libipnet-6f7e696fa040902e.rlib" "/opt/rustwide/target/debug/deps/libtokio_native_tls-62a9328ed6e375a8.rlib" "/opt/rustwide/target/debug/deps/libserde_urlencoded-2a0197f52dbcd50a.rlib" "/opt/rustwide/target/debug/deps/libmime-450b243d21db2a61.rlib" "/opt/rustwide/target/debug/deps/libencoding_rs-b6fae1d903f5f1ab.rlib" "/opt/rustwide/target/debug/deps/libbase64-8ea64d3566a9d67e.rlib" "/opt/rustwide/target/debug/deps/libnative_tls-6089203b286065af.rlib" "/opt/rustwide/target/debug/deps/libopenssl_probe-337040a071287d36.rlib" "/opt/rustwide/target/debug/deps/libopenssl-618ae1dc72431981.rlib" "/opt/rustwide/target/debug/deps/libbitflags-b7cee2ca4fb438d0.rlib" "/opt/rustwide/target/debug/deps/libforeign_types-c05743815e5b8a9d.rlib" "/opt/rustwide/target/debug/deps/libforeign_types_shared-d149f5491fde2862.rlib" "/opt/rustwide/target/debug/deps/libopenssl_sys-d34ea62cf696a421.rlib" "/opt/rustwide/target/debug/deps/libhyper-f93a909ef3685277.rlib" "/opt/rustwide/target/debug/deps/libwant-6ac5d33a641fd6b2.rlib" "/opt/rustwide/target/debug/deps/libtry_lock-6573df21d991c823.rlib" "/opt/rustwide/target/debug/deps/libsocket2-b2d53a255164a610.rlib" "/opt/rustwide/target/debug/deps/libhttparse-c45cf483b346e59b.rlib" "/opt/rustwide/target/debug/deps/libh2-61a848fb0a69b97c.rlib" "/opt/rustwide/target/debug/deps/libindexmap-733665de8c613715.rlib" "/opt/rustwide/target/debug/deps/libhashbrown-60eca540826c5d5d.rlib" "/opt/rustwide/target/debug/deps/libtokio_util-3e2c505e88c1f13c.rlib" "/opt/rustwide/target/debug/deps/libfutures_sink-65c1999bd962674f.rlib" "/opt/rustwide/target/debug/deps/libtower_service-9991ae2cafd1f41b.rlib" "/opt/rustwide/target/debug/deps/libtracing-d39c4ecb9c841c4b.rlib" "/opt/rustwide/target/debug/deps/libtracing_core-e3dfcfb003507087.rlib" "/opt/rustwide/target/debug/deps/libfutures_channel-c5c20bce00d303fa.rlib" "/opt/rustwide/target/debug/deps/libtokio-e2835271e9e60b4b.rlib" "/opt/rustwide/target/debug/deps/libnum_cpus-5d94ed577da657c9.rlib" "/opt/rustwide/target/debug/deps/libmio-fed2f8f33ce1c519.rlib" "/opt/rustwide/target/debug/deps/libhttp_body-809112ac072ef126.rlib" "/opt/rustwide/target/debug/deps/liblog-0a8665efbc1725c2.rlib" "/opt/rustwide/target/debug/deps/libcfg_if-61dc7a6799e72b18.rlib" "/opt/rustwide/target/debug/deps/libfutures_util-9f0ab1aff4c2cfd6.rlib" "/opt/rustwide/target/debug/deps/libfutures_io-5c3776d320e78850.rlib" "/opt/rustwide/target/debug/deps/libslab-3fdda774eccf4f9f.rlib" "/opt/rustwide/target/debug/deps/libpin_project_lite-c675bd61a64207ec.rlib" "/opt/rustwide/target/debug/deps/libfutures_task-2ab853fbb66d62e2.rlib" "/opt/rustwide/target/debug/deps/libpin_utils-741f7d9d160e4a16.rlib" "/opt/rustwide/target/debug/deps/libfutures_core-ba6fa455c36177be.rlib" "/opt/rustwide/target/debug/deps/liburl-b3c55e1331b77670.rlib" "/opt/rustwide/target/debug/deps/libidna-7f2f8d2a0fa45e7d.rlib" "/opt/rustwide/target/debug/deps/libunicode_normalization-fa540275a0f8725d.rlib" "/opt/rustwide/target/debug/deps/libtinyvec-fc2adea61ab58f5e.rlib" "/opt/rustwide/target/debug/deps/libtinyvec_macros-bfeb7a087f0273ce.rlib" "/opt/rustwide/target/debug/deps/libunicode_bidi-d3ecfe40977b4a59.rlib" "/opt/rustwide/target/debug/deps/libform_urlencoded-74b1dcad9e8d80e6.rlib" "/opt/rustwide/target/debug/deps/libpercent_encoding-526c9d71c02fb5bb.rlib" "/opt/rustwide/target/debug/deps/libmatches-e0861c3f10bd1789.rlib" "/opt/rustwide/target/debug/deps/libhttp-ad837f67e5839f80.rlib" "/opt/rustwide/target/debug/deps/libbytes-55e4baa7bb335bc7.rlib" "/opt/rustwide/target/debug/deps/libfnv-18bf5144d055e772.rlib" "/opt/rustwide/target/debug/deps/libcsv-bf142b143c8dfbb9.rlib" "/opt/rustwide/target/debug/deps/libryu-aa04a306730705ee.rlib" "/opt/rustwide/target/debug/deps/libitoa-ec3d76e201e8fe94.rlib" "/opt/rustwide/target/debug/deps/libcsv_core-a46f4913aa6425fc.rlib" "/opt/rustwide/target/debug/deps/libbstr-aec024910b55dd03.rlib" "/opt/rustwide/target/debug/deps/liblazy_static-591486ebcb9a7ead.rlib" "/opt/rustwide/target/debug/deps/libregex_automata-47486a9a13483064.rlib" "/opt/rustwide/target/debug/deps/libbyteorder-6e85941598f342d7.rlib" "/opt/rustwide/target/debug/deps/libmemchr-a2d79df1e1129cb1.rlib" "/opt/rustwide/target/debug/deps/libserde-c475ecebf8e66670.rlib" "/opt/rustwide/target/debug/deps/libanyhow-a1dcb3324cd49ab7.rlib" "/opt/rustwide/target/debug/deps/libonce_cell-5e1d6083c59d0e91.rlib" "/opt/rustwide/target/debug/deps/libchrono-a70c1141a95d7983.rlib" "/opt/rustwide/target/debug/deps/libnum_integer-a8ec877db125b6d0.rlib" "/opt/rustwide/target/debug/deps/libnum_traits-fda31bbe803c55ba.rlib" "/opt/rustwide/target/debug/deps/libtime-052ae7256e010c38.rlib" "/opt/rustwide/target/debug/deps/liblibc-9bcfd2b24c00f1f2.rlib" "/opt/rustwide/rustup-home/toolchains/1.75.0-x86_64-unknown-linux-gnu/lib/rustlib/x86_64-unknown-linux-gnu/lib/libstd-90f6ddbf82de36ec.rlib" "/opt/rustwide/rustup-home/toolchains/1.75.0-x86_64-unknown-linux-gnu/lib/rustlib/x86_64-unknown-linux-gnu/lib/libpanic_unwind-480c41e9d4e1f677.rlib" "/opt/rustwide/rustup-home/toolchains/1.75.0-x86_64-unknown-linux-gnu/lib/rustlib/x86_64-unknown-linux-gnu/lib/libobject-db744c0ca03eed1d.rlib" "/opt/rustwide/rustup-home/toolchains/1.75.0-x86_64-unknown-linux-gnu/lib/rustlib/x86_64-unknown-linux-gnu/lib/libmemchr-8ba652dc7d4b285a.rlib" "/opt/rustwide/rustup-home/toolchains/1.75.0-x86_64-unknown-linux-gnu/lib/rustlib/x86_64-unknown-linux-gnu/lib/libaddr2line-d5f4520a9ebc0d58.rlib" "/opt/rustwide/rustup-home/toolchains/1.75.0-x86_64-unknown-linux-gnu/lib/rustlib/x86_64-unknown-linux-gnu/lib/libgimli-4ad84de58f0cb463.rlib" "/opt/rustwide/rustup-home/toolchains/1.75.0-x86_64-unknown-linux-gnu/lib/rustlib/x86_64-unknown-linux-gnu/lib/librustc_demangle-0d10aae2e0f38735.rlib" "/opt/rustwide/rustup-home/toolchains/1.75.0-x86_64-unknown-linux-gnu/lib/rustlib/x86_64-unknown-linux-gnu/lib/libstd_detect-0c17cff739e6745b.rlib" "/opt/rustwide/rustup-home/toolchains/1.75.0-x86_64-unknown-linux-gnu/lib/rustlib/x86_64-unknown-linux-gnu/lib/libhashbrown-b29e17139dde1aa8.rlib" "/opt/rustwide/rustup-home/toolchains/1.75.0-x86_64-unknown-linux-gnu/lib/rustlib/x86_64-unknown-linux-gnu/lib/librustc_std_workspace_alloc-1f975299829cc7bd.rlib" "/opt/rustwide/rustup-home/toolchains/1.75.0-x86_64-unknown-linux-gnu/lib/rustlib/x86_64-unknown-linux-gnu/lib/libminiz_oxide-86bae3bc3079f89b.rlib" "/opt/rustwide/rustup-home/toolchains/1.75.0-x86_64-unknown-linux-gnu/lib/rustlib/x86_64-unknown-linux-gnu/lib/libadler-321b82c30dffdf5f.rlib" "/opt/rustwide/rustup-home/toolchains/1.75.0-x86_64-unknown-linux-gnu/lib/rustlib/x86_64-unknown-linux-gnu/lib/libunwind-3dd8a6810a0bdfef.rlib" "/opt/rustwide/rustup-home/toolchains/1.75.0-x86_64-unknown-linux-gnu/lib/rustlib/x86_64-unknown-linux-gnu/lib/libcfg_if-eb39a61c0c879984.rlib" "/opt/rustwide/rustup-home/toolchains/1.75.0-x86_64-unknown-linux-gnu/lib/rustlib/x86_64-unknown-linux-gnu/lib/liblibc-aa769569f91c3548.rlib" "/opt/rustwide/rustup-home/toolchains/1.75.0-x86_64-unknown-linux-gnu/lib/rustlib/x86_64-unknown-linux-gnu/lib/liballoc-510a192a50a983ed.rlib" "/opt/rustwide/rustup-home/toolchains/1.75.0-x86_64-unknown-linux-gnu/lib/rustlib/x86_64-unknown-linux-gnu/lib/librustc_std_workspace_core-0577018320f99037.rlib" "/opt/rustwide/rustup-home/toolchains/1.75.0-x86_64-unknown-linux-gnu/lib/rustlib/x86_64-unknown-linux-gnu/lib/libcore-193cf992125ccd4c.rlib" "/opt/rustwide/rustup-home/toolchains/1.75.0-x86_64-unknown-linux-gnu/lib/rustlib/x86_64-unknown-linux-gnu/lib/libcompiler_builtins-8e138eaf26ebb4a8.rlib" "-Wl,-Bdynamic" "-lssl" "-lcrypto" "-lgcc_s" "-lutil" "-lrt" "-lpthread" "-lm" "-ldl" "-lc" "-Wl,--eh-frame-hdr" "-Wl,-z,noexecstack" "-L" "/opt/rustwide/rustup-home/toolchains/1.75.0-x86_64-unknown-linux-gnu/lib/rustlib/x86_64-unknown-linux-gnu/lib" "-o" "/tmp/rustdoctestwk5uZr/rust_out" "-Wl,--gc-sections" "-pie" "-Wl,-z,relro,-z,now" "-nodefaultlibs"
[INFO] [stdout]   = note: collect2: fatal error: ld terminated with signal 9 [Killed]
[INFO] [stdout]           compilation terminated.
[INFO] [stdout]           
[INFO] [stdout] 
[INFO] [stdout] error: aborting due to previous error
[INFO] [stdout] 
[INFO] [stdout] Couldn't compile the test.
[INFO] [stdout] 
[INFO] [stdout] failures:
[INFO] [stdout]     src/extract.rs - extract::extract_intraday_bool (line 88)
[INFO] [stdout]     src/extract.rs - extract::extract_workdays_intraday_bool (line 172)
[INFO] [stdout]     src/intraday.rs - intraday::check_workday_intraday (line 15)
[INFO] [stdout]     src/intraday.rs - intraday::get_timedelta_workdays_intraday (line 413)
[INFO] [stdout]     src/workdays.rs - workdays::check_workday (line 92)
[INFO] [stdout] 
[INFO] [stdout] test result: FAILED. 12 passed; 5 failed; 0 ignored; 0 measured; 0 filtered out; finished in 24.50s
[INFO] [stdout] 
[INFO] [stderr] error: doctest failed, to rerun pass `--doc`
[INFO] running `Command { std: "docker" "inspect" "e74e3297d4fb8c71edd30d9400a423c8d9df7c327f36e50857e42ceee6b86eb5", kill_on_drop: false }`
[INFO] running `Command { std: "docker" "rm" "-f" "e74e3297d4fb8c71edd30d9400a423c8d9df7c327f36e50857e42ceee6b86eb5", kill_on_drop: false }`
[INFO] [stdout] e74e3297d4fb8c71edd30d9400a423c8d9df7c327f36e50857e42ceee6b86eb5
[INFO] testing deepgreenAN/rs_workdays against beta-2023-12-22 for beta-1.76-1
[INFO] running `Command { std: "git" "clone" "/workspace/cache/git-repos/https%3A%2F%2Fgithub.com%2FdeepgreenAN%2Frs_workdays" "/workspace/builds/worker-6-tc2/source", kill_on_drop: false }`
[INFO] [stderr] Cloning into '/workspace/builds/worker-6-tc2/source'...
[INFO] [stderr] done.
[INFO] validating manifest of git repo https://github.com/deepgreenAN/rs_workdays on toolchain beta-2023-12-22
[INFO] running `Command { std: CARGO_HOME="/workspace/cargo-home" RUSTUP_HOME="/workspace/rustup-home" "/workspace/cargo-home/bin/cargo" "+beta-2023-12-22" "metadata" "--manifest-path" "Cargo.toml" "--no-deps", kill_on_drop: false }`
[INFO] started tweaking git repo https://github.com/deepgreenAN/rs_workdays
[INFO] finished tweaking git repo https://github.com/deepgreenAN/rs_workdays
[INFO] tweaked toml for git repo https://github.com/deepgreenAN/rs_workdays written to /workspace/builds/worker-6-tc2/source/Cargo.toml
[INFO] crate git repo https://github.com/deepgreenAN/rs_workdays already has a lockfile, it will not be regenerated
[INFO] running `Command { std: CARGO_HOME="/workspace/cargo-home" RUSTUP_HOME="/workspace/rustup-home" "/workspace/cargo-home/bin/cargo" "+beta-2023-12-22" "fetch" "--manifest-path" "Cargo.toml", kill_on_drop: false }`
[INFO] running `Command { std: "docker" "create" "-v" "/var/lib/crater-agent-workspace/builds/worker-6-tc2/target:/opt/rustwide/target:rw,Z" "-v" "/var/lib/crater-agent-workspace/builds/worker-6-tc2/source:/opt/rustwide/workdir:ro,Z" "-v" "/var/lib/crater-agent-workspace/cargo-home:/opt/rustwide/cargo-home:ro,Z" "-v" "/var/lib/crater-agent-workspace/rustup-home:/opt/rustwide/rustup-home:ro,Z" "-e" "SOURCE_DIR=/opt/rustwide/workdir" "-e" "CARGO_TARGET_DIR=/opt/rustwide/target" "-e" "CARGO_HOME=/opt/rustwide/cargo-home" "-e" "RUSTUP_HOME=/opt/rustwide/rustup-home" "-w" "/opt/rustwide/workdir" "-m" "1610612736" "--user" "0:0" "--network" "none" "ghcr.io/rust-lang/crates-build-env/linux@sha256:2788e3201cd34a07e3172128adcd8b3090168a8e3bcc40d7c032b9dda1df7d1c" "/opt/rustwide/cargo-home/bin/cargo" "+beta-2023-12-22" "metadata" "--no-deps" "--format-version=1", kill_on_drop: false }`
[INFO] [stdout] 8483480da225f398d045580946ce8dc482c5e06461a5a9b4e83696cd5cf119e6
[INFO] running `Command { std: "docker" "start" "-a" "8483480da225f398d045580946ce8dc482c5e06461a5a9b4e83696cd5cf119e6", kill_on_drop: false }`
[INFO] running `Command { std: "docker" "inspect" "8483480da225f398d045580946ce8dc482c5e06461a5a9b4e83696cd5cf119e6", kill_on_drop: false }`
[INFO] running `Command { std: "docker" "rm" "-f" "8483480da225f398d045580946ce8dc482c5e06461a5a9b4e83696cd5cf119e6", kill_on_drop: false }`
[INFO] [stdout] 8483480da225f398d045580946ce8dc482c5e06461a5a9b4e83696cd5cf119e6
[INFO] running `Command { std: "docker" "create" "-v" "/var/lib/crater-agent-workspace/builds/worker-6-tc2/target:/opt/rustwide/target:rw,Z" "-v" "/var/lib/crater-agent-workspace/builds/worker-6-tc2/source:/opt/rustwide/workdir:ro,Z" "-v" "/var/lib/crater-agent-workspace/cargo-home:/opt/rustwide/cargo-home:ro,Z" "-v" "/var/lib/crater-agent-workspace/rustup-home:/opt/rustwide/rustup-home:ro,Z" "-e" "SOURCE_DIR=/opt/rustwide/workdir" "-e" "CARGO_TARGET_DIR=/opt/rustwide/target" "-e" "CARGO_INCREMENTAL=0" "-e" "RUST_BACKTRACE=full" "-e" "RUSTFLAGS=--cap-lints=warn" "-e" "RUSTDOCFLAGS=--cap-lints=warn" "-e" "CARGO_HOME=/opt/rustwide/cargo-home" "-e" "RUSTUP_HOME=/opt/rustwide/rustup-home" "-w" "/opt/rustwide/workdir" "-m" "1610612736" "--user" "0:0" "--network" "none" "ghcr.io/rust-lang/crates-build-env/linux@sha256:2788e3201cd34a07e3172128adcd8b3090168a8e3bcc40d7c032b9dda1df7d1c" "/opt/rustwide/cargo-home/bin/cargo" "+beta-2023-12-22" "build" "--frozen" "--message-format=json", kill_on_drop: false }`
[INFO] [stdout] 5e8a077681f0eee909c52ffd94877d4f86ec2485c2ffb9ff3ff48f3057bfd4c3
[INFO] running `Command { std: "docker" "start" "-a" "5e8a077681f0eee909c52ffd94877d4f86ec2485c2ffb9ff3ff48f3057bfd4c3", kill_on_drop: false }`
[INFO] [stderr]    Compiling libc v0.2.108
[INFO] [stderr]    Compiling memchr v2.4.0
[INFO] [stderr]    Compiling pkg-config v0.3.22
[INFO] [stderr]    Compiling cc v1.0.72
[INFO] [stderr]    Compiling futures-core v0.3.18
[INFO] [stderr]    Compiling tokio v1.14.0
[INFO] [stderr]    Compiling itoa v0.4.7
[INFO] [stderr]    Compiling futures-task v0.3.18
[INFO] [stderr]    Compiling indexmap v1.7.0
[INFO] [stderr]    Compiling openssl v0.10.38
[INFO] [stderr]    Compiling serde v1.0.126
[INFO] [stderr]    Compiling futures-util v0.3.18
[INFO] [stderr]    Compiling proc-macro2 v1.0.27
[INFO] [stderr]    Compiling foreign-types-shared v0.1.1
[INFO] [stderr]    Compiling foreign-types v0.3.2
[INFO] [stderr]    Compiling http v0.2.5
[INFO] [stderr]    Compiling tracing-core v0.1.21
[INFO] [stderr]    Compiling futures-channel v0.3.18
[INFO] [stderr]    Compiling native-tls v0.2.8
[INFO] [stderr]    Compiling slab v0.4.5
[INFO] [stderr]    Compiling hashbrown v0.11.2
[INFO] [stderr]    Compiling futures-sink v0.3.18
[INFO] [stderr]    Compiling tinyvec_macros v0.1.0
[INFO] [stderr]    Compiling num_cpus v1.13.0
[INFO] [stderr]    Compiling mio v0.7.14
[INFO] [stderr]    Compiling futures-io v0.3.18
[INFO] [stderr]    Compiling tracing v0.1.29
[INFO] [stderr]    Compiling tinyvec v1.5.1
[INFO] [stderr]    Compiling openssl-sys v0.9.71
[INFO] [stderr]    Compiling num-traits v0.2.14
[INFO] [stderr]    Compiling openssl-probe v0.1.4
[INFO] [stderr]    Compiling syn v1.0.72
[INFO] [stderr]    Compiling unicode-normalization v0.1.19
[INFO] [stderr]    Compiling http-body v0.4.4
[INFO] [stderr]    Compiling quote v1.0.9
[INFO] [stderr]    Compiling socket2 v0.4.2
[INFO] [stderr]    Compiling num-integer v0.1.44
[INFO] [stderr]    Compiling httpdate v1.0.2
[INFO] [stderr]    Compiling byteorder v1.4.3
[INFO] [stderr]    Compiling encoding_rs v0.8.29
[INFO] [stderr]    Compiling unicode-bidi v0.3.7
[INFO] [stderr]    Compiling regex-automata v0.1.9
[INFO] [stderr]    Compiling idna v0.2.3
[INFO] [stderr]    Compiling anyhow v1.0.51
[INFO] [stderr]    Compiling url v2.2.2
[INFO] [stderr]    Compiling time v0.1.44
[INFO] [stderr]    Compiling serde_urlencoded v0.7.0
[INFO] [stderr]    Compiling bstr v0.2.16
[INFO] [stderr]    Compiling tokio-util v0.6.9
[INFO] [stderr]    Compiling h2 v0.3.7
[INFO] [stderr]    Compiling tokio-native-tls v0.3.0
[INFO] [stderr]    Compiling csv-core v0.1.10
[INFO] [stderr]    Compiling base64 v0.13.0
[INFO] [stderr]    Compiling mime v0.3.16
[INFO] [stderr]    Compiling ipnet v2.3.1
[INFO] [stderr]    Compiling csv v1.1.6
[INFO] [stderr]    Compiling chrono v0.4.19
[INFO] [stderr]    Compiling thiserror-impl v1.0.30
[INFO] [stderr]    Compiling hyper v0.14.15
[INFO] [stderr]    Compiling thiserror v1.0.30
[INFO] [stderr]    Compiling hyper-tls v0.5.0
[INFO] [stderr]    Compiling reqwest v0.11.7
[INFO] [stderr]    Compiling rs_workdays v0.1.1 (/opt/rustwide/workdir)
[INFO] [stderr]     Finished dev [unoptimized + debuginfo] target(s) in 40.05s
[INFO] running `Command { std: "docker" "inspect" "5e8a077681f0eee909c52ffd94877d4f86ec2485c2ffb9ff3ff48f3057bfd4c3", kill_on_drop: false }`
[INFO] running `Command { std: "docker" "rm" "-f" "5e8a077681f0eee909c52ffd94877d4f86ec2485c2ffb9ff3ff48f3057bfd4c3", kill_on_drop: false }`
[INFO] [stdout] 5e8a077681f0eee909c52ffd94877d4f86ec2485c2ffb9ff3ff48f3057bfd4c3
[INFO] running `Command { std: "docker" "create" "-v" "/var/lib/crater-agent-workspace/builds/worker-6-tc2/target:/opt/rustwide/target:rw,Z" "-v" "/var/lib/crater-agent-workspace/builds/worker-6-tc2/source:/opt/rustwide/workdir:ro,Z" "-v" "/var/lib/crater-agent-workspace/cargo-home:/opt/rustwide/cargo-home:ro,Z" "-v" "/var/lib/crater-agent-workspace/rustup-home:/opt/rustwide/rustup-home:ro,Z" "-e" "SOURCE_DIR=/opt/rustwide/workdir" "-e" "CARGO_TARGET_DIR=/opt/rustwide/target" "-e" "CARGO_INCREMENTAL=0" "-e" "RUST_BACKTRACE=full" "-e" "RUSTFLAGS=--cap-lints=warn" "-e" "RUSTDOCFLAGS=--cap-lints=warn" "-e" "CARGO_HOME=/opt/rustwide/cargo-home" "-e" "RUSTUP_HOME=/opt/rustwide/rustup-home" "-w" "/opt/rustwide/workdir" "-m" "1610612736" "--user" "0:0" "--network" "none" "ghcr.io/rust-lang/crates-build-env/linux@sha256:2788e3201cd34a07e3172128adcd8b3090168a8e3bcc40d7c032b9dda1df7d1c" "/opt/rustwide/cargo-home/bin/cargo" "+beta-2023-12-22" "test" "--frozen" "--no-run" "--message-format=json", kill_on_drop: false }`
[INFO] [stdout] 6d1704331e2fff28309940611e2ac3d00392873678c69ee6c802df358c07f42a
[INFO] running `Command { std: "docker" "start" "-a" "6d1704331e2fff28309940611e2ac3d00392873678c69ee6c802df358c07f42a", kill_on_drop: false }`
[INFO] [stderr]    Compiling rs_workdays v0.1.1 (/opt/rustwide/workdir)
[INFO] [stderr]     Finished test [unoptimized + debuginfo] target(s) in 2.90s
[INFO] running `Command { std: "docker" "inspect" "6d1704331e2fff28309940611e2ac3d00392873678c69ee6c802df358c07f42a", kill_on_drop: false }`
[INFO] running `Command { std: "docker" "rm" "-f" "6d1704331e2fff28309940611e2ac3d00392873678c69ee6c802df358c07f42a", kill_on_drop: false }`
[INFO] [stdout] 6d1704331e2fff28309940611e2ac3d00392873678c69ee6c802df358c07f42a
[INFO] running `Command { std: "docker" "create" "-v" "/var/lib/crater-agent-workspace/builds/worker-6-tc2/target:/opt/rustwide/target:rw,Z" "-v" "/var/lib/crater-agent-workspace/builds/worker-6-tc2/source:/opt/rustwide/workdir:ro,Z" "-v" "/var/lib/crater-agent-workspace/cargo-home:/opt/rustwide/cargo-home:ro,Z" "-v" "/var/lib/crater-agent-workspace/rustup-home:/opt/rustwide/rustup-home:ro,Z" "-e" "SOURCE_DIR=/opt/rustwide/workdir" "-e" "CARGO_TARGET_DIR=/opt/rustwide/target" "-e" "CARGO_INCREMENTAL=0" "-e" "RUST_BACKTRACE=full" "-e" "RUSTFLAGS=--cap-lints=warn" "-e" "RUSTDOCFLAGS=--cap-lints=warn" "-e" "CARGO_HOME=/opt/rustwide/cargo-home" "-e" "RUSTUP_HOME=/opt/rustwide/rustup-home" "-w" "/opt/rustwide/workdir" "-m" "1610612736" "--user" "0:0" "--network" "none" "ghcr.io/rust-lang/crates-build-env/linux@sha256:2788e3201cd34a07e3172128adcd8b3090168a8e3bcc40d7c032b9dda1df7d1c" "/opt/rustwide/cargo-home/bin/cargo" "+beta-2023-12-22" "test" "--frozen", kill_on_drop: false }`
[INFO] [stdout] 06ef7fb723bdc777317b1d37b4e089cde0e8ef533dae59589e527e8feb1d655b
[INFO] running `Command { std: "docker" "start" "-a" "06ef7fb723bdc777317b1d37b4e089cde0e8ef533dae59589e527e8feb1d655b", kill_on_drop: false }`
[INFO] [stderr]     Finished test [unoptimized + debuginfo] target(s) in 0.11s
[INFO] [stderr]      Running unittests src/lib.rs (/opt/rustwide/target/debug/deps/rs_workdays-b342a4b53194d3ce)
[INFO] [stdout] 
[INFO] [stdout] running 0 tests
[INFO] [stdout] 
[INFO] [stdout] test result: ok. 0 passed; 0 failed; 0 ignored; 0 measured; 0 filtered out; finished in 0.00s
[INFO] [stdout] 
[INFO] [stderr]      Running unittests src/bin/make_holidays_source.rs (/opt/rustwide/target/debug/deps/make_holidays_source-1d97ab398ce30fe1)
[INFO] [stdout] 
[INFO] [stdout] running 0 tests
[INFO] [stdout] 
[INFO] [stdout] test result: ok. 0 passed; 0 failed; 0 ignored; 0 measured; 0 filtered out; finished in 0.00s
[INFO] [stdout] 
[INFO] [stderr]      Running unittests src/bin/request_holiday_check.rs (/opt/rustwide/target/debug/deps/request_holiday_check-25d7c98c2bbdce55)
[INFO] [stdout] 
[INFO] [stdout] running 0 tests
[INFO] [stdout] 
[INFO] [stdout] test result: ok. 0 passed; 0 failed; 0 ignored; 0 measured; 0 filtered out; finished in 0.00s
[INFO] [stdout] 
[INFO] [stderr]      Running unittests src/bin/simple_use.rs (/opt/rustwide/target/debug/deps/simple_use-1bd6a7a788528db8)
[INFO] [stdout] 
[INFO] [stdout] running 0 tests
[INFO] [stdout] 
[INFO] [stdout] test result: ok. 0 passed; 0 failed; 0 ignored; 0 measured; 0 filtered out; finished in 0.00s
[INFO] [stdout] 
[INFO] [stderr]      Running tests/test_base.rs (/opt/rustwide/target/debug/deps/test_base-040a68a4f00cae9c)
[INFO] [stdout] 
[INFO] [stdout] running 3 tests
[INFO] [stdout] test related_extract ... ok
[INFO] [stdout] test related_workdays ... ok
[INFO] [stdout] test related_intraday ... ok
[INFO] [stdout] 
[INFO] [stdout] test result: ok. 3 passed; 0 failed; 0 ignored; 0 measured; 0 filtered out; finished in 1.19s
[INFO] [stdout] 
[INFO] [stderr]      Running tests/test_global.rs (/opt/rustwide/target/debug/deps/test_global-a911e06614090cb2)
[INFO] [stdout] 
[INFO] [stdout] running 0 tests
[INFO] [stdout] 
[INFO] [stdout] test result: ok. 0 passed; 0 failed; 0 ignored; 0 measured; 0 filtered out; finished in 0.00s
[INFO] [stdout] 
[INFO] [stderr]    Doc-tests rs_workdays
[INFO] [stdout] 
[INFO] [stdout] running 17 tests
[INFO] [stdout] test src/intraday.rs - intraday::add_workday_intraday_datetime (line 382) ... FAILED
[INFO] [stdout] test src/intraday.rs - intraday::get_previous_border_workday_intraday (line 106) ... FAILED
[INFO] [stdout] test src/extract.rs - extract::extract_workdays_bool (line 14) ... ok
[INFO] [stdout] test src/extract.rs - extract::extract_workdays_intraday_bool (line 172) ... ok
[INFO] [stdout] test src/intraday.rs - intraday::check_workday_intraday (line 15) ... ok
[INFO] [stdout] test src/intraday.rs - intraday::get_near_workday_intraday (line 183) ... ok
[INFO] [stdout] test src/intraday.rs - intraday::get_next_border_workday_intraday (line 48) ... ok
[INFO] [stdout] test src/extract.rs - extract::extract_intraday_bool (line 88) ... ok
[INFO] [stdout] test src/intraday.rs - intraday::get_timedelta_workdays_intraday (line 413) ... ok
[INFO] [stdout] test src/workdays.rs - workdays::check_workday (line 92) ... FAILED
[INFO] [stdout] test src/workdays.rs - workdays::get_next_workdays_number (line 266) ... ok
[INFO] [stdout] test src/workdays.rs - workdays::get_next_workday (line 118) ... ok
[INFO] [stdout] test src/workdays.rs - workdays::get_near_workday (line 234) ... ok
[INFO] [stdout] test src/workdays.rs - workdays::get_previous_workdays_number (line 325) ... ok
[INFO] [stdout] test src/workdays.rs - workdays::get_workdays (line 34) ... ok
[INFO] [stdout] test src/workdays.rs - workdays::get_previous_workday (line 176) ... ok
[INFO] [stdout] test src/workdays.rs - workdays::get_workdays_number (line 385) ... ok
[INFO] [stdout] 
[INFO] [stdout] failures:
[INFO] [stdout] 
[INFO] [stdout] ---- src/intraday.rs - intraday::add_workday_intraday_datetime (line 382) stdout ----
[INFO] [stdout] error: linking with `cc` failed: exit status: 1
[INFO] [stdout]   |
[INFO] [stdout]   = note: LC_ALL="C" PATH="/opt/rustwide/rustup-home/toolchains/beta-2023-12-22-x86_64-unknown-linux-gnu/lib/rustlib/x86_64-unknown-linux-gnu/bin:/opt/rustwide/cargo-home/bin:/usr/local/sbin:/usr/local/bin:/usr/sbin:/usr/bin:/sbin:/bin" VSLANG="1033" "cc" "-m64" "/tmp/rustcruVqVO/symbols.o" "/tmp/rustdoctest1Nzrl8/rust_out.rust_out.1380c8ea7c88b8e2-cgu.0.rcgu.o" "/tmp/rustdoctest1Nzrl8/rust_out.3lr6z6385pynyhem.rcgu.o" "-Wl,--as-needed" "-L" "/opt/rustwide/target/debug/deps" "-L" "/opt/rustwide/target/debug/deps" "-L" "/opt/rustwide/rustup-home/toolchains/beta-2023-12-22-x86_64-unknown-linux-gnu/lib/rustlib/x86_64-unknown-linux-gnu/lib" "-Wl,-Bstatic" "/opt/rustwide/target/debug/deps/librs_workdays-4ef1eb65f3128b54.rlib" "/opt/rustwide/target/debug/deps/libthiserror-5a4ed210ae714364.rlib" "/opt/rustwide/target/debug/deps/libreqwest-40e494599294951a.rlib" "/opt/rustwide/target/debug/deps/libhyper_tls-6b8d779ddc2d2521.rlib" "/opt/rustwide/target/debug/deps/libipnet-dff482cb7b80ee87.rlib" "/opt/rustwide/target/debug/deps/libtokio_native_tls-76e87e107b7fc9d0.rlib" "/opt/rustwide/target/debug/deps/libserde_urlencoded-2c48c885c0a81f79.rlib" "/opt/rustwide/target/debug/deps/libmime-d5b83fc07afe1071.rlib" "/opt/rustwide/target/debug/deps/libencoding_rs-888568047644999e.rlib" "/opt/rustwide/target/debug/deps/libbase64-450a6d9dcba13b9b.rlib" "/opt/rustwide/target/debug/deps/libnative_tls-8378072d01383fcf.rlib" "/opt/rustwide/target/debug/deps/libopenssl_probe-29662d056fb3dd38.rlib" "/opt/rustwide/target/debug/deps/libopenssl-224b1bf60a50dbb8.rlib" "/opt/rustwide/target/debug/deps/libbitflags-85e13ed1e0c6d910.rlib" "/opt/rustwide/target/debug/deps/libforeign_types-34162016ad32c65c.rlib" "/opt/rustwide/target/debug/deps/libforeign_types_shared-6c481fa47d8ef87b.rlib" "/opt/rustwide/target/debug/deps/libopenssl_sys-c4a04558925d9f30.rlib" "/opt/rustwide/target/debug/deps/libhyper-515900ac1d5ea938.rlib" "/opt/rustwide/target/debug/deps/libwant-f6ac176db4cc6e4f.rlib" "/opt/rustwide/target/debug/deps/libtry_lock-da79cbb67b0e5d22.rlib" "/opt/rustwide/target/debug/deps/libsocket2-7e28aaf629d89645.rlib" "/opt/rustwide/target/debug/deps/libhttparse-34e081384930e2cc.rlib" "/opt/rustwide/target/debug/deps/libh2-cf7e70e3490e87c9.rlib" "/opt/rustwide/target/debug/deps/libindexmap-d56697f0621dd746.rlib" "/opt/rustwide/target/debug/deps/libhashbrown-d5b24f3d513fb86b.rlib" "/opt/rustwide/target/debug/deps/libtokio_util-0061f4eb4d4b7e85.rlib" "/opt/rustwide/target/debug/deps/libfutures_sink-4c9d9d992a173c78.rlib" "/opt/rustwide/target/debug/deps/libtower_service-a49ed9f68e393719.rlib" "/opt/rustwide/target/debug/deps/libtracing-397a7287c73536e4.rlib" "/opt/rustwide/target/debug/deps/libtracing_core-667a4df523144730.rlib" "/opt/rustwide/target/debug/deps/libfutures_channel-9a6fc9099669aec9.rlib" "/opt/rustwide/target/debug/deps/libtokio-d219dad103a1abc0.rlib" "/opt/rustwide/target/debug/deps/libnum_cpus-70e41bfe69f61475.rlib" "/opt/rustwide/target/debug/deps/libmio-e32fc4e623ecc836.rlib" "/opt/rustwide/target/debug/deps/libhttp_body-4491c6d313179ed9.rlib" "/opt/rustwide/target/debug/deps/liblog-08c38375a0b41cf0.rlib" "/opt/rustwide/target/debug/deps/libcfg_if-e7002d307f97bc56.rlib" "/opt/rustwide/target/debug/deps/libfutures_util-f3fbcd1a6dc98650.rlib" "/opt/rustwide/target/debug/deps/libfutures_io-987d990e4c2cf090.rlib" "/opt/rustwide/target/debug/deps/libslab-e5442f48fd9b849e.rlib" "/opt/rustwide/target/debug/deps/libpin_project_lite-255ea0676d5807d3.rlib" "/opt/rustwide/target/debug/deps/libfutures_task-3a0b928d9f1e8760.rlib" "/opt/rustwide/target/debug/deps/libpin_utils-9c5dcf17efb91bff.rlib" "/opt/rustwide/target/debug/deps/libfutures_core-3b938f3ca96b6018.rlib" "/opt/rustwide/target/debug/deps/liburl-4dc03df9a34099c6.rlib" "/opt/rustwide/target/debug/deps/libidna-608df6c35ccfad8a.rlib" "/opt/rustwide/target/debug/deps/libunicode_normalization-40526e3f649c16ed.rlib" "/opt/rustwide/target/debug/deps/libtinyvec-63fcc069d8fc338e.rlib" "/opt/rustwide/target/debug/deps/libtinyvec_macros-2b90caf71be257df.rlib" "/opt/rustwide/target/debug/deps/libunicode_bidi-9e22f06d2a04cff1.rlib" "/opt/rustwide/target/debug/deps/libform_urlencoded-ae8f37993c92f9fc.rlib" "/opt/rustwide/target/debug/deps/libpercent_encoding-3da2a87a41f86eb7.rlib" "/opt/rustwide/target/debug/deps/libmatches-7dacc739f2471d9d.rlib" "/opt/rustwide/target/debug/deps/libhttp-be64ac00f4d271f7.rlib" "/opt/rustwide/target/debug/deps/libbytes-cc9c49d7958180b3.rlib" "/opt/rustwide/target/debug/deps/libfnv-953831fe314029b4.rlib" "/opt/rustwide/target/debug/deps/libcsv-2b0f8b754448049f.rlib" "/opt/rustwide/target/debug/deps/libryu-98249992139dd95c.rlib" "/opt/rustwide/target/debug/deps/libitoa-b84a322b628e7893.rlib" "/opt/rustwide/target/debug/deps/libcsv_core-f7682b92bb507fed.rlib" "/opt/rustwide/target/debug/deps/libbstr-6e615bea182702f9.rlib" "/opt/rustwide/target/debug/deps/liblazy_static-efa3519517df6cf0.rlib" "/opt/rustwide/target/debug/deps/libregex_automata-a808602f466fe727.rlib" "/opt/rustwide/target/debug/deps/libbyteorder-04b6f1f35cfa0473.rlib" "/opt/rustwide/target/debug/deps/libmemchr-1a54e211cda84184.rlib" "/opt/rustwide/target/debug/deps/libserde-60b001d7f30488c5.rlib" "/opt/rustwide/target/debug/deps/libanyhow-aec342903580ea93.rlib" "/opt/rustwide/target/debug/deps/libonce_cell-1fc356a87167a13f.rlib" "/opt/rustwide/target/debug/deps/libchrono-0eab23be93fe3a58.rlib" "/opt/rustwide/target/debug/deps/libnum_integer-9cb777dff819a162.rlib" "/opt/rustwide/target/debug/deps/libnum_traits-b9bb85d0c53b5413.rlib" "/opt/rustwide/target/debug/deps/libtime-838d2fd5b72a9649.rlib" "/opt/rustwide/target/debug/deps/liblibc-6ba18e38be367eb8.rlib" "/opt/rustwide/rustup-home/toolchains/beta-2023-12-22-x86_64-unknown-linux-gnu/lib/rustlib/x86_64-unknown-linux-gnu/lib/libstd-0672489a78b613de.rlib" "/opt/rustwide/rustup-home/toolchains/beta-2023-12-22-x86_64-unknown-linux-gnu/lib/rustlib/x86_64-unknown-linux-gnu/lib/libpanic_unwind-7eb3ffc34a49f675.rlib" "/opt/rustwide/rustup-home/toolchains/beta-2023-12-22-x86_64-unknown-linux-gnu/lib/rustlib/x86_64-unknown-linux-gnu/lib/libobject-6478a9daa4bee8e2.rlib" "/opt/rustwide/rustup-home/toolchains/beta-2023-12-22-x86_64-unknown-linux-gnu/lib/rustlib/x86_64-unknown-linux-gnu/lib/libmemchr-0c75d871a5c3923d.rlib" "/opt/rustwide/rustup-home/toolchains/beta-2023-12-22-x86_64-unknown-linux-gnu/lib/rustlib/x86_64-unknown-linux-gnu/lib/libaddr2line-d163ef63ad37bb71.rlib" "/opt/rustwide/rustup-home/toolchains/beta-2023-12-22-x86_64-unknown-linux-gnu/lib/rustlib/x86_64-unknown-linux-gnu/lib/libgimli-8a3fd810a85b9f4c.rlib" "/opt/rustwide/rustup-home/toolchains/beta-2023-12-22-x86_64-unknown-linux-gnu/lib/rustlib/x86_64-unknown-linux-gnu/lib/librustc_demangle-462a2cde8c5dfc10.rlib" "/opt/rustwide/rustup-home/toolchains/beta-2023-12-22-x86_64-unknown-linux-gnu/lib/rustlib/x86_64-unknown-linux-gnu/lib/libstd_detect-cb06ac9f54713f71.rlib" "/opt/rustwide/rustup-home/toolchains/beta-2023-12-22-x86_64-unknown-linux-gnu/lib/rustlib/x86_64-unknown-linux-gnu/lib/libhashbrown-f20bfd1f8e59b393.rlib" "/opt/rustwide/rustup-home/toolchains/beta-2023-12-22-x86_64-unknown-linux-gnu/lib/rustlib/x86_64-unknown-linux-gnu/lib/librustc_std_workspace_alloc-1ef460949b49da4b.rlib" "/opt/rustwide/rustup-home/toolchains/beta-2023-12-22-x86_64-unknown-linux-gnu/lib/rustlib/x86_64-unknown-linux-gnu/lib/libminiz_oxide-2cb0c0ffe4f87514.rlib" "/opt/rustwide/rustup-home/toolchains/beta-2023-12-22-x86_64-unknown-linux-gnu/lib/rustlib/x86_64-unknown-linux-gnu/lib/libadler-58d841eb322a11a2.rlib" "/opt/rustwide/rustup-home/toolchains/beta-2023-12-22-x86_64-unknown-linux-gnu/lib/rustlib/x86_64-unknown-linux-gnu/lib/libunwind-aa2ae0b0a9d11533.rlib" "/opt/rustwide/rustup-home/toolchains/beta-2023-12-22-x86_64-unknown-linux-gnu/lib/rustlib/x86_64-unknown-linux-gnu/lib/libcfg_if-23874e15830ed336.rlib" "/opt/rustwide/rustup-home/toolchains/beta-2023-12-22-x86_64-unknown-linux-gnu/lib/rustlib/x86_64-unknown-linux-gnu/lib/liblibc-e47cddc003bce885.rlib" "/opt/rustwide/rustup-home/toolchains/beta-2023-12-22-x86_64-unknown-linux-gnu/lib/rustlib/x86_64-unknown-linux-gnu/lib/liballoc-c22b13b48a8f128e.rlib" "/opt/rustwide/rustup-home/toolchains/beta-2023-12-22-x86_64-unknown-linux-gnu/lib/rustlib/x86_64-unknown-linux-gnu/lib/librustc_std_workspace_core-e46bc3da6d7c462f.rlib" "/opt/rustwide/rustup-home/toolchains/beta-2023-12-22-x86_64-unknown-linux-gnu/lib/rustlib/x86_64-unknown-linux-gnu/lib/libcore-8d1ac131d3cb2645.rlib" "/opt/rustwide/rustup-home/toolchains/beta-2023-12-22-x86_64-unknown-linux-gnu/lib/rustlib/x86_64-unknown-linux-gnu/lib/libcompiler_builtins-a1b43df8c6899c1f.rlib" "-Wl,-Bdynamic" "-lssl" "-lcrypto" "-lgcc_s" "-lutil" "-lrt" "-lpthread" "-lm" "-ldl" "-lc" "-Wl,--eh-frame-hdr" "-Wl,-z,noexecstack" "-L" "/opt/rustwide/rustup-home/toolchains/beta-2023-12-22-x86_64-unknown-linux-gnu/lib/rustlib/x86_64-unknown-linux-gnu/lib" "-o" "/tmp/rustdoctest1Nzrl8/rust_out" "-Wl,--gc-sections" "-pie" "-Wl,-z,relro,-z,now" "-nodefaultlibs"
[INFO] [stdout]   = note: collect2: fatal error: ld terminated with signal 9 [Killed]
[INFO] [stdout]           compilation terminated.
[INFO] [stdout]           
[INFO] [stdout] 
[INFO] [stdout] error: aborting due to 1 previous error
[INFO] [stdout] 
[INFO] [stdout] Couldn't compile the test.
[INFO] [stdout] ---- src/intraday.rs - intraday::get_previous_border_workday_intraday (line 106) stdout ----
[INFO] [stdout] error: linking with `cc` failed: exit status: 1
[INFO] [stdout]   |
[INFO] [stdout]   = note: LC_ALL="C" PATH="/opt/rustwide/rustup-home/toolchains/beta-2023-12-22-x86_64-unknown-linux-gnu/lib/rustlib/x86_64-unknown-linux-gnu/bin:/opt/rustwide/cargo-home/bin:/usr/local/sbin:/usr/local/bin:/usr/sbin:/usr/bin:/sbin:/bin" VSLANG="1033" "cc" "-m64" "/tmp/rustc3ptrI4/symbols.o" "/tmp/rustdoctestU4TlC0/rust_out.rust_out.1380c8ea7c88b8e2-cgu.0.rcgu.o" "/tmp/rustdoctestU4TlC0/rust_out.3lr6z6385pynyhem.rcgu.o" "-Wl,--as-needed" "-L" "/opt/rustwide/target/debug/deps" "-L" "/opt/rustwide/target/debug/deps" "-L" "/opt/rustwide/rustup-home/toolchains/beta-2023-12-22-x86_64-unknown-linux-gnu/lib/rustlib/x86_64-unknown-linux-gnu/lib" "-Wl,-Bstatic" "/opt/rustwide/target/debug/deps/librs_workdays-4ef1eb65f3128b54.rlib" "/opt/rustwide/target/debug/deps/libthiserror-5a4ed210ae714364.rlib" "/opt/rustwide/target/debug/deps/libreqwest-40e494599294951a.rlib" "/opt/rustwide/target/debug/deps/libhyper_tls-6b8d779ddc2d2521.rlib" "/opt/rustwide/target/debug/deps/libipnet-dff482cb7b80ee87.rlib" "/opt/rustwide/target/debug/deps/libtokio_native_tls-76e87e107b7fc9d0.rlib" "/opt/rustwide/target/debug/deps/libserde_urlencoded-2c48c885c0a81f79.rlib" "/opt/rustwide/target/debug/deps/libmime-d5b83fc07afe1071.rlib" "/opt/rustwide/target/debug/deps/libencoding_rs-888568047644999e.rlib" "/opt/rustwide/target/debug/deps/libbase64-450a6d9dcba13b9b.rlib" "/opt/rustwide/target/debug/deps/libnative_tls-8378072d01383fcf.rlib" "/opt/rustwide/target/debug/deps/libopenssl_probe-29662d056fb3dd38.rlib" "/opt/rustwide/target/debug/deps/libopenssl-224b1bf60a50dbb8.rlib" "/opt/rustwide/target/debug/deps/libbitflags-85e13ed1e0c6d910.rlib" "/opt/rustwide/target/debug/deps/libforeign_types-34162016ad32c65c.rlib" "/opt/rustwide/target/debug/deps/libforeign_types_shared-6c481fa47d8ef87b.rlib" "/opt/rustwide/target/debug/deps/libopenssl_sys-c4a04558925d9f30.rlib" "/opt/rustwide/target/debug/deps/libhyper-515900ac1d5ea938.rlib" "/opt/rustwide/target/debug/deps/libwant-f6ac176db4cc6e4f.rlib" "/opt/rustwide/target/debug/deps/libtry_lock-da79cbb67b0e5d22.rlib" "/opt/rustwide/target/debug/deps/libsocket2-7e28aaf629d89645.rlib" "/opt/rustwide/target/debug/deps/libhttparse-34e081384930e2cc.rlib" "/opt/rustwide/target/debug/deps/libh2-cf7e70e3490e87c9.rlib" "/opt/rustwide/target/debug/deps/libindexmap-d56697f0621dd746.rlib" "/opt/rustwide/target/debug/deps/libhashbrown-d5b24f3d513fb86b.rlib" "/opt/rustwide/target/debug/deps/libtokio_util-0061f4eb4d4b7e85.rlib" "/opt/rustwide/target/debug/deps/libfutures_sink-4c9d9d992a173c78.rlib" "/opt/rustwide/target/debug/deps/libtower_service-a49ed9f68e393719.rlib" "/opt/rustwide/target/debug/deps/libtracing-397a7287c73536e4.rlib" "/opt/rustwide/target/debug/deps/libtracing_core-667a4df523144730.rlib" "/opt/rustwide/target/debug/deps/libfutures_channel-9a6fc9099669aec9.rlib" "/opt/rustwide/target/debug/deps/libtokio-d219dad103a1abc0.rlib" "/opt/rustwide/target/debug/deps/libnum_cpus-70e41bfe69f61475.rlib" "/opt/rustwide/target/debug/deps/libmio-e32fc4e623ecc836.rlib" "/opt/rustwide/target/debug/deps/libhttp_body-4491c6d313179ed9.rlib" "/opt/rustwide/target/debug/deps/liblog-08c38375a0b41cf0.rlib" "/opt/rustwide/target/debug/deps/libcfg_if-e7002d307f97bc56.rlib" "/opt/rustwide/target/debug/deps/libfutures_util-f3fbcd1a6dc98650.rlib" "/opt/rustwide/target/debug/deps/libfutures_io-987d990e4c2cf090.rlib" "/opt/rustwide/target/debug/deps/libslab-e5442f48fd9b849e.rlib" "/opt/rustwide/target/debug/deps/libpin_project_lite-255ea0676d5807d3.rlib" "/opt/rustwide/target/debug/deps/libfutures_task-3a0b928d9f1e8760.rlib" "/opt/rustwide/target/debug/deps/libpin_utils-9c5dcf17efb91bff.rlib" "/opt/rustwide/target/debug/deps/libfutures_core-3b938f3ca96b6018.rlib" "/opt/rustwide/target/debug/deps/liburl-4dc03df9a34099c6.rlib" "/opt/rustwide/target/debug/deps/libidna-608df6c35ccfad8a.rlib" "/opt/rustwide/target/debug/deps/libunicode_normalization-40526e3f649c16ed.rlib" "/opt/rustwide/target/debug/deps/libtinyvec-63fcc069d8fc338e.rlib" "/opt/rustwide/target/debug/deps/libtinyvec_macros-2b90caf71be257df.rlib" "/opt/rustwide/target/debug/deps/libunicode_bidi-9e22f06d2a04cff1.rlib" "/opt/rustwide/target/debug/deps/libform_urlencoded-ae8f37993c92f9fc.rlib" "/opt/rustwide/target/debug/deps/libpercent_encoding-3da2a87a41f86eb7.rlib" "/opt/rustwide/target/debug/deps/libmatches-7dacc739f2471d9d.rlib" "/opt/rustwide/target/debug/deps/libhttp-be64ac00f4d271f7.rlib" "/opt/rustwide/target/debug/deps/libbytes-cc9c49d7958180b3.rlib" "/opt/rustwide/target/debug/deps/libfnv-953831fe314029b4.rlib" "/opt/rustwide/target/debug/deps/libcsv-2b0f8b754448049f.rlib" "/opt/rustwide/target/debug/deps/libryu-98249992139dd95c.rlib" "/opt/rustwide/target/debug/deps/libitoa-b84a322b628e7893.rlib" "/opt/rustwide/target/debug/deps/libcsv_core-f7682b92bb507fed.rlib" "/opt/rustwide/target/debug/deps/libbstr-6e615bea182702f9.rlib" "/opt/rustwide/target/debug/deps/liblazy_static-efa3519517df6cf0.rlib" "/opt/rustwide/target/debug/deps/libregex_automata-a808602f466fe727.rlib" "/opt/rustwide/target/debug/deps/libbyteorder-04b6f1f35cfa0473.rlib" "/opt/rustwide/target/debug/deps/libmemchr-1a54e211cda84184.rlib" "/opt/rustwide/target/debug/deps/libserde-60b001d7f30488c5.rlib" "/opt/rustwide/target/debug/deps/libanyhow-aec342903580ea93.rlib" "/opt/rustwide/target/debug/deps/libonce_cell-1fc356a87167a13f.rlib" "/opt/rustwide/target/debug/deps/libchrono-0eab23be93fe3a58.rlib" "/opt/rustwide/target/debug/deps/libnum_integer-9cb777dff819a162.rlib" "/opt/rustwide/target/debug/deps/libnum_traits-b9bb85d0c53b5413.rlib" "/opt/rustwide/target/debug/deps/libtime-838d2fd5b72a9649.rlib" "/opt/rustwide/target/debug/deps/liblibc-6ba18e38be367eb8.rlib" "/opt/rustwide/rustup-home/toolchains/beta-2023-12-22-x86_64-unknown-linux-gnu/lib/rustlib/x86_64-unknown-linux-gnu/lib/libstd-0672489a78b613de.rlib" "/opt/rustwide/rustup-home/toolchains/beta-2023-12-22-x86_64-unknown-linux-gnu/lib/rustlib/x86_64-unknown-linux-gnu/lib/libpanic_unwind-7eb3ffc34a49f675.rlib" "/opt/rustwide/rustup-home/toolchains/beta-2023-12-22-x86_64-unknown-linux-gnu/lib/rustlib/x86_64-unknown-linux-gnu/lib/libobject-6478a9daa4bee8e2.rlib" "/opt/rustwide/rustup-home/toolchains/beta-2023-12-22-x86_64-unknown-linux-gnu/lib/rustlib/x86_64-unknown-linux-gnu/lib/libmemchr-0c75d871a5c3923d.rlib" "/opt/rustwide/rustup-home/toolchains/beta-2023-12-22-x86_64-unknown-linux-gnu/lib/rustlib/x86_64-unknown-linux-gnu/lib/libaddr2line-d163ef63ad37bb71.rlib" "/opt/rustwide/rustup-home/toolchains/beta-2023-12-22-x86_64-unknown-linux-gnu/lib/rustlib/x86_64-unknown-linux-gnu/lib/libgimli-8a3fd810a85b9f4c.rlib" "/opt/rustwide/rustup-home/toolchains/beta-2023-12-22-x86_64-unknown-linux-gnu/lib/rustlib/x86_64-unknown-linux-gnu/lib/librustc_demangle-462a2cde8c5dfc10.rlib" "/opt/rustwide/rustup-home/toolchains/beta-2023-12-22-x86_64-unknown-linux-gnu/lib/rustlib/x86_64-unknown-linux-gnu/lib/libstd_detect-cb06ac9f54713f71.rlib" "/opt/rustwide/rustup-home/toolchains/beta-2023-12-22-x86_64-unknown-linux-gnu/lib/rustlib/x86_64-unknown-linux-gnu/lib/libhashbrown-f20bfd1f8e59b393.rlib" "/opt/rustwide/rustup-home/toolchains/beta-2023-12-22-x86_64-unknown-linux-gnu/lib/rustlib/x86_64-unknown-linux-gnu/lib/librustc_std_workspace_alloc-1ef460949b49da4b.rlib" "/opt/rustwide/rustup-home/toolchains/beta-2023-12-22-x86_64-unknown-linux-gnu/lib/rustlib/x86_64-unknown-linux-gnu/lib/libminiz_oxide-2cb0c0ffe4f87514.rlib" "/opt/rustwide/rustup-home/toolchains/beta-2023-12-22-x86_64-unknown-linux-gnu/lib/rustlib/x86_64-unknown-linux-gnu/lib/libadler-58d841eb322a11a2.rlib" "/opt/rustwide/rustup-home/toolchains/beta-2023-12-22-x86_64-unknown-linux-gnu/lib/rustlib/x86_64-unknown-linux-gnu/lib/libunwind-aa2ae0b0a9d11533.rlib" "/opt/rustwide/rustup-home/toolchains/beta-2023-12-22-x86_64-unknown-linux-gnu/lib/rustlib/x86_64-unknown-linux-gnu/lib/libcfg_if-23874e15830ed336.rlib" "/opt/rustwide/rustup-home/toolchains/beta-2023-12-22-x86_64-unknown-linux-gnu/lib/rustlib/x86_64-unknown-linux-gnu/lib/liblibc-e47cddc003bce885.rlib" "/opt/rustwide/rustup-home/toolchains/beta-2023-12-22-x86_64-unknown-linux-gnu/lib/rustlib/x86_64-unknown-linux-gnu/lib/liballoc-c22b13b48a8f128e.rlib" "/opt/rustwide/rustup-home/toolchains/beta-2023-12-22-x86_64-unknown-linux-gnu/lib/rustlib/x86_64-unknown-linux-gnu/lib/librustc_std_workspace_core-e46bc3da6d7c462f.rlib" "/opt/rustwide/rustup-home/toolchains/beta-2023-12-22-x86_64-unknown-linux-gnu/lib/rustlib/x86_64-unknown-linux-gnu/lib/libcore-8d1ac131d3cb2645.rlib" "/opt/rustwide/rustup-home/toolchains/beta-2023-12-22-x86_64-unknown-linux-gnu/lib/rustlib/x86_64-unknown-linux-gnu/lib/libcompiler_builtins-a1b43df8c6899c1f.rlib" "-Wl,-Bdynamic" "-lssl" "-lcrypto" "-lgcc_s" "-lutil" "-lrt" "-lpthread" "-lm" "-ldl" "-lc" "-Wl,--eh-frame-hdr" "-Wl,-z,noexecstack" "-L" "/opt/rustwide/rustup-home/toolchains/beta-2023-12-22-x86_64-unknown-linux-gnu/lib/rustlib/x86_64-unknown-linux-gnu/lib" "-o" "/tmp/rustdoctestU4TlC0/rust_out" "-Wl,--gc-sections" "-pie" "-Wl,-z,relro,-z,now" "-nodefaultlibs"
[INFO] [stdout]   = note: collect2: fatal error: ld terminated with signal 9 [Killed]
[INFO] [stdout]           compilation terminated.
[INFO] [stdout]           
[INFO] [stdout] 
[INFO] [stdout] error: aborting due to 1 previous error
[INFO] [stdout] 
[INFO] [stdout] Couldn't compile the test.
[INFO] [stdout] ---- src/workdays.rs - workdays::check_workday (line 92) stdout ----
[INFO] [stdout] error: linking with `cc` failed: exit status: 1
[INFO] [stdout]   |
[INFO] [stdout]   = note: LC_ALL="C" PATH="/opt/rustwide/rustup-home/toolchains/beta-2023-12-22-x86_64-unknown-linux-gnu/lib/rustlib/x86_64-unknown-linux-gnu/bin:/opt/rustwide/cargo-home/bin:/usr/local/sbin:/usr/local/bin:/usr/sbin:/usr/bin:/sbin:/bin" VSLANG="1033" "cc" "-m64" "/tmp/rustcnPE26N/symbols.o" "/tmp/rustdoctestCe49LP/rust_out.rust_out.1380c8ea7c88b8e2-cgu.0.rcgu.o" "/tmp/rustdoctestCe49LP/rust_out.3lr6z6385pynyhem.rcgu.o" "-Wl,--as-needed" "-L" "/opt/rustwide/target/debug/deps" "-L" "/opt/rustwide/target/debug/deps" "-L" "/opt/rustwide/rustup-home/toolchains/beta-2023-12-22-x86_64-unknown-linux-gnu/lib/rustlib/x86_64-unknown-linux-gnu/lib" "-Wl,-Bstatic" "/opt/rustwide/target/debug/deps/librs_workdays-4ef1eb65f3128b54.rlib" "/opt/rustwide/target/debug/deps/libthiserror-5a4ed210ae714364.rlib" "/opt/rustwide/target/debug/deps/libreqwest-40e494599294951a.rlib" "/opt/rustwide/target/debug/deps/libhyper_tls-6b8d779ddc2d2521.rlib" "/opt/rustwide/target/debug/deps/libipnet-dff482cb7b80ee87.rlib" "/opt/rustwide/target/debug/deps/libtokio_native_tls-76e87e107b7fc9d0.rlib" "/opt/rustwide/target/debug/deps/libserde_urlencoded-2c48c885c0a81f79.rlib" "/opt/rustwide/target/debug/deps/libmime-d5b83fc07afe1071.rlib" "/opt/rustwide/target/debug/deps/libencoding_rs-888568047644999e.rlib" "/opt/rustwide/target/debug/deps/libbase64-450a6d9dcba13b9b.rlib" "/opt/rustwide/target/debug/deps/libnative_tls-8378072d01383fcf.rlib" "/opt/rustwide/target/debug/deps/libopenssl_probe-29662d056fb3dd38.rlib" "/opt/rustwide/target/debug/deps/libopenssl-224b1bf60a50dbb8.rlib" "/opt/rustwide/target/debug/deps/libbitflags-85e13ed1e0c6d910.rlib" "/opt/rustwide/target/debug/deps/libforeign_types-34162016ad32c65c.rlib" "/opt/rustwide/target/debug/deps/libforeign_types_shared-6c481fa47d8ef87b.rlib" "/opt/rustwide/target/debug/deps/libopenssl_sys-c4a04558925d9f30.rlib" "/opt/rustwide/target/debug/deps/libhyper-515900ac1d5ea938.rlib" "/opt/rustwide/target/debug/deps/libwant-f6ac176db4cc6e4f.rlib" "/opt/rustwide/target/debug/deps/libtry_lock-da79cbb67b0e5d22.rlib" "/opt/rustwide/target/debug/deps/libsocket2-7e28aaf629d89645.rlib" "/opt/rustwide/target/debug/deps/libhttparse-34e081384930e2cc.rlib" "/opt/rustwide/target/debug/deps/libh2-cf7e70e3490e87c9.rlib" "/opt/rustwide/target/debug/deps/libindexmap-d56697f0621dd746.rlib" "/opt/rustwide/target/debug/deps/libhashbrown-d5b24f3d513fb86b.rlib" "/opt/rustwide/target/debug/deps/libtokio_util-0061f4eb4d4b7e85.rlib" "/opt/rustwide/target/debug/deps/libfutures_sink-4c9d9d992a173c78.rlib" "/opt/rustwide/target/debug/deps/libtower_service-a49ed9f68e393719.rlib" "/opt/rustwide/target/debug/deps/libtracing-397a7287c73536e4.rlib" "/opt/rustwide/target/debug/deps/libtracing_core-667a4df523144730.rlib" "/opt/rustwide/target/debug/deps/libfutures_channel-9a6fc9099669aec9.rlib" "/opt/rustwide/target/debug/deps/libtokio-d219dad103a1abc0.rlib" "/opt/rustwide/target/debug/deps/libnum_cpus-70e41bfe69f61475.rlib" "/opt/rustwide/target/debug/deps/libmio-e32fc4e623ecc836.rlib" "/opt/rustwide/target/debug/deps/libhttp_body-4491c6d313179ed9.rlib" "/opt/rustwide/target/debug/deps/liblog-08c38375a0b41cf0.rlib" "/opt/rustwide/target/debug/deps/libcfg_if-e7002d307f97bc56.rlib" "/opt/rustwide/target/debug/deps/libfutures_util-f3fbcd1a6dc98650.rlib" "/opt/rustwide/target/debug/deps/libfutures_io-987d990e4c2cf090.rlib" "/opt/rustwide/target/debug/deps/libslab-e5442f48fd9b849e.rlib" "/opt/rustwide/target/debug/deps/libpin_project_lite-255ea0676d5807d3.rlib" "/opt/rustwide/target/debug/deps/libfutures_task-3a0b928d9f1e8760.rlib" "/opt/rustwide/target/debug/deps/libpin_utils-9c5dcf17efb91bff.rlib" "/opt/rustwide/target/debug/deps/libfutures_core-3b938f3ca96b6018.rlib" "/opt/rustwide/target/debug/deps/liburl-4dc03df9a34099c6.rlib" "/opt/rustwide/target/debug/deps/libidna-608df6c35ccfad8a.rlib" "/opt/rustwide/target/debug/deps/libunicode_normalization-40526e3f649c16ed.rlib" "/opt/rustwide/target/debug/deps/libtinyvec-63fcc069d8fc338e.rlib" "/opt/rustwide/target/debug/deps/libtinyvec_macros-2b90caf71be257df.rlib" "/opt/rustwide/target/debug/deps/libunicode_bidi-9e22f06d2a04cff1.rlib" "/opt/rustwide/target/debug/deps/libform_urlencoded-ae8f37993c92f9fc.rlib" "/opt/rustwide/target/debug/deps/libpercent_encoding-3da2a87a41f86eb7.rlib" "/opt/rustwide/target/debug/deps/libmatches-7dacc739f2471d9d.rlib" "/opt/rustwide/target/debug/deps/libhttp-be64ac00f4d271f7.rlib" "/opt/rustwide/target/debug/deps/libbytes-cc9c49d7958180b3.rlib" "/opt/rustwide/target/debug/deps/libfnv-953831fe314029b4.rlib" "/opt/rustwide/target/debug/deps/libcsv-2b0f8b754448049f.rlib" "/opt/rustwide/target/debug/deps/libryu-98249992139dd95c.rlib" "/opt/rustwide/target/debug/deps/libitoa-b84a322b628e7893.rlib" "/opt/rustwide/target/debug/deps/libcsv_core-f7682b92bb507fed.rlib" "/opt/rustwide/target/debug/deps/libbstr-6e615bea182702f9.rlib" "/opt/rustwide/target/debug/deps/liblazy_static-efa3519517df6cf0.rlib" "/opt/rustwide/target/debug/deps/libregex_automata-a808602f466fe727.rlib" "/opt/rustwide/target/debug/deps/libbyteorder-04b6f1f35cfa0473.rlib" "/opt/rustwide/target/debug/deps/libmemchr-1a54e211cda84184.rlib" "/opt/rustwide/target/debug/deps/libserde-60b001d7f30488c5.rlib" "/opt/rustwide/target/debug/deps/libanyhow-aec342903580ea93.rlib" "/opt/rustwide/target/debug/deps/libonce_cell-1fc356a87167a13f.rlib" "/opt/rustwide/target/debug/deps/libchrono-0eab23be93fe3a58.rlib" "/opt/rustwide/target/debug/deps/libnum_integer-9cb777dff819a162.rlib" "/opt/rustwide/target/debug/deps/libnum_traits-b9bb85d0c53b5413.rlib" "/opt/rustwide/target/debug/deps/libtime-838d2fd5b72a9649.rlib" "/opt/rustwide/target/debug/deps/liblibc-6ba18e38be367eb8.rlib" "/opt/rustwide/rustup-home/toolchains/beta-2023-12-22-x86_64-unknown-linux-gnu/lib/rustlib/x86_64-unknown-linux-gnu/lib/libstd-0672489a78b613de.rlib" "/opt/rustwide/rustup-home/toolchains/beta-2023-12-22-x86_64-unknown-linux-gnu/lib/rustlib/x86_64-unknown-linux-gnu/lib/libpanic_unwind-7eb3ffc34a49f675.rlib" "/opt/rustwide/rustup-home/toolchains/beta-2023-12-22-x86_64-unknown-linux-gnu/lib/rustlib/x86_64-unknown-linux-gnu/lib/libobject-6478a9daa4bee8e2.rlib" "/opt/rustwide/rustup-home/toolchains/beta-2023-12-22-x86_64-unknown-linux-gnu/lib/rustlib/x86_64-unknown-linux-gnu/lib/libmemchr-0c75d871a5c3923d.rlib" "/opt/rustwide/rustup-home/toolchains/beta-2023-12-22-x86_64-unknown-linux-gnu/lib/rustlib/x86_64-unknown-linux-gnu/lib/libaddr2line-d163ef63ad37bb71.rlib" "/opt/rustwide/rustup-home/toolchains/beta-2023-12-22-x86_64-unknown-linux-gnu/lib/rustlib/x86_64-unknown-linux-gnu/lib/libgimli-8a3fd810a85b9f4c.rlib" "/opt/rustwide/rustup-home/toolchains/beta-2023-12-22-x86_64-unknown-linux-gnu/lib/rustlib/x86_64-unknown-linux-gnu/lib/librustc_demangle-462a2cde8c5dfc10.rlib" "/opt/rustwide/rustup-home/toolchains/beta-2023-12-22-x86_64-unknown-linux-gnu/lib/rustlib/x86_64-unknown-linux-gnu/lib/libstd_detect-cb06ac9f54713f71.rlib" "/opt/rustwide/rustup-home/toolchains/beta-2023-12-22-x86_64-unknown-linux-gnu/lib/rustlib/x86_64-unknown-linux-gnu/lib/libhashbrown-f20bfd1f8e59b393.rlib" "/opt/rustwide/rustup-home/toolchains/beta-2023-12-22-x86_64-unknown-linux-gnu/lib/rustlib/x86_64-unknown-linux-gnu/lib/librustc_std_workspace_alloc-1ef460949b49da4b.rlib" "/opt/rustwide/rustup-home/toolchains/beta-2023-12-22-x86_64-unknown-linux-gnu/lib/rustlib/x86_64-unknown-linux-gnu/lib/libminiz_oxide-2cb0c0ffe4f87514.rlib" "/opt/rustwide/rustup-home/toolchains/beta-2023-12-22-x86_64-unknown-linux-gnu/lib/rustlib/x86_64-unknown-linux-gnu/lib/libadler-58d841eb322a11a2.rlib" "/opt/rustwide/rustup-home/toolchains/beta-2023-12-22-x86_64-unknown-linux-gnu/lib/rustlib/x86_64-unknown-linux-gnu/lib/libunwind-aa2ae0b0a9d11533.rlib" "/opt/rustwide/rustup-home/toolchains/beta-2023-12-22-x86_64-unknown-linux-gnu/lib/rustlib/x86_64-unknown-linux-gnu/lib/libcfg_if-23874e15830ed336.rlib" "/opt/rustwide/rustup-home/toolchains/beta-2023-12-22-x86_64-unknown-linux-gnu/lib/rustlib/x86_64-unknown-linux-gnu/lib/liblibc-e47cddc003bce885.rlib" "/opt/rustwide/rustup-home/toolchains/beta-2023-12-22-x86_64-unknown-linux-gnu/lib/rustlib/x86_64-unknown-linux-gnu/lib/liballoc-c22b13b48a8f128e.rlib" "/opt/rustwide/rustup-home/toolchains/beta-2023-12-22-x86_64-unknown-linux-gnu/lib/rustlib/x86_64-unknown-linux-gnu/lib/librustc_std_workspace_core-e46bc3da6d7c462f.rlib" "/opt/rustwide/rustup-home/toolchains/beta-2023-12-22-x86_64-unknown-linux-gnu/lib/rustlib/x86_64-unknown-linux-gnu/lib/libcore-8d1ac131d3cb2645.rlib" "/opt/rustwide/rustup-home/toolchains/beta-2023-12-22-x86_64-unknown-linux-gnu/lib/rustlib/x86_64-unknown-linux-gnu/lib/libcompiler_builtins-a1b43df8c6899c1f.rlib" "-Wl,-Bdynamic" "-lssl" "-lcrypto" "-lgcc_s" "-lutil" "-lrt" "-lpthread" "-lm" "-ldl" "-lc" "-Wl,--eh-frame-hdr" "-Wl,-z,noexecstack" "-L" "/opt/rustwide/rustup-home/toolchains/beta-2023-12-22-x86_64-unknown-linux-gnu/lib/rustlib/x86_64-unknown-linux-gnu/lib" "-o" "/tmp/rustdoctestCe49LP/rust_out" "-Wl,--gc-sections" "-pie" "-Wl,-z,relro,-z,now" "-nodefaultlibs"
[INFO] [stdout]   = note: collect2: fatal error: ld terminated with signal 9 [Killed]
[INFO] [stdout]           compilation terminated.
[INFO] [stdout]           
[INFO] [stdout] 
[INFO] [stdout] error: aborting due to 1 previous error
[INFO] [stdout] 
[INFO] [stdout] Couldn't compile the test.
[INFO] [stdout] 
[INFO] [stdout] failures:
[INFO] [stdout]     src/intraday.rs - intraday::add_workday_intraday_datetime (line 382)
[INFO] [stdout]     src/intraday.rs - intraday::get_previous_border_workday_intraday (line 106)
[INFO] [stdout]     src/workdays.rs - workdays::check_workday (line 92)
[INFO] [stdout] 
[INFO] [stdout] test result: FAILED. 14 passed; 3 failed; 0 ignored; 0 measured; 0 filtered out; finished in 19.78s
[INFO] [stdout] 
[INFO] [stderr] error: doctest failed, to rerun pass `--doc`
[INFO] running `Command { std: "docker" "inspect" "06ef7fb723bdc777317b1d37b4e089cde0e8ef533dae59589e527e8feb1d655b", kill_on_drop: false }`
[INFO] running `Command { std: "docker" "rm" "-f" "06ef7fb723bdc777317b1d37b4e089cde0e8ef533dae59589e527e8feb1d655b", kill_on_drop: false }`
[INFO] [stdout] 06ef7fb723bdc777317b1d37b4e089cde0e8ef533dae59589e527e8feb1d655b
