[INFO] cloning repository https://github.com/decorator-factory/rs-interpreter-experiments
[INFO] running `Command { std: "git" "-c" "credential.helper=" "-c" "credential.helper=/workspace/cargo-home/bin/git-credential-null" "clone" "--bare" "https://github.com/decorator-factory/rs-interpreter-experiments" "/workspace/cache/git-repos/https%3A%2F%2Fgithub.com%2Fdecorator-factory%2Frs-interpreter-experiments", kill_on_drop: false }`
[INFO] [stderr] Cloning into bare repository '/workspace/cache/git-repos/https%3A%2F%2Fgithub.com%2Fdecorator-factory%2Frs-interpreter-experiments'...
[INFO] running `Command { std: "git" "rev-parse" "HEAD", kill_on_drop: false }`
[INFO] [stdout] d60d7538b33af2c038c12a5a120c38b393db90e1
[INFO] testing decorator-factory/rs-interpreter-experiments against 1.75.0 for beta-1.76-1
[INFO] running `Command { std: "git" "clone" "/workspace/cache/git-repos/https%3A%2F%2Fgithub.com%2Fdecorator-factory%2Frs-interpreter-experiments" "/workspace/builds/worker-0-tc1/source", kill_on_drop: false }`
[INFO] [stderr] Cloning into '/workspace/builds/worker-0-tc1/source'...
[INFO] [stderr] done.
[INFO] validating manifest of git repo https://github.com/decorator-factory/rs-interpreter-experiments on toolchain 1.75.0
[INFO] running `Command { std: CARGO_HOME="/workspace/cargo-home" RUSTUP_HOME="/workspace/rustup-home" "/workspace/cargo-home/bin/cargo" "+1.75.0" "metadata" "--manifest-path" "Cargo.toml" "--no-deps", kill_on_drop: false }`
[INFO] started tweaking git repo https://github.com/decorator-factory/rs-interpreter-experiments
[INFO] finished tweaking git repo https://github.com/decorator-factory/rs-interpreter-experiments
[INFO] tweaked toml for git repo https://github.com/decorator-factory/rs-interpreter-experiments written to /workspace/builds/worker-0-tc1/source/Cargo.toml
[INFO] crate git repo https://github.com/decorator-factory/rs-interpreter-experiments already has a lockfile, it will not be regenerated
[INFO] running `Command { std: CARGO_HOME="/workspace/cargo-home" RUSTUP_HOME="/workspace/rustup-home" "/workspace/cargo-home/bin/cargo" "+1.75.0" "fetch" "--manifest-path" "Cargo.toml", kill_on_drop: false }`
[INFO] [stderr]     Blocking waiting for file lock on package cache
[INFO] [stderr]     Blocking waiting for file lock on package cache
[INFO] running `Command { std: "docker" "create" "-v" "/var/lib/crater-agent-workspace/builds/worker-0-tc1/target:/opt/rustwide/target:rw,Z" "-v" "/var/lib/crater-agent-workspace/builds/worker-0-tc1/source:/opt/rustwide/workdir:ro,Z" "-v" "/var/lib/crater-agent-workspace/cargo-home:/opt/rustwide/cargo-home:ro,Z" "-v" "/var/lib/crater-agent-workspace/rustup-home:/opt/rustwide/rustup-home:ro,Z" "-e" "SOURCE_DIR=/opt/rustwide/workdir" "-e" "CARGO_TARGET_DIR=/opt/rustwide/target" "-e" "CARGO_HOME=/opt/rustwide/cargo-home" "-e" "RUSTUP_HOME=/opt/rustwide/rustup-home" "-w" "/opt/rustwide/workdir" "-m" "1610612736" "--user" "0:0" "--network" "none" "ghcr.io/rust-lang/crates-build-env/linux@sha256:2788e3201cd34a07e3172128adcd8b3090168a8e3bcc40d7c032b9dda1df7d1c" "/opt/rustwide/cargo-home/bin/cargo" "+1.75.0" "metadata" "--no-deps" "--format-version=1", kill_on_drop: false }`
[INFO] [stdout] 51456e1210d601fb3c60f1a8f0710b13e0b7578a1d1e88efceeb9c70bc44cc03
[INFO] running `Command { std: "docker" "start" "-a" "51456e1210d601fb3c60f1a8f0710b13e0b7578a1d1e88efceeb9c70bc44cc03", kill_on_drop: false }`
[INFO] running `Command { std: "docker" "inspect" "51456e1210d601fb3c60f1a8f0710b13e0b7578a1d1e88efceeb9c70bc44cc03", kill_on_drop: false }`
[INFO] running `Command { std: "docker" "rm" "-f" "51456e1210d601fb3c60f1a8f0710b13e0b7578a1d1e88efceeb9c70bc44cc03", kill_on_drop: false }`
[INFO] [stdout] 51456e1210d601fb3c60f1a8f0710b13e0b7578a1d1e88efceeb9c70bc44cc03
[INFO] running `Command { std: "docker" "create" "-v" "/var/lib/crater-agent-workspace/builds/worker-0-tc1/target:/opt/rustwide/target:rw,Z" "-v" "/var/lib/crater-agent-workspace/builds/worker-0-tc1/source:/opt/rustwide/workdir:ro,Z" "-v" "/var/lib/crater-agent-workspace/cargo-home:/opt/rustwide/cargo-home:ro,Z" "-v" "/var/lib/crater-agent-workspace/rustup-home:/opt/rustwide/rustup-home:ro,Z" "-e" "SOURCE_DIR=/opt/rustwide/workdir" "-e" "CARGO_TARGET_DIR=/opt/rustwide/target" "-e" "CARGO_INCREMENTAL=0" "-e" "RUST_BACKTRACE=full" "-e" "RUSTFLAGS=--cap-lints=warn" "-e" "RUSTDOCFLAGS=--cap-lints=warn" "-e" "CARGO_HOME=/opt/rustwide/cargo-home" "-e" "RUSTUP_HOME=/opt/rustwide/rustup-home" "-w" "/opt/rustwide/workdir" "-m" "1610612736" "--user" "0:0" "--network" "none" "ghcr.io/rust-lang/crates-build-env/linux@sha256:2788e3201cd34a07e3172128adcd8b3090168a8e3bcc40d7c032b9dda1df7d1c" "/opt/rustwide/cargo-home/bin/cargo" "+1.75.0" "build" "--frozen" "--message-format=json", kill_on_drop: false }`
[INFO] [stdout] eb99fcaaf8807b1b08aa20df457e836914ccb1d4b5d89d66fe3016a6487c6add
[INFO] running `Command { std: "docker" "start" "-a" "eb99fcaaf8807b1b08aa20df457e836914ccb1d4b5d89d66fe3016a6487c6add", kill_on_drop: false }`
[INFO] [stderr]    Compiling typenum v1.16.0
[INFO] [stderr]    Compiling version_check v0.9.4
[INFO] [stderr]    Compiling rand_core v0.6.4
[INFO] [stderr]    Compiling rand_xoshiro v0.6.0
[INFO] [stderr]    Compiling im v15.1.0
[INFO] [stderr]    Compiling bitmaps v2.1.0
[INFO] [stderr]    Compiling sized-chunks v0.6.5
[INFO] [stderr]    Compiling interpreter-experiments v0.1.0 (/opt/rustwide/workdir)
[INFO] [stderr]     Finished dev [unoptimized + debuginfo] target(s) in 2.68s
[INFO] running `Command { std: "docker" "inspect" "eb99fcaaf8807b1b08aa20df457e836914ccb1d4b5d89d66fe3016a6487c6add", kill_on_drop: false }`
[INFO] running `Command { std: "docker" "rm" "-f" "eb99fcaaf8807b1b08aa20df457e836914ccb1d4b5d89d66fe3016a6487c6add", kill_on_drop: false }`
[INFO] [stdout] eb99fcaaf8807b1b08aa20df457e836914ccb1d4b5d89d66fe3016a6487c6add
[INFO] running `Command { std: "docker" "create" "-v" "/var/lib/crater-agent-workspace/builds/worker-0-tc1/target:/opt/rustwide/target:rw,Z" "-v" "/var/lib/crater-agent-workspace/builds/worker-0-tc1/source:/opt/rustwide/workdir:ro,Z" "-v" "/var/lib/crater-agent-workspace/cargo-home:/opt/rustwide/cargo-home:ro,Z" "-v" "/var/lib/crater-agent-workspace/rustup-home:/opt/rustwide/rustup-home:ro,Z" "-e" "SOURCE_DIR=/opt/rustwide/workdir" "-e" "CARGO_TARGET_DIR=/opt/rustwide/target" "-e" "CARGO_INCREMENTAL=0" "-e" "RUST_BACKTRACE=full" "-e" "RUSTFLAGS=--cap-lints=warn" "-e" "RUSTDOCFLAGS=--cap-lints=warn" "-e" "CARGO_HOME=/opt/rustwide/cargo-home" "-e" "RUSTUP_HOME=/opt/rustwide/rustup-home" "-w" "/opt/rustwide/workdir" "-m" "1610612736" "--user" "0:0" "--network" "none" "ghcr.io/rust-lang/crates-build-env/linux@sha256:2788e3201cd34a07e3172128adcd8b3090168a8e3bcc40d7c032b9dda1df7d1c" "/opt/rustwide/cargo-home/bin/cargo" "+1.75.0" "test" "--frozen" "--no-run" "--message-format=json", kill_on_drop: false }`
[INFO] [stdout] 73a00bb147e7c6f0f5009efa2302bb2e64d8af07c20363aaa90af71dcfcd9026
[INFO] running `Command { std: "docker" "start" "-a" "73a00bb147e7c6f0f5009efa2302bb2e64d8af07c20363aaa90af71dcfcd9026", kill_on_drop: false }`
[INFO] [stderr]    Compiling interpreter-experiments v0.1.0 (/opt/rustwide/workdir)
[INFO] [stderr]     Finished test [unoptimized + debuginfo] target(s) in 0.23s
[INFO] running `Command { std: "docker" "inspect" "73a00bb147e7c6f0f5009efa2302bb2e64d8af07c20363aaa90af71dcfcd9026", kill_on_drop: false }`
[INFO] running `Command { std: "docker" "rm" "-f" "73a00bb147e7c6f0f5009efa2302bb2e64d8af07c20363aaa90af71dcfcd9026", kill_on_drop: false }`
[INFO] [stdout] 73a00bb147e7c6f0f5009efa2302bb2e64d8af07c20363aaa90af71dcfcd9026
[INFO] running `Command { std: "docker" "create" "-v" "/var/lib/crater-agent-workspace/builds/worker-0-tc1/target:/opt/rustwide/target:rw,Z" "-v" "/var/lib/crater-agent-workspace/builds/worker-0-tc1/source:/opt/rustwide/workdir:ro,Z" "-v" "/var/lib/crater-agent-workspace/cargo-home:/opt/rustwide/cargo-home:ro,Z" "-v" "/var/lib/crater-agent-workspace/rustup-home:/opt/rustwide/rustup-home:ro,Z" "-e" "SOURCE_DIR=/opt/rustwide/workdir" "-e" "CARGO_TARGET_DIR=/opt/rustwide/target" "-e" "CARGO_INCREMENTAL=0" "-e" "RUST_BACKTRACE=full" "-e" "RUSTFLAGS=--cap-lints=warn" "-e" "RUSTDOCFLAGS=--cap-lints=warn" "-e" "CARGO_HOME=/opt/rustwide/cargo-home" "-e" "RUSTUP_HOME=/opt/rustwide/rustup-home" "-w" "/opt/rustwide/workdir" "-m" "1610612736" "--user" "0:0" "--network" "none" "ghcr.io/rust-lang/crates-build-env/linux@sha256:2788e3201cd34a07e3172128adcd8b3090168a8e3bcc40d7c032b9dda1df7d1c" "/opt/rustwide/cargo-home/bin/cargo" "+1.75.0" "test" "--frozen", kill_on_drop: false }`
[INFO] [stdout] aedcd25656832de21b001aff1d5207e34d2cd26825953d4045771c88474537b5
[INFO] running `Command { std: "docker" "start" "-a" "aedcd25656832de21b001aff1d5207e34d2cd26825953d4045771c88474537b5", kill_on_drop: false }`
[INFO] [stderr]     Finished test [unoptimized + debuginfo] target(s) in 0.00s
[INFO] [stderr]      Running unittests src/lib.rs (/opt/rustwide/target/debug/deps/interpreter_experiments-a377cede395a2d6c)
[INFO] [stdout] 
[INFO] [stdout] running 0 tests
[INFO] [stdout] 
[INFO] [stdout] test result: ok. 0 passed; 0 failed; 0 ignored; 0 measured; 0 filtered out; finished in 0.00s
[INFO] [stdout] 
[INFO] [stderr]      Running unittests src/main.rs (/opt/rustwide/target/debug/deps/interpreter_experiments-b7b41a02c5f42d88)
[INFO] [stdout] 
[INFO] [stdout] running 0 tests
[INFO] [stdout] 
[INFO] [stdout] test result: ok. 0 passed; 0 failed; 0 ignored; 0 measured; 0 filtered out; finished in 0.00s
[INFO] [stdout] 
[INFO] [stderr]    Doc-tests interpreter-experiments
[INFO] [stdout] 
[INFO] [stdout] running 7 tests
[INFO] [stdout] test src/hmm_eval.rs - hmm_eval (line 37) ... FAILED
[INFO] [stdout] test src/base.rs - base::F (line 206) ... FAILED
[INFO] [stdout] test src/base.rs - base::Val (line 81) ... FAILED
[INFO] [stdout] test src/base.rs - base::Val (line 95) ... FAILED
[INFO] [stdout] test src/hmm_eval.rs - hmm_eval (line 9) ... FAILED
[INFO] [stdout] test src/base.rs - base::F (line 214) ... FAILED
[INFO] [stdout] test src/base.rs - base::Val (line 90) ... ok
[INFO] [stdout] 
[INFO] [stdout] failures:
[INFO] [stdout] 
[INFO] [stdout] ---- src/hmm_eval.rs - hmm_eval (line 37) stdout ----
[INFO] [stdout] error: expected identifier, found `:`
[INFO] [stdout]  --> src/hmm_eval.rs:38:7
[INFO] [stdout]   |
[INFO] [stdout] 3 | Result: Ok(Int(69))
[INFO] [stdout]   |       ^ expected identifier
[INFO] [stdout] 
[INFO] [stdout] error: aborting due to previous error
[INFO] [stdout] 
[INFO] [stdout] Couldn't compile the test.
[INFO] [stdout] ---- src/base.rs - base::F (line 206) stdout ----
[INFO] [stdout] error: cannot find macro `F` in this scope
[INFO] [stdout]  --> src/base.rs:207:1
[INFO] [stdout]   |
[INFO] [stdout] 3 | F!(
[INFO] [stdout]   | ^
[INFO] [stdout]   |
[INFO] [stdout] help: consider importing this macro
[INFO] [stdout]   |
[INFO] [stdout] 2 + use interpreter_experiments::F;
[INFO] [stdout]   |
[INFO] [stdout] 
[INFO] [stdout] error: aborting due to previous error
[INFO] [stdout] 
[INFO] [stdout] Couldn't compile the test.
[INFO] [stdout] ---- src/base.rs - base::Val (line 81) stdout ----
[INFO] [stdout] error[E0412]: cannot find type `Val` in this scope
[INFO] [stdout]  --> src/base.rs:82:18
[INFO] [stdout]   |
[INFO] [stdout] 3 | pub type MyVal = Val<MyBuiltin>;
[INFO] [stdout]   |                  ^^^ not found in this scope
[INFO] [stdout]   |
[INFO] [stdout] help: consider importing one of these items
[INFO] [stdout]   |
[INFO] [stdout] 2 + use interpreter_experiments::Val;
[INFO] [stdout]   |
[INFO] [stdout] 2 + use interpreter_experiments::direct_eval::Val;
[INFO] [stdout]   |
[INFO] [stdout] 2 + use interpreter_experiments::hmm_eval::Val;
[INFO] [stdout]   |
[INFO] [stdout] 
[INFO] [stdout] error[E0412]: cannot find type `EvalResult` in this scope
[INFO] [stdout]  --> src/base.rs:83:25
[INFO] [stdout]   |
[INFO] [stdout] 4 | pub type MyEvalResult = EvalResult<Val>;
[INFO] [stdout]   |                         ^^^^^^^^^^ not found in this scope
[INFO] [stdout]   |
[INFO] [stdout] help: consider importing one of these items
[INFO] [stdout]   |
[INFO] [stdout] 2 + use interpreter_experiments::EvalResult;
[INFO] [stdout]   |
[INFO] [stdout] 2 + use interpreter_experiments::direct_eval::EvalResult;
[INFO] [stdout]   |
[INFO] [stdout] 2 + use interpreter_experiments::hmm_eval::EvalResult;
[INFO] [stdout]   |
[INFO] [stdout] 
[INFO] [stdout] error[E0412]: cannot find type `Val` in this scope
[INFO] [stdout]  --> src/base.rs:83:36
[INFO] [stdout]   |
[INFO] [stdout] 4 | pub type MyEvalResult = EvalResult<Val>;
[INFO] [stdout]   |                                    ^^^ not found in this scope
[INFO] [stdout]   |
[INFO] [stdout] help: consider importing one of these items
[INFO] [stdout]   |
[INFO] [stdout] 2 + use interpreter_experiments::Val;
[INFO] [stdout]   |
[INFO] [stdout] 2 + use interpreter_experiments::direct_eval::Val;
[INFO] [stdout]   |
[INFO] [stdout] 2 + use interpreter_experiments::hmm_eval::Val;
[INFO] [stdout]   |
[INFO] [stdout] 
[INFO] [stdout] error[E0412]: cannot find type `Rc` in this scope
[INFO] [stdout]  --> src/base.rs:84:22
[INFO] [stdout]   |
[INFO] [stdout] 5 | pub struct MyBuiltin(Rc<Box<dyn Fn(Rc<MyVal>) -> MyEvalResult>>);
[INFO] [stdout]   |                      ^^ not found in this scope
[INFO] [stdout]   |
[INFO] [stdout] help: consider importing this struct
[INFO] [stdout]   |
[INFO] [stdout] 2 + use std::rc::Rc;
[INFO] [stdout]   |
[INFO] [stdout] 
[INFO] [stdout] error[E0412]: cannot find type `Rc` in this scope
[INFO] [stdout]  --> src/base.rs:84:36
[INFO] [stdout]   |
[INFO] [stdout] 5 | pub struct MyBuiltin(Rc<Box<dyn Fn(Rc<MyVal>) -> MyEvalResult>>);
[INFO] [stdout]   |                                    ^^ not found in this scope
[INFO] [stdout]   |
[INFO] [stdout] help: consider importing this struct
[INFO] [stdout]   |
[INFO] [stdout] 2 + use std::rc::Rc;
[INFO] [stdout]   |
[INFO] [stdout] 
[INFO] [stdout] error: aborting due to 5 previous errors
[INFO] [stdout] 
[INFO] [stdout] For more information about this error, try `rustc --explain E0412`.
[INFO] [stdout] Couldn't compile the test.
[INFO] [stdout] ---- src/base.rs - base::Val (line 95) stdout ----
[INFO] [stdout] error[E0412]: cannot find type `Rc` in this scope
[INFO] [stdout]  --> src/base.rs:98:32
[INFO] [stdout]   |
[INFO] [stdout] 5 | type Callback = Box<dyn FnOnce(Rc<Val>) -> Thunk>;
[INFO] [stdout]   |                                ^^ not found in this scope
[INFO] [stdout]   |
[INFO] [stdout] help: consider importing this struct
[INFO] [stdout]   |
[INFO] [stdout] 2 + use std::rc::Rc;
[INFO] [stdout]   |
[INFO] [stdout] 
[INFO] [stdout] error[E0412]: cannot find type `Val` in this scope
[INFO] [stdout]  --> src/base.rs:98:35
[INFO] [stdout]   |
[INFO] [stdout] 5 | type Callback = Box<dyn FnOnce(Rc<Val>) -> Thunk>;
[INFO] [stdout]   |                                   ^^^ not found in this scope
[INFO] [stdout]   |
[INFO] [stdout] help: consider importing one of these items
[INFO] [stdout]   |
[INFO] [stdout] 2 + use interpreter_experiments::Val;
[INFO] [stdout]   |
[INFO] [stdout] 2 + use interpreter_experiments::direct_eval::Val;
[INFO] [stdout]   |
[INFO] [stdout] 2 + use interpreter_experiments::hmm_eval::Val;
[INFO] [stdout]   |
[INFO] [stdout] 
[INFO] [stdout] error[E0412]: cannot find type `EvalResult` in this scope
[INFO] [stdout]  --> src/base.rs:101:10
[INFO] [stdout]   |
[INFO] [stdout] 8 |     Done(EvalResult),
[INFO] [stdout]   |          ^^^^^^^^^^ not found in this scope
[INFO] [stdout]   |
[INFO] [stdout] help: consider importing one of these items
[INFO] [stdout]   |
[INFO] [stdout] 2 + use interpreter_experiments::EvalResult;
[INFO] [stdout]   |
[INFO] [stdout] 2 + use interpreter_experiments::direct_eval::EvalResult;
[INFO] [stdout]   |
[INFO] [stdout] 2 + use interpreter_experiments::hmm_eval::EvalResult;
[INFO] [stdout]   |
[INFO] [stdout] 
[INFO] [stdout] error[E0412]: cannot find type `Rc` in this scope
[INFO] [stdout]  --> src/base.rs:102:21
[INFO] [stdout]   |
[INFO] [stdout] 9 |     NeedElaboration(Rc<Expr>, Rc<Ns>, Callback),
[INFO] [stdout]   |                     ^^ not found in this scope
[INFO] [stdout]   |
[INFO] [stdout] help: consider importing this struct
[INFO] [stdout]   |
[INFO] [stdout] 2 + use std::rc::Rc;
[INFO] [stdout]   |
[INFO] [stdout] 
[INFO] [stdout] error[E0412]: cannot find type `Expr` in this scope
[INFO] [stdout]  --> src/base.rs:102:24
[INFO] [stdout]   |
[INFO] [stdout] 9 |     NeedElaboration(Rc<Expr>, Rc<Ns>, Callback),
[INFO] [stdout]   |                        ^^^^ not found in this scope
[INFO] [stdout]   |
[INFO] [stdout] help: consider importing one of these items
[INFO] [stdout]   |
[INFO] [stdout] 2 + use interpreter_experiments::Expr;
[INFO] [stdout]   |
[INFO] [stdout] 2 + use interpreter_experiments::direct_eval::Expr;
[INFO] [stdout]   |
[INFO] [stdout] 2 + use interpreter_experiments::hmm_eval::Expr;
[INFO] [stdout]   |
[INFO] [stdout] 
[INFO] [stdout] error[E0412]: cannot find type `Rc` in this scope
[INFO] [stdout]  --> src/base.rs:102:31
[INFO] [stdout]   |
[INFO] [stdout] 9 |     NeedElaboration(Rc<Expr>, Rc<Ns>, Callback),
[INFO] [stdout]   |                               ^^ not found in this scope
[INFO] [stdout]   |
[INFO] [stdout] help: consider importing this struct
[INFO] [stdout]   |
[INFO] [stdout] 2 + use std::rc::Rc;
[INFO] [stdout]   |
[INFO] [stdout] 
[INFO] [stdout] error[E0412]: cannot find type `Ns` in this scope
[INFO] [stdout]  --> src/base.rs:102:34
[INFO] [stdout]   |
[INFO] [stdout] 9 |     NeedElaboration(Rc<Expr>, Rc<Ns>, Callback),
[INFO] [stdout]   |                                  ^^ not found in this scope
[INFO] [stdout]   |
[INFO] [stdout] help: consider importing one of these items
[INFO] [stdout]   |
[INFO] [stdout] 2 + use interpreter_experiments::Ns;
[INFO] [stdout]   |
[INFO] [stdout] 2 + use interpreter_experiments::direct_eval::Ns;
[INFO] [stdout]   |
[INFO] [stdout] 2 + use interpreter_experiments::hmm_eval::Ns;
[INFO] [stdout]   |
[INFO] [stdout] 
[INFO] [stdout] error: aborting due to 7 previous errors
[INFO] [stdout] 
[INFO] [stdout] For more information about this error, try `rustc --explain E0412`.
[INFO] [stdout] Couldn't compile the test.
[INFO] [stdout] ---- src/hmm_eval.rs - hmm_eval (line 9) stdout ----
[INFO] [stdout] error: cannot find macro `F` in this scope
[INFO] [stdout]  --> src/hmm_eval.rs:11:5
[INFO] [stdout]   |
[INFO] [stdout] 4 |     F!(
[INFO] [stdout]   |     ^
[INFO] [stdout]   |
[INFO] [stdout] help: consider importing this macro
[INFO] [stdout]   |
[INFO] [stdout] 2 + use interpreter_experiments::F;
[INFO] [stdout]   |
[INFO] [stdout] 
[INFO] [stdout] error[E0433]: failed to resolve: use of undeclared type `HmmState`
[INFO] [stdout]   --> src/hmm_eval.rs:18:17
[INFO] [stdout]    |
[INFO] [stdout] 11 | let mut state = HmmState::new(expr, Rc::default());
[INFO] [stdout]    |                 ^^^^^^^^ use of undeclared type `HmmState`
[INFO] [stdout]    |
[INFO] [stdout] help: consider importing this struct
[INFO] [stdout]    |
[INFO] [stdout] 2  + use interpreter_experiments::hmm_eval::HmmState;
[INFO] [stdout]    |
[INFO] [stdout] 
[INFO] [stdout] error[E0433]: failed to resolve: use of undeclared type `Rc`
[INFO] [stdout]   --> src/hmm_eval.rs:18:37
[INFO] [stdout]    |
[INFO] [stdout] 11 | let mut state = HmmState::new(expr, Rc::default());
[INFO] [stdout]    |                                     ^^ use of undeclared type `Rc`
[INFO] [stdout]    |
[INFO] [stdout] help: consider importing this struct
[INFO] [stdout]    |
[INFO] [stdout] 2  + use std::rc::Rc;
[INFO] [stdout]    |
[INFO] [stdout] 
[INFO] [stdout] error[E0433]: failed to resolve: use of undeclared type `EvalError`
[INFO] [stdout]   --> src/hmm_eval.rs:25:19
[INFO] [stdout]    |
[INFO] [stdout] 18 |         break Err(EvalError::Misc("Too many steps!".into()));
[INFO] [stdout]    |                   ^^^^^^^^^ use of undeclared type `EvalError`
[INFO] [stdout]    |
[INFO] [stdout] help: consider importing this enum
[INFO] [stdout]    |
[INFO] [stdout] 2  + use interpreter_experiments::EvalError;
[INFO] [stdout]    |
[INFO] [stdout] 
[INFO] [stdout] error: aborting due to 4 previous errors
[INFO] [stdout] 
[INFO] [stdout] For more information about this error, try `rustc --explain E0433`.
[INFO] [stdout] Couldn't compile the test.
[INFO] [stdout] ---- src/base.rs - base::F (line 214) stdout ----
[INFO] [stdout] error[E0433]: failed to resolve: use of undeclared type `Rc`
[INFO] [stdout]  --> src/base.rs:215:1
[INFO] [stdout]   |
[INFO] [stdout] 3 | Rc::new(Expr::Call {
[INFO] [stdout]   | ^^ use of undeclared type `Rc`
[INFO] [stdout]   |
[INFO] [stdout] help: consider importing this struct
[INFO] [stdout]   |
[INFO] [stdout] 2 + use std::rc::Rc;
[INFO] [stdout]   |
[INFO] [stdout] 
[INFO] [stdout] error[E0433]: failed to resolve: use of undeclared type `Expr`
[INFO] [stdout]  --> src/base.rs:215:9
[INFO] [stdout]   |
[INFO] [stdout] 3 | Rc::new(Expr::Call {
[INFO] [stdout]   |         ^^^^ use of undeclared type `Expr`
[INFO] [stdout]   |
[INFO] [stdout] help: consider importing one of these items
[INFO] [stdout]   |
[INFO] [stdout] 2 + use interpreter_experiments::Expr;
[INFO] [stdout]   |
[INFO] [stdout] 2 + use interpreter_experiments::direct_eval::Expr;
[INFO] [stdout]   |
[INFO] [stdout] 2 + use interpreter_experiments::hmm_eval::Expr;
[INFO] [stdout]   |
[INFO] [stdout] 
[INFO] [stdout] error[E0433]: failed to resolve: use of undeclared type `Rc`
[INFO] [stdout]  --> src/base.rs:216:11
[INFO] [stdout]   |
[INFO] [stdout] 4 |     func: Rc::new(Expr::Call {
[INFO] [stdout]   |           ^^ use of undeclared type `Rc`
[INFO] [stdout]   |
[INFO] [stdout] help: consider importing this struct
[INFO] [stdout]   |
[INFO] [stdout] 2 + use std::rc::Rc;
[INFO] [stdout]   |
[INFO] [stdout] 
[INFO] [stdout] error[E0433]: failed to resolve: use of undeclared type `Expr`
[INFO] [stdout]  --> src/base.rs:216:19
[INFO] [stdout]   |
[INFO] [stdout] 4 |     func: Rc::new(Expr::Call {
[INFO] [stdout]   |                   ^^^^ use of undeclared type `Expr`
[INFO] [stdout]   |
[INFO] [stdout] help: consider importing one of these items
[INFO] [stdout]   |
[INFO] [stdout] 2 + use interpreter_experiments::Expr;
[INFO] [stdout]   |
[INFO] [stdout] 2 + use interpreter_experiments::direct_eval::Expr;
[INFO] [stdout]   |
[INFO] [stdout] 2 + use interpreter_experiments::hmm_eval::Expr;
[INFO] [stdout]   |
[INFO] [stdout] 
[INFO] [stdout] error[E0433]: failed to resolve: use of undeclared type `Rc`
[INFO] [stdout]  --> src/base.rs:217:15
[INFO] [stdout]   |
[INFO] [stdout] 5 |         func: Rc::new(
[INFO] [stdout]   |               ^^ use of undeclared type `Rc`
[INFO] [stdout]   |
[INFO] [stdout] help: consider importing this struct
[INFO] [stdout]   |
[INFO] [stdout] 2 + use std::rc::Rc;
[INFO] [stdout]   |
[INFO] [stdout] 
[INFO] [stdout] error[E0433]: failed to resolve: use of undeclared type `Expr`
[INFO] [stdout]  --> src/base.rs:218:13
[INFO] [stdout]   |
[INFO] [stdout] 6 |             Expr::Name(Rc::new(("lie").into())),
[INFO] [stdout]   |             ^^^^ use of undeclared type `Expr`
[INFO] [stdout]   |
[INFO] [stdout] help: consider importing one of these items
[INFO] [stdout]   |
[INFO] [stdout] 2 + use interpreter_experiments::Expr;
[INFO] [stdout]   |
[INFO] [stdout] 2 + use interpreter_experiments::direct_eval::Expr;
[INFO] [stdout]   |
[INFO] [stdout] 2 + use interpreter_experiments::hmm_eval::Expr;
[INFO] [stdout]   |
[INFO] [stdout] 
[INFO] [stdout] error[E0433]: failed to resolve: use of undeclared type `Rc`
[INFO] [stdout]  --> src/base.rs:218:24
[INFO] [stdout]   |
[INFO] [stdout] 6 |             Expr::Name(Rc::new(("lie").into())),
[INFO] [stdout]   |                        ^^ use of undeclared type `Rc`
[INFO] [stdout]   |
[INFO] [stdout] help: consider importing this struct
[INFO] [stdout]   |
[INFO] [stdout] 2 + use std::rc::Rc;
[INFO] [stdout]   |
[INFO] [stdout] 
[INFO] [stdout] error[E0433]: failed to resolve: use of undeclared type `Rc`
[INFO] [stdout]  --> src/base.rs:220:14
[INFO] [stdout]   |
[INFO] [stdout] 8 |         arg: Rc::new(Expr::Put(Rc::new((420).into()))),
[INFO] [stdout]   |              ^^ use of undeclared type `Rc`
[INFO] [stdout]   |
[INFO] [stdout] help: consider importing this struct
[INFO] [stdout]   |
[INFO] [stdout] 2 + use std::rc::Rc;
[INFO] [stdout]   |
[INFO] [stdout] 
[INFO] [stdout] error[E0433]: failed to resolve: use of undeclared type `Expr`
[INFO] [stdout]  --> src/base.rs:220:22
[INFO] [stdout]   |
[INFO] [stdout] 8 |         arg: Rc::new(Expr::Put(Rc::new((420).into()))),
[INFO] [stdout]   |                      ^^^^ use of undeclared type `Expr`
[INFO] [stdout]   |
[INFO] [stdout] help: consider importing one of these items
[INFO] [stdout]   |
[INFO] [stdout] 2 + use interpreter_experiments::Expr;
[INFO] [stdout]   |
[INFO] [stdout] 2 + use interpreter_experiments::direct_eval::Expr;
[INFO] [stdout]   |
[INFO] [stdout] 2 + use interpreter_experiments::hmm_eval::Expr;
[INFO] [stdout]   |
[INFO] [stdout] 
[INFO] [stdout] error[E0433]: failed to resolve: use of undeclared type `Rc`
[INFO] [stdout]  --> src/base.rs:220:32
[INFO] [stdout]   |
[INFO] [stdout] 8 |         arg: Rc::new(Expr::Put(Rc::new((420).into()))),
[INFO] [stdout]   |                                ^^ use of undeclared type `Rc`
[INFO] [stdout]   |
[INFO] [stdout] help: consider importing this struct
[INFO] [stdout]   |
[INFO] [stdout] 2 + use std::rc::Rc;
[INFO] [stdout]   |
[INFO] [stdout] 
[INFO] [stdout] error[E0433]: failed to resolve: use of undeclared type `Rc`
[INFO] [stdout]   --> src/base.rs:222:10
[INFO] [stdout]    |
[INFO] [stdout] 10 |     arg: Rc::new(Expr::Call {
[INFO] [stdout]    |          ^^ use of undeclared type `Rc`
[INFO] [stdout]    |
[INFO] [stdout] help: consider importing this struct
[INFO] [stdout]    |
[INFO] [stdout] 2  + use std::rc::Rc;
[INFO] [stdout]    |
[INFO] [stdout] 
[INFO] [stdout] error[E0433]: failed to resolve: use of undeclared type `Expr`
[INFO] [stdout]   --> src/base.rs:222:18
[INFO] [stdout]    |
[INFO] [stdout] 10 |     arg: Rc::new(Expr::Call {
[INFO] [stdout]    |                  ^^^^ use of undeclared type `Expr`
[INFO] [stdout]    |
[INFO] [stdout] help: consider importing one of these items
[INFO] [stdout]    |
[INFO] [stdout] 2  + use interpreter_experiments::Expr;
[INFO] [stdout]    |
[INFO] [stdout] 2  + use interpreter_experiments::direct_eval::Expr;
[INFO] [stdout]    |
[INFO] [stdout] 2  + use interpreter_experiments::hmm_eval::Expr;
[INFO] [stdout]    |
[INFO] [stdout] 
[INFO] [stdout] error[E0433]: failed to resolve: use of undeclared type `Rc`
[INFO] [stdout]   --> src/base.rs:223:15
[INFO] [stdout]    |
[INFO] [stdout] 11 |         func: Rc::new(Expr::Call {
[INFO] [stdout]    |               ^^ use of undeclared type `Rc`
[INFO] [stdout]    |
[INFO] [stdout] help: consider importing this struct
[INFO] [stdout]    |
[INFO] [stdout] 2  + use std::rc::Rc;
[INFO] [stdout]    |
[INFO] [stdout] 
[INFO] [stdout] error[E0433]: failed to resolve: use of undeclared type `Expr`
[INFO] [stdout]   --> src/base.rs:223:23
[INFO] [stdout]    |
[INFO] [stdout] 11 |         func: Rc::new(Expr::Call {
[INFO] [stdout]    |                       ^^^^ use of undeclared type `Expr`
[INFO] [stdout]    |
[INFO] [stdout] help: consider importing one of these items
[INFO] [stdout]    |
[INFO] [stdout] 2  + use interpreter_experiments::Expr;
[INFO] [stdout]    |
[INFO] [stdout] 2  + use interpreter_experiments::direct_eval::Expr;
[INFO] [stdout]    |
[INFO] [stdout] 2  + use interpreter_experiments::hmm_eval::Expr;
[INFO] [stdout]    |
[INFO] [stdout] 
[INFO] [stdout] error[E0433]: failed to resolve: use of undeclared type `Rc`
[INFO] [stdout]   --> src/base.rs:224:19
[INFO] [stdout]    |
[INFO] [stdout] 12 |             func: Rc::new(
[INFO] [stdout]    |                   ^^ use of undeclared type `Rc`
[INFO] [stdout]    |
[INFO] [stdout] help: consider importing this struct
[INFO] [stdout]    |
[INFO] [stdout] 2  + use std::rc::Rc;
[INFO] [stdout]    |
[INFO] [stdout] 
[INFO] [stdout] error[E0433]: failed to resolve: use of undeclared type `Expr`
[INFO] [stdout]   --> src/base.rs:225:17
[INFO] [stdout]    |
[INFO] [stdout] 13 |                 Expr::Name(Rc::new(("tru").into())),
[INFO] [stdout]    |                 ^^^^ use of undeclared type `Expr`
[INFO] [stdout]    |
[INFO] [stdout] help: consider importing one of these items
[INFO] [stdout]    |
[INFO] [stdout] 2  + use interpreter_experiments::Expr;
[INFO] [stdout]    |
[INFO] [stdout] 2  + use interpreter_experiments::direct_eval::Expr;
[INFO] [stdout]    |
[INFO] [stdout] 2  + use interpreter_experiments::hmm_eval::Expr;
[INFO] [stdout]    |
[INFO] [stdout] 
[INFO] [stdout] error[E0433]: failed to resolve: use of undeclared type `Rc`
[INFO] [stdout]   --> src/base.rs:225:28
[INFO] [stdout]    |
[INFO] [stdout] 13 |                 Expr::Name(Rc::new(("tru").into())),
[INFO] [stdout]    |                            ^^ use of undeclared type `Rc`
[INFO] [stdout]    |
[INFO] [stdout] help: consider importing this struct
[INFO] [stdout]    |
[INFO] [stdout] 2  + use std::rc::Rc;
[INFO] [stdout]    |
[INFO] [stdout] 
[INFO] [stdout] error[E0433]: failed to resolve: use of undeclared type `Rc`
[INFO] [stdout]   --> src/base.rs:227:18
[INFO] [stdout]    |
[INFO] [stdout] 15 |             arg: Rc::new(Expr::Put(Rc::new((55).into()))),
[INFO] [stdout]    |                  ^^ use of undeclared type `Rc`
[INFO] [stdout]    |
[INFO] [stdout] help: consider importing this struct
[INFO] [stdout]    |
[INFO] [stdout] 2  + use std::rc::Rc;
[INFO] [stdout]    |
[INFO] [stdout] 
[INFO] [stdout] error[E0433]: failed to resolve: use of undeclared type `Expr`
[INFO] [stdout]   --> src/base.rs:227:26
[INFO] [stdout]    |
[INFO] [stdout] 15 |             arg: Rc::new(Expr::Put(Rc::new((55).into()))),
[INFO] [stdout]    |                          ^^^^ use of undeclared type `Expr`
[INFO] [stdout]    |
[INFO] [stdout] help: consider importing one of these items
[INFO] [stdout]    |
[INFO] [stdout] 2  + use interpreter_experiments::Expr;
[INFO] [stdout]    |
[INFO] [stdout] 2  + use interpreter_experiments::direct_eval::Expr;
[INFO] [stdout]    |
[INFO] [stdout] 2  + use interpreter_experiments::hmm_eval::Expr;
[INFO] [stdout]    |
[INFO] [stdout] 
[INFO] [stdout] error[E0433]: failed to resolve: use of undeclared type `Rc`
[INFO] [stdout]   --> src/base.rs:227:36
[INFO] [stdout]    |
[INFO] [stdout] 15 |             arg: Rc::new(Expr::Put(Rc::new((55).into()))),
[INFO] [stdout]    |                                    ^^ use of undeclared type `Rc`
[INFO] [stdout]    |
[INFO] [stdout] help: consider importing this struct
[INFO] [stdout]    |
[INFO] [stdout] 2  + use std::rc::Rc;
[INFO] [stdout]    |
[INFO] [stdout] 
[INFO] [stdout] error[E0433]: failed to resolve: use of undeclared type `Rc`
[INFO] [stdout]   --> src/base.rs:229:14
[INFO] [stdout]    |
[INFO] [stdout] 17 |         arg: Rc::new(Expr::Lam {
[INFO] [stdout]    |              ^^ use of undeclared type `Rc`
[INFO] [stdout]    |
[INFO] [stdout] help: consider importing this struct
[INFO] [stdout]    |
[INFO] [stdout] 2  + use std::rc::Rc;
[INFO] [stdout]    |
[INFO] [stdout] 
[INFO] [stdout] error[E0433]: failed to resolve: use of undeclared type `Expr`
[INFO] [stdout]   --> src/base.rs:229:22
[INFO] [stdout]    |
[INFO] [stdout] 17 |         arg: Rc::new(Expr::Lam {
[INFO] [stdout]    |                      ^^^^ use of undeclared type `Expr`
[INFO] [stdout]    |
[INFO] [stdout] help: consider importing one of these items
[INFO] [stdout]    |
[INFO] [stdout] 2  + use interpreter_experiments::Expr;
[INFO] [stdout]    |
[INFO] [stdout] 2  + use interpreter_experiments::direct_eval::Expr;
[INFO] [stdout]    |
[INFO] [stdout] 2  + use interpreter_experiments::hmm_eval::Expr;
[INFO] [stdout]    |
[INFO] [stdout] 
[INFO] [stdout] error[E0433]: failed to resolve: use of undeclared type `Rc`
[INFO] [stdout]   --> src/base.rs:230:22
[INFO] [stdout]    |
[INFO] [stdout] 18 |             argname: Rc::new(("x").into()),
[INFO] [stdout]    |                      ^^ use of undeclared type `Rc`
[INFO] [stdout]    |
[INFO] [stdout] help: consider importing this struct
[INFO] [stdout]    |
[INFO] [stdout] 2  + use std::rc::Rc;
[INFO] [stdout]    |
[INFO] [stdout] 
[INFO] [stdout] error[E0433]: failed to resolve: use of undeclared type `Rc`
[INFO] [stdout]   --> src/base.rs:231:19
[INFO] [stdout]    |
[INFO] [stdout] 19 |             body: Rc::new(Expr::Call {
[INFO] [stdout]    |                   ^^ use of undeclared type `Rc`
[INFO] [stdout]    |
[INFO] [stdout] help: consider importing this struct
[INFO] [stdout]    |
[INFO] [stdout] 2  + use std::rc::Rc;
[INFO] [stdout]    |
[INFO] [stdout] 
[INFO] [stdout] error[E0433]: failed to resolve: use of undeclared type `Expr`
[INFO] [stdout]   --> src/base.rs:231:27
[INFO] [stdout]    |
[INFO] [stdout] 19 |             body: Rc::new(Expr::Call {
[INFO] [stdout]    |                           ^^^^ use of undeclared type `Expr`
[INFO] [stdout]    |
[INFO] [stdout] help: consider importing one of these items
[INFO] [stdout]    |
[INFO] [stdout] 2  + use interpreter_experiments::Expr;
[INFO] [stdout]    |
[INFO] [stdout] 2  + use interpreter_experiments::direct_eval::Expr;
[INFO] [stdout]    |
[INFO] [stdout] 2  + use interpreter_experiments::hmm_eval::Expr;
[INFO] [stdout]    |
[INFO] [stdout] 
[INFO] [stdout] error[E0433]: failed to resolve: use of undeclared type `Rc`
[INFO] [stdout]   --> src/base.rs:232:23
[INFO] [stdout]    |
[INFO] [stdout] 20 |                 func: Rc::new(
[INFO] [stdout]    |                       ^^ use of undeclared type `Rc`
[INFO] [stdout]    |
[INFO] [stdout] help: consider importing this struct
[INFO] [stdout]    |
[INFO] [stdout] 2  + use std::rc::Rc;
[INFO] [stdout]    |
[INFO] [stdout] 
[INFO] [stdout] error[E0433]: failed to resolve: use of undeclared type `Expr`
[INFO] [stdout]   --> src/base.rs:233:21
[INFO] [stdout]    |
[INFO] [stdout] 21 |                     Expr::Name(Rc::new(("x").into())),
[INFO] [stdout]    |                     ^^^^ use of undeclared type `Expr`
[INFO] [stdout]    |
[INFO] [stdout] help: consider importing one of these items
[INFO] [stdout]    |
[INFO] [stdout] 2  + use interpreter_experiments::Expr;
[INFO] [stdout]    |
[INFO] [stdout] 2  + use interpreter_experiments::direct_eval::Expr;
[INFO] [stdout]    |
[INFO] [stdout] 2  + use interpreter_experiments::hmm_eval::Expr;
[INFO] [stdout]    |
[INFO] [stdout] 
[INFO] [stdout] error[E0433]: failed to resolve: use of undeclared type `Rc`
[INFO] [stdout]   --> src/base.rs:233:32
[INFO] [stdout]    |
[INFO] [stdout] 21 |                     Expr::Name(Rc::new(("x").into())),
[INFO] [stdout]    |                                ^^ use of undeclared type `Rc`
[INFO] [stdout]    |
[INFO] [stdout] help: consider importing this struct
[INFO] [stdout]    |
[INFO] [stdout] 2  + use std::rc::Rc;
[INFO] [stdout]    |
[INFO] [stdout] 
[INFO] [stdout] error[E0433]: failed to resolve: use of undeclared type `Rc`
[INFO] [stdout]   --> src/base.rs:235:22
[INFO] [stdout]    |
[INFO] [stdout] 23 |                 arg: Rc::new(
[INFO] [stdout]    |                      ^^ use of undeclared type `Rc`
[INFO] [stdout]    |
[INFO] [stdout] help: consider importing this struct
[INFO] [stdout]    |
[INFO] [stdout] 2  + use std::rc::Rc;
[INFO] [stdout]    |
[INFO] [stdout] 
[INFO] [stdout] error[E0433]: failed to resolve: use of undeclared type `Expr`
[INFO] [stdout]   --> src/base.rs:236:21
[INFO] [stdout]    |
[INFO] [stdout] 24 |                     Expr::Name(Rc::new(("lie").into())),
[INFO] [stdout]    |                     ^^^^ use of undeclared type `Expr`
[INFO] [stdout]    |
[INFO] [stdout] help: consider importing one of these items
[INFO] [stdout]    |
[INFO] [stdout] 2  + use interpreter_experiments::Expr;
[INFO] [stdout]    |
[INFO] [stdout] 2  + use interpreter_experiments::direct_eval::Expr;
[INFO] [stdout]    |
[INFO] [stdout] 2  + use interpreter_experiments::hmm_eval::Expr;
[INFO] [stdout]    |
[INFO] [stdout] 
[INFO] [stdout] error[E0433]: failed to resolve: use of undeclared type `Rc`
[INFO] [stdout]   --> src/base.rs:236:32
[INFO] [stdout]    |
[INFO] [stdout] 24 |                     Expr::Name(Rc::new(("lie").into())),
[INFO] [stdout]    |                                ^^ use of undeclared type `Rc`
[INFO] [stdout]    |
[INFO] [stdout] help: consider importing this struct
[INFO] [stdout]    |
[INFO] [stdout] 2  + use std::rc::Rc;
[INFO] [stdout]    |
[INFO] [stdout] 
[INFO] [stdout] error: aborting due to 31 previous errors
[INFO] [stdout] 
[INFO] [stdout] For more information about this error, try `rustc --explain E0433`.
[INFO] [stdout] Couldn't compile the test.
[INFO] [stdout] 
[INFO] [stdout] failures:
[INFO] [stdout]     src/base.rs - base::F (line 206)
[INFO] [stdout]     src/base.rs - base::F (line 214)
[INFO] [stdout]     src/base.rs - base::Val (line 81)
[INFO] [stdout]     src/base.rs - base::Val (line 95)
[INFO] [stdout]     src/hmm_eval.rs - hmm_eval (line 37)
[INFO] [stdout]     src/hmm_eval.rs - hmm_eval (line 9)
[INFO] [stdout] 
[INFO] [stdout] test result: FAILED. 1 passed; 6 failed; 0 ignored; 0 measured; 0 filtered out; finished in 0.14s
[INFO] [stdout] 
[INFO] [stderr] error: doctest failed, to rerun pass `--doc`
[INFO] running `Command { std: "docker" "inspect" "aedcd25656832de21b001aff1d5207e34d2cd26825953d4045771c88474537b5", kill_on_drop: false }`
[INFO] running `Command { std: "docker" "rm" "-f" "aedcd25656832de21b001aff1d5207e34d2cd26825953d4045771c88474537b5", kill_on_drop: false }`
[INFO] [stdout] aedcd25656832de21b001aff1d5207e34d2cd26825953d4045771c88474537b5
[INFO] testing decorator-factory/rs-interpreter-experiments against beta-2023-12-22 for beta-1.76-1
[INFO] running `Command { std: "git" "clone" "/workspace/cache/git-repos/https%3A%2F%2Fgithub.com%2Fdecorator-factory%2Frs-interpreter-experiments" "/workspace/builds/worker-0-tc2/source", kill_on_drop: false }`
[INFO] [stderr] Cloning into '/workspace/builds/worker-0-tc2/source'...
[INFO] [stderr] done.
[INFO] validating manifest of git repo https://github.com/decorator-factory/rs-interpreter-experiments on toolchain beta-2023-12-22
[INFO] running `Command { std: CARGO_HOME="/workspace/cargo-home" RUSTUP_HOME="/workspace/rustup-home" "/workspace/cargo-home/bin/cargo" "+beta-2023-12-22" "metadata" "--manifest-path" "Cargo.toml" "--no-deps", kill_on_drop: false }`
[INFO] started tweaking git repo https://github.com/decorator-factory/rs-interpreter-experiments
[INFO] finished tweaking git repo https://github.com/decorator-factory/rs-interpreter-experiments
[INFO] tweaked toml for git repo https://github.com/decorator-factory/rs-interpreter-experiments written to /workspace/builds/worker-0-tc2/source/Cargo.toml
[INFO] crate git repo https://github.com/decorator-factory/rs-interpreter-experiments already has a lockfile, it will not be regenerated
[INFO] running `Command { std: CARGO_HOME="/workspace/cargo-home" RUSTUP_HOME="/workspace/rustup-home" "/workspace/cargo-home/bin/cargo" "+beta-2023-12-22" "fetch" "--manifest-path" "Cargo.toml", kill_on_drop: false }`
[INFO] [stderr]     Blocking waiting for file lock on package cache
[INFO] [stderr]     Blocking waiting for file lock on package cache
[INFO] running `Command { std: "docker" "create" "-v" "/var/lib/crater-agent-workspace/builds/worker-0-tc2/target:/opt/rustwide/target:rw,Z" "-v" "/var/lib/crater-agent-workspace/builds/worker-0-tc2/source:/opt/rustwide/workdir:ro,Z" "-v" "/var/lib/crater-agent-workspace/cargo-home:/opt/rustwide/cargo-home:ro,Z" "-v" "/var/lib/crater-agent-workspace/rustup-home:/opt/rustwide/rustup-home:ro,Z" "-e" "SOURCE_DIR=/opt/rustwide/workdir" "-e" "CARGO_TARGET_DIR=/opt/rustwide/target" "-e" "CARGO_HOME=/opt/rustwide/cargo-home" "-e" "RUSTUP_HOME=/opt/rustwide/rustup-home" "-w" "/opt/rustwide/workdir" "-m" "1610612736" "--user" "0:0" "--network" "none" "ghcr.io/rust-lang/crates-build-env/linux@sha256:2788e3201cd34a07e3172128adcd8b3090168a8e3bcc40d7c032b9dda1df7d1c" "/opt/rustwide/cargo-home/bin/cargo" "+beta-2023-12-22" "metadata" "--no-deps" "--format-version=1", kill_on_drop: false }`
[INFO] [stdout] 06943c4fa82b12887e1ebd9200a3a8324c98b6c853d50246d300db25ee81d499
[INFO] running `Command { std: "docker" "start" "-a" "06943c4fa82b12887e1ebd9200a3a8324c98b6c853d50246d300db25ee81d499", kill_on_drop: false }`
[INFO] running `Command { std: "docker" "inspect" "06943c4fa82b12887e1ebd9200a3a8324c98b6c853d50246d300db25ee81d499", kill_on_drop: false }`
[INFO] running `Command { std: "docker" "rm" "-f" "06943c4fa82b12887e1ebd9200a3a8324c98b6c853d50246d300db25ee81d499", kill_on_drop: false }`
[INFO] [stdout] 06943c4fa82b12887e1ebd9200a3a8324c98b6c853d50246d300db25ee81d499
[INFO] running `Command { std: "docker" "create" "-v" "/var/lib/crater-agent-workspace/builds/worker-0-tc2/target:/opt/rustwide/target:rw,Z" "-v" "/var/lib/crater-agent-workspace/builds/worker-0-tc2/source:/opt/rustwide/workdir:ro,Z" "-v" "/var/lib/crater-agent-workspace/cargo-home:/opt/rustwide/cargo-home:ro,Z" "-v" "/var/lib/crater-agent-workspace/rustup-home:/opt/rustwide/rustup-home:ro,Z" "-e" "SOURCE_DIR=/opt/rustwide/workdir" "-e" "CARGO_TARGET_DIR=/opt/rustwide/target" "-e" "CARGO_INCREMENTAL=0" "-e" "RUST_BACKTRACE=full" "-e" "RUSTFLAGS=--cap-lints=warn" "-e" "RUSTDOCFLAGS=--cap-lints=warn" "-e" "CARGO_HOME=/opt/rustwide/cargo-home" "-e" "RUSTUP_HOME=/opt/rustwide/rustup-home" "-w" "/opt/rustwide/workdir" "-m" "1610612736" "--user" "0:0" "--network" "none" "ghcr.io/rust-lang/crates-build-env/linux@sha256:2788e3201cd34a07e3172128adcd8b3090168a8e3bcc40d7c032b9dda1df7d1c" "/opt/rustwide/cargo-home/bin/cargo" "+beta-2023-12-22" "build" "--frozen" "--message-format=json", kill_on_drop: false }`
[INFO] [stdout] 648807c902e25fdba9e06c9519f92aab5fc5fd7fa3fbdf2b41273620e4ca3356
[INFO] running `Command { std: "docker" "start" "-a" "648807c902e25fdba9e06c9519f92aab5fc5fd7fa3fbdf2b41273620e4ca3356", kill_on_drop: false }`
[INFO] [stderr]    Compiling typenum v1.16.0
[INFO] [stderr]    Compiling version_check v0.9.4
[INFO] [stderr]    Compiling rand_core v0.6.4
[INFO] [stderr]    Compiling rand_xoshiro v0.6.0
[INFO] [stderr]    Compiling im v15.1.0
[INFO] [stderr]    Compiling bitmaps v2.1.0
[INFO] [stderr]    Compiling sized-chunks v0.6.5
[INFO] [stderr]    Compiling interpreter-experiments v0.1.0 (/opt/rustwide/workdir)
[INFO] [stderr]     Finished dev [unoptimized + debuginfo] target(s) in 2.68s
[INFO] running `Command { std: "docker" "inspect" "648807c902e25fdba9e06c9519f92aab5fc5fd7fa3fbdf2b41273620e4ca3356", kill_on_drop: false }`
[INFO] running `Command { std: "docker" "rm" "-f" "648807c902e25fdba9e06c9519f92aab5fc5fd7fa3fbdf2b41273620e4ca3356", kill_on_drop: false }`
[INFO] [stdout] 648807c902e25fdba9e06c9519f92aab5fc5fd7fa3fbdf2b41273620e4ca3356
[INFO] running `Command { std: "docker" "create" "-v" "/var/lib/crater-agent-workspace/builds/worker-0-tc2/target:/opt/rustwide/target:rw,Z" "-v" "/var/lib/crater-agent-workspace/builds/worker-0-tc2/source:/opt/rustwide/workdir:ro,Z" "-v" "/var/lib/crater-agent-workspace/cargo-home:/opt/rustwide/cargo-home:ro,Z" "-v" "/var/lib/crater-agent-workspace/rustup-home:/opt/rustwide/rustup-home:ro,Z" "-e" "SOURCE_DIR=/opt/rustwide/workdir" "-e" "CARGO_TARGET_DIR=/opt/rustwide/target" "-e" "CARGO_INCREMENTAL=0" "-e" "RUST_BACKTRACE=full" "-e" "RUSTFLAGS=--cap-lints=warn" "-e" "RUSTDOCFLAGS=--cap-lints=warn" "-e" "CARGO_HOME=/opt/rustwide/cargo-home" "-e" "RUSTUP_HOME=/opt/rustwide/rustup-home" "-w" "/opt/rustwide/workdir" "-m" "1610612736" "--user" "0:0" "--network" "none" "ghcr.io/rust-lang/crates-build-env/linux@sha256:2788e3201cd34a07e3172128adcd8b3090168a8e3bcc40d7c032b9dda1df7d1c" "/opt/rustwide/cargo-home/bin/cargo" "+beta-2023-12-22" "test" "--frozen" "--no-run" "--message-format=json", kill_on_drop: false }`
[INFO] [stdout] d77e3fafd4c9c008ccf7f496a84f0de03eafb0ad2fa6056860bcef114d654fd0
[INFO] running `Command { std: "docker" "start" "-a" "d77e3fafd4c9c008ccf7f496a84f0de03eafb0ad2fa6056860bcef114d654fd0", kill_on_drop: false }`
[INFO] [stderr]    Compiling interpreter-experiments v0.1.0 (/opt/rustwide/workdir)
[INFO] [stderr]     Finished test [unoptimized + debuginfo] target(s) in 0.21s
[INFO] running `Command { std: "docker" "inspect" "d77e3fafd4c9c008ccf7f496a84f0de03eafb0ad2fa6056860bcef114d654fd0", kill_on_drop: false }`
[INFO] running `Command { std: "docker" "rm" "-f" "d77e3fafd4c9c008ccf7f496a84f0de03eafb0ad2fa6056860bcef114d654fd0", kill_on_drop: false }`
[INFO] [stdout] d77e3fafd4c9c008ccf7f496a84f0de03eafb0ad2fa6056860bcef114d654fd0
[INFO] running `Command { std: "docker" "create" "-v" "/var/lib/crater-agent-workspace/builds/worker-0-tc2/target:/opt/rustwide/target:rw,Z" "-v" "/var/lib/crater-agent-workspace/builds/worker-0-tc2/source:/opt/rustwide/workdir:ro,Z" "-v" "/var/lib/crater-agent-workspace/cargo-home:/opt/rustwide/cargo-home:ro,Z" "-v" "/var/lib/crater-agent-workspace/rustup-home:/opt/rustwide/rustup-home:ro,Z" "-e" "SOURCE_DIR=/opt/rustwide/workdir" "-e" "CARGO_TARGET_DIR=/opt/rustwide/target" "-e" "CARGO_INCREMENTAL=0" "-e" "RUST_BACKTRACE=full" "-e" "RUSTFLAGS=--cap-lints=warn" "-e" "RUSTDOCFLAGS=--cap-lints=warn" "-e" "CARGO_HOME=/opt/rustwide/cargo-home" "-e" "RUSTUP_HOME=/opt/rustwide/rustup-home" "-w" "/opt/rustwide/workdir" "-m" "1610612736" "--user" "0:0" "--network" "none" "ghcr.io/rust-lang/crates-build-env/linux@sha256:2788e3201cd34a07e3172128adcd8b3090168a8e3bcc40d7c032b9dda1df7d1c" "/opt/rustwide/cargo-home/bin/cargo" "+beta-2023-12-22" "test" "--frozen", kill_on_drop: false }`
[INFO] [stdout] 48f2fc2295b953afc2c075b860320d48ad76f241fe6e2a58c561afe8575525f5
[INFO] running `Command { std: "docker" "start" "-a" "48f2fc2295b953afc2c075b860320d48ad76f241fe6e2a58c561afe8575525f5", kill_on_drop: false }`
[INFO] [stderr]     Finished test [unoptimized + debuginfo] target(s) in 0.01s
[INFO] [stderr]      Running unittests src/lib.rs (/opt/rustwide/target/debug/deps/interpreter_experiments-ff89f66f0ae329cf)
[INFO] [stdout] 
[INFO] [stdout] running 0 tests
[INFO] [stdout] 
[INFO] [stdout] test result: ok. 0 passed; 0 failed; 0 ignored; 0 measured; 0 filtered out; finished in 0.00s
[INFO] [stdout] 
[INFO] [stderr]      Running unittests src/main.rs (/opt/rustwide/target/debug/deps/interpreter_experiments-2112c0ac006a4fac)
[INFO] [stdout] 
[INFO] [stdout] running 0 tests
[INFO] [stdout] 
[INFO] [stdout] test result: ok. 0 passed; 0 failed; 0 ignored; 0 measured; 0 filtered out; finished in 0.00s
[INFO] [stdout] 
[INFO] [stderr]    Doc-tests interpreter-experiments
[INFO] [stdout] 
[INFO] [stdout] running 7 tests
[INFO] [stdout] test src/hmm_eval.rs - hmm_eval (line 37) ... FAILED
[INFO] [stdout] test src/base.rs - base::Val (line 81) ... FAILED
[INFO] [stdout] test src/base.rs - base::F (line 206) ... FAILED
[INFO] [stdout] test src/base.rs - base::Val (line 95) ... FAILED
[INFO] [stdout] test src/hmm_eval.rs - hmm_eval (line 9) ... FAILED
[INFO] [stdout] test src/base.rs - base::F (line 214) ... FAILED
[INFO] [stdout] test src/base.rs - base::Val (line 90) ... ok
[INFO] [stdout] 
[INFO] [stdout] failures:
[INFO] [stdout] 
[INFO] [stdout] ---- src/hmm_eval.rs - hmm_eval (line 37) stdout ----
[INFO] [stdout] error: expected identifier, found `:`
[INFO] [stdout]  --> src/hmm_eval.rs:38:7
[INFO] [stdout]   |
[INFO] [stdout] 3 | Result: Ok(Int(69))
[INFO] [stdout]   |       ^ expected identifier
[INFO] [stdout] 
[INFO] [stdout] error: aborting due to 1 previous error
[INFO] [stdout] 
[INFO] [stdout] Couldn't compile the test.
[INFO] [stdout] ---- src/base.rs - base::Val (line 81) stdout ----
[INFO] [stdout] error[E0412]: cannot find type `Val` in this scope
[INFO] [stdout]  --> src/base.rs:82:18
[INFO] [stdout]   |
[INFO] [stdout] 3 | pub type MyVal = Val<MyBuiltin>;
[INFO] [stdout]   |                  ^^^ not found in this scope
[INFO] [stdout]   |
[INFO] [stdout] help: consider importing one of these items
[INFO] [stdout]   |
[INFO] [stdout] 2 + use interpreter_experiments::Val;
[INFO] [stdout]   |
[INFO] [stdout] 2 + use interpreter_experiments::direct_eval::Val;
[INFO] [stdout]   |
[INFO] [stdout] 2 + use interpreter_experiments::hmm_eval::Val;
[INFO] [stdout]   |
[INFO] [stdout] 
[INFO] [stdout] error[E0412]: cannot find type `EvalResult` in this scope
[INFO] [stdout]  --> src/base.rs:83:25
[INFO] [stdout]   |
[INFO] [stdout] 4 | pub type MyEvalResult = EvalResult<Val>;
[INFO] [stdout]   |                         ^^^^^^^^^^ not found in this scope
[INFO] [stdout]   |
[INFO] [stdout] help: consider importing one of these items
[INFO] [stdout]   |
[INFO] [stdout] 2 + use interpreter_experiments::EvalResult;
[INFO] [stdout]   |
[INFO] [stdout] 2 + use interpreter_experiments::direct_eval::EvalResult;
[INFO] [stdout]   |
[INFO] [stdout] 2 + use interpreter_experiments::hmm_eval::EvalResult;
[INFO] [stdout]   |
[INFO] [stdout] 
[INFO] [stdout] error[E0412]: cannot find type `Val` in this scope
[INFO] [stdout]  --> src/base.rs:83:36
[INFO] [stdout]   |
[INFO] [stdout] 4 | pub type MyEvalResult = EvalResult<Val>;
[INFO] [stdout]   |                                    ^^^ not found in this scope
[INFO] [stdout]   |
[INFO] [stdout] help: consider importing one of these items
[INFO] [stdout]   |
[INFO] [stdout] 2 + use interpreter_experiments::Val;
[INFO] [stdout]   |
[INFO] [stdout] 2 + use interpreter_experiments::direct_eval::Val;
[INFO] [stdout]   |
[INFO] [stdout] 2 + use interpreter_experiments::hmm_eval::Val;
[INFO] [stdout]   |
[INFO] [stdout] 
[INFO] [stdout] error[E0412]: cannot find type `Rc` in this scope
[INFO] [stdout]  --> src/base.rs:84:22
[INFO] [stdout]   |
[INFO] [stdout] 5 | pub struct MyBuiltin(Rc<Box<dyn Fn(Rc<MyVal>) -> MyEvalResult>>);
[INFO] [stdout]   |                      ^^ not found in this scope
[INFO] [stdout]   |
[INFO] [stdout] help: consider importing this struct
[INFO] [stdout]   |
[INFO] [stdout] 2 + use std::rc::Rc;
[INFO] [stdout]   |
[INFO] [stdout] 
[INFO] [stdout] error[E0412]: cannot find type `Rc` in this scope
[INFO] [stdout]  --> src/base.rs:84:36
[INFO] [stdout]   |
[INFO] [stdout] 5 | pub struct MyBuiltin(Rc<Box<dyn Fn(Rc<MyVal>) -> MyEvalResult>>);
[INFO] [stdout]   |                                    ^^ not found in this scope
[INFO] [stdout]   |
[INFO] [stdout] help: consider importing this struct
[INFO] [stdout]   |
[INFO] [stdout] 2 + use std::rc::Rc;
[INFO] [stdout]   |
[INFO] [stdout] 
[INFO] [stdout] error: aborting due to 5 previous errors
[INFO] [stdout] 
[INFO] [stdout] For more information about this error, try `rustc --explain E0412`.
[INFO] [stdout] Couldn't compile the test.
[INFO] [stdout] ---- src/base.rs - base::F (line 206) stdout ----
[INFO] [stdout] error: cannot find macro `F` in this scope
[INFO] [stdout]  --> src/base.rs:207:1
[INFO] [stdout]   |
[INFO] [stdout] 3 | F!(
[INFO] [stdout]   | ^
[INFO] [stdout]   |
[INFO] [stdout] help: consider importing this macro
[INFO] [stdout]   |
[INFO] [stdout] 2 + use interpreter_experiments::F;
[INFO] [stdout]   |
[INFO] [stdout] 
[INFO] [stdout] error: aborting due to 1 previous error
[INFO] [stdout] 
[INFO] [stdout] Couldn't compile the test.
[INFO] [stdout] ---- src/base.rs - base::Val (line 95) stdout ----
[INFO] [stdout] error[E0412]: cannot find type `Rc` in this scope
[INFO] [stdout]  --> src/base.rs:98:32
[INFO] [stdout]   |
[INFO] [stdout] 5 | type Callback = Box<dyn FnOnce(Rc<Val>) -> Thunk>;
[INFO] [stdout]   |                                ^^ not found in this scope
[INFO] [stdout]   |
[INFO] [stdout] help: consider importing this struct
[INFO] [stdout]   |
[INFO] [stdout] 2 + use std::rc::Rc;
[INFO] [stdout]   |
[INFO] [stdout] 
[INFO] [stdout] error[E0412]: cannot find type `Val` in this scope
[INFO] [stdout]  --> src/base.rs:98:35
[INFO] [stdout]   |
[INFO] [stdout] 5 | type Callback = Box<dyn FnOnce(Rc<Val>) -> Thunk>;
[INFO] [stdout]   |                                   ^^^ not found in this scope
[INFO] [stdout]   |
[INFO] [stdout] help: consider importing one of these items
[INFO] [stdout]   |
[INFO] [stdout] 2 + use interpreter_experiments::Val;
[INFO] [stdout]   |
[INFO] [stdout] 2 + use interpreter_experiments::direct_eval::Val;
[INFO] [stdout]   |
[INFO] [stdout] 2 + use interpreter_experiments::hmm_eval::Val;
[INFO] [stdout]   |
[INFO] [stdout] 
[INFO] [stdout] error[E0412]: cannot find type `EvalResult` in this scope
[INFO] [stdout]  --> src/base.rs:101:10
[INFO] [stdout]   |
[INFO] [stdout] 8 |     Done(EvalResult),
[INFO] [stdout]   |          ^^^^^^^^^^ not found in this scope
[INFO] [stdout]   |
[INFO] [stdout] help: consider importing one of these items
[INFO] [stdout]   |
[INFO] [stdout] 2 + use interpreter_experiments::EvalResult;
[INFO] [stdout]   |
[INFO] [stdout] 2 + use interpreter_experiments::direct_eval::EvalResult;
[INFO] [stdout]   |
[INFO] [stdout] 2 + use interpreter_experiments::hmm_eval::EvalResult;
[INFO] [stdout]   |
[INFO] [stdout] 
[INFO] [stdout] error[E0412]: cannot find type `Rc` in this scope
[INFO] [stdout]  --> src/base.rs:102:21
[INFO] [stdout]   |
[INFO] [stdout] 9 |     NeedElaboration(Rc<Expr>, Rc<Ns>, Callback),
[INFO] [stdout]   |                     ^^ not found in this scope
[INFO] [stdout]   |
[INFO] [stdout] help: consider importing this struct
[INFO] [stdout]   |
[INFO] [stdout] 2 + use std::rc::Rc;
[INFO] [stdout]   |
[INFO] [stdout] 
[INFO] [stdout] error[E0412]: cannot find type `Expr` in this scope
[INFO] [stdout]  --> src/base.rs:102:24
[INFO] [stdout]   |
[INFO] [stdout] 9 |     NeedElaboration(Rc<Expr>, Rc<Ns>, Callback),
[INFO] [stdout]   |                        ^^^^ not found in this scope
[INFO] [stdout]   |
[INFO] [stdout] help: consider importing one of these items
[INFO] [stdout]   |
[INFO] [stdout] 2 + use interpreter_experiments::Expr;
[INFO] [stdout]   |
[INFO] [stdout] 2 + use interpreter_experiments::direct_eval::Expr;
[INFO] [stdout]   |
[INFO] [stdout] 2 + use interpreter_experiments::hmm_eval::Expr;
[INFO] [stdout]   |
[INFO] [stdout] 
[INFO] [stdout] error[E0412]: cannot find type `Rc` in this scope
[INFO] [stdout]  --> src/base.rs:102:31
[INFO] [stdout]   |
[INFO] [stdout] 9 |     NeedElaboration(Rc<Expr>, Rc<Ns>, Callback),
[INFO] [stdout]   |                               ^^ not found in this scope
[INFO] [stdout]   |
[INFO] [stdout] help: consider importing this struct
[INFO] [stdout]   |
[INFO] [stdout] 2 + use std::rc::Rc;
[INFO] [stdout]   |
[INFO] [stdout] 
[INFO] [stdout] error[E0412]: cannot find type `Ns` in this scope
[INFO] [stdout]  --> src/base.rs:102:34
[INFO] [stdout]   |
[INFO] [stdout] 9 |     NeedElaboration(Rc<Expr>, Rc<Ns>, Callback),
[INFO] [stdout]   |                                  ^^ not found in this scope
[INFO] [stdout]   |
[INFO] [stdout] help: consider importing one of these items
[INFO] [stdout]   |
[INFO] [stdout] 2 + use interpreter_experiments::Ns;
[INFO] [stdout]   |
[INFO] [stdout] 2 + use interpreter_experiments::direct_eval::Ns;
[INFO] [stdout]   |
[INFO] [stdout] 2 + use interpreter_experiments::hmm_eval::Ns;
[INFO] [stdout]   |
[INFO] [stdout] 
[INFO] [stdout] error: aborting due to 7 previous errors
[INFO] [stdout] 
[INFO] [stdout] For more information about this error, try `rustc --explain E0412`.
[INFO] [stdout] Couldn't compile the test.
[INFO] [stdout] ---- src/hmm_eval.rs - hmm_eval (line 9) stdout ----
[INFO] [stdout] error: cannot find macro `F` in this scope
[INFO] [stdout]  --> src/hmm_eval.rs:11:5
[INFO] [stdout]   |
[INFO] [stdout] 4 |     F!(
[INFO] [stdout]   |     ^
[INFO] [stdout]   |
[INFO] [stdout] help: consider importing this macro
[INFO] [stdout]   |
[INFO] [stdout] 2 + use interpreter_experiments::F;
[INFO] [stdout]   |
[INFO] [stdout] 
[INFO] [stdout] error[E0433]: failed to resolve: use of undeclared type `HmmState`
[INFO] [stdout]   --> src/hmm_eval.rs:18:17
[INFO] [stdout]    |
[INFO] [stdout] 11 | let mut state = HmmState::new(expr, Rc::default());
[INFO] [stdout]    |                 ^^^^^^^^ use of undeclared type `HmmState`
[INFO] [stdout]    |
[INFO] [stdout] help: consider importing this struct
[INFO] [stdout]    |
[INFO] [stdout] 2  + use interpreter_experiments::hmm_eval::HmmState;
[INFO] [stdout]    |
[INFO] [stdout] 
[INFO] [stdout] error[E0433]: failed to resolve: use of undeclared type `Rc`
[INFO] [stdout]   --> src/hmm_eval.rs:18:37
[INFO] [stdout]    |
[INFO] [stdout] 11 | let mut state = HmmState::new(expr, Rc::default());
[INFO] [stdout]    |                                     ^^ use of undeclared type `Rc`
[INFO] [stdout]    |
[INFO] [stdout] help: consider importing this struct
[INFO] [stdout]    |
[INFO] [stdout] 2  + use std::rc::Rc;
[INFO] [stdout]    |
[INFO] [stdout] 
[INFO] [stdout] error[E0433]: failed to resolve: use of undeclared type `EvalError`
[INFO] [stdout]   --> src/hmm_eval.rs:25:19
[INFO] [stdout]    |
[INFO] [stdout] 18 |         break Err(EvalError::Misc("Too many steps!".into()));
[INFO] [stdout]    |                   ^^^^^^^^^ use of undeclared type `EvalError`
[INFO] [stdout]    |
[INFO] [stdout] help: consider importing this enum
[INFO] [stdout]    |
[INFO] [stdout] 2  + use interpreter_experiments::EvalError;
[INFO] [stdout]    |
[INFO] [stdout] 
[INFO] [stdout] error: aborting due to 4 previous errors
[INFO] [stdout] 
[INFO] [stdout] For more information about this error, try `rustc --explain E0433`.
[INFO] [stdout] Couldn't compile the test.
[INFO] [stdout] ---- src/base.rs - base::F (line 214) stdout ----
[INFO] [stdout] error[E0433]: failed to resolve: use of undeclared type `Rc`
[INFO] [stdout]  --> src/base.rs:215:1
[INFO] [stdout]   |
[INFO] [stdout] 3 | Rc::new(Expr::Call {
[INFO] [stdout]   | ^^ use of undeclared type `Rc`
[INFO] [stdout]   |
[INFO] [stdout] help: consider importing this struct
[INFO] [stdout]   |
[INFO] [stdout] 2 + use std::rc::Rc;
[INFO] [stdout]   |
[INFO] [stdout] 
[INFO] [stdout] error[E0433]: failed to resolve: use of undeclared type `Expr`
[INFO] [stdout]  --> src/base.rs:215:9
[INFO] [stdout]   |
[INFO] [stdout] 3 | Rc::new(Expr::Call {
[INFO] [stdout]   |         ^^^^ use of undeclared type `Expr`
[INFO] [stdout]   |
[INFO] [stdout] help: consider importing one of these items
[INFO] [stdout]   |
[INFO] [stdout] 2 + use interpreter_experiments::Expr;
[INFO] [stdout]   |
[INFO] [stdout] 2 + use interpreter_experiments::direct_eval::Expr;
[INFO] [stdout]   |
[INFO] [stdout] 2 + use interpreter_experiments::hmm_eval::Expr;
[INFO] [stdout]   |
[INFO] [stdout] 
[INFO] [stdout] error[E0433]: failed to resolve: use of undeclared type `Rc`
[INFO] [stdout]  --> src/base.rs:216:11
[INFO] [stdout]   |
[INFO] [stdout] 4 |     func: Rc::new(Expr::Call {
[INFO] [stdout]   |           ^^ use of undeclared type `Rc`
[INFO] [stdout]   |
[INFO] [stdout] help: consider importing this struct
[INFO] [stdout]   |
[INFO] [stdout] 2 + use std::rc::Rc;
[INFO] [stdout]   |
[INFO] [stdout] 
[INFO] [stdout] error[E0433]: failed to resolve: use of undeclared type `Expr`
[INFO] [stdout]  --> src/base.rs:216:19
[INFO] [stdout]   |
[INFO] [stdout] 4 |     func: Rc::new(Expr::Call {
[INFO] [stdout]   |                   ^^^^ use of undeclared type `Expr`
[INFO] [stdout]   |
[INFO] [stdout] help: consider importing one of these items
[INFO] [stdout]   |
[INFO] [stdout] 2 + use interpreter_experiments::Expr;
[INFO] [stdout]   |
[INFO] [stdout] 2 + use interpreter_experiments::direct_eval::Expr;
[INFO] [stdout]   |
[INFO] [stdout] 2 + use interpreter_experiments::hmm_eval::Expr;
[INFO] [stdout]   |
[INFO] [stdout] 
[INFO] [stdout] error[E0433]: failed to resolve: use of undeclared type `Rc`
[INFO] [stdout]  --> src/base.rs:217:15
[INFO] [stdout]   |
[INFO] [stdout] 5 |         func: Rc::new(
[INFO] [stdout]   |               ^^ use of undeclared type `Rc`
[INFO] [stdout]   |
[INFO] [stdout] help: consider importing this struct
[INFO] [stdout]   |
[INFO] [stdout] 2 + use std::rc::Rc;
[INFO] [stdout]   |
[INFO] [stdout] 
[INFO] [stdout] error[E0433]: failed to resolve: use of undeclared type `Expr`
[INFO] [stdout]  --> src/base.rs:218:13
[INFO] [stdout]   |
[INFO] [stdout] 6 |             Expr::Name(Rc::new(("lie").into())),
[INFO] [stdout]   |             ^^^^ use of undeclared type `Expr`
[INFO] [stdout]   |
[INFO] [stdout] help: consider importing one of these items
[INFO] [stdout]   |
[INFO] [stdout] 2 + use interpreter_experiments::Expr;
[INFO] [stdout]   |
[INFO] [stdout] 2 + use interpreter_experiments::direct_eval::Expr;
[INFO] [stdout]   |
[INFO] [stdout] 2 + use interpreter_experiments::hmm_eval::Expr;
[INFO] [stdout]   |
[INFO] [stdout] 
[INFO] [stdout] error[E0433]: failed to resolve: use of undeclared type `Rc`
[INFO] [stdout]  --> src/base.rs:218:24
[INFO] [stdout]   |
[INFO] [stdout] 6 |             Expr::Name(Rc::new(("lie").into())),
[INFO] [stdout]   |                        ^^ use of undeclared type `Rc`
[INFO] [stdout]   |
[INFO] [stdout] help: consider importing this struct
[INFO] [stdout]   |
[INFO] [stdout] 2 + use std::rc::Rc;
[INFO] [stdout]   |
[INFO] [stdout] 
[INFO] [stdout] error[E0433]: failed to resolve: use of undeclared type `Rc`
[INFO] [stdout]  --> src/base.rs:220:14
[INFO] [stdout]   |
[INFO] [stdout] 8 |         arg: Rc::new(Expr::Put(Rc::new((420).into()))),
[INFO] [stdout]   |              ^^ use of undeclared type `Rc`
[INFO] [stdout]   |
[INFO] [stdout] help: consider importing this struct
[INFO] [stdout]   |
[INFO] [stdout] 2 + use std::rc::Rc;
[INFO] [stdout]   |
[INFO] [stdout] 
[INFO] [stdout] error[E0433]: failed to resolve: use of undeclared type `Expr`
[INFO] [stdout]  --> src/base.rs:220:22
[INFO] [stdout]   |
[INFO] [stdout] 8 |         arg: Rc::new(Expr::Put(Rc::new((420).into()))),
[INFO] [stdout]   |                      ^^^^ use of undeclared type `Expr`
[INFO] [stdout]   |
[INFO] [stdout] help: consider importing one of these items
[INFO] [stdout]   |
[INFO] [stdout] 2 + use interpreter_experiments::Expr;
[INFO] [stdout]   |
[INFO] [stdout] 2 + use interpreter_experiments::direct_eval::Expr;
[INFO] [stdout]   |
[INFO] [stdout] 2 + use interpreter_experiments::hmm_eval::Expr;
[INFO] [stdout]   |
[INFO] [stdout] 
[INFO] [stdout] error[E0433]: failed to resolve: use of undeclared type `Rc`
[INFO] [stdout]  --> src/base.rs:220:32
[INFO] [stdout]   |
[INFO] [stdout] 8 |         arg: Rc::new(Expr::Put(Rc::new((420).into()))),
[INFO] [stdout]   |                                ^^ use of undeclared type `Rc`
[INFO] [stdout]   |
[INFO] [stdout] help: consider importing this struct
[INFO] [stdout]   |
[INFO] [stdout] 2 + use std::rc::Rc;
[INFO] [stdout]   |
[INFO] [stdout] 
[INFO] [stdout] error[E0433]: failed to resolve: use of undeclared type `Rc`
[INFO] [stdout]   --> src/base.rs:222:10
[INFO] [stdout]    |
[INFO] [stdout] 10 |     arg: Rc::new(Expr::Call {
[INFO] [stdout]    |          ^^ use of undeclared type `Rc`
[INFO] [stdout]    |
[INFO] [stdout] help: consider importing this struct
[INFO] [stdout]    |
[INFO] [stdout] 2  + use std::rc::Rc;
[INFO] [stdout]    |
[INFO] [stdout] 
[INFO] [stdout] error[E0433]: failed to resolve: use of undeclared type `Expr`
[INFO] [stdout]   --> src/base.rs:222:18
[INFO] [stdout]    |
[INFO] [stdout] 10 |     arg: Rc::new(Expr::Call {
[INFO] [stdout]    |                  ^^^^ use of undeclared type `Expr`
[INFO] [stdout]    |
[INFO] [stdout] help: consider importing one of these items
[INFO] [stdout]    |
[INFO] [stdout] 2  + use interpreter_experiments::Expr;
[INFO] [stdout]    |
[INFO] [stdout] 2  + use interpreter_experiments::direct_eval::Expr;
[INFO] [stdout]    |
[INFO] [stdout] 2  + use interpreter_experiments::hmm_eval::Expr;
[INFO] [stdout]    |
[INFO] [stdout] 
[INFO] [stdout] error[E0433]: failed to resolve: use of undeclared type `Rc`
[INFO] [stdout]   --> src/base.rs:223:15
[INFO] [stdout]    |
[INFO] [stdout] 11 |         func: Rc::new(Expr::Call {
[INFO] [stdout]    |               ^^ use of undeclared type `Rc`
[INFO] [stdout]    |
[INFO] [stdout] help: consider importing this struct
[INFO] [stdout]    |
[INFO] [stdout] 2  + use std::rc::Rc;
[INFO] [stdout]    |
[INFO] [stdout] 
[INFO] [stdout] error[E0433]: failed to resolve: use of undeclared type `Expr`
[INFO] [stdout]   --> src/base.rs:223:23
[INFO] [stdout]    |
[INFO] [stdout] 11 |         func: Rc::new(Expr::Call {
[INFO] [stdout]    |                       ^^^^ use of undeclared type `Expr`
[INFO] [stdout]    |
[INFO] [stdout] help: consider importing one of these items
[INFO] [stdout]    |
[INFO] [stdout] 2  + use interpreter_experiments::Expr;
[INFO] [stdout]    |
[INFO] [stdout] 2  + use interpreter_experiments::direct_eval::Expr;
[INFO] [stdout]    |
[INFO] [stdout] 2  + use interpreter_experiments::hmm_eval::Expr;
[INFO] [stdout]    |
[INFO] [stdout] 
[INFO] [stdout] error[E0433]: failed to resolve: use of undeclared type `Rc`
[INFO] [stdout]   --> src/base.rs:224:19
[INFO] [stdout]    |
[INFO] [stdout] 12 |             func: Rc::new(
[INFO] [stdout]    |                   ^^ use of undeclared type `Rc`
[INFO] [stdout]    |
[INFO] [stdout] help: consider importing this struct
[INFO] [stdout]    |
[INFO] [stdout] 2  + use std::rc::Rc;
[INFO] [stdout]    |
[INFO] [stdout] 
[INFO] [stdout] error[E0433]: failed to resolve: use of undeclared type `Expr`
[INFO] [stdout]   --> src/base.rs:225:17
[INFO] [stdout]    |
[INFO] [stdout] 13 |                 Expr::Name(Rc::new(("tru").into())),
[INFO] [stdout]    |                 ^^^^ use of undeclared type `Expr`
[INFO] [stdout]    |
[INFO] [stdout] help: consider importing one of these items
[INFO] [stdout]    |
[INFO] [stdout] 2  + use interpreter_experiments::Expr;
[INFO] [stdout]    |
[INFO] [stdout] 2  + use interpreter_experiments::direct_eval::Expr;
[INFO] [stdout]    |
[INFO] [stdout] 2  + use interpreter_experiments::hmm_eval::Expr;
[INFO] [stdout]    |
[INFO] [stdout] 
[INFO] [stdout] error[E0433]: failed to resolve: use of undeclared type `Rc`
[INFO] [stdout]   --> src/base.rs:225:28
[INFO] [stdout]    |
[INFO] [stdout] 13 |                 Expr::Name(Rc::new(("tru").into())),
[INFO] [stdout]    |                            ^^ use of undeclared type `Rc`
[INFO] [stdout]    |
[INFO] [stdout] help: consider importing this struct
[INFO] [stdout]    |
[INFO] [stdout] 2  + use std::rc::Rc;
[INFO] [stdout]    |
[INFO] [stdout] 
[INFO] [stdout] error[E0433]: failed to resolve: use of undeclared type `Rc`
[INFO] [stdout]   --> src/base.rs:227:18
[INFO] [stdout]    |
[INFO] [stdout] 15 |             arg: Rc::new(Expr::Put(Rc::new((55).into()))),
[INFO] [stdout]    |                  ^^ use of undeclared type `Rc`
[INFO] [stdout]    |
[INFO] [stdout] help: consider importing this struct
[INFO] [stdout]    |
[INFO] [stdout] 2  + use std::rc::Rc;
[INFO] [stdout]    |
[INFO] [stdout] 
[INFO] [stdout] error[E0433]: failed to resolve: use of undeclared type `Expr`
[INFO] [stdout]   --> src/base.rs:227:26
[INFO] [stdout]    |
[INFO] [stdout] 15 |             arg: Rc::new(Expr::Put(Rc::new((55).into()))),
[INFO] [stdout]    |                          ^^^^ use of undeclared type `Expr`
[INFO] [stdout]    |
[INFO] [stdout] help: consider importing one of these items
[INFO] [stdout]    |
[INFO] [stdout] 2  + use interpreter_experiments::Expr;
[INFO] [stdout]    |
[INFO] [stdout] 2  + use interpreter_experiments::direct_eval::Expr;
[INFO] [stdout]    |
[INFO] [stdout] 2  + use interpreter_experiments::hmm_eval::Expr;
[INFO] [stdout]    |
[INFO] [stdout] 
[INFO] [stdout] error[E0433]: failed to resolve: use of undeclared type `Rc`
[INFO] [stdout]   --> src/base.rs:227:36
[INFO] [stdout]    |
[INFO] [stdout] 15 |             arg: Rc::new(Expr::Put(Rc::new((55).into()))),
[INFO] [stdout]    |                                    ^^ use of undeclared type `Rc`
[INFO] [stdout]    |
[INFO] [stdout] help: consider importing this struct
[INFO] [stdout]    |
[INFO] [stdout] 2  + use std::rc::Rc;
[INFO] [stdout]    |
[INFO] [stdout] 
[INFO] [stdout] error[E0433]: failed to resolve: use of undeclared type `Rc`
[INFO] [stdout]   --> src/base.rs:229:14
[INFO] [stdout]    |
[INFO] [stdout] 17 |         arg: Rc::new(Expr::Lam {
[INFO] [stdout]    |              ^^ use of undeclared type `Rc`
[INFO] [stdout]    |
[INFO] [stdout] help: consider importing this struct
[INFO] [stdout]    |
[INFO] [stdout] 2  + use std::rc::Rc;
[INFO] [stdout]    |
[INFO] [stdout] 
[INFO] [stdout] error[E0433]: failed to resolve: use of undeclared type `Expr`
[INFO] [stdout]   --> src/base.rs:229:22
[INFO] [stdout]    |
[INFO] [stdout] 17 |         arg: Rc::new(Expr::Lam {
[INFO] [stdout]    |                      ^^^^ use of undeclared type `Expr`
[INFO] [stdout]    |
[INFO] [stdout] help: consider importing one of these items
[INFO] [stdout]    |
[INFO] [stdout] 2  + use interpreter_experiments::Expr;
[INFO] [stdout]    |
[INFO] [stdout] 2  + use interpreter_experiments::direct_eval::Expr;
[INFO] [stdout]    |
[INFO] [stdout] 2  + use interpreter_experiments::hmm_eval::Expr;
[INFO] [stdout]    |
[INFO] [stdout] 
[INFO] [stdout] error[E0433]: failed to resolve: use of undeclared type `Rc`
[INFO] [stdout]   --> src/base.rs:230:22
[INFO] [stdout]    |
[INFO] [stdout] 18 |             argname: Rc::new(("x").into()),
[INFO] [stdout]    |                      ^^ use of undeclared type `Rc`
[INFO] [stdout]    |
[INFO] [stdout] help: consider importing this struct
[INFO] [stdout]    |
[INFO] [stdout] 2  + use std::rc::Rc;
[INFO] [stdout]    |
[INFO] [stdout] 
[INFO] [stdout] error[E0433]: failed to resolve: use of undeclared type `Rc`
[INFO] [stdout]   --> src/base.rs:231:19
[INFO] [stdout]    |
[INFO] [stdout] 19 |             body: Rc::new(Expr::Call {
[INFO] [stdout]    |                   ^^ use of undeclared type `Rc`
[INFO] [stdout]    |
[INFO] [stdout] help: consider importing this struct
[INFO] [stdout]    |
[INFO] [stdout] 2  + use std::rc::Rc;
[INFO] [stdout]    |
[INFO] [stdout] 
[INFO] [stdout] error[E0433]: failed to resolve: use of undeclared type `Expr`
[INFO] [stdout]   --> src/base.rs:231:27
[INFO] [stdout]    |
[INFO] [stdout] 19 |             body: Rc::new(Expr::Call {
[INFO] [stdout]    |                           ^^^^ use of undeclared type `Expr`
[INFO] [stdout]    |
[INFO] [stdout] help: consider importing one of these items
[INFO] [stdout]    |
[INFO] [stdout] 2  + use interpreter_experiments::Expr;
[INFO] [stdout]    |
[INFO] [stdout] 2  + use interpreter_experiments::direct_eval::Expr;
[INFO] [stdout]    |
[INFO] [stdout] 2  + use interpreter_experiments::hmm_eval::Expr;
[INFO] [stdout]    |
[INFO] [stdout] 
[INFO] [stdout] error[E0433]: failed to resolve: use of undeclared type `Rc`
[INFO] [stdout]   --> src/base.rs:232:23
[INFO] [stdout]    |
[INFO] [stdout] 20 |                 func: Rc::new(
[INFO] [stdout]    |                       ^^ use of undeclared type `Rc`
[INFO] [stdout]    |
[INFO] [stdout] help: consider importing this struct
[INFO] [stdout]    |
[INFO] [stdout] 2  + use std::rc::Rc;
[INFO] [stdout]    |
[INFO] [stdout] 
[INFO] [stdout] error[E0433]: failed to resolve: use of undeclared type `Expr`
[INFO] [stdout]   --> src/base.rs:233:21
[INFO] [stdout]    |
[INFO] [stdout] 21 |                     Expr::Name(Rc::new(("x").into())),
[INFO] [stdout]    |                     ^^^^ use of undeclared type `Expr`
[INFO] [stdout]    |
[INFO] [stdout] help: consider importing one of these items
[INFO] [stdout]    |
[INFO] [stdout] 2  + use interpreter_experiments::Expr;
[INFO] [stdout]    |
[INFO] [stdout] 2  + use interpreter_experiments::direct_eval::Expr;
[INFO] [stdout]    |
[INFO] [stdout] 2  + use interpreter_experiments::hmm_eval::Expr;
[INFO] [stdout]    |
[INFO] [stdout] 
[INFO] [stdout] error[E0433]: failed to resolve: use of undeclared type `Rc`
[INFO] [stdout]   --> src/base.rs:233:32
[INFO] [stdout]    |
[INFO] [stdout] 21 |                     Expr::Name(Rc::new(("x").into())),
[INFO] [stdout]    |                                ^^ use of undeclared type `Rc`
[INFO] [stdout]    |
[INFO] [stdout] help: consider importing this struct
[INFO] [stdout]    |
[INFO] [stdout] 2  + use std::rc::Rc;
[INFO] [stdout]    |
[INFO] [stdout] 
[INFO] [stdout] error[E0433]: failed to resolve: use of undeclared type `Rc`
[INFO] [stdout]   --> src/base.rs:235:22
[INFO] [stdout]    |
[INFO] [stdout] 23 |                 arg: Rc::new(
[INFO] [stdout]    |                      ^^ use of undeclared type `Rc`
[INFO] [stdout]    |
[INFO] [stdout] help: consider importing this struct
[INFO] [stdout]    |
[INFO] [stdout] 2  + use std::rc::Rc;
[INFO] [stdout]    |
[INFO] [stdout] 
[INFO] [stdout] error[E0433]: failed to resolve: use of undeclared type `Expr`
[INFO] [stdout]   --> src/base.rs:236:21
[INFO] [stdout]    |
[INFO] [stdout] 24 |                     Expr::Name(Rc::new(("lie").into())),
[INFO] [stdout]    |                     ^^^^ use of undeclared type `Expr`
[INFO] [stdout]    |
[INFO] [stdout] help: consider importing one of these items
[INFO] [stdout]    |
[INFO] [stdout] 2  + use interpreter_experiments::Expr;
[INFO] [stdout]    |
[INFO] [stdout] 2  + use interpreter_experiments::direct_eval::Expr;
[INFO] [stdout]    |
[INFO] [stdout] 2  + use interpreter_experiments::hmm_eval::Expr;
[INFO] [stdout]    |
[INFO] [stdout] 
[INFO] [stdout] error[E0433]: failed to resolve: use of undeclared type `Rc`
[INFO] [stdout]   --> src/base.rs:236:32
[INFO] [stdout]    |
[INFO] [stdout] 24 |                     Expr::Name(Rc::new(("lie").into())),
[INFO] [stdout]    |                                ^^ use of undeclared type `Rc`
[INFO] [stdout]    |
[INFO] [stdout] help: consider importing this struct
[INFO] [stdout]    |
[INFO] [stdout] 2  + use std::rc::Rc;
[INFO] [stdout]    |
[INFO] [stdout] 
[INFO] [stdout] error: aborting due to 31 previous errors
[INFO] [stdout] 
[INFO] [stdout] For more information about this error, try `rustc --explain E0433`.
[INFO] [stdout] Couldn't compile the test.
[INFO] [stdout] 
[INFO] [stdout] failures:
[INFO] [stdout]     src/base.rs - base::F (line 206)
[INFO] [stdout]     src/base.rs - base::F (line 214)
[INFO] [stdout]     src/base.rs - base::Val (line 81)
[INFO] [stdout]     src/base.rs - base::Val (line 95)
[INFO] [stdout]     src/hmm_eval.rs - hmm_eval (line 37)
[INFO] [stdout]     src/hmm_eval.rs - hmm_eval (line 9)
[INFO] [stdout] 
[INFO] [stdout] test result: FAILED. 1 passed; 6 failed; 0 ignored; 0 measured; 0 filtered out; finished in 0.13s
[INFO] [stdout] 
[INFO] [stderr] error: doctest failed, to rerun pass `--doc`
[INFO] running `Command { std: "docker" "inspect" "48f2fc2295b953afc2c075b860320d48ad76f241fe6e2a58c561afe8575525f5", kill_on_drop: false }`
[INFO] running `Command { std: "docker" "rm" "-f" "48f2fc2295b953afc2c075b860320d48ad76f241fe6e2a58c561afe8575525f5", kill_on_drop: false }`
[INFO] [stdout] 48f2fc2295b953afc2c075b860320d48ad76f241fe6e2a58c561afe8575525f5
