[INFO] cloning repository https://github.com/dbenson24/AdventOfCode
[INFO] running `Command { std: "git" "-c" "credential.helper=" "-c" "credential.helper=/workspace/cargo-home/bin/git-credential-null" "clone" "--bare" "https://github.com/dbenson24/AdventOfCode" "/workspace/cache/git-repos/https%3A%2F%2Fgithub.com%2Fdbenson24%2FAdventOfCode", kill_on_drop: false }`
[INFO] [stderr] Cloning into bare repository '/workspace/cache/git-repos/https%3A%2F%2Fgithub.com%2Fdbenson24%2FAdventOfCode'...
[INFO] running `Command { std: "git" "rev-parse" "HEAD", kill_on_drop: false }`
[INFO] [stdout] 00c7bb8c02d0b5bdd32dcce2ee024ab5823155dc
[INFO] testing dbenson24/AdventOfCode against 1.75.0 for beta-1.76-1
[INFO] running `Command { std: "git" "clone" "/workspace/cache/git-repos/https%3A%2F%2Fgithub.com%2Fdbenson24%2FAdventOfCode" "/workspace/builds/worker-7-tc1/source", kill_on_drop: false }`
[INFO] [stderr] Cloning into '/workspace/builds/worker-7-tc1/source'...
[INFO] [stderr] done.
[INFO] validating manifest of git repo https://github.com/dbenson24/AdventOfCode on toolchain 1.75.0
[INFO] running `Command { std: CARGO_HOME="/workspace/cargo-home" RUSTUP_HOME="/workspace/rustup-home" "/workspace/cargo-home/bin/cargo" "+1.75.0" "metadata" "--manifest-path" "Cargo.toml" "--no-deps", kill_on_drop: false }`
[INFO] started tweaking git repo https://github.com/dbenson24/AdventOfCode
[INFO] finished tweaking git repo https://github.com/dbenson24/AdventOfCode
[INFO] tweaked toml for git repo https://github.com/dbenson24/AdventOfCode written to /workspace/builds/worker-7-tc1/source/Cargo.toml
[INFO] crate git repo https://github.com/dbenson24/AdventOfCode already has a lockfile, it will not be regenerated
[INFO] running `Command { std: CARGO_HOME="/workspace/cargo-home" RUSTUP_HOME="/workspace/rustup-home" "/workspace/cargo-home/bin/cargo" "+1.75.0" "fetch" "--manifest-path" "Cargo.toml", kill_on_drop: false }`
[INFO] [stderr]     Updating crates.io index
[INFO] [stderr]  Downloading crates ...
[INFO] [stderr]   Downloaded glam v0.20.1
[INFO] [stderr]   Downloaded ringbuffer v0.10.0
[INFO] [stderr]   Downloaded html2text v0.4.3
[INFO] [stderr]   Downloaded debug_plotter v0.2.1
[INFO] running `Command { std: "docker" "create" "-v" "/var/lib/crater-agent-workspace/builds/worker-7-tc1/target:/opt/rustwide/target:rw,Z" "-v" "/var/lib/crater-agent-workspace/builds/worker-7-tc1/source:/opt/rustwide/workdir:ro,Z" "-v" "/var/lib/crater-agent-workspace/cargo-home:/opt/rustwide/cargo-home:ro,Z" "-v" "/var/lib/crater-agent-workspace/rustup-home:/opt/rustwide/rustup-home:ro,Z" "-e" "SOURCE_DIR=/opt/rustwide/workdir" "-e" "CARGO_TARGET_DIR=/opt/rustwide/target" "-e" "CARGO_HOME=/opt/rustwide/cargo-home" "-e" "RUSTUP_HOME=/opt/rustwide/rustup-home" "-w" "/opt/rustwide/workdir" "-m" "1610612736" "--user" "0:0" "--network" "none" "ghcr.io/rust-lang/crates-build-env/linux@sha256:2788e3201cd34a07e3172128adcd8b3090168a8e3bcc40d7c032b9dda1df7d1c" "/opt/rustwide/cargo-home/bin/cargo" "+1.75.0" "metadata" "--no-deps" "--format-version=1", kill_on_drop: false }`
[INFO] [stdout] 3b9a89310cc12a10179fd932c073a8e14c76656040b40d1ac4424aca65cab1c2
[INFO] running `Command { std: "docker" "start" "-a" "3b9a89310cc12a10179fd932c073a8e14c76656040b40d1ac4424aca65cab1c2", kill_on_drop: false }`
[INFO] running `Command { std: "docker" "inspect" "3b9a89310cc12a10179fd932c073a8e14c76656040b40d1ac4424aca65cab1c2", kill_on_drop: false }`
[INFO] running `Command { std: "docker" "rm" "-f" "3b9a89310cc12a10179fd932c073a8e14c76656040b40d1ac4424aca65cab1c2", kill_on_drop: false }`
[INFO] [stdout] 3b9a89310cc12a10179fd932c073a8e14c76656040b40d1ac4424aca65cab1c2
[INFO] running `Command { std: "docker" "create" "-v" "/var/lib/crater-agent-workspace/builds/worker-7-tc1/target:/opt/rustwide/target:rw,Z" "-v" "/var/lib/crater-agent-workspace/builds/worker-7-tc1/source:/opt/rustwide/workdir:ro,Z" "-v" "/var/lib/crater-agent-workspace/cargo-home:/opt/rustwide/cargo-home:ro,Z" "-v" "/var/lib/crater-agent-workspace/rustup-home:/opt/rustwide/rustup-home:ro,Z" "-e" "SOURCE_DIR=/opt/rustwide/workdir" "-e" "CARGO_TARGET_DIR=/opt/rustwide/target" "-e" "CARGO_INCREMENTAL=0" "-e" "RUST_BACKTRACE=full" "-e" "RUSTFLAGS=--cap-lints=warn" "-e" "RUSTDOCFLAGS=--cap-lints=warn" "-e" "CARGO_HOME=/opt/rustwide/cargo-home" "-e" "RUSTUP_HOME=/opt/rustwide/rustup-home" "-w" "/opt/rustwide/workdir" "-m" "1610612736" "--user" "0:0" "--network" "none" "ghcr.io/rust-lang/crates-build-env/linux@sha256:2788e3201cd34a07e3172128adcd8b3090168a8e3bcc40d7c032b9dda1df7d1c" "/opt/rustwide/cargo-home/bin/cargo" "+1.75.0" "build" "--frozen" "--message-format=json", kill_on_drop: false }`
[INFO] [stdout] ee2f6bac86284bf1d54eca513bebacb4f58197485bb8061470d6fef0fa3b7b2e
[INFO] running `Command { std: "docker" "start" "-a" "ee2f6bac86284bf1d54eca513bebacb4f58197485bb8061470d6fef0fa3b7b2e", kill_on_drop: false }`
[INFO] [stderr]    Compiling autocfg v1.0.1
[INFO] [stderr]    Compiling libc v0.2.137
[INFO] [stderr]    Compiling proc-macro2 v1.0.32
[INFO] [stderr]    Compiling unicode-xid v0.2.2
[INFO] [stderr]    Compiling cc v1.0.72
[INFO] [stderr]    Compiling pkg-config v0.3.22
[INFO] [stderr]    Compiling log v0.4.14
[INFO] [stderr]    Compiling syn v1.0.82
[INFO] [stderr]    Compiling scopeguard v1.1.0
[INFO] [stderr]    Compiling once_cell v1.16.0
[INFO] [stderr]    Compiling crossbeam-utils v0.8.5
[INFO] [stderr]    Compiling num-traits v0.2.17
[INFO] [stderr]    Compiling memoffset v0.6.5
[INFO] [stderr]    Compiling ppv-lite86 v0.2.15
[INFO] [stderr]    Compiling quote v1.0.10
[INFO] [stderr]    Compiling num_cpus v1.13.0
[INFO] [stderr]    Compiling num-integer v0.1.45
[INFO] [stderr]    Compiling cmake v0.1.46
[INFO] [stderr]    Compiling memchr v2.4.1
[INFO] [stderr]    Compiling crossbeam-epoch v0.9.5
[INFO] [stderr]    Compiling getrandom v0.2.3
[INFO] [stderr]    Compiling siphasher v0.3.10
[INFO] [stderr]    Compiling rayon-core v1.9.1
[INFO] [stderr]    Compiling rand_core v0.6.4
[INFO] [stderr]    Compiling serde_derive v1.0.132
[INFO] [stderr]    Compiling phf_shared v0.10.0
[INFO] [stderr]    Compiling ucd-trie v0.1.3
[INFO] [stderr]    Compiling rand_chacha v0.3.1
[INFO] [stderr]    Compiling crossbeam-deque v0.8.1
[INFO] [stderr]    Compiling pest v2.1.3
[INFO] [stderr]    Compiling crossbeam-channel v0.5.1
[INFO] [stderr]    Compiling rayon v1.5.1
[INFO] [stderr]    Compiling serde v1.0.132
[INFO] [stderr]    Compiling pin-project-lite v0.2.9
[INFO] [stderr]    Compiling either v1.6.1
[INFO] [stderr]    Compiling rand v0.8.5
[INFO] [stderr]    Compiling freetype-sys v0.13.1
[INFO] [stderr]    Compiling openssl-sys v0.9.77
[INFO] [stderr]    Compiling futures-core v0.3.25
[INFO] [stderr]    Compiling bytes v1.2.1
[INFO] [stderr]    Compiling semver-parser v0.10.2
[INFO] [stderr]    Compiling expat-sys v2.1.6
[INFO] [stderr]    Compiling num-iter v0.1.43
[INFO] [stderr]    Compiling phf_generator v0.10.0
[INFO] [stderr]    Compiling semver v0.11.0
[INFO] [stderr]    Compiling miniz_oxide v0.4.4
[INFO] [stderr]    Compiling adler32 v1.2.0
[INFO] [stderr]    Compiling itoa v1.0.1
[INFO] [stderr]    Compiling crc32fast v1.3.0
[INFO] [stderr]    Compiling parking_lot_core v0.9.4
[INFO] [stderr]    Compiling rustc_version v0.3.3
[INFO] [stderr]    Compiling socket2 v0.4.7
[INFO] [stderr]    Compiling mio v0.8.5
[INFO] [stderr]    Compiling num-rational v0.3.2
[INFO] [stderr]    Compiling slab v0.4.7
[INFO] [stderr]    Compiling weezl v0.1.5
[INFO] [stderr]    Compiling getrandom v0.1.16
[INFO] [stderr]    Compiling futures-task v0.3.25
[INFO] [stderr]    Compiling smallvec v1.7.0
[INFO] [stderr]    Compiling adler v1.0.2
[INFO] [stderr]    Compiling new_debug_unreachable v1.0.4
[INFO] [stderr]    Compiling version_check v0.9.3
[INFO] [stderr]    Compiling tokio v1.19.2
[INFO] [stderr]    Compiling pathfinder_simd v0.5.1
[INFO] [stderr]    Compiling deflate v0.8.6
[INFO] [stderr]    Compiling miniz_oxide v0.3.7
[INFO] [stderr]    Compiling phf_codegen v0.10.0
[INFO] [stderr]    Compiling string_cache_codegen v0.5.2
[INFO] [stderr]    Compiling servo-fontconfig-sys v5.1.0
[INFO] [stderr]    Compiling jpeg-decoder v0.1.22
[INFO] [stderr]    Compiling indexmap v1.9.1
[INFO] [stderr]    Compiling lock_api v0.4.6
[INFO] [stderr]    Compiling tracing-core v0.1.26
[INFO] [stderr]    Compiling openssl v0.10.42
[INFO] [stderr]    Compiling futures-util v0.3.25
[INFO] [stderr]    Compiling mac v0.1.1
[INFO] [stderr]    Compiling color_quant v1.1.0
[INFO] [stderr]    Compiling http v0.2.8
[INFO] [stderr]    Compiling futf v0.1.5
[INFO] [stderr]    Compiling gif v0.11.3
[INFO] [stderr]    Compiling tracing v0.1.34
[INFO] [stderr]    Compiling tiff v0.6.1
[INFO] [stderr]    Compiling parking_lot v0.12.1
[INFO] [stderr]    Compiling markup5ever v0.11.0
[INFO] [stderr]    Compiling png v0.16.8
[INFO] [stderr]    Compiling native-tls v0.2.10
[INFO] [stderr]    Compiling scoped_threadpool v0.1.9
[INFO] [stderr]    Compiling futures-channel v0.3.25
[INFO] [stderr]    Compiling hashbrown v0.12.3
[INFO] [stderr]    Compiling futures-io v0.3.25
[INFO] [stderr]    Compiling openssl-macros v0.1.0
[INFO] [stderr]    Compiling bytemuck v1.7.2
[INFO] [stderr]    Compiling tinyvec_macros v0.1.0
[INFO] [stderr]    Compiling precomputed-hash v0.1.1
[INFO] [stderr]    Compiling futures-sink v0.3.25
[INFO] [stderr]    Compiling tokio-util v0.7.3
[INFO] [stderr]    Compiling image v0.23.14
[INFO] [stderr]    Compiling tinyvec v1.6.0
[INFO] [stderr]    Compiling tendril v0.4.3
[INFO] [stderr]    Compiling rand_core v0.5.1
[INFO] [stderr]    Compiling phf v0.10.1
[INFO] [stderr]    Compiling dirs-sys-next v0.1.2
[INFO] [stderr]    Compiling num-bigint v0.4.4
[INFO] [stderr]    Compiling same-file v1.0.6
[INFO] [stderr]    Compiling percent-encoding v2.2.0
[INFO] [stderr]    Compiling plotters-backend v0.3.2
[INFO] [stderr]    Compiling try-lock v0.2.3
[INFO] [stderr]    Compiling want v0.3.0
[INFO] [stderr]    Compiling form_urlencoded v1.1.0
[INFO] [stderr]    Compiling walkdir v2.3.2
[INFO] [stderr]    Compiling dirs-next v2.0.0
[INFO] [stderr]    Compiling pathfinder_geometry v0.5.1
[INFO] [stderr]    Compiling unicode-normalization v0.1.22
[INFO] [stderr]    Compiling servo-fontconfig v0.5.1
[INFO] [stderr]    Compiling html5ever v0.26.0
[INFO] [stderr]    Compiling h2 v0.3.15
[INFO] [stderr]    Compiling http-body v0.4.5
[INFO] [stderr]    Compiling freetype v0.7.0
[INFO] [stderr]    Compiling ahash v0.7.6
[INFO] [stderr]    Compiling time v0.1.44
[INFO] [stderr]    Compiling num-rational v0.4.1
[INFO] [stderr]    Compiling encoding_rs v0.8.31
[INFO] [stderr]    Compiling float-ord v0.2.0
[INFO] [stderr]    Compiling ryu v1.0.9
[INFO] [stderr]    Compiling unicode-bidi v0.3.8
[INFO] [stderr]    Compiling tower-service v0.3.2
[INFO] [stderr]    Compiling iana-time-zone v0.1.53
[INFO] [stderr]    Compiling font-kit v0.10.1
[INFO] [stderr]    Compiling idna v0.3.0
[INFO] [stderr]    Compiling chrono v0.4.22
[INFO] [stderr]    Compiling tokio-native-tls v0.3.0
[INFO] [stderr]    Compiling plotters-bitmap v0.3.1
[INFO] [stderr]    Compiling plotters-svg v0.3.1
[INFO] [stderr]    Compiling rand_chacha v0.2.2
[INFO] [stderr]    Compiling nom v7.1.0
[INFO] [stderr]    Compiling serde_json v1.0.73
[INFO] [stderr]    Compiling anyhow v1.0.66
[INFO] [stderr]    Compiling hyper v0.14.20
[INFO] [stderr]    Compiling ttf-parser v0.12.3
[INFO] [stderr]    Compiling unicode-width v0.1.9
[INFO] [stderr]    Compiling rand v0.7.3
[INFO] [stderr]    Compiling url v2.3.1
[INFO] [stderr]    Compiling plotters v0.3.1
[INFO] [stderr]    Compiling rand_xorshift v0.2.0
[INFO] [stderr]    Compiling num-complex v0.4.4
[INFO] [stderr]    Compiling string_cache v0.8.4
[INFO] [stderr]    Compiling serde_urlencoded v0.7.1
[INFO] [stderr]    Compiling aho-corasick v0.7.19
[INFO] [stderr]    Compiling dirs-sys v0.3.7
[INFO] [stderr]    Compiling hyper-tls v0.5.0
[INFO] [stderr]    Compiling regex-syntax v0.6.27
[INFO] [stderr]    Compiling mime v0.3.16
[INFO] [stderr]    Compiling ipnet v2.5.0
[INFO] [stderr]    Compiling xml5ever v0.17.0
[INFO] [stderr]    Compiling reqwest v0.11.12
[INFO] [stderr]    Compiling debug_plotter v0.2.1
[INFO] [stderr]    Compiling html2text v0.4.3
[INFO] [stderr]    Compiling dirs v4.0.0
[INFO] [stderr]    Compiling num v0.4.1
[INFO] [stderr]    Compiling noise v0.7.0
[INFO] [stderr]    Compiling regex v1.6.0
[INFO] [stderr]    Compiling hashbrown v0.11.2
[INFO] [stderr]    Compiling pad v0.1.6
[INFO] [stderr]    Compiling num-derive v0.3.3
[INFO] [stderr]    Compiling itertools v0.10.3
[INFO] [stderr]    Compiling glam v0.20.1
[INFO] [stderr]    Compiling rustc-hash v1.1.0
[INFO] [stderr]    Compiling ringbuffer v0.10.0
[INFO] [stderr]    Compiling advent_of_code v0.1.0 (/opt/rustwide/workdir)
[INFO] [stdout] warning: unused variable: `nums`
[INFO] [stdout]   --> src/year2023/day1.rs:59:13
[INFO] [stdout]    |
[INFO] [stdout] 59 |         let nums = [
[INFO] [stdout]    |             ^^^^ help: if this is intentional, prefix it with an underscore: `_nums`
[INFO] [stdout]    |
[INFO] [stdout]    = note: `#[warn(unused_variables)]` on by default
[INFO] [stdout] 
[INFO] [stdout] 
[INFO] [stdout] warning: 1 warning emitted
[INFO] [stdout] 
[INFO] [stdout] 
[INFO] [stderr]     Finished dev [unoptimized + debuginfo] target(s) in 52.85s
[INFO] running `Command { std: "docker" "inspect" "ee2f6bac86284bf1d54eca513bebacb4f58197485bb8061470d6fef0fa3b7b2e", kill_on_drop: false }`
[INFO] running `Command { std: "docker" "rm" "-f" "ee2f6bac86284bf1d54eca513bebacb4f58197485bb8061470d6fef0fa3b7b2e", kill_on_drop: false }`
[INFO] [stdout] ee2f6bac86284bf1d54eca513bebacb4f58197485bb8061470d6fef0fa3b7b2e
[INFO] running `Command { std: "docker" "create" "-v" "/var/lib/crater-agent-workspace/builds/worker-7-tc1/target:/opt/rustwide/target:rw,Z" "-v" "/var/lib/crater-agent-workspace/builds/worker-7-tc1/source:/opt/rustwide/workdir:ro,Z" "-v" "/var/lib/crater-agent-workspace/cargo-home:/opt/rustwide/cargo-home:ro,Z" "-v" "/var/lib/crater-agent-workspace/rustup-home:/opt/rustwide/rustup-home:ro,Z" "-e" "SOURCE_DIR=/opt/rustwide/workdir" "-e" "CARGO_TARGET_DIR=/opt/rustwide/target" "-e" "CARGO_INCREMENTAL=0" "-e" "RUST_BACKTRACE=full" "-e" "RUSTFLAGS=--cap-lints=warn" "-e" "RUSTDOCFLAGS=--cap-lints=warn" "-e" "CARGO_HOME=/opt/rustwide/cargo-home" "-e" "RUSTUP_HOME=/opt/rustwide/rustup-home" "-w" "/opt/rustwide/workdir" "-m" "1610612736" "--user" "0:0" "--network" "none" "ghcr.io/rust-lang/crates-build-env/linux@sha256:2788e3201cd34a07e3172128adcd8b3090168a8e3bcc40d7c032b9dda1df7d1c" "/opt/rustwide/cargo-home/bin/cargo" "+1.75.0" "test" "--frozen" "--no-run" "--message-format=json", kill_on_drop: false }`
[INFO] [stdout] 9b0d61746012e1780cadbe4f0e939ffc03094dc2097f7253488236646a88ad2c
[INFO] running `Command { std: "docker" "start" "-a" "9b0d61746012e1780cadbe4f0e939ffc03094dc2097f7253488236646a88ad2c", kill_on_drop: false }`
[INFO] [stderr]    Compiling advent_of_code v0.1.0 (/opt/rustwide/workdir)
[INFO] [stdout] warning: unused variable: `nums`
[INFO] [stdout]   --> src/year2023/day1.rs:59:13
[INFO] [stdout]    |
[INFO] [stdout] 59 |         let nums = [
[INFO] [stdout]    |             ^^^^ help: if this is intentional, prefix it with an underscore: `_nums`
[INFO] [stdout]    |
[INFO] [stdout]    = note: `#[warn(unused_variables)]` on by default
[INFO] [stdout] 
[INFO] [stdout] 
[INFO] [stdout] warning: 1 warning emitted
[INFO] [stdout] 
[INFO] [stdout] 
[INFO] [stderr]     Finished test [unoptimized + debuginfo] target(s) in 13.62s
[INFO] running `Command { std: "docker" "inspect" "9b0d61746012e1780cadbe4f0e939ffc03094dc2097f7253488236646a88ad2c", kill_on_drop: false }`
[INFO] running `Command { std: "docker" "rm" "-f" "9b0d61746012e1780cadbe4f0e939ffc03094dc2097f7253488236646a88ad2c", kill_on_drop: false }`
[INFO] [stdout] 9b0d61746012e1780cadbe4f0e939ffc03094dc2097f7253488236646a88ad2c
[INFO] running `Command { std: "docker" "create" "-v" "/var/lib/crater-agent-workspace/builds/worker-7-tc1/target:/opt/rustwide/target:rw,Z" "-v" "/var/lib/crater-agent-workspace/builds/worker-7-tc1/source:/opt/rustwide/workdir:ro,Z" "-v" "/var/lib/crater-agent-workspace/cargo-home:/opt/rustwide/cargo-home:ro,Z" "-v" "/var/lib/crater-agent-workspace/rustup-home:/opt/rustwide/rustup-home:ro,Z" "-e" "SOURCE_DIR=/opt/rustwide/workdir" "-e" "CARGO_TARGET_DIR=/opt/rustwide/target" "-e" "CARGO_INCREMENTAL=0" "-e" "RUST_BACKTRACE=full" "-e" "RUSTFLAGS=--cap-lints=warn" "-e" "RUSTDOCFLAGS=--cap-lints=warn" "-e" "CARGO_HOME=/opt/rustwide/cargo-home" "-e" "RUSTUP_HOME=/opt/rustwide/rustup-home" "-w" "/opt/rustwide/workdir" "-m" "1610612736" "--user" "0:0" "--network" "none" "ghcr.io/rust-lang/crates-build-env/linux@sha256:2788e3201cd34a07e3172128adcd8b3090168a8e3bcc40d7c032b9dda1df7d1c" "/opt/rustwide/cargo-home/bin/cargo" "+1.75.0" "test" "--frozen", kill_on_drop: false }`
[INFO] [stdout] 5bfe3e3f5bdba1a5f1cfc507247ce57a83f34a5bbf84f53227edda7cf15afb9e
[INFO] running `Command { std: "docker" "start" "-a" "5bfe3e3f5bdba1a5f1cfc507247ce57a83f34a5bbf84f53227edda7cf15afb9e", kill_on_drop: false }`
[INFO] [stderr] warning: unused variable: `nums`
[INFO] [stderr]   --> src/year2023/day1.rs:59:13
[INFO] [stderr]    |
[INFO] [stderr] 59 |         let nums = [
[INFO] [stderr]    |             ^^^^ help: if this is intentional, prefix it with an underscore: `_nums`
[INFO] [stderr]    |
[INFO] [stderr]    = note: `#[warn(unused_variables)]` on by default
[INFO] [stderr] 
[INFO] [stderr] warning: `advent_of_code` (bin "advent_of_code" test) generated 1 warning (run `cargo fix --bin "advent_of_code" --tests` to apply 1 suggestion)
[INFO] [stderr]     Finished test [unoptimized + debuginfo] target(s) in 0.24s
[INFO] [stderr]      Running unittests src/main.rs (/opt/rustwide/target/debug/deps/advent_of_code-08aecf7912e7ca25)
[INFO] [stdout] 
[INFO] [stdout] running 68 tests
[INFO] [stdout] test utils::misc::base ... ok
[INFO] [stdout] test utils::puzzle::basic_test ... ok
[INFO] [stdout] test year2017::day1::day1 ... FAILED
[INFO] [stdout] test year2019::day16::test_sums ... ok
[INFO] [stdout] test year2019::day19::day1 ... FAILED
[INFO] [stdout] test year2019::day17::day1 ... FAILED
[INFO] [stdout] test year2019::day1::calc_fuel ... ok
[INFO] [stdout] test year2019::day11::base ... ok
[INFO] [stdout] test year2019::day2::run_opcodes ... ok
[INFO] [stdout] test utils::puzzle::day1 ... FAILED
[INFO] [stdout] test year2019::day5::run_opcodes ... ok
[INFO] [stdout] test year2019::day18::test ... FAILED
[INFO] [stdout] test year2019::day10::base ... ok
[INFO] [stdout] test year2019::day6::find_parent ... ok
[INFO] [stdout] test year2019::day7::day_7_part_1 ... ok
[INFO] [stdout] test year2019::day6::count_edges ... ok
[INFO] [stdout] test year2019::day8::base ... ok
[INFO] [stdout] test year2019::day16::day16_part1 ... ok
[INFO] [stdout] test year2021::day10::day_10_part_1 ... ok
[INFO] [stdout] test year2019::day13::base ... FAILED
[INFO] [stdout] test year2021::day12::day_12_part_1 ... ok
[INFO] [stdout] test year2019::day9::day_9 ... ok
[INFO] [stdout] test year2021::day16::test_1 ... ok
[INFO] [stdout] test year2021::day17::base ... ok
[INFO] [stdout] test year2021::day13::day_13 ... ok
[INFO] [stdout] test year2019::day7::day_7_part_2 ... ok
[INFO] [stdout] test year2021::day11::day_11 ... ok
[INFO] [stdout] test year2021::day18::test5 ... ok
[INFO] [stdout] test year2021::day18::test_1 ... ok
[INFO] [stdout] test year2021::day18::test_2 ... ok
[INFO] [stdout] test year2021::day18::test_3 ... ok
[INFO] [stdout] test year2021::day18::test_4 ... ok
[INFO] [stdout] test year2021::day19::base ... ok
[INFO] [stdout] test year2021::day1::count_depths ... ok
[INFO] [stdout] test year2021::day1::submit_year_2021_day_1 ... FAILED
[INFO] [stdout] test year2021::day18::base ... ok
[INFO] [stdout] test year2021::day22::test_overlap ... ok
[INFO] [stdout] test year2021::day22::test_overlap_2 ... ok
[INFO] [stdout] test year2021::day24::base ... ok
[INFO] [stderr] error: test failed, to rerun pass `--bin advent_of_code`
[INFO] [stderr] 
[INFO] [stderr] Caused by:
[INFO] [stderr]   process didn't exit successfully: `/opt/rustwide/target/debug/deps/advent_of_code-08aecf7912e7ca25` (signal: 9, SIGKILL: kill)
[INFO] running `Command { std: "docker" "inspect" "5bfe3e3f5bdba1a5f1cfc507247ce57a83f34a5bbf84f53227edda7cf15afb9e", kill_on_drop: false }`
[INFO] running `Command { std: "docker" "rm" "-f" "5bfe3e3f5bdba1a5f1cfc507247ce57a83f34a5bbf84f53227edda7cf15afb9e", kill_on_drop: false }`
[INFO] [stdout] 5bfe3e3f5bdba1a5f1cfc507247ce57a83f34a5bbf84f53227edda7cf15afb9e
