[INFO] cloning repository https://github.com/davisuga/zillow-scraper
[INFO] running `Command { std: "git" "-c" "credential.helper=" "-c" "credential.helper=/workspace/cargo-home/bin/git-credential-null" "clone" "--bare" "https://github.com/davisuga/zillow-scraper" "/workspace/cache/git-repos/https%3A%2F%2Fgithub.com%2Fdavisuga%2Fzillow-scraper", kill_on_drop: false }`
[INFO] [stderr] Cloning into bare repository '/workspace/cache/git-repos/https%3A%2F%2Fgithub.com%2Fdavisuga%2Fzillow-scraper'...
[INFO] running `Command { std: "git" "rev-parse" "HEAD", kill_on_drop: false }`
[INFO] [stdout] 9940a06919a87e796fb7bb8b2e22998fb939cd76
[INFO] testing davisuga/zillow-scraper against 1.75.0 for beta-1.76-1
[INFO] running `Command { std: "git" "clone" "/workspace/cache/git-repos/https%3A%2F%2Fgithub.com%2Fdavisuga%2Fzillow-scraper" "/workspace/builds/worker-0-tc1/source", kill_on_drop: false }`
[INFO] [stderr] Cloning into '/workspace/builds/worker-0-tc1/source'...
[INFO] [stderr] done.
[INFO] validating manifest of git repo https://github.com/davisuga/zillow-scraper on toolchain 1.75.0
[INFO] running `Command { std: CARGO_HOME="/workspace/cargo-home" RUSTUP_HOME="/workspace/rustup-home" "/workspace/cargo-home/bin/cargo" "+1.75.0" "metadata" "--manifest-path" "Cargo.toml" "--no-deps", kill_on_drop: false }`
[INFO] started tweaking git repo https://github.com/davisuga/zillow-scraper
[INFO] finished tweaking git repo https://github.com/davisuga/zillow-scraper
[INFO] tweaked toml for git repo https://github.com/davisuga/zillow-scraper written to /workspace/builds/worker-0-tc1/source/Cargo.toml
[INFO] crate git repo https://github.com/davisuga/zillow-scraper already has a lockfile, it will not be regenerated
[INFO] running `Command { std: CARGO_HOME="/workspace/cargo-home" RUSTUP_HOME="/workspace/rustup-home" "/workspace/cargo-home/bin/cargo" "+1.75.0" "fetch" "--manifest-path" "Cargo.toml", kill_on_drop: false }`
[INFO] [stderr]     Updating crates.io index
[INFO] [stderr]  Downloading crates ...
[INFO] [stderr]   Downloaded aws_lambda_events v0.7.3
[INFO] [stderr]   Downloaded lambda_runtime v0.8.0
[INFO] [stderr]   Downloaded lambda_http v0.7.3
[INFO] [stderr]   Downloaded lambda_http v0.8.0
[INFO] [stderr]   Downloaded query_map v0.6.0
[INFO] [stderr]   Downloaded vercel_runtime_macro v0.3.4
[INFO] [stderr]   Downloaded vercel_runtime_router v0.3.4
[INFO] [stderr]   Downloaded vercel_runtime v0.3.4
[INFO] running `Command { std: "docker" "create" "-v" "/var/lib/crater-agent-workspace/builds/worker-0-tc1/target:/opt/rustwide/target:rw,Z" "-v" "/var/lib/crater-agent-workspace/builds/worker-0-tc1/source:/opt/rustwide/workdir:ro,Z" "-v" "/var/lib/crater-agent-workspace/cargo-home:/opt/rustwide/cargo-home:ro,Z" "-v" "/var/lib/crater-agent-workspace/rustup-home:/opt/rustwide/rustup-home:ro,Z" "-e" "SOURCE_DIR=/opt/rustwide/workdir" "-e" "CARGO_TARGET_DIR=/opt/rustwide/target" "-e" "CARGO_HOME=/opt/rustwide/cargo-home" "-e" "RUSTUP_HOME=/opt/rustwide/rustup-home" "-w" "/opt/rustwide/workdir" "-m" "1610612736" "--user" "0:0" "--network" "none" "ghcr.io/rust-lang/crates-build-env/linux@sha256:2788e3201cd34a07e3172128adcd8b3090168a8e3bcc40d7c032b9dda1df7d1c" "/opt/rustwide/cargo-home/bin/cargo" "+1.75.0" "metadata" "--no-deps" "--format-version=1", kill_on_drop: false }`
[INFO] [stdout] 80d99ea47355462fb6c2cd8713d9a1a2818f3ef25c236c190c6f4e8c79db2d25
[INFO] running `Command { std: "docker" "start" "-a" "80d99ea47355462fb6c2cd8713d9a1a2818f3ef25c236c190c6f4e8c79db2d25", kill_on_drop: false }`
[INFO] running `Command { std: "docker" "inspect" "80d99ea47355462fb6c2cd8713d9a1a2818f3ef25c236c190c6f4e8c79db2d25", kill_on_drop: false }`
[INFO] running `Command { std: "docker" "rm" "-f" "80d99ea47355462fb6c2cd8713d9a1a2818f3ef25c236c190c6f4e8c79db2d25", kill_on_drop: false }`
[INFO] [stdout] 80d99ea47355462fb6c2cd8713d9a1a2818f3ef25c236c190c6f4e8c79db2d25
[INFO] running `Command { std: "docker" "create" "-v" "/var/lib/crater-agent-workspace/builds/worker-0-tc1/target:/opt/rustwide/target:rw,Z" "-v" "/var/lib/crater-agent-workspace/builds/worker-0-tc1/source:/opt/rustwide/workdir:ro,Z" "-v" "/var/lib/crater-agent-workspace/cargo-home:/opt/rustwide/cargo-home:ro,Z" "-v" "/var/lib/crater-agent-workspace/rustup-home:/opt/rustwide/rustup-home:ro,Z" "-e" "SOURCE_DIR=/opt/rustwide/workdir" "-e" "CARGO_TARGET_DIR=/opt/rustwide/target" "-e" "CARGO_INCREMENTAL=0" "-e" "RUST_BACKTRACE=full" "-e" "RUSTFLAGS=--cap-lints=warn" "-e" "RUSTDOCFLAGS=--cap-lints=warn" "-e" "CARGO_HOME=/opt/rustwide/cargo-home" "-e" "RUSTUP_HOME=/opt/rustwide/rustup-home" "-w" "/opt/rustwide/workdir" "-m" "1610612736" "--user" "0:0" "--network" "none" "ghcr.io/rust-lang/crates-build-env/linux@sha256:2788e3201cd34a07e3172128adcd8b3090168a8e3bcc40d7c032b9dda1df7d1c" "/opt/rustwide/cargo-home/bin/cargo" "+1.75.0" "build" "--frozen" "--message-format=json", kill_on_drop: false }`
[INFO] [stdout] 7927b86814a278dab06eb08031597e44833d7ca923b4bea0e87b43d5fecef0d1
[INFO] running `Command { std: "docker" "start" "-a" "7927b86814a278dab06eb08031597e44833d7ca923b4bea0e87b43d5fecef0d1", kill_on_drop: false }`
[INFO] [stderr]    Compiling unicode-ident v1.0.8
[INFO] [stderr]    Compiling quote v1.0.26
[INFO] [stderr]    Compiling proc-macro2 v1.0.56
[INFO] [stderr]    Compiling serde_derive v1.0.160
[INFO] [stderr]    Compiling serde v1.0.160
[INFO] [stderr]    Compiling libc v0.2.141
[INFO] [stderr]    Compiling log v0.4.17
[INFO] [stderr]    Compiling pin-project-lite v0.2.9
[INFO] [stderr]    Compiling once_cell v1.17.1
[INFO] [stderr]    Compiling memchr v2.5.0
[INFO] [stderr]    Compiling futures-core v0.3.28
[INFO] [stderr]    Compiling syn v1.0.109
[INFO] [stderr]    Compiling itoa v1.0.6
[INFO] [stderr]    Compiling tokio v1.27.0
[INFO] [stderr]    Compiling futures-sink v0.3.28
[INFO] [stderr]    Compiling slab v0.4.8
[INFO] [stderr]    Compiling futures-channel v0.3.28
[INFO] [stderr]    Compiling futures-task v0.3.28
[INFO] [stderr]    Compiling futures-util v0.3.28
[INFO] [stderr]    Compiling tracing-core v0.1.30
[INFO] [stderr]    Compiling futures-io v0.3.28
[INFO] [stderr]    Compiling fnv v1.0.7
[INFO] [stderr]    Compiling cc v1.0.79
[INFO] [stderr]    Compiling ryu v1.0.13
[INFO] [stderr]    Compiling syn v2.0.15
[INFO] [stderr]    Compiling socket2 v0.4.9
[INFO] [stderr]    Compiling mio v0.8.6
[INFO] [stderr]    Compiling num_cpus v1.15.0
[INFO] [stderr]    Compiling httparse v1.8.0
[INFO] [stderr]    Compiling tower-service v0.3.2
[INFO] [stderr]    Compiling num-traits v0.2.15
[INFO] [stderr]    Compiling try-lock v0.2.4
[INFO] [stderr]    Compiling want v0.3.0
[INFO] [stderr]    Compiling num-integer v0.1.45
[INFO] [stderr]    Compiling httpdate v1.0.2
[INFO] [stderr]    Compiling percent-encoding v2.2.0
[INFO] [stderr]    Compiling time-core v0.1.0
[INFO] [stderr]    Compiling tower-layer v0.3.2
[INFO] [stderr]    Compiling vsimd v0.8.0
[INFO] [stderr]    Compiling outref v0.5.1
[INFO] [stderr]    Compiling time v0.3.20
[INFO] [stderr]    Compiling form_urlencoded v1.1.0
[INFO] [stderr]    Compiling spin v0.5.2
[INFO] [stderr]    Compiling ring v0.16.20
[INFO] [stderr]    Compiling base64 v0.21.0
[INFO] [stderr]    Compiling untrusted v0.7.1
[INFO] [stderr]    Compiling openssl-probe v0.1.5
[INFO] [stderr]    Compiling base64-simd v0.8.0
[INFO] [stderr]    Compiling typenum v1.16.0
[INFO] [stderr]    Compiling either v1.8.1
[INFO] [stderr]    Compiling semver v1.0.17
[INFO] [stderr]    Compiling rustls v0.20.8
[INFO] [stderr]    Compiling aho-corasick v0.7.20
[INFO] [stderr]    Compiling aws-smithy-types v0.55.1
[INFO] [stderr]    Compiling regex-syntax v0.6.29
[INFO] [stderr]    Compiling generic-array v0.14.7
[INFO] [stderr]    Compiling rustls-pemfile v1.0.2
[INFO] [stderr]    Compiling pkg-config v0.3.26
[INFO] [stderr]    Compiling rustls-native-certs v0.6.2
[INFO] [stderr]    Compiling rustc_version v0.4.0
[INFO] [stderr]    Compiling crypto-common v0.1.6
[INFO] [stderr]    Compiling block-buffer v0.10.4
[INFO] [stderr]    Compiling serde_json v1.0.96
[INFO] [stderr]    Compiling zeroize v1.6.0
[INFO] [stderr]    Compiling aws-types v0.55.1
[INFO] [stderr]    Compiling subtle v2.4.1
[INFO] [stderr]    Compiling regex v1.7.3
[INFO] [stderr]    Compiling openssl-sys v0.9.85
[INFO] [stderr]    Compiling digest v0.10.6
[INFO] [stderr]    Compiling unicode-normalization v0.1.22
[INFO] [stderr]    Compiling unicode-bidi v0.3.13
[INFO] [stderr]    Compiling cpufeatures v0.2.6
[INFO] [stderr]    Compiling foreign-types-shared v0.1.1
[INFO] [stderr]    Compiling idna v0.3.0
[INFO] [stderr]    Compiling tokio-macros v2.0.0
[INFO] [stderr]    Compiling futures-macro v0.3.28
[INFO] [stderr]    Compiling sct v0.7.0
[INFO] [stderr]    Compiling webpki v0.22.0
[INFO] [stderr]    Compiling async-stream-impl v0.3.5
[INFO] [stderr]    Compiling openssl v0.10.50
[INFO] [stderr]    Compiling url v2.3.1
[INFO] [stderr]    Compiling openssl-macros v0.1.1
[INFO] [stderr]    Compiling async-stream v0.3.5
[INFO] [stderr]    Compiling foreign-types v0.3.2
[INFO] [stderr]    Compiling tracing-attributes v0.1.23
[INFO] [stderr]    Compiling pin-project-internal v1.0.12
[INFO] [stderr]    Compiling sha2 v0.10.6
[INFO] [stderr]    Compiling hmac v0.12.1
[INFO] [stderr]    Compiling native-tls v0.2.11
[INFO] [stderr]    Compiling encoding_rs v0.8.32
[INFO] [stderr]    Compiling async-trait v0.1.68
[INFO] [stderr]    Compiling pin-project v1.0.12
[INFO] [stderr]    Compiling mime v0.3.17
[INFO] [stderr]    Compiling base64 v0.13.1
[INFO] [stderr]    Compiling glob v0.3.1
[INFO] [stderr]    Compiling tracing v0.1.37
[INFO] [stderr]    Compiling futures-executor v0.3.28
[INFO] [stderr]    Compiling futures v0.3.28
[INFO] [stderr]    Compiling aws-smithy-json v0.55.1
[INFO] [stderr]    Compiling xmlparser v0.13.5
[INFO] [stderr]    Compiling urlencoding v2.1.2
[INFO] [stderr]    Compiling overload v0.1.1
[INFO] [stderr]    Compiling nu-ansi-term v0.46.0
[INFO] [stderr]    Compiling aws-smithy-query v0.55.1
[INFO] [stderr]    Compiling aws-smithy-xml v0.55.1
[INFO] [stderr]    Compiling vercel_runtime_router v0.3.4
[INFO] [stderr]    Compiling tracing-log v0.1.3
[INFO] [stderr]    Compiling sharded-slab v0.1.4
[INFO] [stderr]    Compiling thread_local v1.1.7
[INFO] [stderr]    Compiling smallvec v1.10.0
[INFO] [stderr]    Compiling http-range-header v0.3.0
[INFO] [stderr]    Compiling vercel_runtime_macro v0.3.4
[INFO] [stderr]    Compiling tracing-subscriber v0.3.16
[INFO] [stderr]    Compiling ipnet v2.7.2
[INFO] [stderr]    Compiling sha1_smol v1.0.0
[INFO] [stderr]    Compiling tl v0.7.7
[INFO] [stderr]    Compiling bytes v1.4.0
[INFO] [stderr]    Compiling serde_urlencoded v0.7.1
[INFO] [stderr]    Compiling chrono v0.4.24
[INFO] [stderr]    Compiling query_map v0.6.0
[INFO] [stderr]    Compiling http v0.2.9
[INFO] [stderr]    Compiling bytes-utils v0.1.3
[INFO] [stderr]    Compiling http-body v0.4.5
[INFO] [stderr]    Compiling http-serde v1.1.2
[INFO] [stderr]    Compiling aws_lambda_events v0.7.3
[INFO] [stderr]    Compiling tower-http v0.4.0
[INFO] [stderr]    Compiling tokio-util v0.7.7
[INFO] [stderr]    Compiling tokio-stream v0.1.12
[INFO] [stderr]    Compiling tower v0.4.13
[INFO] [stderr]    Compiling tokio-rustls v0.23.4
[INFO] [stderr]    Compiling tokio-native-tls v0.3.1
[INFO] [stderr]    Compiling aws-smithy-async v0.55.1
[INFO] [stderr]    Compiling h2 v0.3.18
[INFO] [stderr]    Compiling aws-credential-types v0.55.1
[INFO] [stderr]    Compiling combine v4.6.6
[INFO] [stderr]    Compiling hyper v0.14.26
[INFO] [stderr]    Compiling redis v0.23.0
[INFO] [stderr]    Compiling aws-smithy-http v0.55.1
[INFO] [stderr]    Compiling hyper-rustls v0.23.2
[INFO] [stderr]    Compiling lambda_runtime_api_client v0.7.0
[INFO] [stderr]    Compiling lambda_runtime_api_client v0.8.0
[INFO] [stderr]    Compiling hyper-tls v0.5.0
[INFO] [stderr]    Compiling lambda_runtime v0.7.3
[INFO] [stderr]    Compiling lambda_runtime v0.8.0
[INFO] [stderr]    Compiling reqwest v0.11.16
[INFO] [stderr]    Compiling aws-smithy-http-tower v0.55.1
[INFO] [stderr]    Compiling aws-smithy-client v0.55.1
[INFO] [stderr]    Compiling aws-sigv4 v0.55.1
[INFO] [stderr]    Compiling lambda_http v0.7.3
[INFO] [stderr]    Compiling lambda_http v0.8.0
[INFO] [stderr]    Compiling aws-sig-auth v0.55.1
[INFO] [stderr]    Compiling aws-endpoint v0.55.1
[INFO] [stderr]    Compiling aws-http v0.55.1
[INFO] [stderr]    Compiling vercel_runtime v0.3.4
[INFO] [stderr]    Compiling aws-sdk-sso v0.26.0
[INFO] [stderr]    Compiling aws-sdk-sts v0.26.0
[INFO] [stderr]    Compiling aws-config v0.55.1
[INFO] [stderr]    Compiling zillow-scraper v0.1.0 (/opt/rustwide/workdir)
[INFO] [stdout] warning: unused import: `get_profile_data`
[INFO] [stdout]  --> src/main.rs:3:30
[INFO] [stdout]   |
[INFO] [stdout] 3 | use crate::zillow_scrapper::{get_profile_data, get_profile_data_with_redis_cache};
[INFO] [stdout]   |                              ^^^^^^^^^^^^^^^^
[INFO] [stdout]   |
[INFO] [stdout]   = note: `#[warn(unused_imports)]` on by default
[INFO] [stdout] 
[INFO] [stdout] 
[INFO] [stdout] warning: unused import: `futures::TryFutureExt`
[INFO] [stdout]  --> src/main.rs:4:5
[INFO] [stdout]   |
[INFO] [stdout] 4 | use futures::TryFutureExt;
[INFO] [stdout]   |     ^^^^^^^^^^^^^^^^^^^^^
[INFO] [stdout] 
[INFO] [stdout] 
[INFO] [stdout] warning: unused import: `RequestExt`
[INFO] [stdout]  --> src/main.rs:5:55
[INFO] [stdout]   |
[INFO] [stdout] 5 | use lambda_http::{Body, Error, IntoResponse, Request, RequestExt, Response};
[INFO] [stdout]   |                                                       ^^^^^^^^^^
[INFO] [stdout] 
[INFO] [stdout] 
[INFO] [stdout] warning: unused import: `self`
[INFO] [stdout]  --> src/zillow_scrapper.rs:1:23
[INFO] [stdout]   |
[INFO] [stdout] 1 | use reqwest::header::{self, HeaderMap};
[INFO] [stdout]   |                       ^^^^
[INFO] [stdout] 
[INFO] [stdout] 
[INFO] [stdout] warning: function `get_from_redis` is never used
[INFO] [stdout]   --> src/zillow_scrapper.rs:72:10
[INFO] [stdout]    |
[INFO] [stdout] 72 | async fn get_from_redis(name: &str) -> Result<Option<ZillowEmbeddedJson>, Box<dyn Error>> {
[INFO] [stdout]    |          ^^^^^^^^^^^^^^
[INFO] [stdout]    |
[INFO] [stdout]    = note: `#[warn(dead_code)]` on by default
[INFO] [stdout] 
[INFO] [stdout] 
[INFO] [stdout] warning: function `cache_in_redis` is never used
[INFO] [stdout]   --> src/zillow_scrapper.rs:87:10
[INFO] [stdout]    |
[INFO] [stdout] 87 | async fn cache_in_redis(name: &str, data: &ZillowEmbeddedJson) -> Result<(), Box<dyn Error>> {
[INFO] [stdout]    |          ^^^^^^^^^^^^^^
[INFO] [stdout] 
[INFO] [stdout] 
[INFO] [stdout] warning: 6 warnings emitted
[INFO] [stdout] 
[INFO] [stdout] 
[INFO] [stderr]     Finished dev [unoptimized + debuginfo] target(s) in 34.57s
[INFO] running `Command { std: "docker" "inspect" "7927b86814a278dab06eb08031597e44833d7ca923b4bea0e87b43d5fecef0d1", kill_on_drop: false }`
[INFO] running `Command { std: "docker" "rm" "-f" "7927b86814a278dab06eb08031597e44833d7ca923b4bea0e87b43d5fecef0d1", kill_on_drop: false }`
[INFO] [stdout] 7927b86814a278dab06eb08031597e44833d7ca923b4bea0e87b43d5fecef0d1
[INFO] running `Command { std: "docker" "create" "-v" "/var/lib/crater-agent-workspace/builds/worker-0-tc1/target:/opt/rustwide/target:rw,Z" "-v" "/var/lib/crater-agent-workspace/builds/worker-0-tc1/source:/opt/rustwide/workdir:ro,Z" "-v" "/var/lib/crater-agent-workspace/cargo-home:/opt/rustwide/cargo-home:ro,Z" "-v" "/var/lib/crater-agent-workspace/rustup-home:/opt/rustwide/rustup-home:ro,Z" "-e" "SOURCE_DIR=/opt/rustwide/workdir" "-e" "CARGO_TARGET_DIR=/opt/rustwide/target" "-e" "CARGO_INCREMENTAL=0" "-e" "RUST_BACKTRACE=full" "-e" "RUSTFLAGS=--cap-lints=warn" "-e" "RUSTDOCFLAGS=--cap-lints=warn" "-e" "CARGO_HOME=/opt/rustwide/cargo-home" "-e" "RUSTUP_HOME=/opt/rustwide/rustup-home" "-w" "/opt/rustwide/workdir" "-m" "1610612736" "--user" "0:0" "--network" "none" "ghcr.io/rust-lang/crates-build-env/linux@sha256:2788e3201cd34a07e3172128adcd8b3090168a8e3bcc40d7c032b9dda1df7d1c" "/opt/rustwide/cargo-home/bin/cargo" "+1.75.0" "test" "--frozen" "--no-run" "--message-format=json", kill_on_drop: false }`
[INFO] [stdout] e921e0a7ea190184ae41eafbff0195936a5be3f4dbd0de8b718ed5d450b9de25
[INFO] running `Command { std: "docker" "start" "-a" "e921e0a7ea190184ae41eafbff0195936a5be3f4dbd0de8b718ed5d450b9de25", kill_on_drop: false }`
[INFO] [stderr]    Compiling zillow-scraper v0.1.0 (/opt/rustwide/workdir)
[INFO] [stdout] warning: unused import: `get_profile_data`
[INFO] [stdout]  --> src/main.rs:3:30
[INFO] [stdout]   |
[INFO] [stdout] 3 | use crate::zillow_scrapper::{get_profile_data, get_profile_data_with_redis_cache};
[INFO] [stdout]   |                              ^^^^^^^^^^^^^^^^
[INFO] [stdout]   |
[INFO] [stdout]   = note: `#[warn(unused_imports)]` on by default
[INFO] [stdout] 
[INFO] [stdout] 
[INFO] [stdout] warning: unused import: `futures::TryFutureExt`
[INFO] [stdout]  --> src/main.rs:4:5
[INFO] [stdout]   |
[INFO] [stdout] 4 | use futures::TryFutureExt;
[INFO] [stdout]   |     ^^^^^^^^^^^^^^^^^^^^^
[INFO] [stdout] 
[INFO] [stdout] 
[INFO] [stdout] warning: unused import: `RequestExt`
[INFO] [stdout]  --> src/main.rs:5:55
[INFO] [stdout]   |
[INFO] [stdout] 5 | use lambda_http::{Body, Error, IntoResponse, Request, RequestExt, Response};
[INFO] [stdout]   |                                                       ^^^^^^^^^^
[INFO] [stdout] 
[INFO] [stdout] 
[INFO] [stdout] warning: unused import: `self`
[INFO] [stdout]  --> src/zillow_scrapper.rs:1:23
[INFO] [stdout]   |
[INFO] [stdout] 1 | use reqwest::header::{self, HeaderMap};
[INFO] [stdout]   |                       ^^^^
[INFO] [stdout] 
[INFO] [stdout] 
[INFO] [stdout] warning: function `get_from_redis` is never used
[INFO] [stdout]   --> src/zillow_scrapper.rs:72:10
[INFO] [stdout]    |
[INFO] [stdout] 72 | async fn get_from_redis(name: &str) -> Result<Option<ZillowEmbeddedJson>, Box<dyn Error>> {
[INFO] [stdout]    |          ^^^^^^^^^^^^^^
[INFO] [stdout]    |
[INFO] [stdout]    = note: `#[warn(dead_code)]` on by default
[INFO] [stdout] 
[INFO] [stdout] 
[INFO] [stdout] warning: function `cache_in_redis` is never used
[INFO] [stdout]   --> src/zillow_scrapper.rs:87:10
[INFO] [stdout]    |
[INFO] [stdout] 87 | async fn cache_in_redis(name: &str, data: &ZillowEmbeddedJson) -> Result<(), Box<dyn Error>> {
[INFO] [stdout]    |          ^^^^^^^^^^^^^^
[INFO] [stdout] 
[INFO] [stdout] 
[INFO] [stdout] warning: 6 warnings emitted
[INFO] [stdout] 
[INFO] [stdout] 
[INFO] [stderr]     Finished test [unoptimized + debuginfo] target(s) in 3.93s
[INFO] running `Command { std: "docker" "inspect" "e921e0a7ea190184ae41eafbff0195936a5be3f4dbd0de8b718ed5d450b9de25", kill_on_drop: false }`
[INFO] running `Command { std: "docker" "rm" "-f" "e921e0a7ea190184ae41eafbff0195936a5be3f4dbd0de8b718ed5d450b9de25", kill_on_drop: false }`
[INFO] [stdout] e921e0a7ea190184ae41eafbff0195936a5be3f4dbd0de8b718ed5d450b9de25
[INFO] running `Command { std: "docker" "create" "-v" "/var/lib/crater-agent-workspace/builds/worker-0-tc1/target:/opt/rustwide/target:rw,Z" "-v" "/var/lib/crater-agent-workspace/builds/worker-0-tc1/source:/opt/rustwide/workdir:ro,Z" "-v" "/var/lib/crater-agent-workspace/cargo-home:/opt/rustwide/cargo-home:ro,Z" "-v" "/var/lib/crater-agent-workspace/rustup-home:/opt/rustwide/rustup-home:ro,Z" "-e" "SOURCE_DIR=/opt/rustwide/workdir" "-e" "CARGO_TARGET_DIR=/opt/rustwide/target" "-e" "CARGO_INCREMENTAL=0" "-e" "RUST_BACKTRACE=full" "-e" "RUSTFLAGS=--cap-lints=warn" "-e" "RUSTDOCFLAGS=--cap-lints=warn" "-e" "CARGO_HOME=/opt/rustwide/cargo-home" "-e" "RUSTUP_HOME=/opt/rustwide/rustup-home" "-w" "/opt/rustwide/workdir" "-m" "1610612736" "--user" "0:0" "--network" "none" "ghcr.io/rust-lang/crates-build-env/linux@sha256:2788e3201cd34a07e3172128adcd8b3090168a8e3bcc40d7c032b9dda1df7d1c" "/opt/rustwide/cargo-home/bin/cargo" "+1.75.0" "test" "--frozen", kill_on_drop: false }`
[INFO] [stdout] 5af068f36f3e1cca3e170e82c9e2df0b19bcc1506469241908e5c59ae33160f4
[INFO] running `Command { std: "docker" "start" "-a" "5af068f36f3e1cca3e170e82c9e2df0b19bcc1506469241908e5c59ae33160f4", kill_on_drop: false }`
[INFO] [stderr] warning: unused import: `get_profile_data`
[INFO] [stderr]  --> src/main.rs:3:30
[INFO] [stderr]   |
[INFO] [stderr] 3 | use crate::zillow_scrapper::{get_profile_data, get_profile_data_with_redis_cache};
[INFO] [stderr]   |                              ^^^^^^^^^^^^^^^^
[INFO] [stderr]   |
[INFO] [stderr]   = note: `#[warn(unused_imports)]` on by default
[INFO] [stderr] 
[INFO] [stderr] warning: unused import: `futures::TryFutureExt`
[INFO] [stderr]  --> src/main.rs:4:5
[INFO] [stderr]   |
[INFO] [stderr] 4 | use futures::TryFutureExt;
[INFO] [stderr]   |     ^^^^^^^^^^^^^^^^^^^^^
[INFO] [stderr] 
[INFO] [stderr] warning: unused import: `RequestExt`
[INFO] [stderr]  --> src/main.rs:5:55
[INFO] [stderr]   |
[INFO] [stderr] 5 | use lambda_http::{Body, Error, IntoResponse, Request, RequestExt, Response};
[INFO] [stderr]   |                                                       ^^^^^^^^^^
[INFO] [stderr] 
[INFO] [stderr] warning: unused import: `self`
[INFO] [stderr]  --> src/zillow_scrapper.rs:1:23
[INFO] [stderr]   |
[INFO] [stderr] 1 | use reqwest::header::{self, HeaderMap};
[INFO] [stderr]   |                       ^^^^
[INFO] [stderr] 
[INFO] [stderr] warning: function `get_from_redis` is never used
[INFO] [stderr]   --> src/zillow_scrapper.rs:72:10
[INFO] [stderr]    |
[INFO] [stderr] 72 | async fn get_from_redis(name: &str) -> Result<Option<ZillowEmbeddedJson>, Box<dyn Error>> {
[INFO] [stderr]    |          ^^^^^^^^^^^^^^
[INFO] [stderr]    |
[INFO] [stderr]    = note: `#[warn(dead_code)]` on by default
[INFO] [stderr] 
[INFO] [stderr] warning: function `cache_in_redis` is never used
[INFO] [stderr]   --> src/zillow_scrapper.rs:87:10
[INFO] [stderr]    |
[INFO] [stderr] 87 | async fn cache_in_redis(name: &str, data: &ZillowEmbeddedJson) -> Result<(), Box<dyn Error>> {
[INFO] [stderr]    |          ^^^^^^^^^^^^^^
[INFO] [stderr] 
[INFO] [stderr] warning: `zillow-scraper` (bin "zillow-scraper" test) generated 6 warnings (run `cargo fix --bin "zillow-scraper" --tests` to apply 4 suggestions)
[INFO] [stderr]     Finished test [unoptimized + debuginfo] target(s) in 0.10s
[INFO] [stderr]      Running unittests src/main.rs (/opt/rustwide/target/debug/deps/zillow_scraper-97caa59d8ab21d6b)
[INFO] [stdout] 
[INFO] [stdout] running 1 test
[INFO] [stdout] test zillow_scrapper::tests::it_works ... FAILED
[INFO] [stdout] 
[INFO] [stdout] failures:
[INFO] [stdout] 
[INFO] [stdout] ---- zillow_scrapper::tests::it_works stdout ----
[INFO] [stdout] name: Matt Laricy, index: 1
[INFO] [stdout] url: https://www.zillow.com/profile/Matt Laricy/
[INFO] [stdout] result: Err(reqwest::Error { kind: Request, url: Url { scheme: "https", cannot_be_a_base: false, username: "", password: None, host: Some(Domain("www.zillow.com")), port: None, path: "/profile/Matt%20Laricy/", query: None, fragment: None }, source: hyper::Error(Connect, ConnectError("dns error", Custom { kind: Uncategorized, error: "failed to lookup address information: Temporary failure in name resolution" })) })
[INFO] [stdout] thread 'zillow_scrapper::tests::it_works' panicked at src/zillow_scrapper.rs:112:13:
[INFO] [stdout] assertion `left == right` failed
[INFO] [stdout]   left: false
[INFO] [stdout]  right: true
[INFO] [stdout] stack backtrace:
[INFO] [stdout]    0:     0x5598be6f320c - std::backtrace_rs::backtrace::libunwind::trace::ha637c64ce894333a
[INFO] [stdout]                                at /rustc/82e1608dfa6e0b5569232559e3d385fea5a93112/library/std/src/../../backtrace/src/backtrace/libunwind.rs:104:5
[INFO] [stdout]    1:     0x5598be6f320c - std::backtrace_rs::backtrace::trace_unsynchronized::h47f62dea28e0c88d
[INFO] [stdout]                                at /rustc/82e1608dfa6e0b5569232559e3d385fea5a93112/library/std/src/../../backtrace/src/backtrace/mod.rs:66:5
[INFO] [stdout]    2:     0x5598be6f320c - std::sys_common::backtrace::_print_fmt::h9eef0abe20ede486
[INFO] [stdout]                                at /rustc/82e1608dfa6e0b5569232559e3d385fea5a93112/library/std/src/sys_common/backtrace.rs:67:5
[INFO] [stdout]    3:     0x5598be6f320c - <std::sys_common::backtrace::_print::DisplayBacktrace as core::fmt::Display>::fmt::hed7f999df88cc644
[INFO] [stdout]                                at /rustc/82e1608dfa6e0b5569232559e3d385fea5a93112/library/std/src/sys_common/backtrace.rs:44:22
[INFO] [stdout]    4:     0x5598be7206d0 - core::fmt::rt::Argument::fmt::h1539a9308b8d058d
[INFO] [stdout]                                at /rustc/82e1608dfa6e0b5569232559e3d385fea5a93112/library/core/src/fmt/rt.rs:142:9
[INFO] [stdout]    5:     0x5598be7206d0 - core::fmt::write::h3a39390d8560d9c9
[INFO] [stdout]                                at /rustc/82e1608dfa6e0b5569232559e3d385fea5a93112/library/core/src/fmt/mod.rs:1120:17
[INFO] [stdout]    6:     0x5598be6f019f - std::io::Write::write_fmt::h040b369f3a0f9cbc
[INFO] [stdout]                                at /rustc/82e1608dfa6e0b5569232559e3d385fea5a93112/library/std/src/io/mod.rs:1762:15
[INFO] [stdout]    7:     0x5598be6f2ff4 - std::sys_common::backtrace::_print::h894006fb5c6f3d45
[INFO] [stdout]                                at /rustc/82e1608dfa6e0b5569232559e3d385fea5a93112/library/std/src/sys_common/backtrace.rs:47:5
[INFO] [stdout]    8:     0x5598be6f2ff4 - std::sys_common::backtrace::print::h23a2d212c6fff936
[INFO] [stdout]                                at /rustc/82e1608dfa6e0b5569232559e3d385fea5a93112/library/std/src/sys_common/backtrace.rs:34:9
[INFO] [stdout]    9:     0x5598be6f4cb7 - std::panicking::default_hook::{{closure}}::h8a1d2ee00185001a
[INFO] [stdout]   10:     0x5598be6f49a3 - std::panicking::default_hook::h6038f2eba384e475
[INFO] [stdout]                                at /rustc/82e1608dfa6e0b5569232559e3d385fea5a93112/library/std/src/panicking.rs:289:9
[INFO] [stdout]   11:     0x5598be1b6127 - <alloc::boxed::Box<F,A> as core::ops::function::Fn<Args>>::call::h0ad024c9bdc6d768
[INFO] [stdout]                                at /rustc/82e1608dfa6e0b5569232559e3d385fea5a93112/library/alloc/src/boxed.rs:2021:9
[INFO] [stdout]   12:     0x5598be1b6127 - test::test_main::{{closure}}::h7500b54257359db6
[INFO] [stdout]                                at /rustc/82e1608dfa6e0b5569232559e3d385fea5a93112/library/test/src/lib.rs:138:21
[INFO] [stdout]   13:     0x5598be6f52c8 - <alloc::boxed::Box<F,A> as core::ops::function::Fn<Args>>::call::h1f8f335eaa9cfaee
[INFO] [stdout]                                at /rustc/82e1608dfa6e0b5569232559e3d385fea5a93112/library/alloc/src/boxed.rs:2021:9
[INFO] [stdout]   14:     0x5598be6f52c8 - std::panicking::rust_panic_with_hook::h2b5517d590cab22e
[INFO] [stdout]                                at /rustc/82e1608dfa6e0b5569232559e3d385fea5a93112/library/std/src/panicking.rs:783:13
[INFO] [stdout]   15:     0x5598be6f501e - std::panicking::begin_panic_handler::{{closure}}::h233112c06e0ef43e
[INFO] [stdout]                                at /rustc/82e1608dfa6e0b5569232559e3d385fea5a93112/library/std/src/panicking.rs:657:13
[INFO] [stdout]   16:     0x5598be6f36d6 - std::sys_common::backtrace::__rust_end_short_backtrace::h6e893f24d7ebbff8
[INFO] [stdout]                                at /rustc/82e1608dfa6e0b5569232559e3d385fea5a93112/library/std/src/sys_common/backtrace.rs:170:18
[INFO] [stdout]   17:     0x5598be6f4d82 - rust_begin_unwind
[INFO] [stdout]                                at /rustc/82e1608dfa6e0b5569232559e3d385fea5a93112/library/std/src/panicking.rs:645:5
[INFO] [stdout]   18:     0x5598be09b605 - core::panicking::panic_fmt::hbf0e066aabfa482c
[INFO] [stdout]                                at /rustc/82e1608dfa6e0b5569232559e3d385fea5a93112/library/core/src/panicking.rs:72:14
[INFO] [stdout]   19:     0x5598be09ba5b - core::panicking::assert_failed_inner::h0bba8b7c26ee4492
[INFO] [stdout]   20:     0x5598be5a7d9e - core::panicking::assert_failed::h8f0089a15aeb36e3
[INFO] [stdout]                                at /rustc/82e1608dfa6e0b5569232559e3d385fea5a93112/library/core/src/panicking.rs:279:5
[INFO] [stdout]   21:     0x5598be1541df - zillow_scraper::zillow_scrapper::tests::it_works::{{closure}}::hfb9a1777fcf252a0
[INFO] [stdout]                                at /opt/rustwide/workdir/src/zillow_scrapper.rs:112:13
[INFO] [stdout]   22:     0x5598be15b378 - <core::pin::Pin<P> as core::future::future::Future>::poll::h80a6e15973c5a974
[INFO] [stdout]                                at /rustc/82e1608dfa6e0b5569232559e3d385fea5a93112/library/core/src/future/future.rs:125:9
[INFO] [stdout]   23:     0x5598be15b3cb - <core::pin::Pin<P> as core::future::future::Future>::poll::hc85de026636fd2ce
[INFO] [stdout]                                at /rustc/82e1608dfa6e0b5569232559e3d385fea5a93112/library/core/src/future/future.rs:125:9
[INFO] [stdout]   24:     0x5598be1511b4 - tokio::runtime::scheduler::current_thread::CoreGuard::block_on::{{closure}}::{{closure}}::{{closure}}::h4fd2225ae51c967e
[INFO] [stdout]                                at /opt/rustwide/cargo-home/registry/src/index.crates.io-6f17d22bba15001f/tokio-1.27.0/src/runtime/scheduler/current_thread.rs:541:57
[INFO] [stdout]   25:     0x5598be1510ba - tokio::runtime::coop::with_budget::h3e8ff6f2f870db52
[INFO] [stdout]                                at /opt/rustwide/cargo-home/registry/src/index.crates.io-6f17d22bba15001f/tokio-1.27.0/src/runtime/coop.rs:107:5
[INFO] [stdout]   26:     0x5598be1510ba - tokio::runtime::coop::budget::h4b590998fc064aec
[INFO] [stdout]                                at /opt/rustwide/cargo-home/registry/src/index.crates.io-6f17d22bba15001f/tokio-1.27.0/src/runtime/coop.rs:73:5
[INFO] [stdout]   27:     0x5598be1510ba - tokio::runtime::scheduler::current_thread::CoreGuard::block_on::{{closure}}::{{closure}}::h8f6cb15be1739a00
[INFO] [stdout]                                at /opt/rustwide/cargo-home/registry/src/index.crates.io-6f17d22bba15001f/tokio-1.27.0/src/runtime/scheduler/current_thread.rs:541:25
[INFO] [stdout]   28:     0x5598be14fbac - tokio::runtime::scheduler::current_thread::Context::enter::hed314d0c12819d4f
[INFO] [stdout]                                at /opt/rustwide/cargo-home/registry/src/index.crates.io-6f17d22bba15001f/tokio-1.27.0/src/runtime/scheduler/current_thread.rs:350:19
[INFO] [stdout]   29:     0x5598be15069a - tokio::runtime::scheduler::current_thread::CoreGuard::block_on::{{closure}}::h60ca39f1224ac410
[INFO] [stdout]                                at /opt/rustwide/cargo-home/registry/src/index.crates.io-6f17d22bba15001f/tokio-1.27.0/src/runtime/scheduler/current_thread.rs:540:36
[INFO] [stdout]   30:     0x5598be1503ab - tokio::runtime::scheduler::current_thread::CoreGuard::enter::{{closure}}::h5b5ed5c1deb04d12
[INFO] [stdout]                                at /opt/rustwide/cargo-home/registry/src/index.crates.io-6f17d22bba15001f/tokio-1.27.0/src/runtime/scheduler/current_thread.rs:615:57
[INFO] [stdout]   31:     0x5598be14e988 - tokio::macros::scoped_tls::ScopedKey<T>::set::h646341f7e6b75d3c
[INFO] [stdout]                                at /opt/rustwide/cargo-home/registry/src/index.crates.io-6f17d22bba15001f/tokio-1.27.0/src/macros/scoped_tls.rs:61:9
[INFO] [stdout]   32:     0x5598be15013f - tokio::runtime::scheduler::current_thread::CoreGuard::enter::hdfe593afc5730100
[INFO] [stdout]                                at /opt/rustwide/cargo-home/registry/src/index.crates.io-6f17d22bba15001f/tokio-1.27.0/src/runtime/scheduler/current_thread.rs:615:27
[INFO] [stdout]   33:     0x5598be1503dd - tokio::runtime::scheduler::current_thread::CoreGuard::block_on::h36ab8fa9f371acad
[INFO] [stdout]                                at /opt/rustwide/cargo-home/registry/src/index.crates.io-6f17d22bba15001f/tokio-1.27.0/src/runtime/scheduler/current_thread.rs:530:19
[INFO] [stdout]   34:     0x5598be14f35d - tokio::runtime::scheduler::current_thread::CurrentThread::block_on::hd8da9f901f6da7e8
[INFO] [stdout]                                at /opt/rustwide/cargo-home/registry/src/index.crates.io-6f17d22bba15001f/tokio-1.27.0/src/runtime/scheduler/current_thread.rs:154:24
[INFO] [stdout]   35:     0x5598be14f14d - tokio::runtime::runtime::Runtime::block_on::h01c03fbea89f12c1
[INFO] [stdout]                                at /opt/rustwide/cargo-home/registry/src/index.crates.io-6f17d22bba15001f/tokio-1.27.0/src/runtime/runtime.rs:302:47
[INFO] [stdout]   36:     0x5598be153d18 - zillow_scraper::zillow_scrapper::tests::it_works::hc1f08a5213bd35f7
[INFO] [stdout]                                at /opt/rustwide/workdir/src/zillow_scrapper.rs:108:9
[INFO] [stdout]   37:     0x5598be153ba7 - zillow_scraper::zillow_scrapper::tests::it_works::{{closure}}::h0e98813db822cbc1
[INFO] [stdout]                                at /opt/rustwide/workdir/src/zillow_scrapper.rs:106:24
[INFO] [stdout]   38:     0x5598be140886 - core::ops::function::FnOnce::call_once::h34307df7c88afd25
[INFO] [stdout]                                at /rustc/82e1608dfa6e0b5569232559e3d385fea5a93112/library/core/src/ops/function.rs:250:5
[INFO] [stdout]   39:     0x5598be1bb77f - core::ops::function::FnOnce::call_once::h2b5d431d5046312d
[INFO] [stdout]                                at /rustc/82e1608dfa6e0b5569232559e3d385fea5a93112/library/core/src/ops/function.rs:250:5
[INFO] [stdout]   40:     0x5598be1bb77f - test::__rust_begin_short_backtrace::h7714669af176e207
[INFO] [stdout]                                at /rustc/82e1608dfa6e0b5569232559e3d385fea5a93112/library/test/src/lib.rs:628:18
[INFO] [stdout]   41:     0x5598be1ba795 - test::run_test_in_process::{{closure}}::h85218797dcbcec12
[INFO] [stdout]                                at /rustc/82e1608dfa6e0b5569232559e3d385fea5a93112/library/test/src/lib.rs:651:60
[INFO] [stdout]   42:     0x5598be1ba795 - <core::panic::unwind_safe::AssertUnwindSafe<F> as core::ops::function::FnOnce<()>>::call_once::h76c106ea31c14d7b
[INFO] [stdout]                                at /rustc/82e1608dfa6e0b5569232559e3d385fea5a93112/library/core/src/panic/unwind_safe.rs:272:9
[INFO] [stdout]   43:     0x5598be1ba795 - std::panicking::try::do_call::h3bd5d0f6620ee946
[INFO] [stdout]                                at /rustc/82e1608dfa6e0b5569232559e3d385fea5a93112/library/std/src/panicking.rs:552:40
[INFO] [stdout]   44:     0x5598be1ba795 - std::panicking::try::h232e535e4744fe31
[INFO] [stdout]                                at /rustc/82e1608dfa6e0b5569232559e3d385fea5a93112/library/std/src/panicking.rs:516:19
[INFO] [stdout]   45:     0x5598be1ba795 - std::panic::catch_unwind::h3ce3bd6ca8dbac68
[INFO] [stdout]                                at /rustc/82e1608dfa6e0b5569232559e3d385fea5a93112/library/std/src/panic.rs:142:14
[INFO] [stdout]   46:     0x5598be1ba795 - test::run_test_in_process::hc97b257c9621286a
[INFO] [stdout]                                at /rustc/82e1608dfa6e0b5569232559e3d385fea5a93112/library/test/src/lib.rs:651:27
[INFO] [stdout]   47:     0x5598be1ba795 - test::run_test::{{closure}}::h2aa798823a438d38
[INFO] [stdout]                                at /rustc/82e1608dfa6e0b5569232559e3d385fea5a93112/library/test/src/lib.rs:574:43
[INFO] [stdout]   48:     0x5598be182a56 - test::run_test::{{closure}}::h87d231c78fb59832
[INFO] [stdout]                                at /rustc/82e1608dfa6e0b5569232559e3d385fea5a93112/library/test/src/lib.rs:602:41
[INFO] [stdout]   49:     0x5598be182a56 - std::sys_common::backtrace::__rust_begin_short_backtrace::he6df152596625789
[INFO] [stdout]                                at /rustc/82e1608dfa6e0b5569232559e3d385fea5a93112/library/std/src/sys_common/backtrace.rs:154:18
[INFO] [stdout]   50:     0x5598be187b07 - std::thread::Builder::spawn_unchecked_::{{closure}}::{{closure}}::ha94be15d1e0acf36
[INFO] [stdout]                                at /rustc/82e1608dfa6e0b5569232559e3d385fea5a93112/library/std/src/thread/mod.rs:529:17
[INFO] [stdout]   51:     0x5598be187b07 - <core::panic::unwind_safe::AssertUnwindSafe<F> as core::ops::function::FnOnce<()>>::call_once::h9dc6bd6372f16606
[INFO] [stdout]                                at /rustc/82e1608dfa6e0b5569232559e3d385fea5a93112/library/core/src/panic/unwind_safe.rs:272:9
[INFO] [stdout]   52:     0x5598be187b07 - std::panicking::try::do_call::h9057517f80303cd4
[INFO] [stdout]                                at /rustc/82e1608dfa6e0b5569232559e3d385fea5a93112/library/std/src/panicking.rs:552:40
[INFO] [stdout]   53:     0x5598be187b07 - std::panicking::try::he3a30b11ee45340c
[INFO] [stdout]                                at /rustc/82e1608dfa6e0b5569232559e3d385fea5a93112/library/std/src/panicking.rs:516:19
[INFO] [stdout]   54:     0x5598be187b07 - std::panic::catch_unwind::h410458cfd3528b8b
[INFO] [stdout]                                at /rustc/82e1608dfa6e0b5569232559e3d385fea5a93112/library/std/src/panic.rs:142:14
[INFO] [stdout]   55:     0x5598be187b07 - std::thread::Builder::spawn_unchecked_::{{closure}}::h72ac3bdb567b737b
[INFO] [stdout]                                at /rustc/82e1608dfa6e0b5569232559e3d385fea5a93112/library/std/src/thread/mod.rs:528:30
[INFO] [stdout]   56:     0x5598be187b07 - core::ops::function::FnOnce::call_once{{vtable.shim}}::h38f34da3654a8344
[INFO] [stdout]                                at /rustc/82e1608dfa6e0b5569232559e3d385fea5a93112/library/core/src/ops/function.rs:250:5
[INFO] [stdout]   57:     0x5598be6f9fe5 - <alloc::boxed::Box<F,A> as core::ops::function::FnOnce<Args>>::call_once::hc7eafaff61e32df9
[INFO] [stdout]                                at /rustc/82e1608dfa6e0b5569232559e3d385fea5a93112/library/alloc/src/boxed.rs:2007:9
[INFO] [stdout]   58:     0x5598be6f9fe5 - <alloc::boxed::Box<F,A> as core::ops::function::FnOnce<Args>>::call_once::h6ba4a5de48dd2304
[INFO] [stdout]                                at /rustc/82e1608dfa6e0b5569232559e3d385fea5a93112/library/alloc/src/boxed.rs:2007:9
[INFO] [stdout]   59:     0x5598be6f9fe5 - std::sys::unix::thread::Thread::new::thread_start::he469335aef763e45
[INFO] [stdout]                                at /rustc/82e1608dfa6e0b5569232559e3d385fea5a93112/library/std/src/sys/unix/thread.rs:108:17
[INFO] [stdout]   60:     0x7fa7ce879ac3 - <unknown>
[INFO] [stdout]   61:     0x7fa7ce90abf4 - __clone
[INFO] [stdout]   62:                0x0 - <unknown>
[INFO] [stdout] 
[INFO] [stdout] 
[INFO] [stdout] failures:
[INFO] [stdout]     zillow_scrapper::tests::it_works
[INFO] [stdout] 
[INFO] [stdout] test result: FAILED. 0 passed; 1 failed; 0 ignored; 0 measured; 0 filtered out; finished in 0.06s
[INFO] [stdout] 
[INFO] [stderr] error: test failed, to rerun pass `--bin zillow-scraper`
[INFO] running `Command { std: "docker" "inspect" "5af068f36f3e1cca3e170e82c9e2df0b19bcc1506469241908e5c59ae33160f4", kill_on_drop: false }`
[INFO] running `Command { std: "docker" "rm" "-f" "5af068f36f3e1cca3e170e82c9e2df0b19bcc1506469241908e5c59ae33160f4", kill_on_drop: false }`
[INFO] [stdout] 5af068f36f3e1cca3e170e82c9e2df0b19bcc1506469241908e5c59ae33160f4
[INFO] testing davisuga/zillow-scraper against beta-2023-12-22 for beta-1.76-1
[INFO] running `Command { std: "git" "clone" "/workspace/cache/git-repos/https%3A%2F%2Fgithub.com%2Fdavisuga%2Fzillow-scraper" "/workspace/builds/worker-0-tc2/source", kill_on_drop: false }`
[INFO] [stderr] Cloning into '/workspace/builds/worker-0-tc2/source'...
[INFO] [stderr] done.
[INFO] validating manifest of git repo https://github.com/davisuga/zillow-scraper on toolchain beta-2023-12-22
[INFO] running `Command { std: CARGO_HOME="/workspace/cargo-home" RUSTUP_HOME="/workspace/rustup-home" "/workspace/cargo-home/bin/cargo" "+beta-2023-12-22" "metadata" "--manifest-path" "Cargo.toml" "--no-deps", kill_on_drop: false }`
[INFO] started tweaking git repo https://github.com/davisuga/zillow-scraper
[INFO] finished tweaking git repo https://github.com/davisuga/zillow-scraper
[INFO] tweaked toml for git repo https://github.com/davisuga/zillow-scraper written to /workspace/builds/worker-0-tc2/source/Cargo.toml
[INFO] crate git repo https://github.com/davisuga/zillow-scraper already has a lockfile, it will not be regenerated
[INFO] running `Command { std: CARGO_HOME="/workspace/cargo-home" RUSTUP_HOME="/workspace/rustup-home" "/workspace/cargo-home/bin/cargo" "+beta-2023-12-22" "fetch" "--manifest-path" "Cargo.toml", kill_on_drop: false }`
[INFO] running `Command { std: "docker" "create" "-v" "/var/lib/crater-agent-workspace/builds/worker-0-tc2/target:/opt/rustwide/target:rw,Z" "-v" "/var/lib/crater-agent-workspace/builds/worker-0-tc2/source:/opt/rustwide/workdir:ro,Z" "-v" "/var/lib/crater-agent-workspace/cargo-home:/opt/rustwide/cargo-home:ro,Z" "-v" "/var/lib/crater-agent-workspace/rustup-home:/opt/rustwide/rustup-home:ro,Z" "-e" "SOURCE_DIR=/opt/rustwide/workdir" "-e" "CARGO_TARGET_DIR=/opt/rustwide/target" "-e" "CARGO_HOME=/opt/rustwide/cargo-home" "-e" "RUSTUP_HOME=/opt/rustwide/rustup-home" "-w" "/opt/rustwide/workdir" "-m" "1610612736" "--user" "0:0" "--network" "none" "ghcr.io/rust-lang/crates-build-env/linux@sha256:2788e3201cd34a07e3172128adcd8b3090168a8e3bcc40d7c032b9dda1df7d1c" "/opt/rustwide/cargo-home/bin/cargo" "+beta-2023-12-22" "metadata" "--no-deps" "--format-version=1", kill_on_drop: false }`
[INFO] [stdout] e08b2ea0edd77fc2aa482eaece1ccaad08383adb3afa7e01fa15b9ad64c7fbd9
[INFO] running `Command { std: "docker" "start" "-a" "e08b2ea0edd77fc2aa482eaece1ccaad08383adb3afa7e01fa15b9ad64c7fbd9", kill_on_drop: false }`
[INFO] running `Command { std: "docker" "inspect" "e08b2ea0edd77fc2aa482eaece1ccaad08383adb3afa7e01fa15b9ad64c7fbd9", kill_on_drop: false }`
[INFO] running `Command { std: "docker" "rm" "-f" "e08b2ea0edd77fc2aa482eaece1ccaad08383adb3afa7e01fa15b9ad64c7fbd9", kill_on_drop: false }`
[INFO] [stdout] e08b2ea0edd77fc2aa482eaece1ccaad08383adb3afa7e01fa15b9ad64c7fbd9
[INFO] running `Command { std: "docker" "create" "-v" "/var/lib/crater-agent-workspace/builds/worker-0-tc2/target:/opt/rustwide/target:rw,Z" "-v" "/var/lib/crater-agent-workspace/builds/worker-0-tc2/source:/opt/rustwide/workdir:ro,Z" "-v" "/var/lib/crater-agent-workspace/cargo-home:/opt/rustwide/cargo-home:ro,Z" "-v" "/var/lib/crater-agent-workspace/rustup-home:/opt/rustwide/rustup-home:ro,Z" "-e" "SOURCE_DIR=/opt/rustwide/workdir" "-e" "CARGO_TARGET_DIR=/opt/rustwide/target" "-e" "CARGO_INCREMENTAL=0" "-e" "RUST_BACKTRACE=full" "-e" "RUSTFLAGS=--cap-lints=warn" "-e" "RUSTDOCFLAGS=--cap-lints=warn" "-e" "CARGO_HOME=/opt/rustwide/cargo-home" "-e" "RUSTUP_HOME=/opt/rustwide/rustup-home" "-w" "/opt/rustwide/workdir" "-m" "1610612736" "--user" "0:0" "--network" "none" "ghcr.io/rust-lang/crates-build-env/linux@sha256:2788e3201cd34a07e3172128adcd8b3090168a8e3bcc40d7c032b9dda1df7d1c" "/opt/rustwide/cargo-home/bin/cargo" "+beta-2023-12-22" "build" "--frozen" "--message-format=json", kill_on_drop: false }`
[INFO] [stdout] 6f064c90069fea54da69c15cd9370272eb4dde6689779514413eebb52afed18b
[INFO] running `Command { std: "docker" "start" "-a" "6f064c90069fea54da69c15cd9370272eb4dde6689779514413eebb52afed18b", kill_on_drop: false }`
[INFO] [stderr]    Compiling unicode-ident v1.0.8
[INFO] [stderr]    Compiling quote v1.0.26
[INFO] [stderr]    Compiling proc-macro2 v1.0.56
[INFO] [stderr]    Compiling serde_derive v1.0.160
[INFO] [stderr]    Compiling serde v1.0.160
[INFO] [stderr]    Compiling libc v0.2.141
[INFO] [stderr]    Compiling log v0.4.17
[INFO] [stderr]    Compiling once_cell v1.17.1
[INFO] [stderr]    Compiling pin-project-lite v0.2.9
[INFO] [stderr]    Compiling memchr v2.5.0
[INFO] [stderr]    Compiling futures-core v0.3.28
[INFO] [stderr]    Compiling syn v1.0.109
[INFO] [stderr]    Compiling itoa v1.0.6
[INFO] [stderr]    Compiling tokio v1.27.0
[INFO] [stderr]    Compiling futures-sink v0.3.28
[INFO] [stderr]    Compiling slab v0.4.8
[INFO] [stderr]    Compiling futures-task v0.3.28
[INFO] [stderr]    Compiling futures-channel v0.3.28
[INFO] [stderr]    Compiling futures-util v0.3.28
[INFO] [stderr]    Compiling syn v2.0.15
[INFO] [stderr]    Compiling socket2 v0.4.9
[INFO] [stderr]    Compiling mio v0.8.6
[INFO] [stderr]    Compiling num_cpus v1.15.0
[INFO] [stderr]    Compiling tracing-core v0.1.30
[INFO] [stderr]    Compiling futures-io v0.3.28
[INFO] [stderr]    Compiling fnv v1.0.7
[INFO] [stderr]    Compiling cc v1.0.79
[INFO] [stderr]    Compiling ryu v1.0.13
[INFO] [stderr]    Compiling tower-service v0.3.2
[INFO] [stderr]    Compiling httparse v1.8.0
[INFO] [stderr]    Compiling num-traits v0.2.15
[INFO] [stderr]    Compiling try-lock v0.2.4
[INFO] [stderr]    Compiling want v0.3.0
[INFO] [stderr]    Compiling num-integer v0.1.45
[INFO] [stderr]    Compiling httpdate v1.0.2
[INFO] [stderr]    Compiling percent-encoding v2.2.0
[INFO] [stderr]    Compiling outref v0.5.1
[INFO] [stderr]    Compiling vsimd v0.8.0
[INFO] [stderr]    Compiling time-core v0.1.0
[INFO] [stderr]    Compiling tower-layer v0.3.2
[INFO] [stderr]    Compiling time v0.3.20
[INFO] [stderr]    Compiling form_urlencoded v1.1.0
[INFO] [stderr]    Compiling spin v0.5.2
[INFO] [stderr]    Compiling untrusted v0.7.1
[INFO] [stderr]    Compiling ring v0.16.20
[INFO] [stderr]    Compiling base64 v0.21.0
[INFO] [stderr]    Compiling openssl-probe v0.1.5
[INFO] [stderr]    Compiling base64-simd v0.8.0
[INFO] [stderr]    Compiling typenum v1.16.0
[INFO] [stderr]    Compiling semver v1.0.17
[INFO] [stderr]    Compiling rustls v0.20.8
[INFO] [stderr]    Compiling either v1.8.1
[INFO] [stderr]    Compiling aws-smithy-types v0.55.1
[INFO] [stderr]    Compiling aho-corasick v0.7.20
[INFO] [stderr]    Compiling regex-syntax v0.6.29
[INFO] [stderr]    Compiling generic-array v0.14.7
[INFO] [stderr]    Compiling rustls-pemfile v1.0.2
[INFO] [stderr]    Compiling pkg-config v0.3.26
[INFO] [stderr]    Compiling rustls-native-certs v0.6.2
[INFO] [stderr]    Compiling rustc_version v0.4.0
[INFO] [stderr]    Compiling crypto-common v0.1.6
[INFO] [stderr]    Compiling block-buffer v0.10.4
[INFO] [stderr]    Compiling zeroize v1.6.0
[INFO] [stderr]    Compiling serde_json v1.0.96
[INFO] [stderr]    Compiling openssl-sys v0.9.85
[INFO] [stderr]    Compiling subtle v2.4.1
[INFO] [stderr]    Compiling aws-types v0.55.1
[INFO] [stderr]    Compiling digest v0.10.6
[INFO] [stderr]    Compiling regex v1.7.3
[INFO] [stderr]    Compiling tokio-macros v2.0.0
[INFO] [stderr]    Compiling futures-macro v0.3.28
[INFO] [stderr]    Compiling unicode-normalization v0.1.22
[INFO] [stderr]    Compiling unicode-bidi v0.3.13
[INFO] [stderr]    Compiling async-stream-impl v0.3.5
[INFO] [stderr]    Compiling webpki v0.22.0
[INFO] [stderr]    Compiling sct v0.7.0
[INFO] [stderr]    Compiling idna v0.3.0
[INFO] [stderr]    Compiling foreign-types-shared v0.1.1
[INFO] [stderr]    Compiling tracing-attributes v0.1.23
[INFO] [stderr]    Compiling pin-project-internal v1.0.12
[INFO] [stderr]    Compiling cpufeatures v0.2.6
[INFO] [stderr]    Compiling openssl v0.10.50
[INFO] [stderr]    Compiling sha2 v0.10.6
[INFO] [stderr]    Compiling url v2.3.1
[INFO] [stderr]    Compiling foreign-types v0.3.2
[INFO] [stderr]    Compiling futures-executor v0.3.28
[INFO] [stderr]    Compiling pin-project v1.0.12
[INFO] [stderr]    Compiling futures v0.3.28
[INFO] [stderr]    Compiling async-stream v0.3.5
[INFO] [stderr]    Compiling openssl-macros v0.1.1
[INFO] [stderr]    Compiling hmac v0.12.1
[INFO] [stderr]    Compiling native-tls v0.2.11
[INFO] [stderr]    Compiling tracing v0.1.37
[INFO] [stderr]    Compiling encoding_rs v0.8.32
[INFO] [stderr]    Compiling async-trait v0.1.68
[INFO] [stderr]    Compiling base64 v0.13.1
[INFO] [stderr]    Compiling glob v0.3.1
[INFO] [stderr]    Compiling mime v0.3.17
[INFO] [stderr]    Compiling aws-smithy-json v0.55.1
[INFO] [stderr]    Compiling overload v0.1.1
[INFO] [stderr]    Compiling urlencoding v2.1.2
[INFO] [stderr]    Compiling xmlparser v0.13.5
[INFO] [stderr]    Compiling aws-smithy-query v0.55.1
[INFO] [stderr]    Compiling nu-ansi-term v0.46.0
[INFO] [stderr]    Compiling aws-smithy-xml v0.55.1
[INFO] [stderr]    Compiling vercel_runtime_router v0.3.4
[INFO] [stderr]    Compiling sharded-slab v0.1.4
[INFO] [stderr]    Compiling tracing-log v0.1.3
[INFO] [stderr]    Compiling thread_local v1.1.7
[INFO] [stderr]    Compiling http-range-header v0.3.0
[INFO] [stderr]    Compiling smallvec v1.10.0
[INFO] [stderr]    Compiling vercel_runtime_macro v0.3.4
[INFO] [stderr]    Compiling tracing-subscriber v0.3.16
[INFO] [stderr]    Compiling ipnet v2.7.2
[INFO] [stderr]    Compiling sha1_smol v1.0.0
[INFO] [stderr]    Compiling bytes v1.4.0
[INFO] [stderr]    Compiling query_map v0.6.0
[INFO] [stderr]    Compiling serde_urlencoded v0.7.1
[INFO] [stderr]    Compiling http v0.2.9
[INFO] [stderr]    Compiling bytes-utils v0.1.3
[INFO] [stderr]    Compiling chrono v0.4.24
[INFO] [stderr]    Compiling http-body v0.4.5
[INFO] [stderr]    Compiling http-serde v1.1.2
[INFO] [stderr]    Compiling tower-http v0.4.0
[INFO] [stderr]    Compiling tl v0.7.7
[INFO] [stderr]    Compiling aws_lambda_events v0.7.3
[INFO] [stderr]    Compiling tokio-util v0.7.7
[INFO] [stderr]    Compiling tokio-stream v0.1.12
[INFO] [stderr]    Compiling tower v0.4.13
[INFO] [stderr]    Compiling tokio-rustls v0.23.4
[INFO] [stderr]    Compiling tokio-native-tls v0.3.1
[INFO] [stderr]    Compiling aws-smithy-async v0.55.1
[INFO] [stderr]    Compiling aws-credential-types v0.55.1
[INFO] [stderr]    Compiling h2 v0.3.18
[INFO] [stderr]    Compiling combine v4.6.6
[INFO] [stderr]    Compiling hyper v0.14.26
[INFO] [stderr]    Compiling redis v0.23.0
[INFO] [stderr]    Compiling aws-smithy-http v0.55.1
[INFO] [stderr]    Compiling hyper-rustls v0.23.2
[INFO] [stderr]    Compiling lambda_runtime_api_client v0.7.0
[INFO] [stderr]    Compiling lambda_runtime_api_client v0.8.0
[INFO] [stderr]    Compiling hyper-tls v0.5.0
[INFO] [stderr]    Compiling lambda_runtime v0.7.3
[INFO] [stderr]    Compiling lambda_runtime v0.8.0
[INFO] [stderr]    Compiling reqwest v0.11.16
[INFO] [stderr]    Compiling aws-smithy-http-tower v0.55.1
[INFO] [stderr]    Compiling aws-sigv4 v0.55.1
[INFO] [stderr]    Compiling aws-smithy-client v0.55.1
[INFO] [stderr]    Compiling lambda_http v0.7.3
[INFO] [stderr]    Compiling lambda_http v0.8.0
[INFO] [stderr]    Compiling aws-endpoint v0.55.1
[INFO] [stderr]    Compiling aws-http v0.55.1
[INFO] [stderr]    Compiling aws-sig-auth v0.55.1
[INFO] [stderr]    Compiling vercel_runtime v0.3.4
[INFO] [stderr]    Compiling aws-sdk-sso v0.26.0
[INFO] [stderr]    Compiling aws-sdk-sts v0.26.0
[INFO] [stderr]    Compiling aws-config v0.55.1
[INFO] [stderr]    Compiling zillow-scraper v0.1.0 (/opt/rustwide/workdir)
[INFO] [stdout] warning: unused import: `get_profile_data`
[INFO] [stdout]  --> src/main.rs:3:30
[INFO] [stdout]   |
[INFO] [stdout] 3 | use crate::zillow_scrapper::{get_profile_data, get_profile_data_with_redis_cache};
[INFO] [stdout]   |                              ^^^^^^^^^^^^^^^^
[INFO] [stdout]   |
[INFO] [stdout]   = note: `#[warn(unused_imports)]` on by default
[INFO] [stdout] 
[INFO] [stdout] 
[INFO] [stdout] warning: unused import: `futures::TryFutureExt`
[INFO] [stdout]  --> src/main.rs:4:5
[INFO] [stdout]   |
[INFO] [stdout] 4 | use futures::TryFutureExt;
[INFO] [stdout]   |     ^^^^^^^^^^^^^^^^^^^^^
[INFO] [stdout] 
[INFO] [stdout] 
[INFO] [stdout] warning: unused import: `RequestExt`
[INFO] [stdout]  --> src/main.rs:5:55
[INFO] [stdout]   |
[INFO] [stdout] 5 | use lambda_http::{Body, Error, IntoResponse, Request, RequestExt, Response};
[INFO] [stdout]   |                                                       ^^^^^^^^^^
[INFO] [stdout] 
[INFO] [stdout] 
[INFO] [stdout] warning: unused import: `self`
[INFO] [stdout]  --> src/zillow_scrapper.rs:1:23
[INFO] [stdout]   |
[INFO] [stdout] 1 | use reqwest::header::{self, HeaderMap};
[INFO] [stdout]   |                       ^^^^
[INFO] [stdout] 
[INFO] [stdout] 
[INFO] [stdout] warning: function `get_from_redis` is never used
[INFO] [stdout]   --> src/zillow_scrapper.rs:72:10
[INFO] [stdout]    |
[INFO] [stdout] 72 | async fn get_from_redis(name: &str) -> Result<Option<ZillowEmbeddedJson>, Box<dyn Error>> {
[INFO] [stdout]    |          ^^^^^^^^^^^^^^
[INFO] [stdout]    |
[INFO] [stdout]    = note: `#[warn(dead_code)]` on by default
[INFO] [stdout] 
[INFO] [stdout] 
[INFO] [stdout] warning: function `cache_in_redis` is never used
[INFO] [stdout]   --> src/zillow_scrapper.rs:87:10
[INFO] [stdout]    |
[INFO] [stdout] 87 | async fn cache_in_redis(name: &str, data: &ZillowEmbeddedJson) -> Result<(), Box<dyn Error>> {
[INFO] [stdout]    |          ^^^^^^^^^^^^^^
[INFO] [stdout] 
[INFO] [stdout] 
[INFO] [stdout] warning: 6 warnings emitted
[INFO] [stdout] 
[INFO] [stdout] 
[INFO] [stderr]     Finished dev [unoptimized + debuginfo] target(s) in 39.99s
[INFO] running `Command { std: "docker" "inspect" "6f064c90069fea54da69c15cd9370272eb4dde6689779514413eebb52afed18b", kill_on_drop: false }`
[INFO] running `Command { std: "docker" "rm" "-f" "6f064c90069fea54da69c15cd9370272eb4dde6689779514413eebb52afed18b", kill_on_drop: false }`
[INFO] [stdout] 6f064c90069fea54da69c15cd9370272eb4dde6689779514413eebb52afed18b
[INFO] running `Command { std: "docker" "create" "-v" "/var/lib/crater-agent-workspace/builds/worker-0-tc2/target:/opt/rustwide/target:rw,Z" "-v" "/var/lib/crater-agent-workspace/builds/worker-0-tc2/source:/opt/rustwide/workdir:ro,Z" "-v" "/var/lib/crater-agent-workspace/cargo-home:/opt/rustwide/cargo-home:ro,Z" "-v" "/var/lib/crater-agent-workspace/rustup-home:/opt/rustwide/rustup-home:ro,Z" "-e" "SOURCE_DIR=/opt/rustwide/workdir" "-e" "CARGO_TARGET_DIR=/opt/rustwide/target" "-e" "CARGO_INCREMENTAL=0" "-e" "RUST_BACKTRACE=full" "-e" "RUSTFLAGS=--cap-lints=warn" "-e" "RUSTDOCFLAGS=--cap-lints=warn" "-e" "CARGO_HOME=/opt/rustwide/cargo-home" "-e" "RUSTUP_HOME=/opt/rustwide/rustup-home" "-w" "/opt/rustwide/workdir" "-m" "1610612736" "--user" "0:0" "--network" "none" "ghcr.io/rust-lang/crates-build-env/linux@sha256:2788e3201cd34a07e3172128adcd8b3090168a8e3bcc40d7c032b9dda1df7d1c" "/opt/rustwide/cargo-home/bin/cargo" "+beta-2023-12-22" "test" "--frozen" "--no-run" "--message-format=json", kill_on_drop: false }`
[INFO] [stdout] 9d24fc0bc39df0b7dee7c8ab618a95acab3af6b2e30bd0e70fb789657db065b8
[INFO] running `Command { std: "docker" "start" "-a" "9d24fc0bc39df0b7dee7c8ab618a95acab3af6b2e30bd0e70fb789657db065b8", kill_on_drop: false }`
[INFO] [stderr]    Compiling zillow-scraper v0.1.0 (/opt/rustwide/workdir)
[INFO] [stdout] warning: unused import: `get_profile_data`
[INFO] [stdout]  --> src/main.rs:3:30
[INFO] [stdout]   |
[INFO] [stdout] 3 | use crate::zillow_scrapper::{get_profile_data, get_profile_data_with_redis_cache};
[INFO] [stdout]   |                              ^^^^^^^^^^^^^^^^
[INFO] [stdout]   |
[INFO] [stdout]   = note: `#[warn(unused_imports)]` on by default
[INFO] [stdout] 
[INFO] [stdout] 
[INFO] [stdout] warning: unused import: `futures::TryFutureExt`
[INFO] [stdout]  --> src/main.rs:4:5
[INFO] [stdout]   |
[INFO] [stdout] 4 | use futures::TryFutureExt;
[INFO] [stdout]   |     ^^^^^^^^^^^^^^^^^^^^^
[INFO] [stdout] 
[INFO] [stdout] 
[INFO] [stdout] warning: unused import: `RequestExt`
[INFO] [stdout]  --> src/main.rs:5:55
[INFO] [stdout]   |
[INFO] [stdout] 5 | use lambda_http::{Body, Error, IntoResponse, Request, RequestExt, Response};
[INFO] [stdout]   |                                                       ^^^^^^^^^^
[INFO] [stdout] 
[INFO] [stdout] 
[INFO] [stdout] warning: unused import: `self`
[INFO] [stdout]  --> src/zillow_scrapper.rs:1:23
[INFO] [stdout]   |
[INFO] [stdout] 1 | use reqwest::header::{self, HeaderMap};
[INFO] [stdout]   |                       ^^^^
[INFO] [stdout] 
[INFO] [stdout] 
[INFO] [stdout] warning: function `get_from_redis` is never used
[INFO] [stdout]   --> src/zillow_scrapper.rs:72:10
[INFO] [stdout]    |
[INFO] [stdout] 72 | async fn get_from_redis(name: &str) -> Result<Option<ZillowEmbeddedJson>, Box<dyn Error>> {
[INFO] [stdout]    |          ^^^^^^^^^^^^^^
[INFO] [stdout]    |
[INFO] [stdout]    = note: `#[warn(dead_code)]` on by default
[INFO] [stdout] 
[INFO] [stdout] 
[INFO] [stdout] warning: function `cache_in_redis` is never used
[INFO] [stdout]   --> src/zillow_scrapper.rs:87:10
[INFO] [stdout]    |
[INFO] [stdout] 87 | async fn cache_in_redis(name: &str, data: &ZillowEmbeddedJson) -> Result<(), Box<dyn Error>> {
[INFO] [stdout]    |          ^^^^^^^^^^^^^^
[INFO] [stdout] 
[INFO] [stdout] 
[INFO] [stdout] warning: 6 warnings emitted
[INFO] [stdout] 
[INFO] [stdout] 
[INFO] [stderr]     Finished test [unoptimized + debuginfo] target(s) in 3.02s
[INFO] running `Command { std: "docker" "inspect" "9d24fc0bc39df0b7dee7c8ab618a95acab3af6b2e30bd0e70fb789657db065b8", kill_on_drop: false }`
[INFO] running `Command { std: "docker" "rm" "-f" "9d24fc0bc39df0b7dee7c8ab618a95acab3af6b2e30bd0e70fb789657db065b8", kill_on_drop: false }`
[INFO] [stdout] 9d24fc0bc39df0b7dee7c8ab618a95acab3af6b2e30bd0e70fb789657db065b8
[INFO] running `Command { std: "docker" "create" "-v" "/var/lib/crater-agent-workspace/builds/worker-0-tc2/target:/opt/rustwide/target:rw,Z" "-v" "/var/lib/crater-agent-workspace/builds/worker-0-tc2/source:/opt/rustwide/workdir:ro,Z" "-v" "/var/lib/crater-agent-workspace/cargo-home:/opt/rustwide/cargo-home:ro,Z" "-v" "/var/lib/crater-agent-workspace/rustup-home:/opt/rustwide/rustup-home:ro,Z" "-e" "SOURCE_DIR=/opt/rustwide/workdir" "-e" "CARGO_TARGET_DIR=/opt/rustwide/target" "-e" "CARGO_INCREMENTAL=0" "-e" "RUST_BACKTRACE=full" "-e" "RUSTFLAGS=--cap-lints=warn" "-e" "RUSTDOCFLAGS=--cap-lints=warn" "-e" "CARGO_HOME=/opt/rustwide/cargo-home" "-e" "RUSTUP_HOME=/opt/rustwide/rustup-home" "-w" "/opt/rustwide/workdir" "-m" "1610612736" "--user" "0:0" "--network" "none" "ghcr.io/rust-lang/crates-build-env/linux@sha256:2788e3201cd34a07e3172128adcd8b3090168a8e3bcc40d7c032b9dda1df7d1c" "/opt/rustwide/cargo-home/bin/cargo" "+beta-2023-12-22" "test" "--frozen", kill_on_drop: false }`
[INFO] [stdout] 7b1d032d7a21faf01d397e34caabe14542700107031022c5d20a4ef424e1a29f
[INFO] running `Command { std: "docker" "start" "-a" "7b1d032d7a21faf01d397e34caabe14542700107031022c5d20a4ef424e1a29f", kill_on_drop: false }`
[INFO] [stderr] warning: unused import: `get_profile_data`
[INFO] [stderr]  --> src/main.rs:3:30
[INFO] [stderr]   |
[INFO] [stderr] 3 | use crate::zillow_scrapper::{get_profile_data, get_profile_data_with_redis_cache};
[INFO] [stderr]   |                              ^^^^^^^^^^^^^^^^
[INFO] [stderr]   |
[INFO] [stderr]   = note: `#[warn(unused_imports)]` on by default
[INFO] [stderr] 
[INFO] [stderr] warning: unused import: `futures::TryFutureExt`
[INFO] [stderr]  --> src/main.rs:4:5
[INFO] [stderr]   |
[INFO] [stderr] 4 | use futures::TryFutureExt;
[INFO] [stderr]   |     ^^^^^^^^^^^^^^^^^^^^^
[INFO] [stderr] 
[INFO] [stderr] warning: unused import: `RequestExt`
[INFO] [stderr]  --> src/main.rs:5:55
[INFO] [stderr]   |
[INFO] [stderr] 5 | use lambda_http::{Body, Error, IntoResponse, Request, RequestExt, Response};
[INFO] [stderr]   |                                                       ^^^^^^^^^^
[INFO] [stderr] 
[INFO] [stderr] warning: unused import: `self`
[INFO] [stderr]  --> src/zillow_scrapper.rs:1:23
[INFO] [stderr]   |
[INFO] [stderr] 1 | use reqwest::header::{self, HeaderMap};
[INFO] [stderr]   |                       ^^^^
[INFO] [stderr] 
[INFO] [stderr] warning: function `get_from_redis` is never used
[INFO] [stderr]   --> src/zillow_scrapper.rs:72:10
[INFO] [stderr]    |
[INFO] [stderr] 72 | async fn get_from_redis(name: &str) -> Result<Option<ZillowEmbeddedJson>, Box<dyn Error>> {
[INFO] [stderr]    |          ^^^^^^^^^^^^^^
[INFO] [stderr]    |
[INFO] [stderr]    = note: `#[warn(dead_code)]` on by default
[INFO] [stderr] 
[INFO] [stderr] warning: function `cache_in_redis` is never used
[INFO] [stderr]   --> src/zillow_scrapper.rs:87:10
[INFO] [stderr]    |
[INFO] [stderr] 87 | async fn cache_in_redis(name: &str, data: &ZillowEmbeddedJson) -> Result<(), Box<dyn Error>> {
[INFO] [stderr]    |          ^^^^^^^^^^^^^^
[INFO] [stderr] 
[INFO] [stderr] warning: `zillow-scraper` (bin "zillow-scraper" test) generated 6 warnings (run `cargo fix --bin "zillow-scraper" --tests` to apply 4 suggestions)
[INFO] [stderr]     Finished test [unoptimized + debuginfo] target(s) in 0.11s
[INFO] [stderr]      Running unittests src/main.rs (/opt/rustwide/target/debug/deps/zillow_scraper-af12948ffbf59ebc)
[INFO] [stdout] 
[INFO] [stdout] running 1 test
[INFO] [stdout] test zillow_scrapper::tests::it_works ... FAILED
[INFO] [stdout] 
[INFO] [stdout] failures:
[INFO] [stdout] 
[INFO] [stdout] ---- zillow_scrapper::tests::it_works stdout ----
[INFO] [stdout] name: Matt Laricy, index: 1
[INFO] [stdout] url: https://www.zillow.com/profile/Matt Laricy/
[INFO] [stdout] result: Err(reqwest::Error { kind: Request, url: Url { scheme: "https", cannot_be_a_base: false, username: "", password: None, host: Some(Domain("www.zillow.com")), port: None, path: "/profile/Matt%20Laricy/", query: None, fragment: None }, source: hyper::Error(Connect, ConnectError("dns error", Custom { kind: Uncategorized, error: "failed to lookup address information: Temporary failure in name resolution" })) })
[INFO] [stdout] thread 'zillow_scrapper::tests::it_works' panicked at src/zillow_scrapper.rs:112:13:
[INFO] [stdout] assertion `left == right` failed
[INFO] [stdout]   left: false
[INFO] [stdout]  right: true
[INFO] [stdout] stack backtrace:
[INFO] [stdout]    0:     0x55b4d945cca6 - std::backtrace_rs::backtrace::libunwind::trace::h261606ad26a499c1
[INFO] [stdout]                                at /rustc/0e09125c6c3c2fd70d7de961bcf0e51575235fad/library/std/src/../../backtrace/src/backtrace/libunwind.rs:104:5
[INFO] [stdout]    1:     0x55b4d945cca6 - std::backtrace_rs::backtrace::trace_unsynchronized::hd183f0625477fb28
[INFO] [stdout]                                at /rustc/0e09125c6c3c2fd70d7de961bcf0e51575235fad/library/std/src/../../backtrace/src/backtrace/mod.rs:66:5
[INFO] [stdout]    2:     0x55b4d945cca6 - std::sys_common::backtrace::_print_fmt::hd7f8fef21b4eda67
[INFO] [stdout]                                at /rustc/0e09125c6c3c2fd70d7de961bcf0e51575235fad/library/std/src/sys_common/backtrace.rs:68:5
[INFO] [stdout]    3:     0x55b4d945cca6 - <std::sys_common::backtrace::_print::DisplayBacktrace as core::fmt::Display>::fmt::h623d9b51f2f453f1
[INFO] [stdout]                                at /rustc/0e09125c6c3c2fd70d7de961bcf0e51575235fad/library/std/src/sys_common/backtrace.rs:44:22
[INFO] [stdout]    4:     0x55b4d9489420 - core::fmt::rt::Argument::fmt::h9f417ac76a86f368
[INFO] [stdout]                                at /rustc/0e09125c6c3c2fd70d7de961bcf0e51575235fad/library/core/src/fmt/rt.rs:142:9
[INFO] [stdout]    5:     0x55b4d9489420 - core::fmt::write::hc9b6faf4ac2aeff7
[INFO] [stdout]                                at /rustc/0e09125c6c3c2fd70d7de961bcf0e51575235fad/library/core/src/fmt/mod.rs:1120:17
[INFO] [stdout]    6:     0x55b4d9459cff - std::io::Write::write_fmt::he04625a3a989fec3
[INFO] [stdout]                                at /rustc/0e09125c6c3c2fd70d7de961bcf0e51575235fad/library/std/src/io/mod.rs:1810:15
[INFO] [stdout]    7:     0x55b4d945ca84 - std::sys_common::backtrace::_print::hd5d66399c7df88a2
[INFO] [stdout]                                at /rustc/0e09125c6c3c2fd70d7de961bcf0e51575235fad/library/std/src/sys_common/backtrace.rs:47:5
[INFO] [stdout]    8:     0x55b4d945ca84 - std::sys_common::backtrace::print::he81ed2da642d37e5
[INFO] [stdout]                                at /rustc/0e09125c6c3c2fd70d7de961bcf0e51575235fad/library/std/src/sys_common/backtrace.rs:34:9
[INFO] [stdout]    9:     0x55b4d945e7f7 - std::panicking::default_hook::{{closure}}::h85773f4fa117163d
[INFO] [stdout]   10:     0x55b4d945e4dd - std::panicking::default_hook::h6a1694a91d09b278
[INFO] [stdout]                                at /rustc/0e09125c6c3c2fd70d7de961bcf0e51575235fad/library/std/src/panicking.rs:289:9
[INFO] [stdout]   11:     0x55b4d8f1de67 - <alloc::boxed::Box<F,A> as core::ops::function::Fn<Args>>::call::h616ac37fa3cd6c8f
[INFO] [stdout]                                at /rustc/0e09125c6c3c2fd70d7de961bcf0e51575235fad/library/alloc/src/boxed.rs:2029:9
[INFO] [stdout]   12:     0x55b4d8f1de67 - test::test_main::{{closure}}::h00d84697cefdcbb6
[INFO] [stdout]                                at /rustc/0e09125c6c3c2fd70d7de961bcf0e51575235fad/library/test/src/lib.rs:138:21
[INFO] [stdout]   13:     0x55b4d945ee16 - <alloc::boxed::Box<F,A> as core::ops::function::Fn<Args>>::call::hcb3fe3b9bb537ba8
[INFO] [stdout]                                at /rustc/0e09125c6c3c2fd70d7de961bcf0e51575235fad/library/alloc/src/boxed.rs:2029:9
[INFO] [stdout]   14:     0x55b4d945ee16 - std::panicking::rust_panic_with_hook::h0a7ad96e90f7145b
[INFO] [stdout]                                at /rustc/0e09125c6c3c2fd70d7de961bcf0e51575235fad/library/std/src/panicking.rs:783:13
[INFO] [stdout]   15:     0x55b4d945eb62 - std::panicking::begin_panic_handler::{{closure}}::h7919090525c6485e
[INFO] [stdout]                                at /rustc/0e09125c6c3c2fd70d7de961bcf0e51575235fad/library/std/src/panicking.rs:657:13
[INFO] [stdout]   16:     0x55b4d945d1a6 - std::sys_common::backtrace::__rust_end_short_backtrace::hf3289479464f7dfe
[INFO] [stdout]                                at /rustc/0e09125c6c3c2fd70d7de961bcf0e51575235fad/library/std/src/sys_common/backtrace.rs:171:18
[INFO] [stdout]   17:     0x55b4d945e8c0 - rust_begin_unwind
[INFO] [stdout]                                at /rustc/0e09125c6c3c2fd70d7de961bcf0e51575235fad/library/std/src/panicking.rs:645:5
[INFO] [stdout]   18:     0x55b4d8dfc5e5 - core::panicking::panic_fmt::hcc9f77c5c132af55
[INFO] [stdout]                                at /rustc/0e09125c6c3c2fd70d7de961bcf0e51575235fad/library/core/src/panicking.rs:72:14
[INFO] [stdout]   19:     0x55b4d8dfca5b - core::panicking::assert_failed_inner::h9f13e27dd63c3a08
[INFO] [stdout]                                at /rustc/0e09125c6c3c2fd70d7de961bcf0e51575235fad/library/core/src/panicking.rs:342:17
[INFO] [stdout]   20:     0x55b4d93022ee - core::panicking::assert_failed::h9832531d4bec36b8
[INFO] [stdout]                                at /rustc/0e09125c6c3c2fd70d7de961bcf0e51575235fad/library/core/src/panicking.rs:297:5
[INFO] [stdout]   21:     0x55b4d8ec4693 - zillow_scraper::zillow_scrapper::tests::it_works::{{closure}}::h15981bd5d79f1131
[INFO] [stdout]                                at /opt/rustwide/workdir/src/zillow_scrapper.rs:112:13
[INFO] [stdout]   22:     0x55b4d8ec14b8 - <core::pin::Pin<P> as core::future::future::Future>::poll::h7d96f0d4ba9e330e
[INFO] [stdout]                                at /rustc/0e09125c6c3c2fd70d7de961bcf0e51575235fad/library/core/src/future/future.rs:124:9
[INFO] [stdout]   23:     0x55b4d8ec150b - <core::pin::Pin<P> as core::future::future::Future>::poll::haf90e95a1751a98e
[INFO] [stdout]                                at /rustc/0e09125c6c3c2fd70d7de961bcf0e51575235fad/library/core/src/future/future.rs:124:9
[INFO] [stdout]   24:     0x55b4d8ec0dc4 - tokio::runtime::scheduler::current_thread::CoreGuard::block_on::{{closure}}::{{closure}}::{{closure}}::h3e98a5641e334da5
[INFO] [stdout]                                at /opt/rustwide/cargo-home/registry/src/index.crates.io-6f17d22bba15001f/tokio-1.27.0/src/runtime/scheduler/current_thread.rs:541:57
[INFO] [stdout]   25:     0x55b4d8ec0cfa - tokio::runtime::coop::with_budget::h38038a1da4d8cf04
[INFO] [stdout]                                at /opt/rustwide/cargo-home/registry/src/index.crates.io-6f17d22bba15001f/tokio-1.27.0/src/runtime/coop.rs:107:5
[INFO] [stdout]   26:     0x55b4d8ec0cfa - tokio::runtime::coop::budget::hfab2d8de825f5549
[INFO] [stdout]                                at /opt/rustwide/cargo-home/registry/src/index.crates.io-6f17d22bba15001f/tokio-1.27.0/src/runtime/coop.rs:73:5
[INFO] [stdout]   27:     0x55b4d8ec0cfa - tokio::runtime::scheduler::current_thread::CoreGuard::block_on::{{closure}}::{{closure}}::hdb95fd3b2d8db50c
[INFO] [stdout]                                at /opt/rustwide/cargo-home/registry/src/index.crates.io-6f17d22bba15001f/tokio-1.27.0/src/runtime/scheduler/current_thread.rs:541:25
[INFO] [stdout]   28:     0x55b4d8ebf7bc - tokio::runtime::scheduler::current_thread::Context::enter::hf71e0b97a335641c
[INFO] [stdout]                                at /opt/rustwide/cargo-home/registry/src/index.crates.io-6f17d22bba15001f/tokio-1.27.0/src/runtime/scheduler/current_thread.rs:350:19
[INFO] [stdout]   29:     0x55b4d8ec02aa - tokio::runtime::scheduler::current_thread::CoreGuard::block_on::{{closure}}::h59a27da84c0cc0c8
[INFO] [stdout]                                at /opt/rustwide/cargo-home/registry/src/index.crates.io-6f17d22bba15001f/tokio-1.27.0/src/runtime/scheduler/current_thread.rs:540:36
[INFO] [stdout]   30:     0x55b4d8ebffbb - tokio::runtime::scheduler::current_thread::CoreGuard::enter::{{closure}}::h9ee6b7e57916a2a8
[INFO] [stdout]                                at /opt/rustwide/cargo-home/registry/src/index.crates.io-6f17d22bba15001f/tokio-1.27.0/src/runtime/scheduler/current_thread.rs:615:57
[INFO] [stdout]   31:     0x55b4d8ebe698 - tokio::macros::scoped_tls::ScopedKey<T>::set::hebde8485c0fcaa9c
[INFO] [stdout]                                at /opt/rustwide/cargo-home/registry/src/index.crates.io-6f17d22bba15001f/tokio-1.27.0/src/macros/scoped_tls.rs:61:9
[INFO] [stdout]   32:     0x55b4d8ebfd4f - tokio::runtime::scheduler::current_thread::CoreGuard::enter::hc142b647d4ee4f85
[INFO] [stdout]                                at /opt/rustwide/cargo-home/registry/src/index.crates.io-6f17d22bba15001f/tokio-1.27.0/src/runtime/scheduler/current_thread.rs:615:27
[INFO] [stdout]   33:     0x55b4d8ebffed - tokio::runtime::scheduler::current_thread::CoreGuard::block_on::h126c6a853bb34b46
[INFO] [stdout]                                at /opt/rustwide/cargo-home/registry/src/index.crates.io-6f17d22bba15001f/tokio-1.27.0/src/runtime/scheduler/current_thread.rs:530:19
[INFO] [stdout]   34:     0x55b4d8ebef7b - tokio::runtime::scheduler::current_thread::CurrentThread::block_on::h26c96d146ef3ef50
[INFO] [stdout]                                at /opt/rustwide/cargo-home/registry/src/index.crates.io-6f17d22bba15001f/tokio-1.27.0/src/runtime/scheduler/current_thread.rs:154:24
[INFO] [stdout]   35:     0x55b4d8ebed6d - tokio::runtime::runtime::Runtime::block_on::hdfc0a43342df25ec
[INFO] [stdout]                                at /opt/rustwide/cargo-home/registry/src/index.crates.io-6f17d22bba15001f/tokio-1.27.0/src/runtime/runtime.rs:302:47
[INFO] [stdout]   36:     0x55b4d8ec41d8 - zillow_scraper::zillow_scrapper::tests::it_works::hf0aab17c01034dc2
[INFO] [stdout]                                at /opt/rustwide/workdir/src/zillow_scrapper.rs:108:9
[INFO] [stdout]   37:     0x55b4d8ec4067 - zillow_scraper::zillow_scrapper::tests::it_works::{{closure}}::h6807fc705d99943c
[INFO] [stdout]                                at /opt/rustwide/workdir/src/zillow_scrapper.rs:106:24
[INFO] [stdout]   38:     0x55b4d8ea7306 - core::ops::function::FnOnce::call_once::hb4eeb8747af757dd
[INFO] [stdout]                                at /rustc/0e09125c6c3c2fd70d7de961bcf0e51575235fad/library/core/src/ops/function.rs:250:5
[INFO] [stdout]   39:     0x55b4d8f2373f - core::ops::function::FnOnce::call_once::hd64d26f405258157
[INFO] [stdout]                                at /rustc/0e09125c6c3c2fd70d7de961bcf0e51575235fad/library/core/src/ops/function.rs:250:5
[INFO] [stdout]   40:     0x55b4d8f2373f - test::__rust_begin_short_backtrace::he21b0b7a6d731bf9
[INFO] [stdout]                                at /rustc/0e09125c6c3c2fd70d7de961bcf0e51575235fad/library/test/src/lib.rs:627:18
[INFO] [stdout]   41:     0x55b4d8f224c1 - test::run_test_in_process::{{closure}}::hf5c73986d7bdfde2
[INFO] [stdout]                                at /rustc/0e09125c6c3c2fd70d7de961bcf0e51575235fad/library/test/src/lib.rs:650:60
[INFO] [stdout]   42:     0x55b4d8f224c1 - <core::panic::unwind_safe::AssertUnwindSafe<F> as core::ops::function::FnOnce<()>>::call_once::h330011ad032aadc0
[INFO] [stdout]                                at /rustc/0e09125c6c3c2fd70d7de961bcf0e51575235fad/library/core/src/panic/unwind_safe.rs:272:9
[INFO] [stdout]   43:     0x55b4d8f224c1 - std::panicking::try::do_call::he61b0a958b795a41
[INFO] [stdout]                                at /rustc/0e09125c6c3c2fd70d7de961bcf0e51575235fad/library/std/src/panicking.rs:552:40
[INFO] [stdout]   44:     0x55b4d8f224c1 - std::panicking::try::h7309da130f906eb7
[INFO] [stdout]                                at /rustc/0e09125c6c3c2fd70d7de961bcf0e51575235fad/library/std/src/panicking.rs:516:19
[INFO] [stdout]   45:     0x55b4d8f224c1 - std::panic::catch_unwind::hc5c3a06fdaf0a92a
[INFO] [stdout]                                at /rustc/0e09125c6c3c2fd70d7de961bcf0e51575235fad/library/std/src/panic.rs:142:14
[INFO] [stdout]   46:     0x55b4d8f224c1 - test::run_test_in_process::h7e7b7c71c3324e0f
[INFO] [stdout]                                at /rustc/0e09125c6c3c2fd70d7de961bcf0e51575235fad/library/test/src/lib.rs:650:27
[INFO] [stdout]   47:     0x55b4d8f224c1 - test::run_test::{{closure}}::h1f509f28f5cf20b1
[INFO] [stdout]                                at /rustc/0e09125c6c3c2fd70d7de961bcf0e51575235fad/library/test/src/lib.rs:573:43
[INFO] [stdout]   48:     0x55b4d8ee97f6 - test::run_test::{{closure}}::h1754218abf443f6d
[INFO] [stdout]                                at /rustc/0e09125c6c3c2fd70d7de961bcf0e51575235fad/library/test/src/lib.rs:601:41
[INFO] [stdout]   49:     0x55b4d8ee97f6 - std::sys_common::backtrace::__rust_begin_short_backtrace::h2ee174b9d5954948
[INFO] [stdout]                                at /rustc/0e09125c6c3c2fd70d7de961bcf0e51575235fad/library/std/src/sys_common/backtrace.rs:155:18
[INFO] [stdout]   50:     0x55b4d8eee857 - std::thread::Builder::spawn_unchecked_::{{closure}}::{{closure}}::hf60bee9c1a17ef09
[INFO] [stdout]                                at /rustc/0e09125c6c3c2fd70d7de961bcf0e51575235fad/library/std/src/thread/mod.rs:529:17
[INFO] [stdout]   51:     0x55b4d8eee857 - <core::panic::unwind_safe::AssertUnwindSafe<F> as core::ops::function::FnOnce<()>>::call_once::h33d0dddec5216160
[INFO] [stdout]                                at /rustc/0e09125c6c3c2fd70d7de961bcf0e51575235fad/library/core/src/panic/unwind_safe.rs:272:9
[INFO] [stdout]   52:     0x55b4d8eee857 - std::panicking::try::do_call::h144b3048b546f835
[INFO] [stdout]                                at /rustc/0e09125c6c3c2fd70d7de961bcf0e51575235fad/library/std/src/panicking.rs:552:40
[INFO] [stdout]   53:     0x55b4d8eee857 - std::panicking::try::h978244d04646189f
[INFO] [stdout]                                at /rustc/0e09125c6c3c2fd70d7de961bcf0e51575235fad/library/std/src/panicking.rs:516:19
[INFO] [stdout]   54:     0x55b4d8eee857 - std::panic::catch_unwind::hdf436369d188fe86
[INFO] [stdout]                                at /rustc/0e09125c6c3c2fd70d7de961bcf0e51575235fad/library/std/src/panic.rs:142:14
[INFO] [stdout]   55:     0x55b4d8eee857 - std::thread::Builder::spawn_unchecked_::{{closure}}::h87329cbdd33c79ec
[INFO] [stdout]                                at /rustc/0e09125c6c3c2fd70d7de961bcf0e51575235fad/library/std/src/thread/mod.rs:528:30
[INFO] [stdout]   56:     0x55b4d8eee857 - core::ops::function::FnOnce::call_once{{vtable.shim}}::h401abbe67897d450
[INFO] [stdout]                                at /rustc/0e09125c6c3c2fd70d7de961bcf0e51575235fad/library/core/src/ops/function.rs:250:5
[INFO] [stdout]   57:     0x55b4d9463b55 - <alloc::boxed::Box<F,A> as core::ops::function::FnOnce<Args>>::call_once::h5d7c8f150ab9c84c
[INFO] [stdout]                                at /rustc/0e09125c6c3c2fd70d7de961bcf0e51575235fad/library/alloc/src/boxed.rs:2015:9
[INFO] [stdout]   58:     0x55b4d9463b55 - <alloc::boxed::Box<F,A> as core::ops::function::FnOnce<Args>>::call_once::h570d5b005c242c15
[INFO] [stdout]                                at /rustc/0e09125c6c3c2fd70d7de961bcf0e51575235fad/library/alloc/src/boxed.rs:2015:9
[INFO] [stdout]   59:     0x55b4d9463b55 - std::sys::unix::thread::Thread::new::thread_start::h36b0a20c0b2361ad
[INFO] [stdout]                                at /rustc/0e09125c6c3c2fd70d7de961bcf0e51575235fad/library/std/src/sys/unix/thread.rs:108:17
[INFO] [stdout]   60:     0x7f17a81feac3 - <unknown>
[INFO] [stdout]   61:     0x7f17a828fbf4 - __clone
[INFO] [stdout]   62:                0x0 - <unknown>
[INFO] [stdout] 
[INFO] [stdout] 
[INFO] [stdout] failures:
[INFO] [stdout]     zillow_scrapper::tests::it_works
[INFO] [stdout] 
[INFO] [stdout] test result: FAILED. 0 passed; 1 failed; 0 ignored; 0 measured; 0 filtered out; finished in 0.08s
[INFO] [stdout] 
[INFO] [stderr] error: test failed, to rerun pass `--bin zillow-scraper`
[INFO] running `Command { std: "docker" "inspect" "7b1d032d7a21faf01d397e34caabe14542700107031022c5d20a4ef424e1a29f", kill_on_drop: false }`
[INFO] running `Command { std: "docker" "rm" "-f" "7b1d032d7a21faf01d397e34caabe14542700107031022c5d20a4ef424e1a29f", kill_on_drop: false }`
[INFO] [stdout] 7b1d032d7a21faf01d397e34caabe14542700107031022c5d20a4ef424e1a29f
