[INFO] cloning repository https://github.com/davidlattimore/cackle
[INFO] running `Command { std: "git" "-c" "credential.helper=" "-c" "credential.helper=/workspace/cargo-home/bin/git-credential-null" "clone" "--bare" "https://github.com/davidlattimore/cackle" "/workspace/cache/git-repos/https%3A%2F%2Fgithub.com%2Fdavidlattimore%2Fcackle", kill_on_drop: false }`
[INFO] [stderr] Cloning into bare repository '/workspace/cache/git-repos/https%3A%2F%2Fgithub.com%2Fdavidlattimore%2Fcackle'...
[INFO] running `Command { std: "git" "rev-parse" "HEAD", kill_on_drop: false }`
[INFO] [stdout] fc360498f9c76af49a6dedbb1cfa4437f446a2aa
[INFO] testing davidlattimore/cackle against 1.75.0 for beta-1.76-1
[INFO] running `Command { std: "git" "clone" "/workspace/cache/git-repos/https%3A%2F%2Fgithub.com%2Fdavidlattimore%2Fcackle" "/workspace/builds/worker-4-tc1/source", kill_on_drop: false }`
[INFO] [stderr] Cloning into '/workspace/builds/worker-4-tc1/source'...
[INFO] [stderr] done.
[INFO] validating manifest of git repo https://github.com/davidlattimore/cackle on toolchain 1.75.0
[INFO] running `Command { std: CARGO_HOME="/workspace/cargo-home" RUSTUP_HOME="/workspace/rustup-home" "/workspace/cargo-home/bin/cargo" "+1.75.0" "metadata" "--manifest-path" "Cargo.toml" "--no-deps", kill_on_drop: false }`
[INFO] started tweaking git repo https://github.com/davidlattimore/cackle
[INFO] finished tweaking git repo https://github.com/davidlattimore/cackle
[INFO] tweaked toml for git repo https://github.com/davidlattimore/cackle written to /workspace/builds/worker-4-tc1/source/Cargo.toml
[INFO] crate git repo https://github.com/davidlattimore/cackle already has a lockfile, it will not be regenerated
[INFO] running `Command { std: CARGO_HOME="/workspace/cargo-home" RUSTUP_HOME="/workspace/rustup-home" "/workspace/cargo-home/bin/cargo" "+1.75.0" "fetch" "--manifest-path" "Cargo.toml", kill_on_drop: false }`
[INFO] [stderr]     Updating crates.io index
[INFO] [stderr]  Downloading crates ...
[INFO] [stderr]   Downloaded ar v0.9.0
[INFO] [stderr]   Downloaded cargo_metadata v0.18.1
[INFO] [stderr]   Downloaded cargo-platform v0.1.6
[INFO] [stderr]   Downloaded fallible-iterator v0.3.0
[INFO] [stderr]   Downloaded colored v2.1.0
[INFO] [stderr]   Downloaded is-terminal v0.4.10
[INFO] [stderr]   Downloaded crossterm_winapi v0.9.1
[INFO] [stderr]   Downloaded thiserror v1.0.53
[INFO] [stderr]   Downloaded ruzstd v0.5.0
[INFO] [stderr]   Downloaded lru v0.12.1
[INFO] [stderr]   Downloaded rustc-ap-rustc_lexer v727.0.0
[INFO] [stderr]   Downloaded winnow v0.5.31
[INFO] [stderr]   Downloaded object v0.32.2
[INFO] [stderr]   Downloaded ratatui v0.24.0
[INFO] [stderr]   Downloaded syn v2.0.45
[INFO] [stderr]   Downloaded crossterm v0.27.0
[INFO] [stderr]   Downloaded zerocopy v0.7.32
[INFO] [stderr]   Downloaded zerocopy-derive v0.7.32
[INFO] [stderr]   Downloaded ahash v0.8.7
[INFO] [stderr]   Downloaded thiserror-impl v1.0.53
[INFO] [stderr]   Downloaded indoc v2.0.4
[INFO] [stderr]   Downloaded serde_spanned v0.6.5
[INFO] [stderr]   Downloaded tui-input v0.8.0
[INFO] running `Command { std: "docker" "create" "-v" "/var/lib/crater-agent-workspace/builds/worker-4-tc1/target:/opt/rustwide/target:rw,Z" "-v" "/var/lib/crater-agent-workspace/builds/worker-4-tc1/source:/opt/rustwide/workdir:ro,Z" "-v" "/var/lib/crater-agent-workspace/cargo-home:/opt/rustwide/cargo-home:ro,Z" "-v" "/var/lib/crater-agent-workspace/rustup-home:/opt/rustwide/rustup-home:ro,Z" "-e" "SOURCE_DIR=/opt/rustwide/workdir" "-e" "CARGO_TARGET_DIR=/opt/rustwide/target" "-e" "CARGO_HOME=/opt/rustwide/cargo-home" "-e" "RUSTUP_HOME=/opt/rustwide/rustup-home" "-w" "/opt/rustwide/workdir" "-m" "1610612736" "--user" "0:0" "--network" "none" "ghcr.io/rust-lang/crates-build-env/linux@sha256:2788e3201cd34a07e3172128adcd8b3090168a8e3bcc40d7c032b9dda1df7d1c" "/opt/rustwide/cargo-home/bin/cargo" "+1.75.0" "metadata" "--no-deps" "--format-version=1", kill_on_drop: false }`
[INFO] [stdout] f85c7155551a76e7b7afc8aafc4208824157bd91e89fe19a421471deb308722c
[INFO] running `Command { std: "docker" "start" "-a" "f85c7155551a76e7b7afc8aafc4208824157bd91e89fe19a421471deb308722c", kill_on_drop: false }`
[INFO] running `Command { std: "docker" "inspect" "f85c7155551a76e7b7afc8aafc4208824157bd91e89fe19a421471deb308722c", kill_on_drop: false }`
[INFO] running `Command { std: "docker" "rm" "-f" "f85c7155551a76e7b7afc8aafc4208824157bd91e89fe19a421471deb308722c", kill_on_drop: false }`
[INFO] [stdout] f85c7155551a76e7b7afc8aafc4208824157bd91e89fe19a421471deb308722c
[INFO] running `Command { std: "docker" "create" "-v" "/var/lib/crater-agent-workspace/builds/worker-4-tc1/target:/opt/rustwide/target:rw,Z" "-v" "/var/lib/crater-agent-workspace/builds/worker-4-tc1/source:/opt/rustwide/workdir:ro,Z" "-v" "/var/lib/crater-agent-workspace/cargo-home:/opt/rustwide/cargo-home:ro,Z" "-v" "/var/lib/crater-agent-workspace/rustup-home:/opt/rustwide/rustup-home:ro,Z" "-e" "SOURCE_DIR=/opt/rustwide/workdir" "-e" "CARGO_TARGET_DIR=/opt/rustwide/target" "-e" "CARGO_INCREMENTAL=0" "-e" "RUST_BACKTRACE=full" "-e" "RUSTFLAGS=--cap-lints=warn" "-e" "RUSTDOCFLAGS=--cap-lints=warn" "-e" "CARGO_HOME=/opt/rustwide/cargo-home" "-e" "RUSTUP_HOME=/opt/rustwide/rustup-home" "-w" "/opt/rustwide/workdir" "-m" "1610612736" "--user" "0:0" "--network" "none" "ghcr.io/rust-lang/crates-build-env/linux@sha256:2788e3201cd34a07e3172128adcd8b3090168a8e3bcc40d7c032b9dda1df7d1c" "/opt/rustwide/cargo-home/bin/cargo" "+1.75.0" "build" "--frozen" "--message-format=json", kill_on_drop: false }`
[INFO] [stdout] 45aca9092fd33eb17a11a5e014634c390dac6a1817989a9513a2327002e03d0f
[INFO] running `Command { std: "docker" "start" "-a" "45aca9092fd33eb17a11a5e014634c390dac6a1817989a9513a2327002e03d0f", kill_on_drop: false }`
[INFO] [stderr]    Compiling proc-macro2 v1.0.73
[INFO] [stderr]    Compiling serde v1.0.193
[INFO] [stderr]    Compiling libc v0.2.151
[INFO] [stderr]    Compiling once_cell v1.19.0
[INFO] [stderr]    Compiling zerocopy v0.7.32
[INFO] [stderr]    Compiling parking_lot_core v0.9.9
[INFO] [stderr]    Compiling signal-hook v0.3.17
[INFO] [stderr]    Compiling bitflags v2.4.1
[INFO] [stderr]    Compiling log v0.4.20
[INFO] [stderr]    Compiling ahash v0.8.7
[INFO] [stderr]    Compiling smallvec v1.11.2
[INFO] [stderr]    Compiling crc32fast v1.3.2
[INFO] [stderr]    Compiling utf8parse v0.2.1
[INFO] [stderr]    Compiling rustix v0.38.28
[INFO] [stderr]    Compiling serde_json v1.0.109
[INFO] [stderr]    Compiling semver v1.0.20
[INFO] [stderr]    Compiling anstyle-parse v0.2.3
[INFO] [stderr]    Compiling byteorder v1.5.0
[INFO] [stderr]    Compiling adler v1.0.2
[INFO] [stderr]    Compiling anstyle v1.0.4
[INFO] [stderr]    Compiling colorchoice v1.0.0
[INFO] [stderr]    Compiling camino v1.1.6
[INFO] [stderr]    Compiling linux-raw-sys v0.4.12
[INFO] [stderr]    Compiling thiserror v1.0.53
[INFO] [stderr]    Compiling winnow v0.5.31
[INFO] [stderr]    Compiling anstyle-query v1.0.2
[INFO] [stderr]    Compiling miniz_oxide v0.7.1
[INFO] [stderr]    Compiling twox-hash v1.6.3
[INFO] [stderr]    Compiling itoa v1.0.10
[INFO] [stderr]    Compiling either v1.9.0
[INFO] [stderr]    Compiling clap_lex v0.6.0
[INFO] [stderr]    Compiling unicode-width v0.1.11
[INFO] [stderr]    Compiling hashbrown v0.14.3
[INFO] [stderr]    Compiling anstream v0.6.5
[INFO] [stderr]    Compiling anyhow v1.0.78
[INFO] [stderr]    Compiling ryu v1.0.16
[INFO] [stderr]    Compiling itertools v0.11.0
[INFO] [stderr]    Compiling fastrand v2.0.1
[INFO] [stderr]    Compiling gimli v0.28.1
[INFO] [stderr]    Compiling unicode-xid v0.2.4
[INFO] [stderr]    Compiling clap_builder v4.4.12
[INFO] [stderr]    Compiling memchr v2.7.1
[INFO] [stderr]    Compiling flate2 v1.0.28
[INFO] [stderr]    Compiling unicode-segmentation v1.10.1
[INFO] [stderr]    Compiling indoc v2.0.4
[INFO] [stderr]    Compiling quote v1.0.34
[INFO] [stderr]    Compiling rustc-ap-rustc_lexer v727.0.0
[INFO] [stderr]    Compiling syn v2.0.45
[INFO] [stderr]    Compiling signal-hook-registry v1.4.1
[INFO] [stderr]    Compiling mio v0.8.10
[INFO] [stderr]    Compiling indexmap v2.1.0
[INFO] [stderr]    Compiling syn v1.0.109
[INFO] [stderr]    Compiling lru v0.12.1
[INFO] [stderr]    Compiling colored v2.1.0
[INFO] [stderr]    Compiling parking_lot v0.12.1
[INFO] [stderr]    Compiling fxhash v0.2.1
[INFO] [stderr]    Compiling rustc-demangle v0.1.23
[INFO] [stderr]    Compiling ar v0.9.0
[INFO] [stderr]    Compiling signal-hook-mio v0.2.3
[INFO] [stderr]    Compiling diff v0.1.13
[INFO] [stderr]    Compiling crossterm v0.27.0
[INFO] [stderr]    Compiling tui-input v0.8.0
[INFO] [stderr]    Compiling addr2line v0.21.0
[INFO] [stderr]    Compiling tempfile v3.9.0
[INFO] [stderr]    Compiling is-terminal v0.4.10
[INFO] [stderr]    Compiling derive_more v0.99.17
[INFO] [stderr]    Compiling serde_derive v1.0.193
[INFO] [stderr]    Compiling strum_macros v0.25.3
[INFO] [stderr]    Compiling thiserror-impl v1.0.53
[INFO] [stderr]    Compiling clap_derive v4.4.7
[INFO] [stderr]    Compiling ruzstd v0.5.0
[INFO] [stderr]    Compiling object v0.32.2
[INFO] [stderr]    Compiling strum v0.25.0
[INFO] [stderr]    Compiling ratatui v0.24.0
[INFO] [stderr]    Compiling clap v4.4.12
[INFO] [stderr]    Compiling toml_datetime v0.6.5
[INFO] [stderr]    Compiling serde_spanned v0.6.5
[INFO] [stderr]    Compiling cargo-platform v0.1.6
[INFO] [stderr]    Compiling toml_edit v0.21.0
[INFO] [stderr]    Compiling toml_edit v0.20.7
[INFO] [stderr]    Compiling cargo_metadata v0.18.1
[INFO] [stderr]    Compiling toml v0.8.8
[INFO] [stderr]    Compiling cargo-acl v0.7.0 (/opt/rustwide/workdir)
[INFO] [stderr]     Finished dev [unoptimized + debuginfo] target(s) in 20.25s
[INFO] running `Command { std: "docker" "inspect" "45aca9092fd33eb17a11a5e014634c390dac6a1817989a9513a2327002e03d0f", kill_on_drop: false }`
[INFO] running `Command { std: "docker" "rm" "-f" "45aca9092fd33eb17a11a5e014634c390dac6a1817989a9513a2327002e03d0f", kill_on_drop: false }`
[INFO] [stdout] 45aca9092fd33eb17a11a5e014634c390dac6a1817989a9513a2327002e03d0f
[INFO] running `Command { std: "docker" "create" "-v" "/var/lib/crater-agent-workspace/builds/worker-4-tc1/target:/opt/rustwide/target:rw,Z" "-v" "/var/lib/crater-agent-workspace/builds/worker-4-tc1/source:/opt/rustwide/workdir:ro,Z" "-v" "/var/lib/crater-agent-workspace/cargo-home:/opt/rustwide/cargo-home:ro,Z" "-v" "/var/lib/crater-agent-workspace/rustup-home:/opt/rustwide/rustup-home:ro,Z" "-e" "SOURCE_DIR=/opt/rustwide/workdir" "-e" "CARGO_TARGET_DIR=/opt/rustwide/target" "-e" "CARGO_INCREMENTAL=0" "-e" "RUST_BACKTRACE=full" "-e" "RUSTFLAGS=--cap-lints=warn" "-e" "RUSTDOCFLAGS=--cap-lints=warn" "-e" "CARGO_HOME=/opt/rustwide/cargo-home" "-e" "RUSTUP_HOME=/opt/rustwide/rustup-home" "-w" "/opt/rustwide/workdir" "-m" "1610612736" "--user" "0:0" "--network" "none" "ghcr.io/rust-lang/crates-build-env/linux@sha256:2788e3201cd34a07e3172128adcd8b3090168a8e3bcc40d7c032b9dda1df7d1c" "/opt/rustwide/cargo-home/bin/cargo" "+1.75.0" "test" "--frozen" "--no-run" "--message-format=json", kill_on_drop: false }`
[INFO] [stdout] d192ef8a47f3f38669ebeda73d8affdc304c8727f78c0a9ddfb4d5ba101a3ef2
[INFO] running `Command { std: "docker" "start" "-a" "d192ef8a47f3f38669ebeda73d8affdc304c8727f78c0a9ddfb4d5ba101a3ef2", kill_on_drop: false }`
[INFO] [stderr]    Compiling cargo-acl v0.7.0 (/opt/rustwide/workdir)
[INFO] [stderr]     Finished test [unoptimized + debuginfo] target(s) in 5.38s
[INFO] running `Command { std: "docker" "inspect" "d192ef8a47f3f38669ebeda73d8affdc304c8727f78c0a9ddfb4d5ba101a3ef2", kill_on_drop: false }`
[INFO] running `Command { std: "docker" "rm" "-f" "d192ef8a47f3f38669ebeda73d8affdc304c8727f78c0a9ddfb4d5ba101a3ef2", kill_on_drop: false }`
[INFO] [stdout] d192ef8a47f3f38669ebeda73d8affdc304c8727f78c0a9ddfb4d5ba101a3ef2
[INFO] running `Command { std: "docker" "create" "-v" "/var/lib/crater-agent-workspace/builds/worker-4-tc1/target:/opt/rustwide/target:rw,Z" "-v" "/var/lib/crater-agent-workspace/builds/worker-4-tc1/source:/opt/rustwide/workdir:ro,Z" "-v" "/var/lib/crater-agent-workspace/cargo-home:/opt/rustwide/cargo-home:ro,Z" "-v" "/var/lib/crater-agent-workspace/rustup-home:/opt/rustwide/rustup-home:ro,Z" "-e" "SOURCE_DIR=/opt/rustwide/workdir" "-e" "CARGO_TARGET_DIR=/opt/rustwide/target" "-e" "CARGO_INCREMENTAL=0" "-e" "RUST_BACKTRACE=full" "-e" "RUSTFLAGS=--cap-lints=warn" "-e" "RUSTDOCFLAGS=--cap-lints=warn" "-e" "CARGO_HOME=/opt/rustwide/cargo-home" "-e" "RUSTUP_HOME=/opt/rustwide/rustup-home" "-w" "/opt/rustwide/workdir" "-m" "1610612736" "--user" "0:0" "--network" "none" "ghcr.io/rust-lang/crates-build-env/linux@sha256:2788e3201cd34a07e3172128adcd8b3090168a8e3bcc40d7c032b9dda1df7d1c" "/opt/rustwide/cargo-home/bin/cargo" "+1.75.0" "test" "--frozen", kill_on_drop: false }`
[INFO] [stdout] 7f7a927295f053d08e009139ebbb7f648bbd538267410bf00e58a581ae1e2031
[INFO] running `Command { std: "docker" "start" "-a" "7f7a927295f053d08e009139ebbb7f648bbd538267410bf00e58a581ae1e2031", kill_on_drop: false }`
[INFO] [stderr]     Finished test [unoptimized + debuginfo] target(s) in 0.06s
[INFO] [stderr]      Running unittests src/main.rs (/opt/rustwide/target/debug/deps/cargo_acl-4351a2c80b5c09b7)
[INFO] [stdout] 
[INFO] [stdout] running 72 tests
[INFO] [stdout] test build_script_checker::tests::test_empty ... ok
[INFO] [stdout] test build_script_checker::tests::test_rerun_if_changed ... ok
[INFO] [stdout] test checker::tests::reload_config ... ok
[INFO] [stdout] test config::tests::crate_build_config ... ok
[INFO] [stdout] test config::permissions::test_inheritance ... ok
[INFO] [stdout] test config::tests::empty ... ok
[INFO] [stdout] test build_script_checker::tests::test_link_directive ... ok
[INFO] [stdout] test checker::tests::test_apis_for_path ... ok
[INFO] [stdout] test config_editor::tests::fix_allow_proc_macro ... ok
[INFO] [stdout] test config::tests::duplicate_allow_api ... ok
[INFO] [stdout] test config::tests::sandbox_config_inheritance ... ok
[INFO] [stdout] test config::tests::unknown_field ... ok
[INFO] [stdout] test config::tests::unknown_crate_field ... ok
[INFO] [stdout] test config::versions::tests::test_edit_consistency ... ok
[INFO] [stdout] test config::tests::unknown_api ... ok
[INFO] [stdout] test config::tests::invalid_nesting ... ok
[INFO] [stdout] test config::tests::unknown_permission_field ... ok
[INFO] [stdout] test config_editor::tests::fix_allow_unsafe ... ok
[INFO] [stdout] test config_editor::tests::unused_allow_api_already_deleted ... ok
[INFO] [stdout] test config_editor::tests::fix_missing_api_existing_config ... ok
[INFO] [stdout] test config_editor::tests::fix_disallowed_build_instruction ... ok
[INFO] [stdout] test config_editor::tests::fix_missing_api_no_existing_config ... ok
[INFO] [stdout] test config_editor::tests::fix_missing_api_build_script ... ok
[INFO] [stdout] test demangle::tests::test_invalid ... ok
[INFO] [stdout] test cowarc::comparison ... ok
[INFO] [stdout] test config_editor::tests::inline_std_api ... ok
[INFO] [stdout] test config_editor::tests::unused_allow_api ... ok
[INFO] [stdout] test demangle::tests::test_generics ... ok
[INFO] [stdout] test demangle::tests::test_multibyte_character ... ok
[INFO] [stdout] test config_editor::tests::unused_pkg_config_build_script ... ok
[INFO] [stdout] test config_editor::tests::unused_pkg_config ... ok
[INFO] [stdout] test demangle::tests::test_non_mangled ... ok
[INFO] [stdout] test demangle::tests::test_nested ... ok
[INFO] [stdout] test config_editor::tests::build_script_failed ... ok
[INFO] [stdout] test demangle::tests::test_simple ... ok
[INFO] [stdout] test config_editor::tests::allow_api_existing_sub_selector ... ok
[INFO] [stdout] test deps::tests::test_source_files_from_rustc_args_missing_crate_name ... ok
[INFO] [stdout] test demangle::tests::test_other ... ok
[INFO] [stdout] test deps::tests::test_source_files_from_rustc_args_missing_out_dir ... ok
[INFO] [stdout] test demangle::tests::test_literal_number ... ok
[INFO] [stdout] test config_editor::tests::unused_allow_api_empty ... ok
[INFO] [stdout] test deps::tests::test_source_files_from_rustc_args_no_dep_info ... ok
[INFO] [stdout] test names::tests::test_debug_name_display ... ok
[INFO] [stdout] test names::tests::test_split_as ... ok
[INFO] [stdout] test deps::tests::test_parse_deps ... ok
[INFO] [stdout] test config_editor::tests::fix_missing_api_existing_empty_config ... ok
[INFO] [stdout] test deps::tests::test_source_files_from_rustc_args ... ok
[INFO] [stdout] test names::tests::test_split_mut_ref ... ok
[INFO] [stdout] test names::tests::test_split_with_comma ... ok
[INFO] [stdout] test names::tests::test_split_vtable ... ok
[INFO] [stdout] test problem_store::tests::basic_queries ... ok
[INFO] [stdout] test problem_store::tests::abort ... ok
[INFO] [stdout] test problem_store::tests::add_notifications ... ok
[INFO] [stdout] test problem_store::tests::deduplicated_iteration ... ok
[INFO] [stdout] test proxy::errors::tests::test_empty ... ok
[INFO] [stdout] test proxy::subprocess::test_orig_bin_path ... ok
[INFO] [stdout] test symbol::tests::comparison ... ok
[INFO] [stdout] test names::tests::test_split_with_closure ... ok
[INFO] [stdout] test problem_store::tests::all_resolved ... ok
[INFO] [stdout] test symbol::tests::test_display ... ok
[INFO] [stdout] test proxy::rpc::tests::serialize_deserialize ... ok
[INFO] [stdout] test proxy::errors::tests::test_unsafe_error ... ok
[INFO] [stdout] test symbol::tests::test_names ... ok
[INFO] [stdout] test ui::full_term::problems_ui::diff::tests::test_remove_excess_context_from_empty ... ok
[INFO] [stdout] test ui::full_term::problems_ui::diff::tests::test_remove_excess_context ... ok
[INFO] [stdout] test symbol::tests::test_names_literal_number ... ok
[INFO] [stdout] test ui::full_term::problems_ui::diff::test_diff_lines ... ok
[INFO] [stdout] test unsafe_checker::tests::test_scan_string ... ok
[INFO] [stdout] test ui::null_ui::test_null_ui_with_warning ... ok
[INFO] [stdout] test unsafe_checker::tests::test_scan_test_crates ... ok
[INFO] [stdout] test crate_index::test_crate_index ... ok
[INFO] [stdout] test proxy::subprocess::config_roundtrips ... ok
[INFO] [stdout] 
[INFO] [stdout] test result: ok. 72 passed; 0 failed; 0 ignored; 0 measured; 0 filtered out; finished in 0.08s
[INFO] [stdout] 
[INFO] [stderr]      Running tests/integration_test.rs (/opt/rustwide/target/debug/deps/integration_test-b0044a122dcb1a54)
[INFO] [stdout] 
[INFO] [stdout] running 2 tests
[INFO] [stderr] Error: `cargo metadata` exited with an error: error: rustup could not choose a version of cargo to run, because one wasn't specified explicitly, and no default is configured.
[INFO] [stderr] help: run 'rustup default stable' to download the latest stable release of Rust and set it as your default toolchain.
[INFO] [stderr] 
[INFO] [stdout] test integration_test ... FAILED
[INFO] [stderr]      Created binary (application) `/tmp/.tmpsRqwGU/foo` package
[INFO] [stdout] test invalid_config ... ok
[INFO] [stdout] 
[INFO] [stdout] failures:
[INFO] [stdout] 
[INFO] [stdout] ---- integration_test stdout ----
[INFO] [stdout] thread 'integration_test' panicked at tests/integration_test.rs:62:13:
[INFO] [stdout] Test failed when we expected it to succeed. Output:
[INFO] [stdout] 
[INFO] [stdout] 
[INFO] [stdout] stack backtrace:
[INFO] [stdout]    0:     0x562b1bd3434c - std::backtrace_rs::backtrace::libunwind::trace::ha637c64ce894333a
[INFO] [stdout]                                at /rustc/82e1608dfa6e0b5569232559e3d385fea5a93112/library/std/src/../../backtrace/src/backtrace/libunwind.rs:104:5
[INFO] [stdout]    1:     0x562b1bd3434c - std::backtrace_rs::backtrace::trace_unsynchronized::h47f62dea28e0c88d
[INFO] [stdout]                                at /rustc/82e1608dfa6e0b5569232559e3d385fea5a93112/library/std/src/../../backtrace/src/backtrace/mod.rs:66:5
[INFO] [stdout]    2:     0x562b1bd3434c - std::sys_common::backtrace::_print_fmt::h9eef0abe20ede486
[INFO] [stdout]                                at /rustc/82e1608dfa6e0b5569232559e3d385fea5a93112/library/std/src/sys_common/backtrace.rs:67:5
[INFO] [stdout]    3:     0x562b1bd3434c - <std::sys_common::backtrace::_print::DisplayBacktrace as core::fmt::Display>::fmt::hed7f999df88cc644
[INFO] [stdout]                                at /rustc/82e1608dfa6e0b5569232559e3d385fea5a93112/library/std/src/sys_common/backtrace.rs:44:22
[INFO] [stdout]    4:     0x562b1bd5f660 - core::fmt::rt::Argument::fmt::h1539a9308b8d058d
[INFO] [stdout]                                at /rustc/82e1608dfa6e0b5569232559e3d385fea5a93112/library/core/src/fmt/rt.rs:142:9
[INFO] [stdout]    5:     0x562b1bd5f660 - core::fmt::write::h3a39390d8560d9c9
[INFO] [stdout]                                at /rustc/82e1608dfa6e0b5569232559e3d385fea5a93112/library/core/src/fmt/mod.rs:1120:17
[INFO] [stdout]    6:     0x562b1bd3184f - std::io::Write::write_fmt::h040b369f3a0f9cbc
[INFO] [stdout]                                at /rustc/82e1608dfa6e0b5569232559e3d385fea5a93112/library/std/src/io/mod.rs:1762:15
[INFO] [stdout]    7:     0x562b1bd34134 - std::sys_common::backtrace::_print::h894006fb5c6f3d45
[INFO] [stdout]                                at /rustc/82e1608dfa6e0b5569232559e3d385fea5a93112/library/std/src/sys_common/backtrace.rs:47:5
[INFO] [stdout]    8:     0x562b1bd34134 - std::sys_common::backtrace::print::h23a2d212c6fff936
[INFO] [stdout]                                at /rustc/82e1608dfa6e0b5569232559e3d385fea5a93112/library/std/src/sys_common/backtrace.rs:34:9
[INFO] [stdout]    9:     0x562b1bd36417 - std::panicking::default_hook::{{closure}}::h8a1d2ee00185001a
[INFO] [stdout]   10:     0x562b1bd36103 - std::panicking::default_hook::h6038f2eba384e475
[INFO] [stdout]                                at /rustc/82e1608dfa6e0b5569232559e3d385fea5a93112/library/std/src/panicking.rs:289:9
[INFO] [stdout]   11:     0x562b1bcee067 - <alloc::boxed::Box<F,A> as core::ops::function::Fn<Args>>::call::h0ad024c9bdc6d768
[INFO] [stdout]                                at /rustc/82e1608dfa6e0b5569232559e3d385fea5a93112/library/alloc/src/boxed.rs:2021:9
[INFO] [stdout]   12:     0x562b1bcee067 - test::test_main::{{closure}}::h7500b54257359db6
[INFO] [stdout]                                at /rustc/82e1608dfa6e0b5569232559e3d385fea5a93112/library/test/src/lib.rs:138:21
[INFO] [stdout]   13:     0x562b1bd36a28 - <alloc::boxed::Box<F,A> as core::ops::function::Fn<Args>>::call::h1f8f335eaa9cfaee
[INFO] [stdout]                                at /rustc/82e1608dfa6e0b5569232559e3d385fea5a93112/library/alloc/src/boxed.rs:2021:9
[INFO] [stdout]   14:     0x562b1bd36a28 - std::panicking::rust_panic_with_hook::h2b5517d590cab22e
[INFO] [stdout]                                at /rustc/82e1608dfa6e0b5569232559e3d385fea5a93112/library/std/src/panicking.rs:783:13
[INFO] [stdout]   15:     0x562b1bd3677e - std::panicking::begin_panic_handler::{{closure}}::h233112c06e0ef43e
[INFO] [stdout]                                at /rustc/82e1608dfa6e0b5569232559e3d385fea5a93112/library/std/src/panicking.rs:657:13
[INFO] [stdout]   16:     0x562b1bd34816 - std::sys_common::backtrace::__rust_end_short_backtrace::h6e893f24d7ebbff8
[INFO] [stdout]                                at /rustc/82e1608dfa6e0b5569232559e3d385fea5a93112/library/std/src/sys_common/backtrace.rs:170:18
[INFO] [stdout]   17:     0x562b1bd364e2 - rust_begin_unwind
[INFO] [stdout]                                at /rustc/82e1608dfa6e0b5569232559e3d385fea5a93112/library/std/src/panicking.rs:645:5
[INFO] [stdout]   18:     0x562b1bcab6c5 - core::panicking::panic_fmt::hbf0e066aabfa482c
[INFO] [stdout]                                at /rustc/82e1608dfa6e0b5569232559e3d385fea5a93112/library/core/src/panicking.rs:72:14
[INFO] [stdout]   19:     0x562b1bcb27a1 - integration_test::integration_test::run_with_args::h753ad36ca805bc90
[INFO] [stdout]                                at /opt/rustwide/workdir/tests/integration_test.rs:62:13
[INFO] [stdout]   20:     0x562b1bcb1509 - integration_test::integration_test::h0fe8cfae58838486
[INFO] [stdout]                                at /opt/rustwide/workdir/tests/integration_test.rs:69:5
[INFO] [stdout]   21:     0x562b1bcb1457 - integration_test::integration_test::{{closure}}::hec61e039f82fe1e0
[INFO] [stdout]                                at /opt/rustwide/workdir/tests/integration_test.rs:9:26
[INFO] [stdout]   22:     0x562b1bcacc06 - core::ops::function::FnOnce::call_once::h85aadf1299a8e2b2
[INFO] [stdout]                                at /rustc/82e1608dfa6e0b5569232559e3d385fea5a93112/library/core/src/ops/function.rs:250:5
[INFO] [stdout]   23:     0x562b1bcf36bf - core::ops::function::FnOnce::call_once::h2b5d431d5046312d
[INFO] [stdout]                                at /rustc/82e1608dfa6e0b5569232559e3d385fea5a93112/library/core/src/ops/function.rs:250:5
[INFO] [stdout]   24:     0x562b1bcf36bf - test::__rust_begin_short_backtrace::h7714669af176e207
[INFO] [stdout]                                at /rustc/82e1608dfa6e0b5569232559e3d385fea5a93112/library/test/src/lib.rs:628:18
[INFO] [stdout]   25:     0x562b1bcf26d5 - test::run_test_in_process::{{closure}}::h85218797dcbcec12
[INFO] [stdout]                                at /rustc/82e1608dfa6e0b5569232559e3d385fea5a93112/library/test/src/lib.rs:651:60
[INFO] [stdout]   26:     0x562b1bcf26d5 - <core::panic::unwind_safe::AssertUnwindSafe<F> as core::ops::function::FnOnce<()>>::call_once::h76c106ea31c14d7b
[INFO] [stdout]                                at /rustc/82e1608dfa6e0b5569232559e3d385fea5a93112/library/core/src/panic/unwind_safe.rs:272:9
[INFO] [stdout]   27:     0x562b1bcf26d5 - std::panicking::try::do_call::h3bd5d0f6620ee946
[INFO] [stdout]                                at /rustc/82e1608dfa6e0b5569232559e3d385fea5a93112/library/std/src/panicking.rs:552:40
[INFO] [stdout]   28:     0x562b1bcf26d5 - std::panicking::try::h232e535e4744fe31
[INFO] [stdout]                                at /rustc/82e1608dfa6e0b5569232559e3d385fea5a93112/library/std/src/panicking.rs:516:19
[INFO] [stdout]   29:     0x562b1bcf26d5 - std::panic::catch_unwind::h3ce3bd6ca8dbac68
[INFO] [stdout]                                at /rustc/82e1608dfa6e0b5569232559e3d385fea5a93112/library/std/src/panic.rs:142:14
[INFO] [stdout]   30:     0x562b1bcf26d5 - test::run_test_in_process::hc97b257c9621286a
[INFO] [stdout]                                at /rustc/82e1608dfa6e0b5569232559e3d385fea5a93112/library/test/src/lib.rs:651:27
[INFO] [stdout]   31:     0x562b1bcf26d5 - test::run_test::{{closure}}::h2aa798823a438d38
[INFO] [stdout]                                at /rustc/82e1608dfa6e0b5569232559e3d385fea5a93112/library/test/src/lib.rs:574:43
[INFO] [stdout]   32:     0x562b1bcba996 - test::run_test::{{closure}}::h87d231c78fb59832
[INFO] [stdout]                                at /rustc/82e1608dfa6e0b5569232559e3d385fea5a93112/library/test/src/lib.rs:602:41
[INFO] [stdout]   33:     0x562b1bcba996 - std::sys_common::backtrace::__rust_begin_short_backtrace::he6df152596625789
[INFO] [stdout]                                at /rustc/82e1608dfa6e0b5569232559e3d385fea5a93112/library/std/src/sys_common/backtrace.rs:154:18
[INFO] [stdout]   34:     0x562b1bcbfa47 - std::thread::Builder::spawn_unchecked_::{{closure}}::{{closure}}::ha94be15d1e0acf36
[INFO] [stdout]                                at /rustc/82e1608dfa6e0b5569232559e3d385fea5a93112/library/std/src/thread/mod.rs:529:17
[INFO] [stdout]   35:     0x562b1bcbfa47 - <core::panic::unwind_safe::AssertUnwindSafe<F> as core::ops::function::FnOnce<()>>::call_once::h9dc6bd6372f16606
[INFO] [stdout]                                at /rustc/82e1608dfa6e0b5569232559e3d385fea5a93112/library/core/src/panic/unwind_safe.rs:272:9
[INFO] [stdout]   36:     0x562b1bcbfa47 - std::panicking::try::do_call::h9057517f80303cd4
[INFO] [stdout]                                at /rustc/82e1608dfa6e0b5569232559e3d385fea5a93112/library/std/src/panicking.rs:552:40
[INFO] [stdout]   37:     0x562b1bcbfa47 - std::panicking::try::he3a30b11ee45340c
[INFO] [stdout]                                at /rustc/82e1608dfa6e0b5569232559e3d385fea5a93112/library/std/src/panicking.rs:516:19
[INFO] [stdout]   38:     0x562b1bcbfa47 - std::panic::catch_unwind::h410458cfd3528b8b
[INFO] [stdout]                                at /rustc/82e1608dfa6e0b5569232559e3d385fea5a93112/library/std/src/panic.rs:142:14
[INFO] [stdout]   39:     0x562b1bcbfa47 - std::thread::Builder::spawn_unchecked_::{{closure}}::h72ac3bdb567b737b
[INFO] [stdout]                                at /rustc/82e1608dfa6e0b5569232559e3d385fea5a93112/library/std/src/thread/mod.rs:528:30
[INFO] [stdout]   40:     0x562b1bcbfa47 - core::ops::function::FnOnce::call_once{{vtable.shim}}::h38f34da3654a8344
[INFO] [stdout]                                at /rustc/82e1608dfa6e0b5569232559e3d385fea5a93112/library/core/src/ops/function.rs:250:5
[INFO] [stdout]   41:     0x562b1bd3c2a5 - <alloc::boxed::Box<F,A> as core::ops::function::FnOnce<Args>>::call_once::hc7eafaff61e32df9
[INFO] [stdout]                                at /rustc/82e1608dfa6e0b5569232559e3d385fea5a93112/library/alloc/src/boxed.rs:2007:9
[INFO] [stdout]   42:     0x562b1bd3c2a5 - <alloc::boxed::Box<F,A> as core::ops::function::FnOnce<Args>>::call_once::h6ba4a5de48dd2304
[INFO] [stdout]                                at /rustc/82e1608dfa6e0b5569232559e3d385fea5a93112/library/alloc/src/boxed.rs:2007:9
[INFO] [stdout]   43:     0x562b1bd3c2a5 - std::sys::unix::thread::Thread::new::thread_start::he469335aef763e45
[INFO] [stdout]                                at /rustc/82e1608dfa6e0b5569232559e3d385fea5a93112/library/std/src/sys/unix/thread.rs:108:17
[INFO] [stdout]   44:     0x7ff7d885eac3 - <unknown>
[INFO] [stdout]   45:     0x7ff7d88efbf4 - __clone
[INFO] [stdout]   46:                0x0 - <unknown>
[INFO] [stdout] 
[INFO] [stdout] 
[INFO] [stdout] failures:
[INFO] [stdout]     integration_test
[INFO] [stdout] 
[INFO] [stdout] test result: FAILED. 1 passed; 1 failed; 0 ignored; 0 measured; 0 filtered out; finished in 0.86s
[INFO] [stdout] 
[INFO] [stderr] error: test failed, to rerun pass `--test integration_test`
[INFO] running `Command { std: "docker" "inspect" "7f7a927295f053d08e009139ebbb7f648bbd538267410bf00e58a581ae1e2031", kill_on_drop: false }`
[INFO] running `Command { std: "docker" "rm" "-f" "7f7a927295f053d08e009139ebbb7f648bbd538267410bf00e58a581ae1e2031", kill_on_drop: false }`
[INFO] [stdout] 7f7a927295f053d08e009139ebbb7f648bbd538267410bf00e58a581ae1e2031
