[INFO] cloning repository https://github.com/datdenkikniet/cucumber
[INFO] running `Command { std: "git" "-c" "credential.helper=" "-c" "credential.helper=/workspace/cargo-home/bin/git-credential-null" "clone" "--bare" "https://github.com/datdenkikniet/cucumber" "/workspace/cache/git-repos/https%3A%2F%2Fgithub.com%2Fdatdenkikniet%2Fcucumber", kill_on_drop: false }`
[INFO] [stderr] Cloning into bare repository '/workspace/cache/git-repos/https%3A%2F%2Fgithub.com%2Fdatdenkikniet%2Fcucumber'...
[INFO] running `Command { std: "git" "rev-parse" "HEAD", kill_on_drop: false }`
[INFO] [stdout] 7f0c056ba57ed7978bf6e520f6ead988ccf25ca5
[INFO] testing datdenkikniet/cucumber against 1.75.0 for beta-1.76-1
[INFO] running `Command { std: "git" "clone" "/workspace/cache/git-repos/https%3A%2F%2Fgithub.com%2Fdatdenkikniet%2Fcucumber" "/workspace/builds/worker-3-tc1/source", kill_on_drop: false }`
[INFO] [stderr] Cloning into '/workspace/builds/worker-3-tc1/source'...
[INFO] [stderr] done.
[INFO] validating manifest of git repo https://github.com/datdenkikniet/cucumber on toolchain 1.75.0
[INFO] running `Command { std: CARGO_HOME="/workspace/cargo-home" RUSTUP_HOME="/workspace/rustup-home" "/workspace/cargo-home/bin/cargo" "+1.75.0" "metadata" "--manifest-path" "Cargo.toml" "--no-deps", kill_on_drop: false }`
[INFO] started tweaking git repo https://github.com/datdenkikniet/cucumber
[INFO] finished tweaking git repo https://github.com/datdenkikniet/cucumber
[INFO] tweaked toml for git repo https://github.com/datdenkikniet/cucumber written to /workspace/builds/worker-3-tc1/source/Cargo.toml
[INFO] crate git repo https://github.com/datdenkikniet/cucumber already has a lockfile, it will not be regenerated
[INFO] running `Command { std: CARGO_HOME="/workspace/cargo-home" RUSTUP_HOME="/workspace/rustup-home" "/workspace/cargo-home/bin/cargo" "+1.75.0" "fetch" "--manifest-path" "Cargo.toml", kill_on_drop: false }`
[INFO] [stderr] warning: virtual workspace defaulting to `resolver = "1"` despite one or more workspace members being on edition 2021 which implies `resolver = "2"`
[INFO] [stderr] note: to keep the current resolver, specify `workspace.resolver = "1"` in the workspace root's manifest
[INFO] [stderr] note: to use the edition 2021 resolver, specify `workspace.resolver = "2"` in the workspace root's manifest
[INFO] [stderr] note: for more details see https://doc.rust-lang.org/cargo/reference/resolver.html#resolver-versions
[INFO] running `Command { std: "docker" "create" "-v" "/var/lib/crater-agent-workspace/builds/worker-3-tc1/target:/opt/rustwide/target:rw,Z" "-v" "/var/lib/crater-agent-workspace/builds/worker-3-tc1/source:/opt/rustwide/workdir:ro,Z" "-v" "/var/lib/crater-agent-workspace/cargo-home:/opt/rustwide/cargo-home:ro,Z" "-v" "/var/lib/crater-agent-workspace/rustup-home:/opt/rustwide/rustup-home:ro,Z" "-e" "SOURCE_DIR=/opt/rustwide/workdir" "-e" "CARGO_TARGET_DIR=/opt/rustwide/target" "-e" "CARGO_HOME=/opt/rustwide/cargo-home" "-e" "RUSTUP_HOME=/opt/rustwide/rustup-home" "-w" "/opt/rustwide/workdir" "-m" "1610612736" "--user" "0:0" "--network" "none" "ghcr.io/rust-lang/crates-build-env/linux@sha256:2788e3201cd34a07e3172128adcd8b3090168a8e3bcc40d7c032b9dda1df7d1c" "/opt/rustwide/cargo-home/bin/cargo" "+1.75.0" "metadata" "--no-deps" "--format-version=1", kill_on_drop: false }`
[INFO] [stdout] a3bfb66beb035bc26ad1f0811fb61770372d5d2d4e52e021f0cab606d090f3bb
[INFO] running `Command { std: "docker" "start" "-a" "a3bfb66beb035bc26ad1f0811fb61770372d5d2d4e52e021f0cab606d090f3bb", kill_on_drop: false }`
[INFO] running `Command { std: "docker" "inspect" "a3bfb66beb035bc26ad1f0811fb61770372d5d2d4e52e021f0cab606d090f3bb", kill_on_drop: false }`
[INFO] running `Command { std: "docker" "rm" "-f" "a3bfb66beb035bc26ad1f0811fb61770372d5d2d4e52e021f0cab606d090f3bb", kill_on_drop: false }`
[INFO] [stdout] a3bfb66beb035bc26ad1f0811fb61770372d5d2d4e52e021f0cab606d090f3bb
[INFO] running `Command { std: "docker" "create" "-v" "/var/lib/crater-agent-workspace/builds/worker-3-tc1/target:/opt/rustwide/target:rw,Z" "-v" "/var/lib/crater-agent-workspace/builds/worker-3-tc1/source:/opt/rustwide/workdir:ro,Z" "-v" "/var/lib/crater-agent-workspace/cargo-home:/opt/rustwide/cargo-home:ro,Z" "-v" "/var/lib/crater-agent-workspace/rustup-home:/opt/rustwide/rustup-home:ro,Z" "-e" "SOURCE_DIR=/opt/rustwide/workdir" "-e" "CARGO_TARGET_DIR=/opt/rustwide/target" "-e" "CARGO_INCREMENTAL=0" "-e" "RUST_BACKTRACE=full" "-e" "RUSTFLAGS=--cap-lints=warn" "-e" "RUSTDOCFLAGS=--cap-lints=warn" "-e" "CARGO_HOME=/opt/rustwide/cargo-home" "-e" "RUSTUP_HOME=/opt/rustwide/rustup-home" "-w" "/opt/rustwide/workdir" "-m" "1610612736" "--user" "0:0" "--network" "none" "ghcr.io/rust-lang/crates-build-env/linux@sha256:2788e3201cd34a07e3172128adcd8b3090168a8e3bcc40d7c032b9dda1df7d1c" "/opt/rustwide/cargo-home/bin/cargo" "+1.75.0" "build" "--frozen" "--message-format=json", kill_on_drop: false }`
[INFO] [stdout] 181dfdf693040fc986c1ac90c63ec007b90a4d89c746cadc6f6a1a1ae2bef50e
[INFO] running `Command { std: "docker" "start" "-a" "181dfdf693040fc986c1ac90c63ec007b90a4d89c746cadc6f6a1a1ae2bef50e", kill_on_drop: false }`
[INFO] [stderr] warning: virtual workspace defaulting to `resolver = "1"` despite one or more workspace members being on edition 2021 which implies `resolver = "2"`
[INFO] [stderr] note: to keep the current resolver, specify `workspace.resolver = "1"` in the workspace root's manifest
[INFO] [stderr] note: to use the edition 2021 resolver, specify `workspace.resolver = "2"` in the workspace root's manifest
[INFO] [stderr] note: for more details see https://doc.rust-lang.org/cargo/reference/resolver.html#resolver-versions
[INFO] [stderr]    Compiling proc-macro2 v1.0.56
[INFO] [stderr]    Compiling unicode-ident v1.0.8
[INFO] [stderr]    Compiling quote v1.0.27
[INFO] [stderr]    Compiling syn v1.0.109
[INFO] [stderr]    Compiling log v0.4.17
[INFO] [stderr]    Compiling gherkin v0.1.0 (/opt/rustwide/workdir/gherkin)
[INFO] [stderr]    Compiling proc-macro-error-attr v1.0.4
[INFO] [stderr]    Compiling proc-macro-error v1.0.4
[INFO] [stderr]    Compiling cucumber-macros v0.1.0 (/opt/rustwide/workdir/cucumber-macros)
[INFO] [stdout] warning: unused variable: `given`
[INFO] [stdout]   --> cucumber-macros/src/lib.rs:45:9
[INFO] [stdout]    |
[INFO] [stdout] 45 |     let given = fns
[INFO] [stdout]    |         ^^^^^ help: if this is intentional, prefix it with an underscore: `_given`
[INFO] [stdout]    |
[INFO] [stdout]    = note: `#[warn(unused_variables)]` on by default
[INFO] [stdout] 
[INFO] [stdout] 
[INFO] [stdout] warning: unused variable: `whens`
[INFO] [stdout]   --> cucumber-macros/src/lib.rs:49:9
[INFO] [stdout]    |
[INFO] [stdout] 49 |     let whens = fns
[INFO] [stdout]    |         ^^^^^ help: if this is intentional, prefix it with an underscore: `_whens`
[INFO] [stdout] 
[INFO] [stdout] 
[INFO] [stdout] warning: 2 warnings emitted
[INFO] [stdout] 
[INFO] [stdout] 
[INFO] [stderr]    Compiling cucumber v0.1.0 (/opt/rustwide/workdir/cucumber)
[INFO] [stderr]     Finished dev [unoptimized + debuginfo] target(s) in 3.02s
[INFO] running `Command { std: "docker" "inspect" "181dfdf693040fc986c1ac90c63ec007b90a4d89c746cadc6f6a1a1ae2bef50e", kill_on_drop: false }`
[INFO] running `Command { std: "docker" "rm" "-f" "181dfdf693040fc986c1ac90c63ec007b90a4d89c746cadc6f6a1a1ae2bef50e", kill_on_drop: false }`
[INFO] [stdout] 181dfdf693040fc986c1ac90c63ec007b90a4d89c746cadc6f6a1a1ae2bef50e
[INFO] running `Command { std: "docker" "create" "-v" "/var/lib/crater-agent-workspace/builds/worker-3-tc1/target:/opt/rustwide/target:rw,Z" "-v" "/var/lib/crater-agent-workspace/builds/worker-3-tc1/source:/opt/rustwide/workdir:ro,Z" "-v" "/var/lib/crater-agent-workspace/cargo-home:/opt/rustwide/cargo-home:ro,Z" "-v" "/var/lib/crater-agent-workspace/rustup-home:/opt/rustwide/rustup-home:ro,Z" "-e" "SOURCE_DIR=/opt/rustwide/workdir" "-e" "CARGO_TARGET_DIR=/opt/rustwide/target" "-e" "CARGO_INCREMENTAL=0" "-e" "RUST_BACKTRACE=full" "-e" "RUSTFLAGS=--cap-lints=warn" "-e" "RUSTDOCFLAGS=--cap-lints=warn" "-e" "CARGO_HOME=/opt/rustwide/cargo-home" "-e" "RUSTUP_HOME=/opt/rustwide/rustup-home" "-w" "/opt/rustwide/workdir" "-m" "1610612736" "--user" "0:0" "--network" "none" "ghcr.io/rust-lang/crates-build-env/linux@sha256:2788e3201cd34a07e3172128adcd8b3090168a8e3bcc40d7c032b9dda1df7d1c" "/opt/rustwide/cargo-home/bin/cargo" "+1.75.0" "test" "--frozen" "--no-run" "--message-format=json", kill_on_drop: false }`
[INFO] [stdout] 319e2a7c0faef2b764abeaebf0dccd2b3c469cedc9f23d3a26d2ffb0195a8a2a
[INFO] running `Command { std: "docker" "start" "-a" "319e2a7c0faef2b764abeaebf0dccd2b3c469cedc9f23d3a26d2ffb0195a8a2a", kill_on_drop: false }`
[INFO] [stderr] warning: virtual workspace defaulting to `resolver = "1"` despite one or more workspace members being on edition 2021 which implies `resolver = "2"`
[INFO] [stderr] note: to keep the current resolver, specify `workspace.resolver = "1"` in the workspace root's manifest
[INFO] [stderr] note: to use the edition 2021 resolver, specify `workspace.resolver = "2"` in the workspace root's manifest
[INFO] [stderr] note: for more details see https://doc.rust-lang.org/cargo/reference/resolver.html#resolver-versions
[INFO] [stderr]    Compiling libc v0.2.144
[INFO] [stderr]    Compiling io-lifetimes v1.0.10
[INFO] [stderr]    Compiling rustix v0.37.19
[INFO] [stderr]    Compiling memchr v2.5.0
[INFO] [stderr]    Compiling linux-raw-sys v0.3.7
[INFO] [stderr]    Compiling utf8parse v0.2.1
[INFO] [stderr]    Compiling regex-syntax v0.7.1
[INFO] [stderr]    Compiling anstyle-query v1.0.0
[INFO] [stderr]    Compiling quick-error v1.2.3
[INFO] [stderr]    Compiling colorchoice v1.0.0
[INFO] [stderr]    Compiling anstyle v1.0.0
[INFO] [stderr]    Compiling termcolor v1.2.0
[INFO] [stderr]    Compiling syn v2.0.16
[INFO] [stderr]    Compiling strsim v0.10.0
[INFO] [stderr]    Compiling clap_lex v0.4.1
[INFO] [stderr]    Compiling cucumber-macros v0.1.0 (/opt/rustwide/workdir/cucumber-macros)
[INFO] [stderr]    Compiling anstyle-parse v0.2.0
[INFO] [stderr]    Compiling humantime v1.3.0
[INFO] [stderr]    Compiling anyhow v1.0.71
[INFO] [stderr]    Compiling once_cell v1.17.1
[INFO] [stdout] warning: unused variable: `given`
[INFO] [stdout]   --> cucumber-macros/src/lib.rs:45:9
[INFO] [stdout]    |
[INFO] [stdout] 45 |     let given = fns
[INFO] [stdout]    |         ^^^^^ help: if this is intentional, prefix it with an underscore: `_given`
[INFO] [stdout]    |
[INFO] [stdout]    = note: `#[warn(unused_variables)]` on by default
[INFO] [stdout] 
[INFO] [stdout] 
[INFO] [stdout] warning: unused variable: `whens`
[INFO] [stdout]   --> cucumber-macros/src/lib.rs:49:9
[INFO] [stdout]    |
[INFO] [stdout] 49 |     let whens = fns
[INFO] [stdout]    |         ^^^^^ help: if this is intentional, prefix it with an underscore: `_whens`
[INFO] [stdout] 
[INFO] [stdout] 
[INFO] [stdout] warning: unused variable: `given`
[INFO] [stdout]   --> cucumber-macros/src/lib.rs:45:9
[INFO] [stdout]    |
[INFO] [stdout] 45 |     let given = fns
[INFO] [stdout]    |         ^^^^^ help: if this is intentional, prefix it with an underscore: `_given`
[INFO] [stdout]    |
[INFO] [stdout]    = note: `#[warn(unused_variables)]` on by default
[INFO] [stdout] 
[INFO] [stdout] 
[INFO] [stdout] warning: unused variable: `whens`
[INFO] [stdout]   --> cucumber-macros/src/lib.rs:49:9
[INFO] [stdout]    |
[INFO] [stdout] 49 |     let whens = fns
[INFO] [stdout]    |         ^^^^^ help: if this is intentional, prefix it with an underscore: `_whens`
[INFO] [stdout] 
[INFO] [stdout] 
[INFO] [stdout] warning: 2 warnings emitted
[INFO] [stdout] 
[INFO] [stdout] 
[INFO] [stderr]    Compiling aho-corasick v1.0.1
[INFO] [stdout] warning: 2 warnings emitted
[INFO] [stdout] 
[INFO] [stdout] 
[INFO] [stderr]    Compiling cucumber v0.1.0 (/opt/rustwide/workdir/cucumber)
[INFO] [stdout] warning: method `test` is never used
[INFO] [stdout]   --> cucumber/tests/basic_world.rs:23:8
[INFO] [stdout]    |
[INFO] [stdout] 18 | #[cucumber_world]
[INFO] [stdout]    | ----------------- method in this implementation
[INFO] [stdout] ...
[INFO] [stdout] 23 |     fn test(&mut self) {
[INFO] [stdout]    |        ^^^^
[INFO] [stdout]    |
[INFO] [stdout]    = note: `#[warn(dead_code)]` on by default
[INFO] [stdout] 
[INFO] [stdout] 
[INFO] [stdout] warning: struct `World` is never constructed
[INFO] [stdout]  --> cucumber/tests/basic_world.rs:4:16
[INFO] [stdout]   |
[INFO] [stdout] 4 |     pub struct World<T> {
[INFO] [stdout]   |                ^^^^^
[INFO] [stdout] 
[INFO] [stdout] 
[INFO] [stdout] warning: method `do_thing` is never used
[INFO] [stdout]   --> cucumber/tests/basic_world.rs:12:16
[INFO] [stdout]    |
[INFO] [stdout] 8  | /     impl<T> World<T>
[INFO] [stdout] 9  | |     where
[INFO] [stdout] 10 | |         T: From<&'static str>,
[INFO] [stdout]    | |______________________________- method in this implementation
[INFO] [stdout] 11 |       {
[INFO] [stdout] 12 |           pub fn do_thing(&mut self) {
[INFO] [stdout]    |                  ^^^^^^^^
[INFO] [stdout] 
[INFO] [stdout] 
[INFO] [stdout] warning: 3 warnings emitted
[INFO] [stdout] 
[INFO] [stdout] 
[INFO] [stderr]    Compiling atty v0.2.14
[INFO] [stderr]    Compiling regex v1.8.1
[INFO] [stderr]    Compiling is-terminal v0.4.7
[INFO] [stderr]    Compiling anstream v0.3.2
[INFO] [stderr]    Compiling env_logger v0.7.1
[INFO] [stderr]    Compiling clap_builder v4.2.7
[INFO] [stderr]    Compiling clap_derive v4.2.0
[INFO] [stderr]    Compiling pretty_env_logger v0.4.0
[INFO] [stderr]    Compiling clap v4.2.7
[INFO] [stderr]    Compiling gherkin v0.1.0 (/opt/rustwide/workdir/gherkin)
[INFO] [stderr]     Finished test [unoptimized + debuginfo] target(s) in 5.37s
[INFO] running `Command { std: "docker" "inspect" "319e2a7c0faef2b764abeaebf0dccd2b3c469cedc9f23d3a26d2ffb0195a8a2a", kill_on_drop: false }`
[INFO] running `Command { std: "docker" "rm" "-f" "319e2a7c0faef2b764abeaebf0dccd2b3c469cedc9f23d3a26d2ffb0195a8a2a", kill_on_drop: false }`
[INFO] [stdout] 319e2a7c0faef2b764abeaebf0dccd2b3c469cedc9f23d3a26d2ffb0195a8a2a
[INFO] running `Command { std: "docker" "create" "-v" "/var/lib/crater-agent-workspace/builds/worker-3-tc1/target:/opt/rustwide/target:rw,Z" "-v" "/var/lib/crater-agent-workspace/builds/worker-3-tc1/source:/opt/rustwide/workdir:ro,Z" "-v" "/var/lib/crater-agent-workspace/cargo-home:/opt/rustwide/cargo-home:ro,Z" "-v" "/var/lib/crater-agent-workspace/rustup-home:/opt/rustwide/rustup-home:ro,Z" "-e" "SOURCE_DIR=/opt/rustwide/workdir" "-e" "CARGO_TARGET_DIR=/opt/rustwide/target" "-e" "CARGO_INCREMENTAL=0" "-e" "RUST_BACKTRACE=full" "-e" "RUSTFLAGS=--cap-lints=warn" "-e" "RUSTDOCFLAGS=--cap-lints=warn" "-e" "CARGO_HOME=/opt/rustwide/cargo-home" "-e" "RUSTUP_HOME=/opt/rustwide/rustup-home" "-w" "/opt/rustwide/workdir" "-m" "1610612736" "--user" "0:0" "--network" "none" "ghcr.io/rust-lang/crates-build-env/linux@sha256:2788e3201cd34a07e3172128adcd8b3090168a8e3bcc40d7c032b9dda1df7d1c" "/opt/rustwide/cargo-home/bin/cargo" "+1.75.0" "test" "--frozen", kill_on_drop: false }`
[INFO] [stdout] aadff52cf673b74caf120997989e104703d2be6914a91e475fb652931274a82e
[INFO] running `Command { std: "docker" "start" "-a" "aadff52cf673b74caf120997989e104703d2be6914a91e475fb652931274a82e", kill_on_drop: false }`
[INFO] [stderr] warning: virtual workspace defaulting to `resolver = "1"` despite one or more workspace members being on edition 2021 which implies `resolver = "2"`
[INFO] [stderr] note: to keep the current resolver, specify `workspace.resolver = "1"` in the workspace root's manifest
[INFO] [stderr] note: to use the edition 2021 resolver, specify `workspace.resolver = "2"` in the workspace root's manifest
[INFO] [stderr] note: for more details see https://doc.rust-lang.org/cargo/reference/resolver.html#resolver-versions
[INFO] [stderr] warning: unused variable: `given`
[INFO] [stderr]   --> cucumber-macros/src/lib.rs:45:9
[INFO] [stderr]    |
[INFO] [stderr] 45 |     let given = fns
[INFO] [stderr]    |         ^^^^^ help: if this is intentional, prefix it with an underscore: `_given`
[INFO] [stderr]    |
[INFO] [stderr]    = note: `#[warn(unused_variables)]` on by default
[INFO] [stderr] 
[INFO] [stderr] warning: unused variable: `whens`
[INFO] [stderr]   --> cucumber-macros/src/lib.rs:49:9
[INFO] [stderr]    |
[INFO] [stderr] 49 |     let whens = fns
[INFO] [stderr]    |         ^^^^^ help: if this is intentional, prefix it with an underscore: `_whens`
[INFO] [stderr] 
[INFO] [stderr] warning: `cucumber-macros` (lib) generated 2 warnings (run `cargo fix --lib -p cucumber-macros` to apply 2 suggestions)
[INFO] [stderr] warning: `cucumber-macros` (lib test) generated 2 warnings (2 duplicates)
[INFO] [stderr] warning: method `test` is never used
[INFO] [stderr]   --> cucumber/tests/basic_world.rs:23:8
[INFO] [stderr]    |
[INFO] [stderr] 18 | #[cucumber_world]
[INFO] [stderr]    | ----------------- method in this implementation
[INFO] [stderr] ...
[INFO] [stderr] 23 |     fn test(&mut self) {
[INFO] [stderr]    |        ^^^^
[INFO] [stderr]    |
[INFO] [stderr]    = note: `#[warn(dead_code)]` on by default
[INFO] [stderr] 
[INFO] [stderr] warning: struct `World` is never constructed
[INFO] [stderr]  --> cucumber/tests/basic_world.rs:4:16
[INFO] [stderr]   |
[INFO] [stderr] 4 |     pub struct World<T> {
[INFO] [stderr]   |                ^^^^^
[INFO] [stderr] 
[INFO] [stderr] warning: method `do_thing` is never used
[INFO] [stderr]   --> cucumber/tests/basic_world.rs:12:16
[INFO] [stderr]    |
[INFO] [stderr] 8  | /     impl<T> World<T>
[INFO] [stderr] 9  | |     where
[INFO] [stderr] 10 | |         T: From<&'static str>,
[INFO] [stderr]    | |______________________________- method in this implementation
[INFO] [stderr] 11 |       {
[INFO] [stderr] 12 |           pub fn do_thing(&mut self) {
[INFO] [stderr]    |                  ^^^^^^^^
[INFO] [stderr] 
[INFO] [stderr] warning: `cucumber` (test "basic_world") generated 3 warnings
[INFO] [stderr]     Finished test [unoptimized + debuginfo] target(s) in 0.03s
[INFO] [stderr]      Running unittests src/lib.rs (/opt/rustwide/target/debug/deps/cucumber-7456e447aeb6d8b2)
[INFO] [stdout] 
[INFO] [stdout] running 0 tests
[INFO] [stdout] 
[INFO] [stdout] test result: ok. 0 passed; 0 failed; 0 ignored; 0 measured; 0 filtered out; finished in 0.00s
[INFO] [stdout] 
[INFO] [stderr]      Running tests/basic_world.rs (/opt/rustwide/target/debug/deps/basic_world-59f2b9d9a50a4957)
[INFO] [stdout] 
[INFO] [stdout] running 0 tests
[INFO] [stdout] 
[INFO] [stdout] test result: ok. 0 passed; 0 failed; 0 ignored; 0 measured; 0 filtered out; finished in 0.00s
[INFO] [stdout] 
[INFO] [stderr]      Running unittests src/lib.rs (/opt/rustwide/target/debug/deps/cucumber_macros-ca56dbc1cbce4ad5)
[INFO] [stdout] 
[INFO] [stdout] running 0 tests
[INFO] [stdout] 
[INFO] [stdout] test result: ok. 0 passed; 0 failed; 0 ignored; 0 measured; 0 filtered out; finished in 0.00s
[INFO] [stdout] 
[INFO] [stderr]      Running unittests src/lib.rs (/opt/rustwide/target/debug/deps/gherkin-13e840b459a28b26)
[INFO] [stdout] 
[INFO] [stdout] running 4 tests
[INFO] [stdout] test parser::test::doc_string ... ok
[INFO] [stdout] test parser::test::data_table ... ok
[INFO] [stdout] test scenario_outline::scenario_outline ... ok
[INFO] [stdout] test parser::test::basic ... FAILED
[INFO] [stdout] 
[INFO] [stdout] failures:
[INFO] [stdout] 
[INFO] [stdout] ---- parser::test::basic stdout ----
[INFO] [stdout] thread 'parser::test::basic' panicked at gherkin/src/parser/test.rs:88:5:
[INFO] [stdout] Feature {
[INFO] [stdout]     tags: [],
[INFO] [stdout]     name: Some(
[INFO] [stdout]         "a feature",
[INFO] [stdout]     ),
[INFO] [stdout]     description: Some(
[INFO] [stdout]         "Hehe a freeform text!\nUh oh my indentation!",
[INFO] [stdout]     ),
[INFO] [stdout]     background: [
[INFO] [stdout]         Step {
[INFO] [stdout]             ty: Given,
[INFO] [stdout]             description: "some flour",
[INFO] [stdout]             data: None,
[INFO] [stdout]         },
[INFO] [stdout]         Step {
[INFO] [stdout]             ty: And,
[INFO] [stdout]             description: "some eggs",
[INFO] [stdout]             data: None,
[INFO] [stdout]         },
[INFO] [stdout]     ],
[INFO] [stdout]     scenarios: [
[INFO] [stdout]         Scenario {
[INFO] [stdout]             tags: [],
[INFO] [stdout]             name: None,
[INFO] [stdout]             description: None,
[INFO] [stdout]             steps: [
[INFO] [stdout]                 Step {
[INFO] [stdout]                     ty: Given,
[INFO] [stdout]                     description: "the following text",
[INFO] [stdout]                     data: Some(
[INFO] [stdout]                         DocString(
[INFO] [stdout]                             "Hello there\nGeneral Kenobi",
[INFO] [stdout]                         ),
[INFO] [stdout]                     ),
[INFO] [stdout]                 },
[INFO] [stdout]                 Step {
[INFO] [stdout]                     ty: When,
[INFO] [stdout]                     description: "the base is empty",
[INFO] [stdout]                     data: None,
[INFO] [stdout]                 },
[INFO] [stdout]                 Step {
[INFO] [stdout]                     ty: Then,
[INFO] [stdout]                     description: "nothing happens",
[INFO] [stdout]                     data: None,
[INFO] [stdout]                 },
[INFO] [stdout]             ],
[INFO] [stdout]         },
[INFO] [stdout]     ],
[INFO] [stdout]     scenario_outlines: [
[INFO] [stdout]         ScenarioOutline {
[INFO] [stdout]             tags: [],
[INFO] [stdout]             name: None,
[INFO] [stdout]             description: None,
[INFO] [stdout]             steps: [
[INFO] [stdout]                 Step {
[INFO] [stdout]                     ty: Given,
[INFO] [stdout]                     description: "<count> biscuits",
[INFO] [stdout]                     data: None,
[INFO] [stdout]                 },
[INFO] [stdout]                 Step {
[INFO] [stdout]                     ty: And,
[INFO] [stdout]                     description: "<count> cups of tea",
[INFO] [stdout]                     data: None,
[INFO] [stdout]                 },
[INFO] [stdout]                 Step {
[INFO] [stdout]                     ty: Then,
[INFO] [stdout]                     description: "I should be stuffed",
[INFO] [stdout]                     data: None,
[INFO] [stdout]                 },
[INFO] [stdout]             ],
[INFO] [stdout]             scenarios: [
[INFO] [stdout]                 TaggedScenarios {
[INFO] [stdout]                     tags: [
[INFO] [stdout]                         "1-to-3",
[INFO] [stdout]                     ],
[INFO] [stdout]                     placeholders: [
[INFO] [stdout]                         "count",
[INFO] [stdout]                     ],
[INFO] [stdout]                     values: [
[INFO] [stdout]                         [
[INFO] [stdout]                             "1",
[INFO] [stdout]                         ],
[INFO] [stdout]                         [
[INFO] [stdout]                             "2",
[INFO] [stdout]                         ],
[INFO] [stdout]                         [
[INFO] [stdout]                             "3",
[INFO] [stdout]                         ],
[INFO] [stdout]                     ],
[INFO] [stdout]                 },
[INFO] [stdout]                 TaggedScenarios {
[INFO] [stdout]                     tags: [
[INFO] [stdout]                         "4-to-6",
[INFO] [stdout]                     ],
[INFO] [stdout]                     placeholders: [
[INFO] [stdout]                         "count",
[INFO] [stdout]                     ],
[INFO] [stdout]                     values: [
[INFO] [stdout]                         [
[INFO] [stdout]                             "4",
[INFO] [stdout]                         ],
[INFO] [stdout]                         [
[INFO] [stdout]                             "5",
[INFO] [stdout]                         ],
[INFO] [stdout]                         [
[INFO] [stdout]                             "6",
[INFO] [stdout]                         ],
[INFO] [stdout]                     ],
[INFO] [stdout]                 },
[INFO] [stdout]             ],
[INFO] [stdout]         },
[INFO] [stdout]     ],
[INFO] [stdout] }
[INFO] [stdout] stack backtrace:
[INFO] [stdout]    0:     0x5631951fa00c - std::backtrace_rs::backtrace::libunwind::trace::ha637c64ce894333a
[INFO] [stdout]                                at /rustc/82e1608dfa6e0b5569232559e3d385fea5a93112/library/std/src/../../backtrace/src/backtrace/libunwind.rs:104:5
[INFO] [stdout]    1:     0x5631951fa00c - std::backtrace_rs::backtrace::trace_unsynchronized::h47f62dea28e0c88d
[INFO] [stdout]                                at /rustc/82e1608dfa6e0b5569232559e3d385fea5a93112/library/std/src/../../backtrace/src/backtrace/mod.rs:66:5
[INFO] [stdout]    2:     0x5631951fa00c - std::sys_common::backtrace::_print_fmt::h9eef0abe20ede486
[INFO] [stdout]                                at /rustc/82e1608dfa6e0b5569232559e3d385fea5a93112/library/std/src/sys_common/backtrace.rs:67:5
[INFO] [stdout]    3:     0x5631951fa00c - <std::sys_common::backtrace::_print::DisplayBacktrace as core::fmt::Display>::fmt::hed7f999df88cc644
[INFO] [stdout]                                at /rustc/82e1608dfa6e0b5569232559e3d385fea5a93112/library/std/src/sys_common/backtrace.rs:44:22
[INFO] [stdout]    4:     0x563195223b70 - core::fmt::rt::Argument::fmt::h1539a9308b8d058d
[INFO] [stdout]                                at /rustc/82e1608dfa6e0b5569232559e3d385fea5a93112/library/core/src/fmt/rt.rs:142:9
[INFO] [stdout]    5:     0x563195223b70 - core::fmt::write::h3a39390d8560d9c9
[INFO] [stdout]                                at /rustc/82e1608dfa6e0b5569232559e3d385fea5a93112/library/core/src/fmt/mod.rs:1120:17
[INFO] [stdout]    6:     0x5631951f79bf - std::io::Write::write_fmt::h040b369f3a0f9cbc
[INFO] [stdout]                                at /rustc/82e1608dfa6e0b5569232559e3d385fea5a93112/library/std/src/io/mod.rs:1762:15
[INFO] [stdout]    7:     0x5631951f9df4 - std::sys_common::backtrace::_print::h894006fb5c6f3d45
[INFO] [stdout]                                at /rustc/82e1608dfa6e0b5569232559e3d385fea5a93112/library/std/src/sys_common/backtrace.rs:47:5
[INFO] [stdout]    8:     0x5631951f9df4 - std::sys_common::backtrace::print::h23a2d212c6fff936
[INFO] [stdout]                                at /rustc/82e1608dfa6e0b5569232559e3d385fea5a93112/library/std/src/sys_common/backtrace.rs:34:9
[INFO] [stdout]    9:     0x5631951fbab7 - std::panicking::default_hook::{{closure}}::h8a1d2ee00185001a
[INFO] [stdout]   10:     0x5631951fb7a3 - std::panicking::default_hook::h6038f2eba384e475
[INFO] [stdout]                                at /rustc/82e1608dfa6e0b5569232559e3d385fea5a93112/library/std/src/panicking.rs:289:9
[INFO] [stdout]   11:     0x5631951cc1b7 - <alloc::boxed::Box<F,A> as core::ops::function::Fn<Args>>::call::h0ad024c9bdc6d768
[INFO] [stdout]                                at /rustc/82e1608dfa6e0b5569232559e3d385fea5a93112/library/alloc/src/boxed.rs:2021:9
[INFO] [stdout]   12:     0x5631951cc1b7 - test::test_main::{{closure}}::h7500b54257359db6
[INFO] [stdout]                                at /rustc/82e1608dfa6e0b5569232559e3d385fea5a93112/library/test/src/lib.rs:138:21
[INFO] [stdout]   13:     0x5631951fc0c8 - <alloc::boxed::Box<F,A> as core::ops::function::Fn<Args>>::call::h1f8f335eaa9cfaee
[INFO] [stdout]                                at /rustc/82e1608dfa6e0b5569232559e3d385fea5a93112/library/alloc/src/boxed.rs:2021:9
[INFO] [stdout]   14:     0x5631951fc0c8 - std::panicking::rust_panic_with_hook::h2b5517d590cab22e
[INFO] [stdout]                                at /rustc/82e1608dfa6e0b5569232559e3d385fea5a93112/library/std/src/panicking.rs:783:13
[INFO] [stdout]   15:     0x5631951fbe1e - std::panicking::begin_panic_handler::{{closure}}::h233112c06e0ef43e
[INFO] [stdout]                                at /rustc/82e1608dfa6e0b5569232559e3d385fea5a93112/library/std/src/panicking.rs:657:13
[INFO] [stdout]   16:     0x5631951fa4d6 - std::sys_common::backtrace::__rust_end_short_backtrace::h6e893f24d7ebbff8
[INFO] [stdout]                                at /rustc/82e1608dfa6e0b5569232559e3d385fea5a93112/library/std/src/sys_common/backtrace.rs:170:18
[INFO] [stdout]   17:     0x5631951fbb82 - rust_begin_unwind
[INFO] [stdout]                                at /rustc/82e1608dfa6e0b5569232559e3d385fea5a93112/library/std/src/panicking.rs:645:5
[INFO] [stdout]   18:     0x563195161cf5 - core::panicking::panic_fmt::hbf0e066aabfa482c
[INFO] [stdout]                                at /rustc/82e1608dfa6e0b5569232559e3d385fea5a93112/library/core/src/panicking.rs:72:14
[INFO] [stdout]   19:     0x5631951834ce - gherkin::parser::test::basic::hf1b26b2ea6741ed4
[INFO] [stdout]                                at /opt/rustwide/workdir/gherkin/src/parser/test.rs:88:5
[INFO] [stdout]   20:     0x5631951832a7 - gherkin::parser::test::basic::{{closure}}::h5717d098d8202b15
[INFO] [stdout]                                at /opt/rustwide/workdir/gherkin/src/parser/test.rs:49:15
[INFO] [stdout]   21:     0x56319517ece6 - core::ops::function::FnOnce::call_once::hb4a7347235203c22
[INFO] [stdout]                                at /rustc/82e1608dfa6e0b5569232559e3d385fea5a93112/library/core/src/ops/function.rs:250:5
[INFO] [stdout]   22:     0x5631951d180f - core::ops::function::FnOnce::call_once::h2b5d431d5046312d
[INFO] [stdout]                                at /rustc/82e1608dfa6e0b5569232559e3d385fea5a93112/library/core/src/ops/function.rs:250:5
[INFO] [stdout]   23:     0x5631951d180f - test::__rust_begin_short_backtrace::h7714669af176e207
[INFO] [stdout]                                at /rustc/82e1608dfa6e0b5569232559e3d385fea5a93112/library/test/src/lib.rs:628:18
[INFO] [stdout]   24:     0x5631951d0825 - test::run_test_in_process::{{closure}}::h85218797dcbcec12
[INFO] [stdout]                                at /rustc/82e1608dfa6e0b5569232559e3d385fea5a93112/library/test/src/lib.rs:651:60
[INFO] [stdout]   25:     0x5631951d0825 - <core::panic::unwind_safe::AssertUnwindSafe<F> as core::ops::function::FnOnce<()>>::call_once::h76c106ea31c14d7b
[INFO] [stdout]                                at /rustc/82e1608dfa6e0b5569232559e3d385fea5a93112/library/core/src/panic/unwind_safe.rs:272:9
[INFO] [stdout]   26:     0x5631951d0825 - std::panicking::try::do_call::h3bd5d0f6620ee946
[INFO] [stdout]                                at /rustc/82e1608dfa6e0b5569232559e3d385fea5a93112/library/std/src/panicking.rs:552:40
[INFO] [stdout]   27:     0x5631951d0825 - std::panicking::try::h232e535e4744fe31
[INFO] [stdout]                                at /rustc/82e1608dfa6e0b5569232559e3d385fea5a93112/library/std/src/panicking.rs:516:19
[INFO] [stdout]   28:     0x5631951d0825 - std::panic::catch_unwind::h3ce3bd6ca8dbac68
[INFO] [stdout]                                at /rustc/82e1608dfa6e0b5569232559e3d385fea5a93112/library/std/src/panic.rs:142:14
[INFO] [stdout]   29:     0x5631951d0825 - test::run_test_in_process::hc97b257c9621286a
[INFO] [stdout]                                at /rustc/82e1608dfa6e0b5569232559e3d385fea5a93112/library/test/src/lib.rs:651:27
[INFO] [stdout]   30:     0x5631951d0825 - test::run_test::{{closure}}::h2aa798823a438d38
[INFO] [stdout]                                at /rustc/82e1608dfa6e0b5569232559e3d385fea5a93112/library/test/src/lib.rs:574:43
[INFO] [stdout]   31:     0x563195198ae6 - test::run_test::{{closure}}::h87d231c78fb59832
[INFO] [stdout]                                at /rustc/82e1608dfa6e0b5569232559e3d385fea5a93112/library/test/src/lib.rs:602:41
[INFO] [stdout]   32:     0x563195198ae6 - std::sys_common::backtrace::__rust_begin_short_backtrace::he6df152596625789
[INFO] [stdout]                                at /rustc/82e1608dfa6e0b5569232559e3d385fea5a93112/library/std/src/sys_common/backtrace.rs:154:18
[INFO] [stdout]   33:     0x56319519db97 - std::thread::Builder::spawn_unchecked_::{{closure}}::{{closure}}::ha94be15d1e0acf36
[INFO] [stdout]                                at /rustc/82e1608dfa6e0b5569232559e3d385fea5a93112/library/std/src/thread/mod.rs:529:17
[INFO] [stdout]   34:     0x56319519db97 - <core::panic::unwind_safe::AssertUnwindSafe<F> as core::ops::function::FnOnce<()>>::call_once::h9dc6bd6372f16606
[INFO] [stdout]                                at /rustc/82e1608dfa6e0b5569232559e3d385fea5a93112/library/core/src/panic/unwind_safe.rs:272:9
[INFO] [stdout]   35:     0x56319519db97 - std::panicking::try::do_call::h9057517f80303cd4
[INFO] [stdout]                                at /rustc/82e1608dfa6e0b5569232559e3d385fea5a93112/library/std/src/panicking.rs:552:40
[INFO] [stdout]   36:     0x56319519db97 - std::panicking::try::he3a30b11ee45340c
[INFO] [stdout]                                at /rustc/82e1608dfa6e0b5569232559e3d385fea5a93112/library/std/src/panicking.rs:516:19
[INFO] [stdout]   37:     0x56319519db97 - std::panic::catch_unwind::h410458cfd3528b8b
[INFO] [stdout]                                at /rustc/82e1608dfa6e0b5569232559e3d385fea5a93112/library/std/src/panic.rs:142:14
[INFO] [stdout]   38:     0x56319519db97 - std::thread::Builder::spawn_unchecked_::{{closure}}::h72ac3bdb567b737b
[INFO] [stdout]                                at /rustc/82e1608dfa6e0b5569232559e3d385fea5a93112/library/std/src/thread/mod.rs:528:30
[INFO] [stdout]   39:     0x56319519db97 - core::ops::function::FnOnce::call_once{{vtable.shim}}::h38f34da3654a8344
[INFO] [stdout]                                at /rustc/82e1608dfa6e0b5569232559e3d385fea5a93112/library/core/src/ops/function.rs:250:5
[INFO] [stdout]   40:     0x563195200b55 - <alloc::boxed::Box<F,A> as core::ops::function::FnOnce<Args>>::call_once::hc7eafaff61e32df9
[INFO] [stdout]                                at /rustc/82e1608dfa6e0b5569232559e3d385fea5a93112/library/alloc/src/boxed.rs:2007:9
[INFO] [stdout]   41:     0x563195200b55 - <alloc::boxed::Box<F,A> as core::ops::function::FnOnce<Args>>::call_once::h6ba4a5de48dd2304
[INFO] [stdout]                                at /rustc/82e1608dfa6e0b5569232559e3d385fea5a93112/library/alloc/src/boxed.rs:2007:9
[INFO] [stdout]   42:     0x563195200b55 - std::sys::unix::thread::Thread::new::thread_start::he469335aef763e45
[INFO] [stdout]                                at /rustc/82e1608dfa6e0b5569232559e3d385fea5a93112/library/std/src/sys/unix/thread.rs:108:17
[INFO] [stdout]   43:     0x7f4a4699fac3 - <unknown>
[INFO] [stdout]   44:     0x7f4a46a30bf4 - __clone
[INFO] [stdout]   45:                0x0 - <unknown>
[INFO] [stdout] 
[INFO] [stdout] 
[INFO] [stdout] failures:
[INFO] [stdout]     parser::test::basic
[INFO] [stdout] 
[INFO] [stdout] test result: FAILED. 3 passed; 1 failed; 0 ignored; 0 measured; 0 filtered out; finished in 0.01s
[INFO] [stdout] 
[INFO] [stderr] error: test failed, to rerun pass `-p gherkin --lib`
[INFO] running `Command { std: "docker" "inspect" "aadff52cf673b74caf120997989e104703d2be6914a91e475fb652931274a82e", kill_on_drop: false }`
[INFO] running `Command { std: "docker" "rm" "-f" "aadff52cf673b74caf120997989e104703d2be6914a91e475fb652931274a82e", kill_on_drop: false }`
[INFO] [stdout] aadff52cf673b74caf120997989e104703d2be6914a91e475fb652931274a82e
