[INFO] cloning repository https://github.com/danielhenrymantilla/custom-try.rs
[INFO] running `Command { std: "git" "-c" "credential.helper=" "-c" "credential.helper=/workspace/cargo-home/bin/git-credential-null" "clone" "--bare" "https://github.com/danielhenrymantilla/custom-try.rs" "/workspace/cache/git-repos/https%3A%2F%2Fgithub.com%2Fdanielhenrymantilla%2Fcustom-try.rs", kill_on_drop: false }`
[INFO] [stderr] Cloning into bare repository '/workspace/cache/git-repos/https%3A%2F%2Fgithub.com%2Fdanielhenrymantilla%2Fcustom-try.rs'...
[INFO] running `Command { std: "git" "rev-parse" "HEAD", kill_on_drop: false }`
[INFO] [stdout] 3a771de2e219d330367b8b03bfe7ae47097b2a68
[INFO] testing danielhenrymantilla/custom-try.rs against 1.75.0 for beta-1.76-1
[INFO] running `Command { std: "git" "clone" "/workspace/cache/git-repos/https%3A%2F%2Fgithub.com%2Fdanielhenrymantilla%2Fcustom-try.rs" "/workspace/builds/worker-4-tc1/source", kill_on_drop: false }`
[INFO] [stderr] Cloning into '/workspace/builds/worker-4-tc1/source'...
[INFO] [stderr] done.
[INFO] validating manifest of git repo https://github.com/danielhenrymantilla/custom-try.rs on toolchain 1.75.0
[INFO] running `Command { std: CARGO_HOME="/workspace/cargo-home" RUSTUP_HOME="/workspace/rustup-home" "/workspace/cargo-home/bin/cargo" "+1.75.0" "metadata" "--manifest-path" "Cargo.toml" "--no-deps", kill_on_drop: false }`
[INFO] removed /workspace/builds/worker-4-tc1/source/.cargo/config
[INFO] removed /workspace/builds/worker-4-tc1/source/rust-toolchain.toml
[INFO] started tweaking git repo https://github.com/danielhenrymantilla/custom-try.rs
[INFO] finished tweaking git repo https://github.com/danielhenrymantilla/custom-try.rs
[INFO] tweaked toml for git repo https://github.com/danielhenrymantilla/custom-try.rs written to /workspace/builds/worker-4-tc1/source/Cargo.toml
[INFO] crate git repo https://github.com/danielhenrymantilla/custom-try.rs already has a lockfile, it will not be regenerated
[INFO] running `Command { std: CARGO_HOME="/workspace/cargo-home" RUSTUP_HOME="/workspace/rustup-home" "/workspace/cargo-home/bin/cargo" "+1.75.0" "fetch" "--manifest-path" "Cargo.toml", kill_on_drop: false }`
[INFO] [stderr]  Downloading crates ...
[INFO] [stderr]   Downloaded quote v1.0.0
[INFO] running `Command { std: "docker" "create" "-v" "/var/lib/crater-agent-workspace/builds/worker-4-tc1/target:/opt/rustwide/target:rw,Z" "-v" "/var/lib/crater-agent-workspace/builds/worker-4-tc1/source:/opt/rustwide/workdir:ro,Z" "-v" "/var/lib/crater-agent-workspace/cargo-home:/opt/rustwide/cargo-home:ro,Z" "-v" "/var/lib/crater-agent-workspace/rustup-home:/opt/rustwide/rustup-home:ro,Z" "-e" "SOURCE_DIR=/opt/rustwide/workdir" "-e" "CARGO_TARGET_DIR=/opt/rustwide/target" "-e" "CARGO_HOME=/opt/rustwide/cargo-home" "-e" "RUSTUP_HOME=/opt/rustwide/rustup-home" "-w" "/opt/rustwide/workdir" "-m" "1610612736" "--user" "0:0" "--network" "none" "ghcr.io/rust-lang/crates-build-env/linux@sha256:2788e3201cd34a07e3172128adcd8b3090168a8e3bcc40d7c032b9dda1df7d1c" "/opt/rustwide/cargo-home/bin/cargo" "+1.75.0" "metadata" "--no-deps" "--format-version=1", kill_on_drop: false }`
[INFO] [stdout] c364d21f99bc277074a456f862fb92b42d43a406e1e80540768266ecffee2bf0
[INFO] running `Command { std: "docker" "start" "-a" "c364d21f99bc277074a456f862fb92b42d43a406e1e80540768266ecffee2bf0", kill_on_drop: false }`
[INFO] running `Command { std: "docker" "inspect" "c364d21f99bc277074a456f862fb92b42d43a406e1e80540768266ecffee2bf0", kill_on_drop: false }`
[INFO] running `Command { std: "docker" "rm" "-f" "c364d21f99bc277074a456f862fb92b42d43a406e1e80540768266ecffee2bf0", kill_on_drop: false }`
[INFO] [stdout] c364d21f99bc277074a456f862fb92b42d43a406e1e80540768266ecffee2bf0
[INFO] running `Command { std: "docker" "create" "-v" "/var/lib/crater-agent-workspace/builds/worker-4-tc1/target:/opt/rustwide/target:rw,Z" "-v" "/var/lib/crater-agent-workspace/builds/worker-4-tc1/source:/opt/rustwide/workdir:ro,Z" "-v" "/var/lib/crater-agent-workspace/cargo-home:/opt/rustwide/cargo-home:ro,Z" "-v" "/var/lib/crater-agent-workspace/rustup-home:/opt/rustwide/rustup-home:ro,Z" "-e" "SOURCE_DIR=/opt/rustwide/workdir" "-e" "CARGO_TARGET_DIR=/opt/rustwide/target" "-e" "CARGO_INCREMENTAL=0" "-e" "RUST_BACKTRACE=full" "-e" "RUSTFLAGS=--cap-lints=warn" "-e" "RUSTDOCFLAGS=--cap-lints=warn" "-e" "CARGO_HOME=/opt/rustwide/cargo-home" "-e" "RUSTUP_HOME=/opt/rustwide/rustup-home" "-w" "/opt/rustwide/workdir" "-m" "1610612736" "--user" "0:0" "--network" "none" "ghcr.io/rust-lang/crates-build-env/linux@sha256:2788e3201cd34a07e3172128adcd8b3090168a8e3bcc40d7c032b9dda1df7d1c" "/opt/rustwide/cargo-home/bin/cargo" "+1.75.0" "build" "--frozen" "--message-format=json", kill_on_drop: false }`
[INFO] [stdout] 8726a6e3d70d5f9f7f9cff477c5ca5d0408ec85a0a81270e51bb53e3291498db
[INFO] running `Command { std: "docker" "start" "-a" "8726a6e3d70d5f9f7f9cff477c5ca5d0408ec85a0a81270e51bb53e3291498db", kill_on_drop: false }`
[INFO] [stderr]    Compiling proc-macro2 v1.0.49
[INFO] [stderr]    Compiling unicode-ident v1.0.6
[INFO] [stderr]    Compiling syn v1.0.107
[INFO] [stderr]    Compiling quote v1.0.0
[INFO] [stderr]    Compiling custom-try-proc_macros v0.1.0-rc1 (/opt/rustwide/workdir/src/proc_macros)
[INFO] [stderr]    Compiling custom-try v0.1.0-rc1 (/opt/rustwide/workdir)
[INFO] [stderr]     Finished dev [unoptimized + debuginfo] target(s) in 3.17s
[INFO] running `Command { std: "docker" "inspect" "8726a6e3d70d5f9f7f9cff477c5ca5d0408ec85a0a81270e51bb53e3291498db", kill_on_drop: false }`
[INFO] running `Command { std: "docker" "rm" "-f" "8726a6e3d70d5f9f7f9cff477c5ca5d0408ec85a0a81270e51bb53e3291498db", kill_on_drop: false }`
[INFO] [stdout] 8726a6e3d70d5f9f7f9cff477c5ca5d0408ec85a0a81270e51bb53e3291498db
[INFO] running `Command { std: "docker" "create" "-v" "/var/lib/crater-agent-workspace/builds/worker-4-tc1/target:/opt/rustwide/target:rw,Z" "-v" "/var/lib/crater-agent-workspace/builds/worker-4-tc1/source:/opt/rustwide/workdir:ro,Z" "-v" "/var/lib/crater-agent-workspace/cargo-home:/opt/rustwide/cargo-home:ro,Z" "-v" "/var/lib/crater-agent-workspace/rustup-home:/opt/rustwide/rustup-home:ro,Z" "-e" "SOURCE_DIR=/opt/rustwide/workdir" "-e" "CARGO_TARGET_DIR=/opt/rustwide/target" "-e" "CARGO_INCREMENTAL=0" "-e" "RUST_BACKTRACE=full" "-e" "RUSTFLAGS=--cap-lints=warn" "-e" "RUSTDOCFLAGS=--cap-lints=warn" "-e" "CARGO_HOME=/opt/rustwide/cargo-home" "-e" "RUSTUP_HOME=/opt/rustwide/rustup-home" "-w" "/opt/rustwide/workdir" "-m" "1610612736" "--user" "0:0" "--network" "none" "ghcr.io/rust-lang/crates-build-env/linux@sha256:2788e3201cd34a07e3172128adcd8b3090168a8e3bcc40d7c032b9dda1df7d1c" "/opt/rustwide/cargo-home/bin/cargo" "+1.75.0" "test" "--frozen" "--no-run" "--message-format=json", kill_on_drop: false }`
[INFO] [stdout] 64eab644e3118846e890ef32946239c7b13c36ec1d51e91fc2609a91d23f7b38
[INFO] running `Command { std: "docker" "start" "-a" "64eab644e3118846e890ef32946239c7b13c36ec1d51e91fc2609a91d23f7b38", kill_on_drop: false }`
[INFO] [stderr]    Compiling custom-try v0.1.0-rc1 (/opt/rustwide/workdir)
[INFO] [stderr]     Finished test [unoptimized + debuginfo] target(s) in 0.18s
[INFO] running `Command { std: "docker" "inspect" "64eab644e3118846e890ef32946239c7b13c36ec1d51e91fc2609a91d23f7b38", kill_on_drop: false }`
[INFO] running `Command { std: "docker" "rm" "-f" "64eab644e3118846e890ef32946239c7b13c36ec1d51e91fc2609a91d23f7b38", kill_on_drop: false }`
[INFO] [stdout] 64eab644e3118846e890ef32946239c7b13c36ec1d51e91fc2609a91d23f7b38
[INFO] running `Command { std: "docker" "create" "-v" "/var/lib/crater-agent-workspace/builds/worker-4-tc1/target:/opt/rustwide/target:rw,Z" "-v" "/var/lib/crater-agent-workspace/builds/worker-4-tc1/source:/opt/rustwide/workdir:ro,Z" "-v" "/var/lib/crater-agent-workspace/cargo-home:/opt/rustwide/cargo-home:ro,Z" "-v" "/var/lib/crater-agent-workspace/rustup-home:/opt/rustwide/rustup-home:ro,Z" "-e" "SOURCE_DIR=/opt/rustwide/workdir" "-e" "CARGO_TARGET_DIR=/opt/rustwide/target" "-e" "CARGO_INCREMENTAL=0" "-e" "RUST_BACKTRACE=full" "-e" "RUSTFLAGS=--cap-lints=warn" "-e" "RUSTDOCFLAGS=--cap-lints=warn" "-e" "CARGO_HOME=/opt/rustwide/cargo-home" "-e" "RUSTUP_HOME=/opt/rustwide/rustup-home" "-w" "/opt/rustwide/workdir" "-m" "1610612736" "--user" "0:0" "--network" "none" "ghcr.io/rust-lang/crates-build-env/linux@sha256:2788e3201cd34a07e3172128adcd8b3090168a8e3bcc40d7c032b9dda1df7d1c" "/opt/rustwide/cargo-home/bin/cargo" "+1.75.0" "test" "--frozen", kill_on_drop: false }`
[INFO] [stdout] 4c7f72cecdff3fda2673b50749e67f44793121b0106af47f1b88ad00e020bc8a
[INFO] running `Command { std: "docker" "start" "-a" "4c7f72cecdff3fda2673b50749e67f44793121b0106af47f1b88ad00e020bc8a", kill_on_drop: false }`
[INFO] [stderr]     Finished test [unoptimized + debuginfo] target(s) in 0.01s
[INFO] [stderr]      Running unittests src/_lib.rs (/opt/rustwide/target/debug/deps/custom_try-faa50b50d80d08cf)
[INFO] [stdout] 
[INFO] [stdout] running 0 tests
[INFO] [stdout] 
[INFO] [stdout] test result: ok. 0 passed; 0 failed; 0 ignored; 0 measured; 0 filtered out; finished in 0.00s
[INFO] [stdout] 
[INFO] [stderr]    Doc-tests custom-try
[INFO] [stdout] 
[INFO] [stdout] running 5 tests
[INFO] [stdout] test src/_lib.rs - _compile_fail_tests (line 81) - compile fail ... ok
[INFO] [stdout] test src/_lib.rs - _compile_fail_tests (line 101) - compile fail ... ok
[INFO] [stdout] test src/_lib.rs - (line 24) ... FAILED
[INFO] [stdout] test src/_lib.rs - _compile_fail_tests (line 90) - compile fail ... ok
[INFO] [stdout] test src/_lib.rs - custom_try (line 28) ... ok
[INFO] [stdout] 
[INFO] [stdout] failures:
[INFO] [stdout] 
[INFO] [stdout] ---- src/_lib.rs - (line 24) stdout ----
[INFO] [stdout] error[E0425]: cannot find function `the_answer_to_life_the_universe_and_everything` in this scope
[INFO] [stdout]   --> src/_lib.rs:47:13
[INFO] [stdout]    |
[INFO] [stdout] 26 |     let x = the_answer_to_life_the_universe_and_everything()?;
[INFO] [stdout]    |             ^^^^^^^^^^^^^^^^^^^^^^^^^^^^^^^^^^^^^^^^^^^^^^ not found in this scope
[INFO] [stdout] 
[INFO] [stdout] error[E0425]: cannot find function `the_answer_to_life_the_universe_and_everything` in this scope
[INFO] [stdout]   --> src/_lib.rs:58:13
[INFO] [stdout]    |
[INFO] [stdout] 37 |     let x = the_answer_to_life_the_universe_and_everything()?;
[INFO] [stdout]    |             ^^^^^^^^^^^^^^^^^^^^^^^^^^^^^^^^^^^^^^^^^^^^^^ not found in this scope
[INFO] [stdout] 
[INFO] [stdout] error: aborting due to 2 previous errors
[INFO] [stdout] 
[INFO] [stdout] For more information about this error, try `rustc --explain E0425`.
[INFO] [stdout] Couldn't compile the test.
[INFO] [stdout] 
[INFO] [stdout] failures:
[INFO] [stdout]     src/_lib.rs - (line 24)
[INFO] [stdout] 
[INFO] [stdout] test result: FAILED. 4 passed; 1 failed; 0 ignored; 0 measured; 0 filtered out; finished in 0.24s
[INFO] [stdout] 
[INFO] [stderr] error: doctest failed, to rerun pass `--doc`
[INFO] running `Command { std: "docker" "inspect" "4c7f72cecdff3fda2673b50749e67f44793121b0106af47f1b88ad00e020bc8a", kill_on_drop: false }`
[INFO] running `Command { std: "docker" "rm" "-f" "4c7f72cecdff3fda2673b50749e67f44793121b0106af47f1b88ad00e020bc8a", kill_on_drop: false }`
[INFO] [stdout] 4c7f72cecdff3fda2673b50749e67f44793121b0106af47f1b88ad00e020bc8a
[INFO] testing danielhenrymantilla/custom-try.rs against beta-2023-12-22 for beta-1.76-1
[INFO] running `Command { std: "git" "clone" "/workspace/cache/git-repos/https%3A%2F%2Fgithub.com%2Fdanielhenrymantilla%2Fcustom-try.rs" "/workspace/builds/worker-4-tc2/source", kill_on_drop: false }`
[INFO] [stderr] Cloning into '/workspace/builds/worker-4-tc2/source'...
[INFO] [stderr] done.
[INFO] validating manifest of git repo https://github.com/danielhenrymantilla/custom-try.rs on toolchain beta-2023-12-22
[INFO] running `Command { std: CARGO_HOME="/workspace/cargo-home" RUSTUP_HOME="/workspace/rustup-home" "/workspace/cargo-home/bin/cargo" "+beta-2023-12-22" "metadata" "--manifest-path" "Cargo.toml" "--no-deps", kill_on_drop: false }`
[INFO] removed /workspace/builds/worker-4-tc2/source/.cargo/config
[INFO] removed /workspace/builds/worker-4-tc2/source/rust-toolchain.toml
[INFO] started tweaking git repo https://github.com/danielhenrymantilla/custom-try.rs
[INFO] finished tweaking git repo https://github.com/danielhenrymantilla/custom-try.rs
[INFO] tweaked toml for git repo https://github.com/danielhenrymantilla/custom-try.rs written to /workspace/builds/worker-4-tc2/source/Cargo.toml
[INFO] crate git repo https://github.com/danielhenrymantilla/custom-try.rs already has a lockfile, it will not be regenerated
[INFO] running `Command { std: CARGO_HOME="/workspace/cargo-home" RUSTUP_HOME="/workspace/rustup-home" "/workspace/cargo-home/bin/cargo" "+beta-2023-12-22" "fetch" "--manifest-path" "Cargo.toml", kill_on_drop: false }`
[INFO] running `Command { std: "docker" "create" "-v" "/var/lib/crater-agent-workspace/builds/worker-4-tc2/target:/opt/rustwide/target:rw,Z" "-v" "/var/lib/crater-agent-workspace/builds/worker-4-tc2/source:/opt/rustwide/workdir:ro,Z" "-v" "/var/lib/crater-agent-workspace/cargo-home:/opt/rustwide/cargo-home:ro,Z" "-v" "/var/lib/crater-agent-workspace/rustup-home:/opt/rustwide/rustup-home:ro,Z" "-e" "SOURCE_DIR=/opt/rustwide/workdir" "-e" "CARGO_TARGET_DIR=/opt/rustwide/target" "-e" "CARGO_HOME=/opt/rustwide/cargo-home" "-e" "RUSTUP_HOME=/opt/rustwide/rustup-home" "-w" "/opt/rustwide/workdir" "-m" "1610612736" "--user" "0:0" "--network" "none" "ghcr.io/rust-lang/crates-build-env/linux@sha256:2788e3201cd34a07e3172128adcd8b3090168a8e3bcc40d7c032b9dda1df7d1c" "/opt/rustwide/cargo-home/bin/cargo" "+beta-2023-12-22" "metadata" "--no-deps" "--format-version=1", kill_on_drop: false }`
[INFO] [stdout] 791e733054739ec51093c25fc62b8029d5a73ff1b99e5fa087f3fc5bc8fa2c34
[INFO] running `Command { std: "docker" "start" "-a" "791e733054739ec51093c25fc62b8029d5a73ff1b99e5fa087f3fc5bc8fa2c34", kill_on_drop: false }`
[INFO] running `Command { std: "docker" "inspect" "791e733054739ec51093c25fc62b8029d5a73ff1b99e5fa087f3fc5bc8fa2c34", kill_on_drop: false }`
[INFO] running `Command { std: "docker" "rm" "-f" "791e733054739ec51093c25fc62b8029d5a73ff1b99e5fa087f3fc5bc8fa2c34", kill_on_drop: false }`
[INFO] [stdout] 791e733054739ec51093c25fc62b8029d5a73ff1b99e5fa087f3fc5bc8fa2c34
[INFO] running `Command { std: "docker" "create" "-v" "/var/lib/crater-agent-workspace/builds/worker-4-tc2/target:/opt/rustwide/target:rw,Z" "-v" "/var/lib/crater-agent-workspace/builds/worker-4-tc2/source:/opt/rustwide/workdir:ro,Z" "-v" "/var/lib/crater-agent-workspace/cargo-home:/opt/rustwide/cargo-home:ro,Z" "-v" "/var/lib/crater-agent-workspace/rustup-home:/opt/rustwide/rustup-home:ro,Z" "-e" "SOURCE_DIR=/opt/rustwide/workdir" "-e" "CARGO_TARGET_DIR=/opt/rustwide/target" "-e" "CARGO_INCREMENTAL=0" "-e" "RUST_BACKTRACE=full" "-e" "RUSTFLAGS=--cap-lints=warn" "-e" "RUSTDOCFLAGS=--cap-lints=warn" "-e" "CARGO_HOME=/opt/rustwide/cargo-home" "-e" "RUSTUP_HOME=/opt/rustwide/rustup-home" "-w" "/opt/rustwide/workdir" "-m" "1610612736" "--user" "0:0" "--network" "none" "ghcr.io/rust-lang/crates-build-env/linux@sha256:2788e3201cd34a07e3172128adcd8b3090168a8e3bcc40d7c032b9dda1df7d1c" "/opt/rustwide/cargo-home/bin/cargo" "+beta-2023-12-22" "build" "--frozen" "--message-format=json", kill_on_drop: false }`
[INFO] [stdout] efebbd9a08f6eef91fad7aa43f625cabfb4511e334c5aad875a1a125ad01f7ec
[INFO] running `Command { std: "docker" "start" "-a" "efebbd9a08f6eef91fad7aa43f625cabfb4511e334c5aad875a1a125ad01f7ec", kill_on_drop: false }`
[INFO] [stderr]    Compiling proc-macro2 v1.0.49
[INFO] [stderr]    Compiling unicode-ident v1.0.6
[INFO] [stderr]    Compiling syn v1.0.107
[INFO] [stderr]    Compiling quote v1.0.0
[INFO] [stderr]    Compiling custom-try-proc_macros v0.1.0-rc1 (/opt/rustwide/workdir/src/proc_macros)
[INFO] [stderr]    Compiling custom-try v0.1.0-rc1 (/opt/rustwide/workdir)
[INFO] [stderr]     Finished dev [unoptimized + debuginfo] target(s) in 4.19s
[INFO] running `Command { std: "docker" "inspect" "efebbd9a08f6eef91fad7aa43f625cabfb4511e334c5aad875a1a125ad01f7ec", kill_on_drop: false }`
[INFO] running `Command { std: "docker" "rm" "-f" "efebbd9a08f6eef91fad7aa43f625cabfb4511e334c5aad875a1a125ad01f7ec", kill_on_drop: false }`
[INFO] [stdout] efebbd9a08f6eef91fad7aa43f625cabfb4511e334c5aad875a1a125ad01f7ec
[INFO] running `Command { std: "docker" "create" "-v" "/var/lib/crater-agent-workspace/builds/worker-4-tc2/target:/opt/rustwide/target:rw,Z" "-v" "/var/lib/crater-agent-workspace/builds/worker-4-tc2/source:/opt/rustwide/workdir:ro,Z" "-v" "/var/lib/crater-agent-workspace/cargo-home:/opt/rustwide/cargo-home:ro,Z" "-v" "/var/lib/crater-agent-workspace/rustup-home:/opt/rustwide/rustup-home:ro,Z" "-e" "SOURCE_DIR=/opt/rustwide/workdir" "-e" "CARGO_TARGET_DIR=/opt/rustwide/target" "-e" "CARGO_INCREMENTAL=0" "-e" "RUST_BACKTRACE=full" "-e" "RUSTFLAGS=--cap-lints=warn" "-e" "RUSTDOCFLAGS=--cap-lints=warn" "-e" "CARGO_HOME=/opt/rustwide/cargo-home" "-e" "RUSTUP_HOME=/opt/rustwide/rustup-home" "-w" "/opt/rustwide/workdir" "-m" "1610612736" "--user" "0:0" "--network" "none" "ghcr.io/rust-lang/crates-build-env/linux@sha256:2788e3201cd34a07e3172128adcd8b3090168a8e3bcc40d7c032b9dda1df7d1c" "/opt/rustwide/cargo-home/bin/cargo" "+beta-2023-12-22" "test" "--frozen" "--no-run" "--message-format=json", kill_on_drop: false }`
[INFO] [stdout] d678d4217363824b70dd26e30ae2b954da3292ac3029f8927ea22c5a6706de0a
[INFO] running `Command { std: "docker" "start" "-a" "d678d4217363824b70dd26e30ae2b954da3292ac3029f8927ea22c5a6706de0a", kill_on_drop: false }`
[INFO] [stderr]    Compiling custom-try v0.1.0-rc1 (/opt/rustwide/workdir)
[INFO] [stderr]     Finished test [unoptimized + debuginfo] target(s) in 0.18s
[INFO] running `Command { std: "docker" "inspect" "d678d4217363824b70dd26e30ae2b954da3292ac3029f8927ea22c5a6706de0a", kill_on_drop: false }`
[INFO] running `Command { std: "docker" "rm" "-f" "d678d4217363824b70dd26e30ae2b954da3292ac3029f8927ea22c5a6706de0a", kill_on_drop: false }`
[INFO] [stdout] d678d4217363824b70dd26e30ae2b954da3292ac3029f8927ea22c5a6706de0a
[INFO] running `Command { std: "docker" "create" "-v" "/var/lib/crater-agent-workspace/builds/worker-4-tc2/target:/opt/rustwide/target:rw,Z" "-v" "/var/lib/crater-agent-workspace/builds/worker-4-tc2/source:/opt/rustwide/workdir:ro,Z" "-v" "/var/lib/crater-agent-workspace/cargo-home:/opt/rustwide/cargo-home:ro,Z" "-v" "/var/lib/crater-agent-workspace/rustup-home:/opt/rustwide/rustup-home:ro,Z" "-e" "SOURCE_DIR=/opt/rustwide/workdir" "-e" "CARGO_TARGET_DIR=/opt/rustwide/target" "-e" "CARGO_INCREMENTAL=0" "-e" "RUST_BACKTRACE=full" "-e" "RUSTFLAGS=--cap-lints=warn" "-e" "RUSTDOCFLAGS=--cap-lints=warn" "-e" "CARGO_HOME=/opt/rustwide/cargo-home" "-e" "RUSTUP_HOME=/opt/rustwide/rustup-home" "-w" "/opt/rustwide/workdir" "-m" "1610612736" "--user" "0:0" "--network" "none" "ghcr.io/rust-lang/crates-build-env/linux@sha256:2788e3201cd34a07e3172128adcd8b3090168a8e3bcc40d7c032b9dda1df7d1c" "/opt/rustwide/cargo-home/bin/cargo" "+beta-2023-12-22" "test" "--frozen", kill_on_drop: false }`
[INFO] [stdout] 69bd43179f4224d3401d313258a77f8cdb2fa904c242132e68acf25be8d60531
[INFO] running `Command { std: "docker" "start" "-a" "69bd43179f4224d3401d313258a77f8cdb2fa904c242132e68acf25be8d60531", kill_on_drop: false }`
[INFO] [stderr]     Finished test [unoptimized + debuginfo] target(s) in 0.01s
[INFO] [stderr]      Running unittests src/_lib.rs (/opt/rustwide/target/debug/deps/custom_try-a860cb4d2a30e47d)
[INFO] [stdout] 
[INFO] [stdout] running 0 tests
[INFO] [stdout] 
[INFO] [stdout] test result: ok. 0 passed; 0 failed; 0 ignored; 0 measured; 0 filtered out; finished in 0.00s
[INFO] [stdout] 
[INFO] [stderr]    Doc-tests custom-try
[INFO] [stdout] 
[INFO] [stdout] running 5 tests
[INFO] [stdout] test src/_lib.rs - _compile_fail_tests (line 81) - compile fail ... ok
[INFO] [stdout] test src/_lib.rs - _compile_fail_tests (line 101) - compile fail ... ok
[INFO] [stdout] test src/_lib.rs - _compile_fail_tests (line 90) - compile fail ... ok
[INFO] [stdout] test src/_lib.rs - (line 24) ... FAILED
[INFO] [stdout] test src/_lib.rs - custom_try (line 28) ... ok
[INFO] [stderr] error: doctest failed, to rerun pass `--doc`
[INFO] [stdout] 
[INFO] [stdout] failures:
[INFO] [stdout] 
[INFO] [stdout] ---- src/_lib.rs - (line 24) stdout ----
[INFO] [stdout] error[E0425]: cannot find function `the_answer_to_life_the_universe_and_everything` in this scope
[INFO] [stdout]   --> src/_lib.rs:47:13
[INFO] [stdout]    |
[INFO] [stdout] 26 |     let x = the_answer_to_life_the_universe_and_everything()?;
[INFO] [stdout]    |             ^^^^^^^^^^^^^^^^^^^^^^^^^^^^^^^^^^^^^^^^^^^^^^ not found in this scope
[INFO] [stdout] 
[INFO] [stdout] error[E0425]: cannot find function `the_answer_to_life_the_universe_and_everything` in this scope
[INFO] [stdout]   --> src/_lib.rs:58:13
[INFO] [stdout]    |
[INFO] [stdout] 37 |     let x = the_answer_to_life_the_universe_and_everything()?;
[INFO] [stdout]    |             ^^^^^^^^^^^^^^^^^^^^^^^^^^^^^^^^^^^^^^^^^^^^^^ not found in this scope
[INFO] [stdout] 
[INFO] [stdout] error: aborting due to 2 previous errors
[INFO] [stdout] 
[INFO] [stdout] For more information about this error, try `rustc --explain E0425`.
[INFO] [stdout] Couldn't compile the test.
[INFO] [stdout] 
[INFO] [stdout] failures:
[INFO] [stdout]     src/_lib.rs - (line 24)
[INFO] [stdout] 
[INFO] [stdout] test result: FAILED. 4 passed; 1 failed; 0 ignored; 0 measured; 0 filtered out; finished in 0.26s
[INFO] [stdout] 
[INFO] running `Command { std: "docker" "inspect" "69bd43179f4224d3401d313258a77f8cdb2fa904c242132e68acf25be8d60531", kill_on_drop: false }`
[INFO] running `Command { std: "docker" "rm" "-f" "69bd43179f4224d3401d313258a77f8cdb2fa904c242132e68acf25be8d60531", kill_on_drop: false }`
[INFO] [stdout] 69bd43179f4224d3401d313258a77f8cdb2fa904c242132e68acf25be8d60531
