[INFO] cloning repository https://github.com/dang309/voting-contract
[INFO] running `Command { std: "git" "-c" "credential.helper=" "-c" "credential.helper=/workspace/cargo-home/bin/git-credential-null" "clone" "--bare" "https://github.com/dang309/voting-contract" "/workspace/cache/git-repos/https%3A%2F%2Fgithub.com%2Fdang309%2Fvoting-contract", kill_on_drop: false }`
[INFO] [stderr] Cloning into bare repository '/workspace/cache/git-repos/https%3A%2F%2Fgithub.com%2Fdang309%2Fvoting-contract'...
[INFO] running `Command { std: "git" "rev-parse" "HEAD", kill_on_drop: false }`
[INFO] [stdout] e5ee5b4c54493b805c27411af7126df6e0ce011f
[INFO] testing dang309/voting-contract against 1.75.0 for beta-1.76-1
[INFO] running `Command { std: "git" "clone" "/workspace/cache/git-repos/https%3A%2F%2Fgithub.com%2Fdang309%2Fvoting-contract" "/workspace/builds/worker-0-tc1/source", kill_on_drop: false }`
[INFO] [stderr] Cloning into '/workspace/builds/worker-0-tc1/source'...
[INFO] [stderr] done.
[INFO] validating manifest of git repo https://github.com/dang309/voting-contract on toolchain 1.75.0
[INFO] running `Command { std: CARGO_HOME="/workspace/cargo-home" RUSTUP_HOME="/workspace/rustup-home" "/workspace/cargo-home/bin/cargo" "+1.75.0" "metadata" "--manifest-path" "Cargo.toml" "--no-deps", kill_on_drop: false }`
[INFO] started tweaking git repo https://github.com/dang309/voting-contract
[INFO] finished tweaking git repo https://github.com/dang309/voting-contract
[INFO] tweaked toml for git repo https://github.com/dang309/voting-contract written to /workspace/builds/worker-0-tc1/source/Cargo.toml
[INFO] crate git repo https://github.com/dang309/voting-contract already has a lockfile, it will not be regenerated
[INFO] running `Command { std: CARGO_HOME="/workspace/cargo-home" RUSTUP_HOME="/workspace/rustup-home" "/workspace/cargo-home/bin/cargo" "+1.75.0" "fetch" "--manifest-path" "Cargo.toml", kill_on_drop: false }`
[INFO] [stderr]     Updating crates.io index
[INFO] [stderr]  Downloading crates ...
[INFO] [stderr]   Downloaded borsh-derive v0.7.1
[INFO] [stderr]   Downloaded borsh-derive-internal v0.7.1
[INFO] [stderr]   Downloaded near-vm-errors v2.0.0
[INFO] [stderr]   Downloaded borsh v0.7.1
[INFO] [stderr]   Downloaded near-sdk v2.0.0
[INFO] [stderr]   Downloaded borsh-schema-derive-internal v0.7.1
[INFO] [stderr]   Downloaded near-sdk-macros v2.0.0
[INFO] [stderr]   Downloaded near-runtime-fees v2.0.0
[INFO] [stderr]   Downloaded near-sdk-core v2.0.0
[INFO] [stderr]   Downloaded near-vm-logic v2.0.0
[INFO] running `Command { std: "docker" "create" "-v" "/var/lib/crater-agent-workspace/builds/worker-0-tc1/target:/opt/rustwide/target:rw,Z" "-v" "/var/lib/crater-agent-workspace/builds/worker-0-tc1/source:/opt/rustwide/workdir:ro,Z" "-v" "/var/lib/crater-agent-workspace/cargo-home:/opt/rustwide/cargo-home:ro,Z" "-v" "/var/lib/crater-agent-workspace/rustup-home:/opt/rustwide/rustup-home:ro,Z" "-e" "SOURCE_DIR=/opt/rustwide/workdir" "-e" "CARGO_TARGET_DIR=/opt/rustwide/target" "-e" "CARGO_HOME=/opt/rustwide/cargo-home" "-e" "RUSTUP_HOME=/opt/rustwide/rustup-home" "-w" "/opt/rustwide/workdir" "-m" "1610612736" "--user" "0:0" "--network" "none" "ghcr.io/rust-lang/crates-build-env/linux@sha256:2788e3201cd34a07e3172128adcd8b3090168a8e3bcc40d7c032b9dda1df7d1c" "/opt/rustwide/cargo-home/bin/cargo" "+1.75.0" "metadata" "--no-deps" "--format-version=1", kill_on_drop: false }`
[INFO] [stdout] 79c03fdd9f7113b4d6a1cd17408cc28749b00cd827b3a2ea7ec5dfb8236e0838
[INFO] running `Command { std: "docker" "start" "-a" "79c03fdd9f7113b4d6a1cd17408cc28749b00cd827b3a2ea7ec5dfb8236e0838", kill_on_drop: false }`
[INFO] running `Command { std: "docker" "inspect" "79c03fdd9f7113b4d6a1cd17408cc28749b00cd827b3a2ea7ec5dfb8236e0838", kill_on_drop: false }`
[INFO] running `Command { std: "docker" "rm" "-f" "79c03fdd9f7113b4d6a1cd17408cc28749b00cd827b3a2ea7ec5dfb8236e0838", kill_on_drop: false }`
[INFO] [stdout] 79c03fdd9f7113b4d6a1cd17408cc28749b00cd827b3a2ea7ec5dfb8236e0838
[INFO] running `Command { std: "docker" "create" "-v" "/var/lib/crater-agent-workspace/builds/worker-0-tc1/target:/opt/rustwide/target:rw,Z" "-v" "/var/lib/crater-agent-workspace/builds/worker-0-tc1/source:/opt/rustwide/workdir:ro,Z" "-v" "/var/lib/crater-agent-workspace/cargo-home:/opt/rustwide/cargo-home:ro,Z" "-v" "/var/lib/crater-agent-workspace/rustup-home:/opt/rustwide/rustup-home:ro,Z" "-e" "SOURCE_DIR=/opt/rustwide/workdir" "-e" "CARGO_TARGET_DIR=/opt/rustwide/target" "-e" "CARGO_INCREMENTAL=0" "-e" "RUST_BACKTRACE=full" "-e" "RUSTFLAGS=--cap-lints=warn" "-e" "RUSTDOCFLAGS=--cap-lints=warn" "-e" "CARGO_HOME=/opt/rustwide/cargo-home" "-e" "RUSTUP_HOME=/opt/rustwide/rustup-home" "-w" "/opt/rustwide/workdir" "-m" "1610612736" "--user" "0:0" "--network" "none" "ghcr.io/rust-lang/crates-build-env/linux@sha256:2788e3201cd34a07e3172128adcd8b3090168a8e3bcc40d7c032b9dda1df7d1c" "/opt/rustwide/cargo-home/bin/cargo" "+1.75.0" "build" "--frozen" "--message-format=json", kill_on_drop: false }`
[INFO] [stdout] 14802e3de8914e4cc1fbb753646c2867bfab391f2c58d619a90648f672e3aca8
[INFO] running `Command { std: "docker" "start" "-a" "14802e3de8914e4cc1fbb753646c2867bfab391f2c58d619a90648f672e3aca8", kill_on_drop: false }`
[INFO] [stderr]    Compiling proc-macro2 v1.0.19
[INFO] [stderr]    Compiling syn v1.0.39
[INFO] [stderr]    Compiling serde_derive v1.0.115
[INFO] [stderr]    Compiling serde v1.0.115
[INFO] [stderr]    Compiling hashbrown v0.8.2
[INFO] [stderr]    Compiling indexmap v1.5.1
[INFO] [stderr]    Compiling num-traits v0.2.12
[INFO] [stderr]    Compiling num-integer v0.1.43
[INFO] [stderr]    Compiling byteorder v1.3.4
[INFO] [stderr]    Compiling serde_json v1.0.57
[INFO] [stderr]    Compiling num-bigint v0.2.6
[INFO] [stderr]    Compiling itoa v0.4.6
[INFO] [stderr]    Compiling num-rational v0.2.4
[INFO] [stderr]    Compiling libc v0.2.76
[INFO] [stderr]    Compiling bs58 v0.3.1
[INFO] [stderr]    Compiling base64 v0.11.0
[INFO] [stderr]    Compiling block-buffer v0.7.3
[INFO] [stderr]    Compiling sha2 v0.8.2
[INFO] [stderr]    Compiling sha3 v0.8.2
[INFO] [stderr]    Compiling quote v1.0.7
[INFO] [stderr]    Compiling wee_alloc v0.4.5
[INFO] [stderr]    Compiling borsh-schema-derive-internal v0.7.1
[INFO] [stderr]    Compiling borsh-derive-internal v0.7.1
[INFO] [stderr]    Compiling near-sdk-core v2.0.0
[INFO] [stderr]    Compiling borsh-derive v0.7.1
[INFO] [stderr]    Compiling near-sdk-macros v2.0.0
[INFO] [stderr]    Compiling borsh v0.7.1
[INFO] [stderr]    Compiling near-runtime-fees v2.0.0
[INFO] [stderr]    Compiling near-rpc-error-core v0.1.0
[INFO] [stderr]    Compiling near-rpc-error-macro v0.1.0
[INFO] [stderr]    Compiling near-vm-errors v2.0.0
[INFO] [stderr]    Compiling near-vm-logic v2.0.0
[INFO] [stderr]    Compiling near-sdk v2.0.0
[INFO] [stderr]    Compiling voting-contract v0.2.0 (/opt/rustwide/workdir)
[INFO] [stderr]     Finished dev [unoptimized + debuginfo] target(s) in 15.23s
[INFO] running `Command { std: "docker" "inspect" "14802e3de8914e4cc1fbb753646c2867bfab391f2c58d619a90648f672e3aca8", kill_on_drop: false }`
[INFO] running `Command { std: "docker" "rm" "-f" "14802e3de8914e4cc1fbb753646c2867bfab391f2c58d619a90648f672e3aca8", kill_on_drop: false }`
[INFO] [stdout] 14802e3de8914e4cc1fbb753646c2867bfab391f2c58d619a90648f672e3aca8
[INFO] running `Command { std: "docker" "create" "-v" "/var/lib/crater-agent-workspace/builds/worker-0-tc1/target:/opt/rustwide/target:rw,Z" "-v" "/var/lib/crater-agent-workspace/builds/worker-0-tc1/source:/opt/rustwide/workdir:ro,Z" "-v" "/var/lib/crater-agent-workspace/cargo-home:/opt/rustwide/cargo-home:ro,Z" "-v" "/var/lib/crater-agent-workspace/rustup-home:/opt/rustwide/rustup-home:ro,Z" "-e" "SOURCE_DIR=/opt/rustwide/workdir" "-e" "CARGO_TARGET_DIR=/opt/rustwide/target" "-e" "CARGO_INCREMENTAL=0" "-e" "RUST_BACKTRACE=full" "-e" "RUSTFLAGS=--cap-lints=warn" "-e" "RUSTDOCFLAGS=--cap-lints=warn" "-e" "CARGO_HOME=/opt/rustwide/cargo-home" "-e" "RUSTUP_HOME=/opt/rustwide/rustup-home" "-w" "/opt/rustwide/workdir" "-m" "1610612736" "--user" "0:0" "--network" "none" "ghcr.io/rust-lang/crates-build-env/linux@sha256:2788e3201cd34a07e3172128adcd8b3090168a8e3bcc40d7c032b9dda1df7d1c" "/opt/rustwide/cargo-home/bin/cargo" "+1.75.0" "test" "--frozen" "--no-run" "--message-format=json", kill_on_drop: false }`
[INFO] [stdout] 8bcd8085fe2d7fad688ad42d7dfe193135eef0ca7e39912c6a80dce0cf507394
[INFO] running `Command { std: "docker" "start" "-a" "8bcd8085fe2d7fad688ad42d7dfe193135eef0ca7e39912c6a80dce0cf507394", kill_on_drop: false }`
[INFO] [stderr]    Compiling voting-contract v0.2.0 (/opt/rustwide/workdir)
[INFO] [stderr]     Finished test [unoptimized + debuginfo] target(s) in 0.60s
[INFO] running `Command { std: "docker" "inspect" "8bcd8085fe2d7fad688ad42d7dfe193135eef0ca7e39912c6a80dce0cf507394", kill_on_drop: false }`
[INFO] running `Command { std: "docker" "rm" "-f" "8bcd8085fe2d7fad688ad42d7dfe193135eef0ca7e39912c6a80dce0cf507394", kill_on_drop: false }`
[INFO] [stdout] 8bcd8085fe2d7fad688ad42d7dfe193135eef0ca7e39912c6a80dce0cf507394
[INFO] running `Command { std: "docker" "create" "-v" "/var/lib/crater-agent-workspace/builds/worker-0-tc1/target:/opt/rustwide/target:rw,Z" "-v" "/var/lib/crater-agent-workspace/builds/worker-0-tc1/source:/opt/rustwide/workdir:ro,Z" "-v" "/var/lib/crater-agent-workspace/cargo-home:/opt/rustwide/cargo-home:ro,Z" "-v" "/var/lib/crater-agent-workspace/rustup-home:/opt/rustwide/rustup-home:ro,Z" "-e" "SOURCE_DIR=/opt/rustwide/workdir" "-e" "CARGO_TARGET_DIR=/opt/rustwide/target" "-e" "CARGO_INCREMENTAL=0" "-e" "RUST_BACKTRACE=full" "-e" "RUSTFLAGS=--cap-lints=warn" "-e" "RUSTDOCFLAGS=--cap-lints=warn" "-e" "CARGO_HOME=/opt/rustwide/cargo-home" "-e" "RUSTUP_HOME=/opt/rustwide/rustup-home" "-w" "/opt/rustwide/workdir" "-m" "1610612736" "--user" "0:0" "--network" "none" "ghcr.io/rust-lang/crates-build-env/linux@sha256:2788e3201cd34a07e3172128adcd8b3090168a8e3bcc40d7c032b9dda1df7d1c" "/opt/rustwide/cargo-home/bin/cargo" "+1.75.0" "test" "--frozen", kill_on_drop: false }`
[INFO] [stdout] f3838c0e075de2f667f6853b474082ec13a6f2b76500c02aae863263bb5ca3e5
[INFO] running `Command { std: "docker" "start" "-a" "f3838c0e075de2f667f6853b474082ec13a6f2b76500c02aae863263bb5ca3e5", kill_on_drop: false }`
[INFO] [stderr]     Finished test [unoptimized + debuginfo] target(s) in 0.03s
[INFO] [stderr]      Running unittests src/lib.rs (/opt/rustwide/target/debug/deps/voting_contract-ef8b0e929b502ce2)
[INFO] [stdout] 
[INFO] [stdout] running 7 tests
[INFO] [stdout] test tests::test_nonvalidator_cannot_vote - should panic ... FAILED
[INFO] [stdout] test tests::test_withdraw_votes ... ok
[INFO] [stdout] test tests::test_validator_kick_out ... ok
[INFO] [stdout] test tests::test_validator_stake_change ... ok
[INFO] [stdout] test tests::test_voting_with_epoch_change ... ok
[INFO] [stdout] test tests::test_voting_simple ... ok
[INFO] [stdout] test tests::test_vote_again_after_voting_ends - should panic ... ok
[INFO] [stdout] 
[INFO] [stdout] failures:
[INFO] [stdout] 
[INFO] [stdout] ---- tests::test_nonvalidator_cannot_vote stdout ----
[INFO] [stdout] note: test did not panic as expected
[INFO] [stdout] 
[INFO] [stdout] failures:
[INFO] [stdout]     tests::test_nonvalidator_cannot_vote
[INFO] [stdout] 
[INFO] [stdout] test result: FAILED. 6 passed; 1 failed; 0 ignored; 0 measured; 0 filtered out; finished in 0.03s
[INFO] [stdout] 
[INFO] [stderr] error: test failed, to rerun pass `--lib`
[INFO] running `Command { std: "docker" "inspect" "f3838c0e075de2f667f6853b474082ec13a6f2b76500c02aae863263bb5ca3e5", kill_on_drop: false }`
[INFO] running `Command { std: "docker" "rm" "-f" "f3838c0e075de2f667f6853b474082ec13a6f2b76500c02aae863263bb5ca3e5", kill_on_drop: false }`
[INFO] [stdout] f3838c0e075de2f667f6853b474082ec13a6f2b76500c02aae863263bb5ca3e5
[INFO] testing dang309/voting-contract against beta-2023-12-22 for beta-1.76-1
[INFO] running `Command { std: "git" "clone" "/workspace/cache/git-repos/https%3A%2F%2Fgithub.com%2Fdang309%2Fvoting-contract" "/workspace/builds/worker-0-tc2/source", kill_on_drop: false }`
[INFO] [stderr] Cloning into '/workspace/builds/worker-0-tc2/source'...
[INFO] [stderr] done.
[INFO] validating manifest of git repo https://github.com/dang309/voting-contract on toolchain beta-2023-12-22
[INFO] running `Command { std: CARGO_HOME="/workspace/cargo-home" RUSTUP_HOME="/workspace/rustup-home" "/workspace/cargo-home/bin/cargo" "+beta-2023-12-22" "metadata" "--manifest-path" "Cargo.toml" "--no-deps", kill_on_drop: false }`
[INFO] started tweaking git repo https://github.com/dang309/voting-contract
[INFO] finished tweaking git repo https://github.com/dang309/voting-contract
[INFO] tweaked toml for git repo https://github.com/dang309/voting-contract written to /workspace/builds/worker-0-tc2/source/Cargo.toml
[INFO] crate git repo https://github.com/dang309/voting-contract already has a lockfile, it will not be regenerated
[INFO] running `Command { std: CARGO_HOME="/workspace/cargo-home" RUSTUP_HOME="/workspace/rustup-home" "/workspace/cargo-home/bin/cargo" "+beta-2023-12-22" "fetch" "--manifest-path" "Cargo.toml", kill_on_drop: false }`
[INFO] running `Command { std: "docker" "create" "-v" "/var/lib/crater-agent-workspace/builds/worker-0-tc2/target:/opt/rustwide/target:rw,Z" "-v" "/var/lib/crater-agent-workspace/builds/worker-0-tc2/source:/opt/rustwide/workdir:ro,Z" "-v" "/var/lib/crater-agent-workspace/cargo-home:/opt/rustwide/cargo-home:ro,Z" "-v" "/var/lib/crater-agent-workspace/rustup-home:/opt/rustwide/rustup-home:ro,Z" "-e" "SOURCE_DIR=/opt/rustwide/workdir" "-e" "CARGO_TARGET_DIR=/opt/rustwide/target" "-e" "CARGO_HOME=/opt/rustwide/cargo-home" "-e" "RUSTUP_HOME=/opt/rustwide/rustup-home" "-w" "/opt/rustwide/workdir" "-m" "1610612736" "--user" "0:0" "--network" "none" "ghcr.io/rust-lang/crates-build-env/linux@sha256:2788e3201cd34a07e3172128adcd8b3090168a8e3bcc40d7c032b9dda1df7d1c" "/opt/rustwide/cargo-home/bin/cargo" "+beta-2023-12-22" "metadata" "--no-deps" "--format-version=1", kill_on_drop: false }`
[INFO] [stdout] 9a564fa34e8c6c3c9cc70bc15694db45f0212e76cd33f91ba70ce2b003a452ff
[INFO] running `Command { std: "docker" "start" "-a" "9a564fa34e8c6c3c9cc70bc15694db45f0212e76cd33f91ba70ce2b003a452ff", kill_on_drop: false }`
[INFO] running `Command { std: "docker" "inspect" "9a564fa34e8c6c3c9cc70bc15694db45f0212e76cd33f91ba70ce2b003a452ff", kill_on_drop: false }`
[INFO] running `Command { std: "docker" "rm" "-f" "9a564fa34e8c6c3c9cc70bc15694db45f0212e76cd33f91ba70ce2b003a452ff", kill_on_drop: false }`
[INFO] [stdout] 9a564fa34e8c6c3c9cc70bc15694db45f0212e76cd33f91ba70ce2b003a452ff
[INFO] running `Command { std: "docker" "create" "-v" "/var/lib/crater-agent-workspace/builds/worker-0-tc2/target:/opt/rustwide/target:rw,Z" "-v" "/var/lib/crater-agent-workspace/builds/worker-0-tc2/source:/opt/rustwide/workdir:ro,Z" "-v" "/var/lib/crater-agent-workspace/cargo-home:/opt/rustwide/cargo-home:ro,Z" "-v" "/var/lib/crater-agent-workspace/rustup-home:/opt/rustwide/rustup-home:ro,Z" "-e" "SOURCE_DIR=/opt/rustwide/workdir" "-e" "CARGO_TARGET_DIR=/opt/rustwide/target" "-e" "CARGO_INCREMENTAL=0" "-e" "RUST_BACKTRACE=full" "-e" "RUSTFLAGS=--cap-lints=warn" "-e" "RUSTDOCFLAGS=--cap-lints=warn" "-e" "CARGO_HOME=/opt/rustwide/cargo-home" "-e" "RUSTUP_HOME=/opt/rustwide/rustup-home" "-w" "/opt/rustwide/workdir" "-m" "1610612736" "--user" "0:0" "--network" "none" "ghcr.io/rust-lang/crates-build-env/linux@sha256:2788e3201cd34a07e3172128adcd8b3090168a8e3bcc40d7c032b9dda1df7d1c" "/opt/rustwide/cargo-home/bin/cargo" "+beta-2023-12-22" "build" "--frozen" "--message-format=json", kill_on_drop: false }`
[INFO] [stdout] d97b5e59f49b9fe7bdbab78242676c715157a960ccc4cb025591fe366437b5bf
[INFO] running `Command { std: "docker" "start" "-a" "d97b5e59f49b9fe7bdbab78242676c715157a960ccc4cb025591fe366437b5bf", kill_on_drop: false }`
[INFO] [stderr]    Compiling proc-macro2 v1.0.19
[INFO] [stderr]    Compiling syn v1.0.39
[INFO] [stderr]    Compiling serde_derive v1.0.115
[INFO] [stderr]    Compiling serde v1.0.115
[INFO] [stderr]    Compiling hashbrown v0.8.2
[INFO] [stderr]    Compiling indexmap v1.5.1
[INFO] [stderr]    Compiling num-traits v0.2.12
[INFO] [stderr]    Compiling num-integer v0.1.43
[INFO] [stderr]    Compiling serde_json v1.0.57
[INFO] [stderr]    Compiling byteorder v1.3.4
[INFO] [stderr]    Compiling num-bigint v0.2.6
[INFO] [stderr]    Compiling itoa v0.4.6
[INFO] [stderr]    Compiling num-rational v0.2.4
[INFO] [stderr]    Compiling libc v0.2.76
[INFO] [stderr]    Compiling base64 v0.11.0
[INFO] [stderr]    Compiling bs58 v0.3.1
[INFO] [stderr]    Compiling block-buffer v0.7.3
[INFO] [stderr]    Compiling sha2 v0.8.2
[INFO] [stderr]    Compiling sha3 v0.8.2
[INFO] [stderr]    Compiling quote v1.0.7
[INFO] [stderr]    Compiling wee_alloc v0.4.5
[INFO] [stderr]    Compiling borsh-schema-derive-internal v0.7.1
[INFO] [stderr]    Compiling borsh-derive-internal v0.7.1
[INFO] [stderr]    Compiling near-sdk-core v2.0.0
[INFO] [stderr]    Compiling borsh-derive v0.7.1
[INFO] [stderr]    Compiling near-sdk-macros v2.0.0
[INFO] [stderr]    Compiling borsh v0.7.1
[INFO] [stderr]    Compiling near-runtime-fees v2.0.0
[INFO] [stderr]    Compiling near-rpc-error-core v0.1.0
[INFO] [stderr]    Compiling near-rpc-error-macro v0.1.0
[INFO] [stderr]    Compiling near-vm-errors v2.0.0
[INFO] [stderr]    Compiling near-vm-logic v2.0.0
[INFO] [stderr]    Compiling near-sdk v2.0.0
[INFO] [stderr]    Compiling voting-contract v0.2.0 (/opt/rustwide/workdir)
[INFO] [stderr]     Finished dev [unoptimized + debuginfo] target(s) in 10.07s
[INFO] running `Command { std: "docker" "inspect" "d97b5e59f49b9fe7bdbab78242676c715157a960ccc4cb025591fe366437b5bf", kill_on_drop: false }`
[INFO] running `Command { std: "docker" "rm" "-f" "d97b5e59f49b9fe7bdbab78242676c715157a960ccc4cb025591fe366437b5bf", kill_on_drop: false }`
[INFO] [stdout] d97b5e59f49b9fe7bdbab78242676c715157a960ccc4cb025591fe366437b5bf
[INFO] running `Command { std: "docker" "create" "-v" "/var/lib/crater-agent-workspace/builds/worker-0-tc2/target:/opt/rustwide/target:rw,Z" "-v" "/var/lib/crater-agent-workspace/builds/worker-0-tc2/source:/opt/rustwide/workdir:ro,Z" "-v" "/var/lib/crater-agent-workspace/cargo-home:/opt/rustwide/cargo-home:ro,Z" "-v" "/var/lib/crater-agent-workspace/rustup-home:/opt/rustwide/rustup-home:ro,Z" "-e" "SOURCE_DIR=/opt/rustwide/workdir" "-e" "CARGO_TARGET_DIR=/opt/rustwide/target" "-e" "CARGO_INCREMENTAL=0" "-e" "RUST_BACKTRACE=full" "-e" "RUSTFLAGS=--cap-lints=warn" "-e" "RUSTDOCFLAGS=--cap-lints=warn" "-e" "CARGO_HOME=/opt/rustwide/cargo-home" "-e" "RUSTUP_HOME=/opt/rustwide/rustup-home" "-w" "/opt/rustwide/workdir" "-m" "1610612736" "--user" "0:0" "--network" "none" "ghcr.io/rust-lang/crates-build-env/linux@sha256:2788e3201cd34a07e3172128adcd8b3090168a8e3bcc40d7c032b9dda1df7d1c" "/opt/rustwide/cargo-home/bin/cargo" "+beta-2023-12-22" "test" "--frozen" "--no-run" "--message-format=json", kill_on_drop: false }`
[INFO] [stdout] 65feb8b38a6e657cb8f5acc212bfd1eb25bf73e64bdc89658bd7ab88796caa64
[INFO] running `Command { std: "docker" "start" "-a" "65feb8b38a6e657cb8f5acc212bfd1eb25bf73e64bdc89658bd7ab88796caa64", kill_on_drop: false }`
[INFO] [stderr]    Compiling voting-contract v0.2.0 (/opt/rustwide/workdir)
[INFO] [stderr]     Finished test [unoptimized + debuginfo] target(s) in 0.55s
[INFO] running `Command { std: "docker" "inspect" "65feb8b38a6e657cb8f5acc212bfd1eb25bf73e64bdc89658bd7ab88796caa64", kill_on_drop: false }`
[INFO] running `Command { std: "docker" "rm" "-f" "65feb8b38a6e657cb8f5acc212bfd1eb25bf73e64bdc89658bd7ab88796caa64", kill_on_drop: false }`
[INFO] [stdout] 65feb8b38a6e657cb8f5acc212bfd1eb25bf73e64bdc89658bd7ab88796caa64
[INFO] running `Command { std: "docker" "create" "-v" "/var/lib/crater-agent-workspace/builds/worker-0-tc2/target:/opt/rustwide/target:rw,Z" "-v" "/var/lib/crater-agent-workspace/builds/worker-0-tc2/source:/opt/rustwide/workdir:ro,Z" "-v" "/var/lib/crater-agent-workspace/cargo-home:/opt/rustwide/cargo-home:ro,Z" "-v" "/var/lib/crater-agent-workspace/rustup-home:/opt/rustwide/rustup-home:ro,Z" "-e" "SOURCE_DIR=/opt/rustwide/workdir" "-e" "CARGO_TARGET_DIR=/opt/rustwide/target" "-e" "CARGO_INCREMENTAL=0" "-e" "RUST_BACKTRACE=full" "-e" "RUSTFLAGS=--cap-lints=warn" "-e" "RUSTDOCFLAGS=--cap-lints=warn" "-e" "CARGO_HOME=/opt/rustwide/cargo-home" "-e" "RUSTUP_HOME=/opt/rustwide/rustup-home" "-w" "/opt/rustwide/workdir" "-m" "1610612736" "--user" "0:0" "--network" "none" "ghcr.io/rust-lang/crates-build-env/linux@sha256:2788e3201cd34a07e3172128adcd8b3090168a8e3bcc40d7c032b9dda1df7d1c" "/opt/rustwide/cargo-home/bin/cargo" "+beta-2023-12-22" "test" "--frozen", kill_on_drop: false }`
[INFO] [stdout] a0ed1d7c7aaffe46e56f8645532dcf35987dd29c3eb6741c9fb01ef5c2773edb
[INFO] running `Command { std: "docker" "start" "-a" "a0ed1d7c7aaffe46e56f8645532dcf35987dd29c3eb6741c9fb01ef5c2773edb", kill_on_drop: false }`
[INFO] [stderr]     Finished test [unoptimized + debuginfo] target(s) in 0.03s
[INFO] [stderr]      Running unittests src/lib.rs (/opt/rustwide/target/debug/deps/voting_contract-638838793df8cf6f)
[INFO] [stdout] 
[INFO] [stdout] running 7 tests
[INFO] [stdout] test tests::test_nonvalidator_cannot_vote - should panic ... FAILED
[INFO] [stdout] test tests::test_validator_stake_change ... ok
[INFO] [stdout] test tests::test_withdraw_votes ... ok
[INFO] [stdout] test tests::test_validator_kick_out ... ok
[INFO] [stdout] test tests::test_voting_with_epoch_change ... ok
[INFO] [stdout] test tests::test_voting_simple ... ok
[INFO] [stdout] test tests::test_vote_again_after_voting_ends - should panic ... ok
[INFO] [stdout] 
[INFO] [stdout] failures:
[INFO] [stdout] 
[INFO] [stdout] ---- tests::test_nonvalidator_cannot_vote stdout ----
[INFO] [stdout] note: test did not panic as expected
[INFO] [stdout] 
[INFO] [stdout] failures:
[INFO] [stdout]     tests::test_nonvalidator_cannot_vote
[INFO] [stdout] 
[INFO] [stdout] test result: FAILED. 6 passed; 1 failed; 0 ignored; 0 measured; 0 filtered out; finished in 0.03s
[INFO] [stdout] 
[INFO] [stderr] error: test failed, to rerun pass `--lib`
[INFO] running `Command { std: "docker" "inspect" "a0ed1d7c7aaffe46e56f8645532dcf35987dd29c3eb6741c9fb01ef5c2773edb", kill_on_drop: false }`
[INFO] running `Command { std: "docker" "rm" "-f" "a0ed1d7c7aaffe46e56f8645532dcf35987dd29c3eb6741c9fb01ef5c2773edb", kill_on_drop: false }`
[INFO] [stdout] a0ed1d7c7aaffe46e56f8645532dcf35987dd29c3eb6741c9fb01ef5c2773edb
