[INFO] cloning repository https://github.com/d4rkr00t/lantern_rs
[INFO] running `Command { std: "git" "-c" "credential.helper=" "-c" "credential.helper=/workspace/cargo-home/bin/git-credential-null" "clone" "--bare" "https://github.com/d4rkr00t/lantern_rs" "/workspace/cache/git-repos/https%3A%2F%2Fgithub.com%2Fd4rkr00t%2Flantern_rs", kill_on_drop: false }`
[INFO] [stderr] Cloning into bare repository '/workspace/cache/git-repos/https%3A%2F%2Fgithub.com%2Fd4rkr00t%2Flantern_rs'...
[INFO] running `Command { std: "git" "rev-parse" "HEAD", kill_on_drop: false }`
[INFO] [stdout] c7a6abe1f5e250353bb1e695aa199bb6f279f2a8
[INFO] testing d4rkr00t/lantern_rs against 1.75.0 for beta-1.76-1
[INFO] running `Command { std: "git" "clone" "/workspace/cache/git-repos/https%3A%2F%2Fgithub.com%2Fd4rkr00t%2Flantern_rs" "/workspace/builds/worker-0-tc1/source", kill_on_drop: false }`
[INFO] [stderr] Cloning into '/workspace/builds/worker-0-tc1/source'...
[INFO] [stderr] done.
[INFO] validating manifest of git repo https://github.com/d4rkr00t/lantern_rs on toolchain 1.75.0
[INFO] running `Command { std: CARGO_HOME="/workspace/cargo-home" RUSTUP_HOME="/workspace/rustup-home" "/workspace/cargo-home/bin/cargo" "+1.75.0" "metadata" "--manifest-path" "Cargo.toml" "--no-deps", kill_on_drop: false }`
[INFO] started tweaking git repo https://github.com/d4rkr00t/lantern_rs
[INFO] finished tweaking git repo https://github.com/d4rkr00t/lantern_rs
[INFO] tweaked toml for git repo https://github.com/d4rkr00t/lantern_rs written to /workspace/builds/worker-0-tc1/source/Cargo.toml
[INFO] crate git repo https://github.com/d4rkr00t/lantern_rs already has a lockfile, it will not be regenerated
[INFO] running `Command { std: CARGO_HOME="/workspace/cargo-home" RUSTUP_HOME="/workspace/rustup-home" "/workspace/cargo-home/bin/cargo" "+1.75.0" "fetch" "--manifest-path" "Cargo.toml", kill_on_drop: false }`
[INFO] [stderr]  Downloading crates ...
[INFO] [stderr]   Downloaded swc_ecma_visit v0.94.0
[INFO] [stderr]   Downloaded normpath v0.2.0
[INFO] [stderr]   Downloaded swc_cached v0.3.17
[INFO] [stderr]   Downloaded swc_ecma_ast v0.108.0
[INFO] [stderr]   Downloaded swc_ecma_loader v0.44.4
[INFO] [stderr]   Downloaded swc_common v0.32.1
[INFO] [stderr]   Downloaded swc_ecma_parser v0.138.0
[INFO] running `Command { std: "docker" "create" "-v" "/var/lib/crater-agent-workspace/builds/worker-0-tc1/target:/opt/rustwide/target:rw,Z" "-v" "/var/lib/crater-agent-workspace/builds/worker-0-tc1/source:/opt/rustwide/workdir:ro,Z" "-v" "/var/lib/crater-agent-workspace/cargo-home:/opt/rustwide/cargo-home:ro,Z" "-v" "/var/lib/crater-agent-workspace/rustup-home:/opt/rustwide/rustup-home:ro,Z" "-e" "SOURCE_DIR=/opt/rustwide/workdir" "-e" "CARGO_TARGET_DIR=/opt/rustwide/target" "-e" "CARGO_HOME=/opt/rustwide/cargo-home" "-e" "RUSTUP_HOME=/opt/rustwide/rustup-home" "-w" "/opt/rustwide/workdir" "-m" "1610612736" "--user" "0:0" "--network" "none" "ghcr.io/rust-lang/crates-build-env/linux@sha256:2788e3201cd34a07e3172128adcd8b3090168a8e3bcc40d7c032b9dda1df7d1c" "/opt/rustwide/cargo-home/bin/cargo" "+1.75.0" "metadata" "--no-deps" "--format-version=1", kill_on_drop: false }`
[INFO] [stdout] 32a51e5df38dee6efbb95e576974e4269f011324e2d3d92e708f8f8342c704a3
[INFO] running `Command { std: "docker" "start" "-a" "32a51e5df38dee6efbb95e576974e4269f011324e2d3d92e708f8f8342c704a3", kill_on_drop: false }`
[INFO] running `Command { std: "docker" "inspect" "32a51e5df38dee6efbb95e576974e4269f011324e2d3d92e708f8f8342c704a3", kill_on_drop: false }`
[INFO] running `Command { std: "docker" "rm" "-f" "32a51e5df38dee6efbb95e576974e4269f011324e2d3d92e708f8f8342c704a3", kill_on_drop: false }`
[INFO] [stdout] 32a51e5df38dee6efbb95e576974e4269f011324e2d3d92e708f8f8342c704a3
[INFO] running `Command { std: "docker" "create" "-v" "/var/lib/crater-agent-workspace/builds/worker-0-tc1/target:/opt/rustwide/target:rw,Z" "-v" "/var/lib/crater-agent-workspace/builds/worker-0-tc1/source:/opt/rustwide/workdir:ro,Z" "-v" "/var/lib/crater-agent-workspace/cargo-home:/opt/rustwide/cargo-home:ro,Z" "-v" "/var/lib/crater-agent-workspace/rustup-home:/opt/rustwide/rustup-home:ro,Z" "-e" "SOURCE_DIR=/opt/rustwide/workdir" "-e" "CARGO_TARGET_DIR=/opt/rustwide/target" "-e" "CARGO_INCREMENTAL=0" "-e" "RUST_BACKTRACE=full" "-e" "RUSTFLAGS=--cap-lints=warn" "-e" "RUSTDOCFLAGS=--cap-lints=warn" "-e" "CARGO_HOME=/opt/rustwide/cargo-home" "-e" "RUSTUP_HOME=/opt/rustwide/rustup-home" "-w" "/opt/rustwide/workdir" "-m" "1610612736" "--user" "0:0" "--network" "none" "ghcr.io/rust-lang/crates-build-env/linux@sha256:2788e3201cd34a07e3172128adcd8b3090168a8e3bcc40d7c032b9dda1df7d1c" "/opt/rustwide/cargo-home/bin/cargo" "+1.75.0" "build" "--frozen" "--message-format=json", kill_on_drop: false }`
[INFO] [stdout] 6144e293e402ae2d97ad3bf27439db624298fbbdc5ed37de2d4717a9da494a19
[INFO] running `Command { std: "docker" "start" "-a" "6144e293e402ae2d97ad3bf27439db624298fbbdc5ed37de2d4717a9da494a19", kill_on_drop: false }`
[INFO] [stderr]    Compiling proc-macro2 v1.0.66
[INFO] [stderr]    Compiling unicode-ident v1.0.11
[INFO] [stderr]    Compiling cfg-if v1.0.0
[INFO] [stderr]    Compiling libc v0.2.147
[INFO] [stderr]    Compiling autocfg v1.1.0
[INFO] [stderr]    Compiling once_cell v1.18.0
[INFO] [stderr]    Compiling memchr v2.5.0
[INFO] [stderr]    Compiling lazy_static v1.4.0
[INFO] [stderr]    Compiling serde v1.0.188
[INFO] [stderr]    Compiling regex-syntax v0.7.5
[INFO] [stderr]    Compiling parking_lot_core v0.9.8
[INFO] [stderr]    Compiling siphasher v0.3.11
[INFO] [stderr]    Compiling ppv-lite86 v0.2.17
[INFO] [stderr]    Compiling scopeguard v1.2.0
[INFO] [stderr]    Compiling smallvec v1.11.0
[INFO] [stderr]    Compiling pin-project-lite v0.2.13
[INFO] [stderr]    Compiling tinyvec_macros v0.1.1
[INFO] [stderr]    Compiling version_check v0.9.4
[INFO] [stderr]    Compiling new_debug_unreachable v1.0.4
[INFO] [stderr]    Compiling tinyvec v1.6.0
[INFO] [stderr]    Compiling stable_deref_trait v1.2.0
[INFO] [stderr]    Compiling unicode-bidi v0.3.13
[INFO] [stderr]    Compiling precomputed-hash v0.1.1
[INFO] [stderr]    Compiling phf_shared v0.10.0
[INFO] [stderr]    Compiling tracing-core v0.1.31
[INFO] [stderr]    Compiling percent-encoding v2.3.0
[INFO] [stderr]    Compiling rustc-hash v1.1.0
[INFO] [stderr]    Compiling bitflags v2.4.0
[INFO] [stderr]    Compiling scoped-tls v1.0.1
[INFO] [stderr]    Compiling either v1.9.0
[INFO] [stderr]    Compiling form_urlencoded v1.2.0
[INFO] [stderr]    Compiling lock_api v0.4.10
[INFO] [stderr]    Compiling num-traits v0.2.16
[INFO] [stderr]    Compiling num-integer v0.1.45
[INFO] [stderr]    Compiling num-bigint v0.4.4
[INFO] [stderr]    Compiling better_scoped_tls v0.1.1
[INFO] [stderr]    Compiling termcolor v1.2.0
[INFO] [stderr]    Compiling unicode-width v0.1.10
[INFO] [stderr]    Compiling thread_local v1.1.7
[INFO] [stderr]    Compiling sharded-slab v0.1.4
[INFO] [stderr]    Compiling ahash v0.8.3
[INFO] [stderr]    Compiling smartstring v1.0.1
[INFO] [stderr]    Compiling quote v1.0.33
[INFO] [stderr]    Compiling aho-corasick v1.0.4
[INFO] [stderr]    Compiling anyhow v1.0.75
[INFO] [stderr]    Compiling gimli v0.28.0
[INFO] [stderr]    Compiling eyre v0.6.8
[INFO] [stderr]    Compiling unicode-id v0.3.3
[INFO] [stderr]    Compiling syn v2.0.29
[INFO] [stderr]    Compiling getrandom v0.2.10
[INFO] [stderr]    Compiling cc v1.0.83
[INFO] [stderr]    Compiling unicode-normalization v0.1.22
[INFO] [stderr]    Compiling atty v0.2.14
[INFO] [stderr]    Compiling adler v1.0.2
[INFO] [stderr]    Compiling tracing-subscriber v0.3.17
[INFO] [stderr]    Compiling miniz_oxide v0.7.1
[INFO] [stderr]    Compiling rand_core v0.6.4
[INFO] [stderr]    Compiling parking_lot v0.12.1
[INFO] [stderr]    Compiling object v0.32.0
[INFO] [stderr]    Compiling rustix v0.38.13
[INFO] [stderr]    Compiling static_assertions v1.1.0
[INFO] [stderr]    Compiling hashbrown v0.14.0
[INFO] [stderr]    Compiling rand_chacha v0.3.1
[INFO] [stderr]    Compiling owo-colors v3.5.0
[INFO] [stderr]    Compiling rustc-demangle v0.1.23
[INFO] [stderr]    Compiling rand v0.8.5
[INFO] [stderr]    Compiling idna v0.4.0
[INFO] [stderr]    Compiling indenter v0.3.3
[INFO] [stderr]    Compiling serde_json v1.0.105
[INFO] [stderr]    Compiling dashmap v5.5.3
[INFO] [stderr]    Compiling regex-automata v0.3.7
[INFO] [stderr]    Compiling url v2.4.0
[INFO] [stderr]    Compiling itoa v1.0.9
[INFO] [stderr]    Compiling linux-raw-sys v0.4.7
[INFO] [stderr]    Compiling phf_generator v0.10.0
[INFO] [stderr]    Compiling typed-arena v2.0.2
[INFO] [stderr]    Compiling psm v0.1.21
[INFO] [stderr]    Compiling string_cache_codegen v0.5.2
[INFO] [stderr]    Compiling stacker v0.1.15
[INFO] [stderr]    Compiling backtrace v0.3.69
[INFO] [stderr]    Compiling ryu v1.0.15
[INFO] [stderr]    Compiling utf8parse v0.2.1
[INFO] [stderr]    Compiling anstyle-parse v0.2.1
[INFO] [stderr]    Compiling anstyle v1.0.2
[INFO] [stderr]    Compiling lantern_testing v0.1.0 (/opt/rustwide/workdir/crates/lantern_testing)
[INFO] [stderr]    Compiling anstyle-query v1.0.0
[INFO] [stderr]    Compiling path-clean v0.1.0
[INFO] [stderr]    Compiling colorchoice v1.0.0
[INFO] [stderr]    Compiling pathdiff v0.2.1
[INFO] [stderr]    Compiling anstream v0.5.0
[INFO] [stderr]    Compiling clap_lex v0.5.1
[INFO] [stderr]    Compiling strsim v0.10.0
[INFO] [stderr]    Compiling swc_atoms v0.5.9
[INFO] [stderr]    Compiling clap_builder v4.4.1
[INFO] [stderr]    Compiling addr2line v0.21.0
[INFO] [stderr]    Compiling is-terminal v0.4.9
[INFO] [stderr]    Compiling colored v2.0.4
[INFO] [stderr]    Compiling regex v1.9.4
[INFO] [stderr]    Compiling Inflector v0.11.4
[INFO] [stderr]    Compiling pmutil v0.6.1
[INFO] [stderr]    Compiling swc_macros_common v0.3.8
[INFO] [stderr]    Compiling clap v4.4.1
[INFO] [stderr]    Compiling serde_derive v1.0.188
[INFO] [stderr]    Compiling tracing-attributes v0.1.26
[INFO] [stderr]    Compiling swc_visit_macros v0.5.8
[INFO] [stderr]    Compiling swc_eq_ignore_macros v0.1.2
[INFO] [stderr]    Compiling ast_node v0.9.5
[INFO] [stderr]    Compiling from_variant v0.1.6
[INFO] [stderr]    Compiling string_enum v0.4.1
[INFO] [stderr]    Compiling is-macro v0.3.0
[INFO] [stderr]    Compiling tracing v0.1.37
[INFO] [stderr]    Compiling tracing-error v0.2.0
[INFO] [stderr]    Compiling color-spantrace v0.2.0
[INFO] [stderr]    Compiling color-eyre v0.6.2
[INFO] [stderr]    Compiling swc_visit v0.5.7
[INFO] [stderr]    Compiling triomphe v0.1.9
[INFO] [stderr]    Compiling string_cache v0.8.7
[INFO] [stderr]    Compiling swc_cached v0.3.17
[INFO] [stderr]    Compiling swc_common v0.32.1
[INFO] [stderr]    Compiling swc_ecma_ast v0.108.0
[INFO] [stderr]    Compiling swc_ecma_loader v0.44.4
[INFO] [stderr]    Compiling lantern_code_annotation v0.1.0 (/opt/rustwide/workdir/crates/lantern_code_annotation)
[INFO] [stderr]    Compiling swc_ecma_parser v0.138.0
[INFO] [stderr]    Compiling swc_ecma_visit v0.94.0
[INFO] [stderr]    Compiling lantern_parse_ts v0.1.0 (/opt/rustwide/workdir/crates/lantern_parse_ts)
[INFO] [stderr]    Compiling lantern_symbols_map v0.1.0 (/opt/rustwide/workdir/crates/lantern_symbols_map)
[INFO] [stderr]    Compiling lantern_dependency_graph v0.1.0 (/opt/rustwide/workdir/crates/lantern_dependency_graph)
[INFO] [stderr]    Compiling lantern_cli v0.1.0 (/opt/rustwide/workdir/crates/lantern_cli)
[INFO] [stderr]     Finished dev [unoptimized + debuginfo] target(s) in 21.18s
[INFO] running `Command { std: "docker" "inspect" "6144e293e402ae2d97ad3bf27439db624298fbbdc5ed37de2d4717a9da494a19", kill_on_drop: false }`
[INFO] running `Command { std: "docker" "rm" "-f" "6144e293e402ae2d97ad3bf27439db624298fbbdc5ed37de2d4717a9da494a19", kill_on_drop: false }`
[INFO] [stdout] 6144e293e402ae2d97ad3bf27439db624298fbbdc5ed37de2d4717a9da494a19
[INFO] running `Command { std: "docker" "create" "-v" "/var/lib/crater-agent-workspace/builds/worker-0-tc1/target:/opt/rustwide/target:rw,Z" "-v" "/var/lib/crater-agent-workspace/builds/worker-0-tc1/source:/opt/rustwide/workdir:ro,Z" "-v" "/var/lib/crater-agent-workspace/cargo-home:/opt/rustwide/cargo-home:ro,Z" "-v" "/var/lib/crater-agent-workspace/rustup-home:/opt/rustwide/rustup-home:ro,Z" "-e" "SOURCE_DIR=/opt/rustwide/workdir" "-e" "CARGO_TARGET_DIR=/opt/rustwide/target" "-e" "CARGO_INCREMENTAL=0" "-e" "RUST_BACKTRACE=full" "-e" "RUSTFLAGS=--cap-lints=warn" "-e" "RUSTDOCFLAGS=--cap-lints=warn" "-e" "CARGO_HOME=/opt/rustwide/cargo-home" "-e" "RUSTUP_HOME=/opt/rustwide/rustup-home" "-w" "/opt/rustwide/workdir" "-m" "1610612736" "--user" "0:0" "--network" "none" "ghcr.io/rust-lang/crates-build-env/linux@sha256:2788e3201cd34a07e3172128adcd8b3090168a8e3bcc40d7c032b9dda1df7d1c" "/opt/rustwide/cargo-home/bin/cargo" "+1.75.0" "test" "--frozen" "--no-run" "--message-format=json", kill_on_drop: false }`
[INFO] [stdout] 367ef17370d87f9655b6193792ddc71856fb10dab11584d0a92118ec26ba25d4
[INFO] running `Command { std: "docker" "start" "-a" "367ef17370d87f9655b6193792ddc71856fb10dab11584d0a92118ec26ba25d4", kill_on_drop: false }`
[INFO] [stderr]    Compiling lantern_testing v0.1.0 (/opt/rustwide/workdir/crates/lantern_testing)
[INFO] [stderr]    Compiling lantern_code_annotation v0.1.0 (/opt/rustwide/workdir/crates/lantern_code_annotation)
[INFO] [stderr]    Compiling lantern_parse_ts v0.1.0 (/opt/rustwide/workdir/crates/lantern_parse_ts)
[INFO] [stderr]    Compiling lantern_symbols_map v0.1.0 (/opt/rustwide/workdir/crates/lantern_symbols_map)
[INFO] [stderr]    Compiling lantern_dependency_graph v0.1.0 (/opt/rustwide/workdir/crates/lantern_dependency_graph)
[INFO] [stderr]    Compiling lantern_cli v0.1.0 (/opt/rustwide/workdir/crates/lantern_cli)
[INFO] [stderr]     Finished test [unoptimized + debuginfo] target(s) in 1.33s
[INFO] running `Command { std: "docker" "inspect" "367ef17370d87f9655b6193792ddc71856fb10dab11584d0a92118ec26ba25d4", kill_on_drop: false }`
[INFO] running `Command { std: "docker" "rm" "-f" "367ef17370d87f9655b6193792ddc71856fb10dab11584d0a92118ec26ba25d4", kill_on_drop: false }`
[INFO] [stdout] 367ef17370d87f9655b6193792ddc71856fb10dab11584d0a92118ec26ba25d4
[INFO] running `Command { std: "docker" "create" "-v" "/var/lib/crater-agent-workspace/builds/worker-0-tc1/target:/opt/rustwide/target:rw,Z" "-v" "/var/lib/crater-agent-workspace/builds/worker-0-tc1/source:/opt/rustwide/workdir:ro,Z" "-v" "/var/lib/crater-agent-workspace/cargo-home:/opt/rustwide/cargo-home:ro,Z" "-v" "/var/lib/crater-agent-workspace/rustup-home:/opt/rustwide/rustup-home:ro,Z" "-e" "SOURCE_DIR=/opt/rustwide/workdir" "-e" "CARGO_TARGET_DIR=/opt/rustwide/target" "-e" "CARGO_INCREMENTAL=0" "-e" "RUST_BACKTRACE=full" "-e" "RUSTFLAGS=--cap-lints=warn" "-e" "RUSTDOCFLAGS=--cap-lints=warn" "-e" "CARGO_HOME=/opt/rustwide/cargo-home" "-e" "RUSTUP_HOME=/opt/rustwide/rustup-home" "-w" "/opt/rustwide/workdir" "-m" "1610612736" "--user" "0:0" "--network" "none" "ghcr.io/rust-lang/crates-build-env/linux@sha256:2788e3201cd34a07e3172128adcd8b3090168a8e3bcc40d7c032b9dda1df7d1c" "/opt/rustwide/cargo-home/bin/cargo" "+1.75.0" "test" "--frozen", kill_on_drop: false }`
[INFO] [stdout] cc3dd6b8a2d6495db6adc7749b861bb9d04fca826e1e35c05ae734f80f3f2b7a
[INFO] running `Command { std: "docker" "start" "-a" "cc3dd6b8a2d6495db6adc7749b861bb9d04fca826e1e35c05ae734f80f3f2b7a", kill_on_drop: false }`
[INFO] [stderr]     Finished test [unoptimized + debuginfo] target(s) in 0.07s
[INFO] [stderr]      Running unittests src/main.rs (/opt/rustwide/target/debug/deps/lantern_cli-08cd681962b150e6)
[INFO] [stdout] 
[INFO] [stdout] running 0 tests
[INFO] [stdout] 
[INFO] [stdout] test result: ok. 0 passed; 0 failed; 0 ignored; 0 measured; 0 filtered out; finished in 0.00s
[INFO] [stdout] 
[INFO] [stderr]      Running unittests src/lib.rs (/opt/rustwide/target/debug/deps/lantern_code_annotation-a30613d6e9140fe9)
[INFO] [stdout] 
[INFO] [stdout] running 0 tests
[INFO] [stdout] 
[INFO] [stdout] test result: ok. 0 passed; 0 failed; 0 ignored; 0 measured; 0 filtered out; finished in 0.00s
[INFO] [stdout] 
[INFO] [stderr]      Running unittests src/lib.rs (/opt/rustwide/target/debug/deps/lantern_dependency_graph-ce2e80cca2920b04)
[INFO] [stdout] 
[INFO] [stdout] running 0 tests
[INFO] [stdout] 
[INFO] [stdout] test result: ok. 0 passed; 0 failed; 0 ignored; 0 measured; 0 filtered out; finished in 0.00s
[INFO] [stdout] 
[INFO] [stderr]      Running unittests src/lib.rs (/opt/rustwide/target/debug/deps/lantern_parse_ts-080b2e8ee9e40d03)
[INFO] [stdout] 
[INFO] [stdout] running 2 tests
[INFO] [stdout] test tests::loads_simple_ts_file ... ok
[INFO] [stdout] test tests::loads_simple_tsx_file ... ok
[INFO] [stdout] 
[INFO] [stdout] test result: ok. 2 passed; 0 failed; 0 ignored; 0 measured; 0 filtered out; finished in 0.00s
[INFO] [stdout] 
[INFO] [stderr]      Running unittests src/lib.rs (/opt/rustwide/target/debug/deps/lantern_symbols_map-412fb5e53a58042d)
[INFO] [stdout] 
[INFO] [stdout] running 0 tests
[INFO] [stdout] 
[INFO] [stdout] test result: ok. 0 passed; 0 failed; 0 ignored; 0 measured; 0 filtered out; finished in 0.00s
[INFO] [stdout] 
[INFO] [stderr]      Running tests/exports.rs (/opt/rustwide/target/debug/deps/exports-ee3c6cad48358221)
[INFO] [stdout] 
[INFO] [stdout] running 6 tests
[INFO] [stdout] test tests::exports_default_decl ... ok
[INFO] [stdout] test tests::exports_type_alias ... ok
[INFO] [stdout] test tests::exports_default_expr ... ok
[INFO] [stdout] test tests::exports_all ... ok
[INFO] [stdout] test tests::exports_decl ... ok
[INFO] [stdout] test tests::exports_named ... ok
[INFO] [stdout] 
[INFO] [stdout] test result: ok. 6 passed; 0 failed; 0 ignored; 0 measured; 0 filtered out; finished in 0.00s
[INFO] [stdout] 
[INFO] [stderr]      Running tests/imports.rs (/opt/rustwide/target/debug/deps/imports-cfbced1503cb0b26)
[INFO] [stdout] 
[INFO] [stdout] running 1 test
[INFO] [stdout] test tests::imports ... FAILED
[INFO] [stdout] 
[INFO] [stdout] failures:
[INFO] [stdout] 
[INFO] [stdout] ---- tests::imports stdout ----
[INFO] [stdout] thread 'tests::imports' panicked at crates/lantern_symbols_map/src/lib.rs:504:14:
[INFO] [stdout] called `Result::unwrap()` on an `Err` value: Couldn't resolve path react from /opt/rustwide/workdir/crates/lantern_symbols_map/fixtures
[INFO] [stdout] 
[INFO] [stdout] Location:
[INFO] [stdout]     crates/lantern_symbols_map/src/lib.rs:70:22
[INFO] [stdout] stack backtrace:
[INFO] [stdout]    0:     0x55c5ceb58f2c - std::backtrace_rs::backtrace::libunwind::trace::ha637c64ce894333a
[INFO] [stdout]                                at /rustc/82e1608dfa6e0b5569232559e3d385fea5a93112/library/std/src/../../backtrace/src/backtrace/libunwind.rs:104:5
[INFO] [stdout]    1:     0x55c5ceb58f2c - std::backtrace_rs::backtrace::trace_unsynchronized::h47f62dea28e0c88d
[INFO] [stdout]                                at /rustc/82e1608dfa6e0b5569232559e3d385fea5a93112/library/std/src/../../backtrace/src/backtrace/mod.rs:66:5
[INFO] [stdout]    2:     0x55c5ceb58f2c - std::sys_common::backtrace::_print_fmt::h9eef0abe20ede486
[INFO] [stdout]                                at /rustc/82e1608dfa6e0b5569232559e3d385fea5a93112/library/std/src/sys_common/backtrace.rs:67:5
[INFO] [stdout]    3:     0x55c5ceb58f2c - <std::sys_common::backtrace::_print::DisplayBacktrace as core::fmt::Display>::fmt::hed7f999df88cc644
[INFO] [stdout]                                at /rustc/82e1608dfa6e0b5569232559e3d385fea5a93112/library/std/src/sys_common/backtrace.rs:44:22
[INFO] [stdout]    4:     0x55c5ceb84d20 - core::fmt::rt::Argument::fmt::h1539a9308b8d058d
[INFO] [stdout]                                at /rustc/82e1608dfa6e0b5569232559e3d385fea5a93112/library/core/src/fmt/rt.rs:142:9
[INFO] [stdout]    5:     0x55c5ceb84d20 - core::fmt::write::h3a39390d8560d9c9
[INFO] [stdout]                                at /rustc/82e1608dfa6e0b5569232559e3d385fea5a93112/library/core/src/fmt/mod.rs:1120:17
[INFO] [stdout]    6:     0x55c5ceb563cf - std::io::Write::write_fmt::h040b369f3a0f9cbc
[INFO] [stdout]                                at /rustc/82e1608dfa6e0b5569232559e3d385fea5a93112/library/std/src/io/mod.rs:1762:15
[INFO] [stdout]    7:     0x55c5ceb58d14 - std::sys_common::backtrace::_print::h894006fb5c6f3d45
[INFO] [stdout]                                at /rustc/82e1608dfa6e0b5569232559e3d385fea5a93112/library/std/src/sys_common/backtrace.rs:47:5
[INFO] [stdout]    8:     0x55c5ceb58d14 - std::sys_common::backtrace::print::h23a2d212c6fff936
[INFO] [stdout]                                at /rustc/82e1608dfa6e0b5569232559e3d385fea5a93112/library/std/src/sys_common/backtrace.rs:34:9
[INFO] [stdout]    9:     0x55c5ceb5a9d7 - std::panicking::default_hook::{{closure}}::h8a1d2ee00185001a
[INFO] [stdout]   10:     0x55c5ceb5a6c3 - std::panicking::default_hook::h6038f2eba384e475
[INFO] [stdout]                                at /rustc/82e1608dfa6e0b5569232559e3d385fea5a93112/library/std/src/panicking.rs:289:9
[INFO] [stdout]   11:     0x55c5ce733167 - <alloc::boxed::Box<F,A> as core::ops::function::Fn<Args>>::call::h0ad024c9bdc6d768
[INFO] [stdout]                                at /rustc/82e1608dfa6e0b5569232559e3d385fea5a93112/library/alloc/src/boxed.rs:2021:9
[INFO] [stdout]   12:     0x55c5ce733167 - test::test_main::{{closure}}::h7500b54257359db6
[INFO] [stdout]                                at /rustc/82e1608dfa6e0b5569232559e3d385fea5a93112/library/test/src/lib.rs:138:21
[INFO] [stdout]   13:     0x55c5ceb5afe8 - <alloc::boxed::Box<F,A> as core::ops::function::Fn<Args>>::call::h1f8f335eaa9cfaee
[INFO] [stdout]                                at /rustc/82e1608dfa6e0b5569232559e3d385fea5a93112/library/alloc/src/boxed.rs:2021:9
[INFO] [stdout]   14:     0x55c5ceb5afe8 - std::panicking::rust_panic_with_hook::h2b5517d590cab22e
[INFO] [stdout]                                at /rustc/82e1608dfa6e0b5569232559e3d385fea5a93112/library/std/src/panicking.rs:783:13
[INFO] [stdout]   15:     0x55c5ceb5ad3e - std::panicking::begin_panic_handler::{{closure}}::h233112c06e0ef43e
[INFO] [stdout]                                at /rustc/82e1608dfa6e0b5569232559e3d385fea5a93112/library/std/src/panicking.rs:657:13
[INFO] [stdout]   16:     0x55c5ceb593f6 - std::sys_common::backtrace::__rust_end_short_backtrace::h6e893f24d7ebbff8
[INFO] [stdout]                                at /rustc/82e1608dfa6e0b5569232559e3d385fea5a93112/library/std/src/sys_common/backtrace.rs:170:18
[INFO] [stdout]   17:     0x55c5ceb5aaa2 - rust_begin_unwind
[INFO] [stdout]                                at /rustc/82e1608dfa6e0b5569232559e3d385fea5a93112/library/std/src/panicking.rs:645:5
[INFO] [stdout]   18:     0x55c5ce6fdd55 - core::panicking::panic_fmt::hbf0e066aabfa482c
[INFO] [stdout]                                at /rustc/82e1608dfa6e0b5569232559e3d385fea5a93112/library/core/src/panicking.rs:72:14
[INFO] [stdout]   19:     0x55c5ce6fe323 - core::result::unwrap_failed::hddb4fea594200c52
[INFO] [stdout]                                at /rustc/82e1608dfa6e0b5569232559e3d385fea5a93112/library/core/src/result.rs:1653:5
[INFO] [stdout]   20:     0x55c5ce74d80c - core::result::Result<T,E>::unwrap::h45f3768567ef1f28
[INFO] [stdout]                                at /rustc/82e1608dfa6e0b5569232559e3d385fea5a93112/library/core/src/result.rs:1077:23
[INFO] [stdout]   21:     0x55c5ce743b1c - <lantern_symbols_map::TSVisitor as swc_ecma_visit::Visit>::visit_import_decl::h1387d9f090a85cbf
[INFO] [stdout]                                at /opt/rustwide/workdir/crates/lantern_symbols_map/src/lib.rs:501:20
[INFO] [stdout]   22:     0x55c5ce7477d4 - swc_ecma_visit::visit_module_decl::h2a2dc142715c0a64
[INFO] [stdout]                                at /opt/rustwide/cargo-home/registry/src/index.crates.io-6f17d22bba15001f/swc_ecma_visit-0.94.0/src/lib.rs:537:1
[INFO] [stdout]   23:     0x55c5ce73dbe4 - swc_ecma_visit::Visit::visit_module_decl::hc82c21b8998ff352
[INFO] [stdout]                                at /opt/rustwide/cargo-home/registry/src/index.crates.io-6f17d22bba15001f/swc_ecma_visit-0.94.0/src/lib.rs:537:1
[INFO] [stdout]   24:     0x55c5ce747902 - swc_ecma_visit::visit_module_item::hbe56e7c8f1ecd32c
[INFO] [stdout]                                at /opt/rustwide/cargo-home/registry/src/index.crates.io-6f17d22bba15001f/swc_ecma_visit-0.94.0/src/lib.rs:537:1
[INFO] [stdout]   25:     0x55c5ce73dc04 - swc_ecma_visit::Visit::visit_module_item::h53f0aff5e7e54a1d
[INFO] [stdout]                                at /opt/rustwide/cargo-home/registry/src/index.crates.io-6f17d22bba15001f/swc_ecma_visit-0.94.0/src/lib.rs:537:1
[INFO] [stdout]   26:     0x55c5ce748307 - swc_ecma_visit::visit_module_items::{{closure}}::h8af5a9e8a39f71f9
[INFO] [stdout]                                at /opt/rustwide/cargo-home/registry/src/index.crates.io-6f17d22bba15001f/swc_ecma_visit-0.94.0/src/lib.rs:537:1
[INFO] [stdout]   27:     0x55c5ce7403b8 - <core::slice::iter::Iter<T> as core::iter::traits::iterator::Iterator>::for_each::h7554f7eb81271ff6
[INFO] [stdout]                                at /rustc/82e1608dfa6e0b5569232559e3d385fea5a93112/library/core/src/slice/iter/macros.rs:254:21
[INFO] [stdout]   28:     0x55c5ce7482e1 - swc_ecma_visit::visit_module_items::h76681dff92c96afb
[INFO] [stdout]                                at /opt/rustwide/cargo-home/registry/src/index.crates.io-6f17d22bba15001f/swc_ecma_visit-0.94.0/src/lib.rs:537:1
[INFO] [stdout]   29:     0x55c5ce73de68 - swc_ecma_visit::Visit::visit_module_items::h06909af55afb84f8
[INFO] [stdout]                                at /opt/rustwide/cargo-home/registry/src/index.crates.io-6f17d22bba15001f/swc_ecma_visit-0.94.0/src/lib.rs:537:1
[INFO] [stdout]   30:     0x55c5ce745189 - swc_ecma_visit::visit_module::hf18dda248e309139
[INFO] [stdout]                                at /opt/rustwide/cargo-home/registry/src/index.crates.io-6f17d22bba15001f/swc_ecma_visit-0.94.0/src/lib.rs:537:1
[INFO] [stdout]   31:     0x55c5ce73d1e4 - swc_ecma_visit::Visit::visit_module::haad5b6c91e87c7c7
[INFO] [stdout]                                at /opt/rustwide/cargo-home/registry/src/index.crates.io-6f17d22bba15001f/swc_ecma_visit-0.94.0/src/lib.rs:537:1
[INFO] [stdout]   32:     0x55c5ce745657 - swc_ecma_visit::visit_program::h7f21469abdceb12c
[INFO] [stdout]                                at /opt/rustwide/cargo-home/registry/src/index.crates.io-6f17d22bba15001f/swc_ecma_visit-0.94.0/src/lib.rs:537:1
[INFO] [stdout]   33:     0x55c5ce73d364 - swc_ecma_visit::Visit::visit_program::h66c5a9ebfb09938a
[INFO] [stdout]                                at /opt/rustwide/cargo-home/registry/src/index.crates.io-6f17d22bba15001f/swc_ecma_visit-0.94.0/src/lib.rs:537:1
[INFO] [stdout]   34:     0x55c5ce741331 - lantern_symbols_map::build::he30a2cf26503adf6
[INFO] [stdout]                                at /opt/rustwide/workdir/crates/lantern_symbols_map/src/lib.rs:35:9
[INFO] [stdout]   35:     0x55c5ce6ff6fe - imports::tests::imports::ha6c1249db441d5b0
[INFO] [stdout]                                at /opt/rustwide/workdir/crates/lantern_symbols_map/tests/imports.rs:11:9
[INFO] [stdout]   36:     0x55c5ce6ff507 - imports::tests::imports::{{closure}}::h1947e9ff727c14a6
[INFO] [stdout]                                at /opt/rustwide/workdir/crates/lantern_symbols_map/tests/imports.rs:8:17
[INFO] [stdout]   37:     0x55c5ce6fe936 - core::ops::function::FnOnce::call_once::h9ddc20f30717f4d9
[INFO] [stdout]                                at /rustc/82e1608dfa6e0b5569232559e3d385fea5a93112/library/core/src/ops/function.rs:250:5
[INFO] [stdout]   38:     0x55c5ce7387bf - core::ops::function::FnOnce::call_once::h2b5d431d5046312d
[INFO] [stdout]                                at /rustc/82e1608dfa6e0b5569232559e3d385fea5a93112/library/core/src/ops/function.rs:250:5
[INFO] [stdout]   39:     0x55c5ce7387bf - test::__rust_begin_short_backtrace::h7714669af176e207
[INFO] [stdout]                                at /rustc/82e1608dfa6e0b5569232559e3d385fea5a93112/library/test/src/lib.rs:628:18
[INFO] [stdout]   40:     0x55c5ce7377d5 - test::run_test_in_process::{{closure}}::h85218797dcbcec12
[INFO] [stdout]                                at /rustc/82e1608dfa6e0b5569232559e3d385fea5a93112/library/test/src/lib.rs:651:60
[INFO] [stdout]   41:     0x55c5ce7377d5 - <core::panic::unwind_safe::AssertUnwindSafe<F> as core::ops::function::FnOnce<()>>::call_once::h76c106ea31c14d7b
[INFO] [stdout]                                at /rustc/82e1608dfa6e0b5569232559e3d385fea5a93112/library/core/src/panic/unwind_safe.rs:272:9
[INFO] [stdout]   42:     0x55c5ce7377d5 - std::panicking::try::do_call::h3bd5d0f6620ee946
[INFO] [stdout]                                at /rustc/82e1608dfa6e0b5569232559e3d385fea5a93112/library/std/src/panicking.rs:552:40
[INFO] [stdout]   43:     0x55c5ce7377d5 - std::panicking::try::h232e535e4744fe31
[INFO] [stdout]                                at /rustc/82e1608dfa6e0b5569232559e3d385fea5a93112/library/std/src/panicking.rs:516:19
[INFO] [stdout]   44:     0x55c5ce7377d5 - std::panic::catch_unwind::h3ce3bd6ca8dbac68
[INFO] [stdout]                                at /rustc/82e1608dfa6e0b5569232559e3d385fea5a93112/library/std/src/panic.rs:142:14
[INFO] [stdout]   45:     0x55c5ce7377d5 - test::run_test_in_process::hc97b257c9621286a
[INFO] [stdout]                                at /rustc/82e1608dfa6e0b5569232559e3d385fea5a93112/library/test/src/lib.rs:651:27
[INFO] [stdout]   46:     0x55c5ce7377d5 - test::run_test::{{closure}}::h2aa798823a438d38
[INFO] [stdout]                                at /rustc/82e1608dfa6e0b5569232559e3d385fea5a93112/library/test/src/lib.rs:574:43
[INFO] [stdout]   47:     0x55c5ce6ffa96 - test::run_test::{{closure}}::h87d231c78fb59832
[INFO] [stdout]                                at /rustc/82e1608dfa6e0b5569232559e3d385fea5a93112/library/test/src/lib.rs:602:41
[INFO] [stdout]   48:     0x55c5ce6ffa96 - std::sys_common::backtrace::__rust_begin_short_backtrace::he6df152596625789
[INFO] [stdout]                                at /rustc/82e1608dfa6e0b5569232559e3d385fea5a93112/library/std/src/sys_common/backtrace.rs:154:18
[INFO] [stdout]   49:     0x55c5ce704b47 - std::thread::Builder::spawn_unchecked_::{{closure}}::{{closure}}::ha94be15d1e0acf36
[INFO] [stdout]                                at /rustc/82e1608dfa6e0b5569232559e3d385fea5a93112/library/std/src/thread/mod.rs:529:17
[INFO] [stdout]   50:     0x55c5ce704b47 - <core::panic::unwind_safe::AssertUnwindSafe<F> as core::ops::function::FnOnce<()>>::call_once::h9dc6bd6372f16606
[INFO] [stdout]                                at /rustc/82e1608dfa6e0b5569232559e3d385fea5a93112/library/core/src/panic/unwind_safe.rs:272:9
[INFO] [stdout]   51:     0x55c5ce704b47 - std::panicking::try::do_call::h9057517f80303cd4
[INFO] [stdout]                                at /rustc/82e1608dfa6e0b5569232559e3d385fea5a93112/library/std/src/panicking.rs:552:40
[INFO] [stdout]   52:     0x55c5ce704b47 - std::panicking::try::he3a30b11ee45340c
[INFO] [stdout]                                at /rustc/82e1608dfa6e0b5569232559e3d385fea5a93112/library/std/src/panicking.rs:516:19
[INFO] [stdout]   53:     0x55c5ce704b47 - std::panic::catch_unwind::h410458cfd3528b8b
[INFO] [stdout]                                at /rustc/82e1608dfa6e0b5569232559e3d385fea5a93112/library/std/src/panic.rs:142:14
[INFO] [stdout]   54:     0x55c5ce704b47 - std::thread::Builder::spawn_unchecked_::{{closure}}::h72ac3bdb567b737b
[INFO] [stdout]                                at /rustc/82e1608dfa6e0b5569232559e3d385fea5a93112/library/std/src/thread/mod.rs:528:30
[INFO] [stdout]   55:     0x55c5ce704b47 - core::ops::function::FnOnce::call_once{{vtable.shim}}::h38f34da3654a8344
[INFO] [stdout]                                at /rustc/82e1608dfa6e0b5569232559e3d385fea5a93112/library/core/src/ops/function.rs:250:5
[INFO] [stdout]   56:     0x55c5ceb5fbf5 - <alloc::boxed::Box<F,A> as core::ops::function::FnOnce<Args>>::call_once::hc7eafaff61e32df9
[INFO] [stdout]                                at /rustc/82e1608dfa6e0b5569232559e3d385fea5a93112/library/alloc/src/boxed.rs:2007:9
[INFO] [stdout]   57:     0x55c5ceb5fbf5 - <alloc::boxed::Box<F,A> as core::ops::function::FnOnce<Args>>::call_once::h6ba4a5de48dd2304
[INFO] [stdout]                                at /rustc/82e1608dfa6e0b5569232559e3d385fea5a93112/library/alloc/src/boxed.rs:2007:9
[INFO] [stdout]   58:     0x55c5ceb5fbf5 - std::sys::unix::thread::Thread::new::thread_start::he469335aef763e45
[INFO] [stdout]                                at /rustc/82e1608dfa6e0b5569232559e3d385fea5a93112/library/std/src/sys/unix/thread.rs:108:17
[INFO] [stdout]   59:     0x7ff04c6e4ac3 - <unknown>
[INFO] [stdout]   60:     0x7ff04c775bf4 - __clone
[INFO] [stdout]   61:                0x0 - <unknown>
[INFO] [stdout] 
[INFO] [stdout] 
[INFO] [stdout] failures:
[INFO] [stdout]     tests::imports
[INFO] [stdout] 
[INFO] [stdout] test result: FAILED. 0 passed; 1 failed; 0 ignored; 0 measured; 0 filtered out; finished in 0.02s
[INFO] [stdout] 
[INFO] [stderr] error: test failed, to rerun pass `-p lantern_symbols_map --test imports`
[INFO] running `Command { std: "docker" "inspect" "cc3dd6b8a2d6495db6adc7749b861bb9d04fca826e1e35c05ae734f80f3f2b7a", kill_on_drop: false }`
[INFO] running `Command { std: "docker" "rm" "-f" "cc3dd6b8a2d6495db6adc7749b861bb9d04fca826e1e35c05ae734f80f3f2b7a", kill_on_drop: false }`
[INFO] [stdout] cc3dd6b8a2d6495db6adc7749b861bb9d04fca826e1e35c05ae734f80f3f2b7a
