[INFO] cloning repository https://github.com/d3156/training_task
[INFO] running `Command { std: "git" "-c" "credential.helper=" "-c" "credential.helper=/workspace/cargo-home/bin/git-credential-null" "clone" "--bare" "https://github.com/d3156/training_task" "/workspace/cache/git-repos/https%3A%2F%2Fgithub.com%2Fd3156%2Ftraining_task", kill_on_drop: false }`
[INFO] [stderr] Cloning into bare repository '/workspace/cache/git-repos/https%3A%2F%2Fgithub.com%2Fd3156%2Ftraining_task'...
[INFO] running `Command { std: "git" "rev-parse" "HEAD", kill_on_drop: false }`
[INFO] [stdout] 0373302639cd03e5ed0672db38066477a7b2bbed
[INFO] testing d3156/training_task against 1.75.0 for beta-1.76-1
[INFO] running `Command { std: "git" "clone" "/workspace/cache/git-repos/https%3A%2F%2Fgithub.com%2Fd3156%2Ftraining_task" "/workspace/builds/worker-4-tc1/source", kill_on_drop: false }`
[INFO] [stderr] Cloning into '/workspace/builds/worker-4-tc1/source'...
[INFO] [stderr] done.
[INFO] validating manifest of git repo https://github.com/d3156/training_task on toolchain 1.75.0
[INFO] running `Command { std: CARGO_HOME="/workspace/cargo-home" RUSTUP_HOME="/workspace/rustup-home" "/workspace/cargo-home/bin/cargo" "+1.75.0" "metadata" "--manifest-path" "Cargo.toml" "--no-deps", kill_on_drop: false }`
[INFO] started tweaking git repo https://github.com/d3156/training_task
[INFO] finished tweaking git repo https://github.com/d3156/training_task
[INFO] tweaked toml for git repo https://github.com/d3156/training_task written to /workspace/builds/worker-4-tc1/source/Cargo.toml
[INFO] crate git repo https://github.com/d3156/training_task already has a lockfile, it will not be regenerated
[INFO] running `Command { std: CARGO_HOME="/workspace/cargo-home" RUSTUP_HOME="/workspace/rustup-home" "/workspace/cargo-home/bin/cargo" "+1.75.0" "fetch" "--manifest-path" "Cargo.toml", kill_on_drop: false }`
[INFO] [stderr] warning: unused manifest key: package.autors
[INFO] running `Command { std: "docker" "create" "-v" "/var/lib/crater-agent-workspace/builds/worker-4-tc1/target:/opt/rustwide/target:rw,Z" "-v" "/var/lib/crater-agent-workspace/builds/worker-4-tc1/source:/opt/rustwide/workdir:ro,Z" "-v" "/var/lib/crater-agent-workspace/cargo-home:/opt/rustwide/cargo-home:ro,Z" "-v" "/var/lib/crater-agent-workspace/rustup-home:/opt/rustwide/rustup-home:ro,Z" "-e" "SOURCE_DIR=/opt/rustwide/workdir" "-e" "CARGO_TARGET_DIR=/opt/rustwide/target" "-e" "CARGO_HOME=/opt/rustwide/cargo-home" "-e" "RUSTUP_HOME=/opt/rustwide/rustup-home" "-w" "/opt/rustwide/workdir" "-m" "1610612736" "--user" "0:0" "--network" "none" "ghcr.io/rust-lang/crates-build-env/linux@sha256:2788e3201cd34a07e3172128adcd8b3090168a8e3bcc40d7c032b9dda1df7d1c" "/opt/rustwide/cargo-home/bin/cargo" "+1.75.0" "metadata" "--no-deps" "--format-version=1", kill_on_drop: false }`
[INFO] [stdout] 93fe3c41f3ef18a4a271ac01b4acd20b52afd53e30077979be544e23310a860b
[INFO] running `Command { std: "docker" "start" "-a" "93fe3c41f3ef18a4a271ac01b4acd20b52afd53e30077979be544e23310a860b", kill_on_drop: false }`
[INFO] running `Command { std: "docker" "inspect" "93fe3c41f3ef18a4a271ac01b4acd20b52afd53e30077979be544e23310a860b", kill_on_drop: false }`
[INFO] running `Command { std: "docker" "rm" "-f" "93fe3c41f3ef18a4a271ac01b4acd20b52afd53e30077979be544e23310a860b", kill_on_drop: false }`
[INFO] [stdout] 93fe3c41f3ef18a4a271ac01b4acd20b52afd53e30077979be544e23310a860b
[INFO] running `Command { std: "docker" "create" "-v" "/var/lib/crater-agent-workspace/builds/worker-4-tc1/target:/opt/rustwide/target:rw,Z" "-v" "/var/lib/crater-agent-workspace/builds/worker-4-tc1/source:/opt/rustwide/workdir:ro,Z" "-v" "/var/lib/crater-agent-workspace/cargo-home:/opt/rustwide/cargo-home:ro,Z" "-v" "/var/lib/crater-agent-workspace/rustup-home:/opt/rustwide/rustup-home:ro,Z" "-e" "SOURCE_DIR=/opt/rustwide/workdir" "-e" "CARGO_TARGET_DIR=/opt/rustwide/target" "-e" "CARGO_INCREMENTAL=0" "-e" "RUST_BACKTRACE=full" "-e" "RUSTFLAGS=--cap-lints=warn" "-e" "RUSTDOCFLAGS=--cap-lints=warn" "-e" "CARGO_HOME=/opt/rustwide/cargo-home" "-e" "RUSTUP_HOME=/opt/rustwide/rustup-home" "-w" "/opt/rustwide/workdir" "-m" "1610612736" "--user" "0:0" "--network" "none" "ghcr.io/rust-lang/crates-build-env/linux@sha256:2788e3201cd34a07e3172128adcd8b3090168a8e3bcc40d7c032b9dda1df7d1c" "/opt/rustwide/cargo-home/bin/cargo" "+1.75.0" "build" "--frozen" "--message-format=json", kill_on_drop: false }`
[INFO] [stdout] 89f71fed5e0a144200afc73115cc0978a68cdd0380afa82a18a223a57e8750f0
[INFO] running `Command { std: "docker" "start" "-a" "89f71fed5e0a144200afc73115cc0978a68cdd0380afa82a18a223a57e8750f0", kill_on_drop: false }`
[INFO] [stderr] warning: unused manifest key: package.autors
[INFO] [stderr]    Compiling num-traits v0.2.14
[INFO] [stderr]    Compiling libc v0.2.112
[INFO] [stderr]    Compiling num-integer v0.1.44
[INFO] [stderr]    Compiling time v0.1.44
[INFO] [stderr]    Compiling chrono v0.4.19
[INFO] [stderr]    Compiling training_task v0.1.0 (/opt/rustwide/workdir)
[INFO] [stdout] warning: unused imports: `fs`, `input_step`
[INFO] [stdout]  --> src/input_thread.rs:2:17
[INFO] [stdout]   |
[INFO] [stdout] 2 |     use super::{fs, input_step};
[INFO] [stdout]   |                 ^^  ^^^^^^^^^^
[INFO] [stdout]   |
[INFO] [stdout]   = note: `#[warn(unused_imports)]` on by default
[INFO] [stdout] 
[INFO] [stdout] 
[INFO] [stdout] warning: 1 warning emitted
[INFO] [stdout] 
[INFO] [stdout] 
[INFO] [stderr]     Finished dev [unoptimized + debuginfo] target(s) in 1.97s
[INFO] running `Command { std: "docker" "inspect" "89f71fed5e0a144200afc73115cc0978a68cdd0380afa82a18a223a57e8750f0", kill_on_drop: false }`
[INFO] running `Command { std: "docker" "rm" "-f" "89f71fed5e0a144200afc73115cc0978a68cdd0380afa82a18a223a57e8750f0", kill_on_drop: false }`
[INFO] [stdout] 89f71fed5e0a144200afc73115cc0978a68cdd0380afa82a18a223a57e8750f0
[INFO] running `Command { std: "docker" "create" "-v" "/var/lib/crater-agent-workspace/builds/worker-4-tc1/target:/opt/rustwide/target:rw,Z" "-v" "/var/lib/crater-agent-workspace/builds/worker-4-tc1/source:/opt/rustwide/workdir:ro,Z" "-v" "/var/lib/crater-agent-workspace/cargo-home:/opt/rustwide/cargo-home:ro,Z" "-v" "/var/lib/crater-agent-workspace/rustup-home:/opt/rustwide/rustup-home:ro,Z" "-e" "SOURCE_DIR=/opt/rustwide/workdir" "-e" "CARGO_TARGET_DIR=/opt/rustwide/target" "-e" "CARGO_INCREMENTAL=0" "-e" "RUST_BACKTRACE=full" "-e" "RUSTFLAGS=--cap-lints=warn" "-e" "RUSTDOCFLAGS=--cap-lints=warn" "-e" "CARGO_HOME=/opt/rustwide/cargo-home" "-e" "RUSTUP_HOME=/opt/rustwide/rustup-home" "-w" "/opt/rustwide/workdir" "-m" "1610612736" "--user" "0:0" "--network" "none" "ghcr.io/rust-lang/crates-build-env/linux@sha256:2788e3201cd34a07e3172128adcd8b3090168a8e3bcc40d7c032b9dda1df7d1c" "/opt/rustwide/cargo-home/bin/cargo" "+1.75.0" "test" "--frozen" "--no-run" "--message-format=json", kill_on_drop: false }`
[INFO] [stdout] 1e1c5e8275030388f70216781aa2d7a93ac53e6d8872ca34ba63094c74690627
[INFO] running `Command { std: "docker" "start" "-a" "1e1c5e8275030388f70216781aa2d7a93ac53e6d8872ca34ba63094c74690627", kill_on_drop: false }`
[INFO] [stderr] warning: unused manifest key: package.autors
[INFO] [stderr]    Compiling training_task v0.1.0 (/opt/rustwide/workdir)
[INFO] [stderr]     Finished test [unoptimized + debuginfo] target(s) in 0.43s
[INFO] running `Command { std: "docker" "inspect" "1e1c5e8275030388f70216781aa2d7a93ac53e6d8872ca34ba63094c74690627", kill_on_drop: false }`
[INFO] running `Command { std: "docker" "rm" "-f" "1e1c5e8275030388f70216781aa2d7a93ac53e6d8872ca34ba63094c74690627", kill_on_drop: false }`
[INFO] [stdout] 1e1c5e8275030388f70216781aa2d7a93ac53e6d8872ca34ba63094c74690627
[INFO] running `Command { std: "docker" "create" "-v" "/var/lib/crater-agent-workspace/builds/worker-4-tc1/target:/opt/rustwide/target:rw,Z" "-v" "/var/lib/crater-agent-workspace/builds/worker-4-tc1/source:/opt/rustwide/workdir:ro,Z" "-v" "/var/lib/crater-agent-workspace/cargo-home:/opt/rustwide/cargo-home:ro,Z" "-v" "/var/lib/crater-agent-workspace/rustup-home:/opt/rustwide/rustup-home:ro,Z" "-e" "SOURCE_DIR=/opt/rustwide/workdir" "-e" "CARGO_TARGET_DIR=/opt/rustwide/target" "-e" "CARGO_INCREMENTAL=0" "-e" "RUST_BACKTRACE=full" "-e" "RUSTFLAGS=--cap-lints=warn" "-e" "RUSTDOCFLAGS=--cap-lints=warn" "-e" "CARGO_HOME=/opt/rustwide/cargo-home" "-e" "RUSTUP_HOME=/opt/rustwide/rustup-home" "-w" "/opt/rustwide/workdir" "-m" "1610612736" "--user" "0:0" "--network" "none" "ghcr.io/rust-lang/crates-build-env/linux@sha256:2788e3201cd34a07e3172128adcd8b3090168a8e3bcc40d7c032b9dda1df7d1c" "/opt/rustwide/cargo-home/bin/cargo" "+1.75.0" "test" "--frozen", kill_on_drop: false }`
[INFO] [stdout] e92578848622c2692229cc0e229c636201c27e0756088ec5ab3e7d69cf0c904b
[INFO] running `Command { std: "docker" "start" "-a" "e92578848622c2692229cc0e229c636201c27e0756088ec5ab3e7d69cf0c904b", kill_on_drop: false }`
[INFO] [stderr] warning: unused manifest key: package.autors
[INFO] [stderr]     Finished test [unoptimized + debuginfo] target(s) in 0.01s
[INFO] [stderr]      Running unittests src/main.rs (/opt/rustwide/target/debug/deps/training_task-e70d8706a4e3fff2)
[INFO] [stdout] 
[INFO] [stdout] running 4 tests
[INFO] [stdout] test input_thread::test_input::input_step_check_when_file_exist ... FAILED
[INFO] [stdout] test output_thread::test::output_step_check_when_file_exist ... FAILED
[INFO] [stdout] test input_thread::test_input::input_step_check_when_file_no_exist ... ok
[INFO] [stdout] test output_thread::test::output_step_check_when_file_no_exist has been running for over 60 seconds
[ERROR] error running command: no output for 300 seconds
[INFO] running `Command { std: "docker" "inspect" "e92578848622c2692229cc0e229c636201c27e0756088ec5ab3e7d69cf0c904b", kill_on_drop: false }`
[INFO] running `Command { std: "docker" "rm" "-f" "e92578848622c2692229cc0e229c636201c27e0756088ec5ab3e7d69cf0c904b", kill_on_drop: false }`
[INFO] [stdout] e92578848622c2692229cc0e229c636201c27e0756088ec5ab3e7d69cf0c904b
[INFO] testing d3156/training_task against beta-2023-12-22 for beta-1.76-1
[INFO] running `Command { std: "git" "clone" "/workspace/cache/git-repos/https%3A%2F%2Fgithub.com%2Fd3156%2Ftraining_task" "/workspace/builds/worker-4-tc2/source", kill_on_drop: false }`
[INFO] [stderr] Cloning into '/workspace/builds/worker-4-tc2/source'...
[INFO] [stderr] done.
[INFO] validating manifest of git repo https://github.com/d3156/training_task on toolchain beta-2023-12-22
[INFO] running `Command { std: CARGO_HOME="/workspace/cargo-home" RUSTUP_HOME="/workspace/rustup-home" "/workspace/cargo-home/bin/cargo" "+beta-2023-12-22" "metadata" "--manifest-path" "Cargo.toml" "--no-deps", kill_on_drop: false }`
[INFO] started tweaking git repo https://github.com/d3156/training_task
[INFO] finished tweaking git repo https://github.com/d3156/training_task
[INFO] tweaked toml for git repo https://github.com/d3156/training_task written to /workspace/builds/worker-4-tc2/source/Cargo.toml
[INFO] crate git repo https://github.com/d3156/training_task already has a lockfile, it will not be regenerated
[INFO] running `Command { std: CARGO_HOME="/workspace/cargo-home" RUSTUP_HOME="/workspace/rustup-home" "/workspace/cargo-home/bin/cargo" "+beta-2023-12-22" "fetch" "--manifest-path" "Cargo.toml", kill_on_drop: false }`
[INFO] [stderr] warning: unused manifest key: package.autors
[INFO] running `Command { std: "docker" "create" "-v" "/var/lib/crater-agent-workspace/builds/worker-4-tc2/target:/opt/rustwide/target:rw,Z" "-v" "/var/lib/crater-agent-workspace/builds/worker-4-tc2/source:/opt/rustwide/workdir:ro,Z" "-v" "/var/lib/crater-agent-workspace/cargo-home:/opt/rustwide/cargo-home:ro,Z" "-v" "/var/lib/crater-agent-workspace/rustup-home:/opt/rustwide/rustup-home:ro,Z" "-e" "SOURCE_DIR=/opt/rustwide/workdir" "-e" "CARGO_TARGET_DIR=/opt/rustwide/target" "-e" "CARGO_HOME=/opt/rustwide/cargo-home" "-e" "RUSTUP_HOME=/opt/rustwide/rustup-home" "-w" "/opt/rustwide/workdir" "-m" "1610612736" "--user" "0:0" "--network" "none" "ghcr.io/rust-lang/crates-build-env/linux@sha256:2788e3201cd34a07e3172128adcd8b3090168a8e3bcc40d7c032b9dda1df7d1c" "/opt/rustwide/cargo-home/bin/cargo" "+beta-2023-12-22" "metadata" "--no-deps" "--format-version=1", kill_on_drop: false }`
[INFO] [stdout] 627ce446e94c319ae608ac0a5917807ab816cc8936607045f8ccf363a01e1e6c
[INFO] running `Command { std: "docker" "start" "-a" "627ce446e94c319ae608ac0a5917807ab816cc8936607045f8ccf363a01e1e6c", kill_on_drop: false }`
[INFO] running `Command { std: "docker" "inspect" "627ce446e94c319ae608ac0a5917807ab816cc8936607045f8ccf363a01e1e6c", kill_on_drop: false }`
[INFO] running `Command { std: "docker" "rm" "-f" "627ce446e94c319ae608ac0a5917807ab816cc8936607045f8ccf363a01e1e6c", kill_on_drop: false }`
[INFO] [stdout] 627ce446e94c319ae608ac0a5917807ab816cc8936607045f8ccf363a01e1e6c
[INFO] running `Command { std: "docker" "create" "-v" "/var/lib/crater-agent-workspace/builds/worker-4-tc2/target:/opt/rustwide/target:rw,Z" "-v" "/var/lib/crater-agent-workspace/builds/worker-4-tc2/source:/opt/rustwide/workdir:ro,Z" "-v" "/var/lib/crater-agent-workspace/cargo-home:/opt/rustwide/cargo-home:ro,Z" "-v" "/var/lib/crater-agent-workspace/rustup-home:/opt/rustwide/rustup-home:ro,Z" "-e" "SOURCE_DIR=/opt/rustwide/workdir" "-e" "CARGO_TARGET_DIR=/opt/rustwide/target" "-e" "CARGO_INCREMENTAL=0" "-e" "RUST_BACKTRACE=full" "-e" "RUSTFLAGS=--cap-lints=warn" "-e" "RUSTDOCFLAGS=--cap-lints=warn" "-e" "CARGO_HOME=/opt/rustwide/cargo-home" "-e" "RUSTUP_HOME=/opt/rustwide/rustup-home" "-w" "/opt/rustwide/workdir" "-m" "1610612736" "--user" "0:0" "--network" "none" "ghcr.io/rust-lang/crates-build-env/linux@sha256:2788e3201cd34a07e3172128adcd8b3090168a8e3bcc40d7c032b9dda1df7d1c" "/opt/rustwide/cargo-home/bin/cargo" "+beta-2023-12-22" "build" "--frozen" "--message-format=json", kill_on_drop: false }`
[INFO] [stdout] c76cb78332199def4a29aa0195abe3e353ff9afbb8da85cb4d911b3b12638ef7
[INFO] running `Command { std: "docker" "start" "-a" "c76cb78332199def4a29aa0195abe3e353ff9afbb8da85cb4d911b3b12638ef7", kill_on_drop: false }`
[INFO] [stderr] warning: unused manifest key: package.autors
[INFO] [stderr]    Compiling num-traits v0.2.14
[INFO] [stderr]    Compiling libc v0.2.112
[INFO] [stderr]    Compiling num-integer v0.1.44
[INFO] [stderr]    Compiling time v0.1.44
[INFO] [stderr]    Compiling chrono v0.4.19
[INFO] [stderr]    Compiling training_task v0.1.0 (/opt/rustwide/workdir)
[INFO] [stdout] warning: unused imports: `fs`, `input_step`
[INFO] [stdout]  --> src/input_thread.rs:2:17
[INFO] [stdout]   |
[INFO] [stdout] 2 |     use super::{fs, input_step};
[INFO] [stdout]   |                 ^^  ^^^^^^^^^^
[INFO] [stdout]   |
[INFO] [stdout]   = note: `#[warn(unused_imports)]` on by default
[INFO] [stdout] 
[INFO] [stdout] 
[INFO] [stdout] warning: 1 warning emitted
[INFO] [stdout] 
[INFO] [stdout] 
[INFO] [stderr]     Finished dev [unoptimized + debuginfo] target(s) in 2.09s
[INFO] running `Command { std: "docker" "inspect" "c76cb78332199def4a29aa0195abe3e353ff9afbb8da85cb4d911b3b12638ef7", kill_on_drop: false }`
[INFO] running `Command { std: "docker" "rm" "-f" "c76cb78332199def4a29aa0195abe3e353ff9afbb8da85cb4d911b3b12638ef7", kill_on_drop: false }`
[INFO] [stdout] c76cb78332199def4a29aa0195abe3e353ff9afbb8da85cb4d911b3b12638ef7
[INFO] running `Command { std: "docker" "create" "-v" "/var/lib/crater-agent-workspace/builds/worker-4-tc2/target:/opt/rustwide/target:rw,Z" "-v" "/var/lib/crater-agent-workspace/builds/worker-4-tc2/source:/opt/rustwide/workdir:ro,Z" "-v" "/var/lib/crater-agent-workspace/cargo-home:/opt/rustwide/cargo-home:ro,Z" "-v" "/var/lib/crater-agent-workspace/rustup-home:/opt/rustwide/rustup-home:ro,Z" "-e" "SOURCE_DIR=/opt/rustwide/workdir" "-e" "CARGO_TARGET_DIR=/opt/rustwide/target" "-e" "CARGO_INCREMENTAL=0" "-e" "RUST_BACKTRACE=full" "-e" "RUSTFLAGS=--cap-lints=warn" "-e" "RUSTDOCFLAGS=--cap-lints=warn" "-e" "CARGO_HOME=/opt/rustwide/cargo-home" "-e" "RUSTUP_HOME=/opt/rustwide/rustup-home" "-w" "/opt/rustwide/workdir" "-m" "1610612736" "--user" "0:0" "--network" "none" "ghcr.io/rust-lang/crates-build-env/linux@sha256:2788e3201cd34a07e3172128adcd8b3090168a8e3bcc40d7c032b9dda1df7d1c" "/opt/rustwide/cargo-home/bin/cargo" "+beta-2023-12-22" "test" "--frozen" "--no-run" "--message-format=json", kill_on_drop: false }`
[INFO] [stdout] 678523e84abd3a63bdcef1b8aaae02b102be4a897df5c799732b903828b81b0a
[INFO] running `Command { std: "docker" "start" "-a" "678523e84abd3a63bdcef1b8aaae02b102be4a897df5c799732b903828b81b0a", kill_on_drop: false }`
[INFO] [stderr] warning: unused manifest key: package.autors
[INFO] [stderr]    Compiling training_task v0.1.0 (/opt/rustwide/workdir)
[INFO] [stderr]     Finished test [unoptimized + debuginfo] target(s) in 0.29s
[INFO] running `Command { std: "docker" "inspect" "678523e84abd3a63bdcef1b8aaae02b102be4a897df5c799732b903828b81b0a", kill_on_drop: false }`
[INFO] running `Command { std: "docker" "rm" "-f" "678523e84abd3a63bdcef1b8aaae02b102be4a897df5c799732b903828b81b0a", kill_on_drop: false }`
[INFO] [stdout] 678523e84abd3a63bdcef1b8aaae02b102be4a897df5c799732b903828b81b0a
[INFO] running `Command { std: "docker" "create" "-v" "/var/lib/crater-agent-workspace/builds/worker-4-tc2/target:/opt/rustwide/target:rw,Z" "-v" "/var/lib/crater-agent-workspace/builds/worker-4-tc2/source:/opt/rustwide/workdir:ro,Z" "-v" "/var/lib/crater-agent-workspace/cargo-home:/opt/rustwide/cargo-home:ro,Z" "-v" "/var/lib/crater-agent-workspace/rustup-home:/opt/rustwide/rustup-home:ro,Z" "-e" "SOURCE_DIR=/opt/rustwide/workdir" "-e" "CARGO_TARGET_DIR=/opt/rustwide/target" "-e" "CARGO_INCREMENTAL=0" "-e" "RUST_BACKTRACE=full" "-e" "RUSTFLAGS=--cap-lints=warn" "-e" "RUSTDOCFLAGS=--cap-lints=warn" "-e" "CARGO_HOME=/opt/rustwide/cargo-home" "-e" "RUSTUP_HOME=/opt/rustwide/rustup-home" "-w" "/opt/rustwide/workdir" "-m" "1610612736" "--user" "0:0" "--network" "none" "ghcr.io/rust-lang/crates-build-env/linux@sha256:2788e3201cd34a07e3172128adcd8b3090168a8e3bcc40d7c032b9dda1df7d1c" "/opt/rustwide/cargo-home/bin/cargo" "+beta-2023-12-22" "test" "--frozen", kill_on_drop: false }`
[INFO] [stdout] eb3f1a9e1f33b6d0dca7fcb83547cef2f059c4e14106f404dcf4d5a6edd9e09a
[INFO] running `Command { std: "docker" "start" "-a" "eb3f1a9e1f33b6d0dca7fcb83547cef2f059c4e14106f404dcf4d5a6edd9e09a", kill_on_drop: false }`
[INFO] [stderr] warning: unused manifest key: package.autors
[INFO] [stderr]     Finished test [unoptimized + debuginfo] target(s) in 0.01s
[INFO] [stderr]      Running unittests src/main.rs (/opt/rustwide/target/debug/deps/training_task-e0a3bba824c4c3cb)
[INFO] [stdout] 
[INFO] [stdout] running 4 tests
[INFO] [stdout] test output_thread::test::output_step_check_when_file_exist ... FAILED
[INFO] [stdout] test input_thread::test_input::input_step_check_when_file_exist ... FAILED
[INFO] [stdout] test input_thread::test_input::input_step_check_when_file_no_exist ... ok
[INFO] [stdout] test output_thread::test::output_step_check_when_file_no_exist has been running for over 60 seconds
[INFO] [stderr] error: test failed, to rerun pass `--bin training_task`
[INFO] [stderr] 
[INFO] [stderr] Caused by:
[INFO] [stderr]   process didn't exit successfully: `/opt/rustwide/target/debug/deps/training_task-e0a3bba824c4c3cb` (signal: 9, SIGKILL: kill)
[INFO] running `Command { std: "docker" "inspect" "eb3f1a9e1f33b6d0dca7fcb83547cef2f059c4e14106f404dcf4d5a6edd9e09a", kill_on_drop: false }`
[INFO] running `Command { std: "docker" "rm" "-f" "eb3f1a9e1f33b6d0dca7fcb83547cef2f059c4e14106f404dcf4d5a6edd9e09a", kill_on_drop: false }`
[INFO] [stdout] eb3f1a9e1f33b6d0dca7fcb83547cef2f059c4e14106f404dcf4d5a6edd9e09a
