[INFO] cloning repository https://github.com/curlz-rs/curlz
[INFO] running `Command { std: "git" "-c" "credential.helper=" "-c" "credential.helper=/workspace/cargo-home/bin/git-credential-null" "clone" "--bare" "https://github.com/curlz-rs/curlz" "/workspace/cache/git-repos/https%3A%2F%2Fgithub.com%2Fcurlz-rs%2Fcurlz", kill_on_drop: false }`
[INFO] [stderr] Cloning into bare repository '/workspace/cache/git-repos/https%3A%2F%2Fgithub.com%2Fcurlz-rs%2Fcurlz'...
[INFO] running `Command { std: "git" "rev-parse" "HEAD", kill_on_drop: false }`
[INFO] [stdout] 90b065c09db3147555cb195fee63d0848941b971
[INFO] testing curlz-rs/curlz against 1.75.0 for beta-1.76-1
[INFO] running `Command { std: "git" "clone" "/workspace/cache/git-repos/https%3A%2F%2Fgithub.com%2Fcurlz-rs%2Fcurlz" "/workspace/builds/worker-2-tc1/source", kill_on_drop: false }`
[INFO] [stderr] Cloning into '/workspace/builds/worker-2-tc1/source'...
[INFO] [stderr] done.
[INFO] validating manifest of git repo https://github.com/curlz-rs/curlz on toolchain 1.75.0
[INFO] running `Command { std: CARGO_HOME="/workspace/cargo-home" RUSTUP_HOME="/workspace/rustup-home" "/workspace/cargo-home/bin/cargo" "+1.75.0" "metadata" "--manifest-path" "Cargo.toml" "--no-deps", kill_on_drop: false }`
[INFO] started tweaking git repo https://github.com/curlz-rs/curlz
[INFO] finished tweaking git repo https://github.com/curlz-rs/curlz
[INFO] tweaked toml for git repo https://github.com/curlz-rs/curlz written to /workspace/builds/worker-2-tc1/source/Cargo.toml
[INFO] crate git repo https://github.com/curlz-rs/curlz already has a lockfile, it will not be regenerated
[INFO] running `Command { std: CARGO_HOME="/workspace/cargo-home" RUSTUP_HOME="/workspace/rustup-home" "/workspace/cargo-home/bin/cargo" "+1.75.0" "fetch" "--manifest-path" "Cargo.toml", kill_on_drop: false }`
[INFO] [stderr] warning: virtual workspace defaulting to `resolver = "1"` despite one or more workspace members being on edition 2021 which implies `resolver = "2"`
[INFO] [stderr] note: to keep the current resolver, specify `workspace.resolver = "1"` in the workspace root's manifest
[INFO] [stderr] note: to use the edition 2021 resolver, specify `workspace.resolver = "2"` in the workspace root's manifest
[INFO] [stderr] note: for more details see https://doc.rust-lang.org/cargo/reference/resolver.html#resolver-versions
[INFO] [stderr]     Updating crates.io index
[INFO] [stderr]  Downloading crates ...
[INFO] [stderr]   Downloaded predicates v3.0.2
[INFO] [stderr]   Downloaded filenamify v0.1.0
[INFO] [stderr]   Downloaded minijinja-stack-ref v0.32.1
[INFO] running `Command { std: "docker" "create" "-v" "/var/lib/crater-agent-workspace/builds/worker-2-tc1/target:/opt/rustwide/target:rw,Z" "-v" "/var/lib/crater-agent-workspace/builds/worker-2-tc1/source:/opt/rustwide/workdir:ro,Z" "-v" "/var/lib/crater-agent-workspace/cargo-home:/opt/rustwide/cargo-home:ro,Z" "-v" "/var/lib/crater-agent-workspace/rustup-home:/opt/rustwide/rustup-home:ro,Z" "-e" "SOURCE_DIR=/opt/rustwide/workdir" "-e" "CARGO_TARGET_DIR=/opt/rustwide/target" "-e" "CARGO_HOME=/opt/rustwide/cargo-home" "-e" "RUSTUP_HOME=/opt/rustwide/rustup-home" "-w" "/opt/rustwide/workdir" "-m" "1610612736" "--user" "0:0" "--network" "none" "ghcr.io/rust-lang/crates-build-env/linux@sha256:2788e3201cd34a07e3172128adcd8b3090168a8e3bcc40d7c032b9dda1df7d1c" "/opt/rustwide/cargo-home/bin/cargo" "+1.75.0" "metadata" "--no-deps" "--format-version=1", kill_on_drop: false }`
[INFO] [stdout] ae220a87471bd26154b30e6b2f6e8629432b36d23b7b006d31129c3fd44bfd4c
[INFO] running `Command { std: "docker" "start" "-a" "ae220a87471bd26154b30e6b2f6e8629432b36d23b7b006d31129c3fd44bfd4c", kill_on_drop: false }`
[INFO] running `Command { std: "docker" "inspect" "ae220a87471bd26154b30e6b2f6e8629432b36d23b7b006d31129c3fd44bfd4c", kill_on_drop: false }`
[INFO] running `Command { std: "docker" "rm" "-f" "ae220a87471bd26154b30e6b2f6e8629432b36d23b7b006d31129c3fd44bfd4c", kill_on_drop: false }`
[INFO] [stdout] ae220a87471bd26154b30e6b2f6e8629432b36d23b7b006d31129c3fd44bfd4c
[INFO] running `Command { std: "docker" "create" "-v" "/var/lib/crater-agent-workspace/builds/worker-2-tc1/target:/opt/rustwide/target:rw,Z" "-v" "/var/lib/crater-agent-workspace/builds/worker-2-tc1/source:/opt/rustwide/workdir:ro,Z" "-v" "/var/lib/crater-agent-workspace/cargo-home:/opt/rustwide/cargo-home:ro,Z" "-v" "/var/lib/crater-agent-workspace/rustup-home:/opt/rustwide/rustup-home:ro,Z" "-e" "SOURCE_DIR=/opt/rustwide/workdir" "-e" "CARGO_TARGET_DIR=/opt/rustwide/target" "-e" "CARGO_INCREMENTAL=0" "-e" "RUST_BACKTRACE=full" "-e" "RUSTFLAGS=--cap-lints=warn" "-e" "RUSTDOCFLAGS=--cap-lints=warn" "-e" "CARGO_HOME=/opt/rustwide/cargo-home" "-e" "RUSTUP_HOME=/opt/rustwide/rustup-home" "-w" "/opt/rustwide/workdir" "-m" "1610612736" "--user" "0:0" "--network" "none" "ghcr.io/rust-lang/crates-build-env/linux@sha256:2788e3201cd34a07e3172128adcd8b3090168a8e3bcc40d7c032b9dda1df7d1c" "/opt/rustwide/cargo-home/bin/cargo" "+1.75.0" "build" "--frozen" "--message-format=json", kill_on_drop: false }`
[INFO] [stdout] 1c1f9914b85d47cd385e49fc5b6e689ec2de52618e66f4d42c44ede4c1bcf8c9
[INFO] running `Command { std: "docker" "start" "-a" "1c1f9914b85d47cd385e49fc5b6e689ec2de52618e66f4d42c44ede4c1bcf8c9", kill_on_drop: false }`
[INFO] [stderr] warning: virtual workspace defaulting to `resolver = "1"` despite one or more workspace members being on edition 2021 which implies `resolver = "2"`
[INFO] [stderr] note: to keep the current resolver, specify `workspace.resolver = "1"` in the workspace root's manifest
[INFO] [stderr] note: to use the edition 2021 resolver, specify `workspace.resolver = "2"` in the workspace root's manifest
[INFO] [stderr] note: for more details see https://doc.rust-lang.org/cargo/reference/resolver.html#resolver-versions
[INFO] [stderr]    Compiling proc-macro2 v1.0.53
[INFO] [stderr]    Compiling quote v1.0.26
[INFO] [stderr]    Compiling libc v0.2.140
[INFO] [stderr]    Compiling unicode-ident v1.0.8
[INFO] [stderr]    Compiling io-lifetimes v1.0.9
[INFO] [stderr]    Compiling rustix v0.36.11
[INFO] [stderr]    Compiling serde_derive v1.0.160
[INFO] [stderr]    Compiling serde v1.0.160
[INFO] [stderr]    Compiling linux-raw-sys v0.1.4
[INFO] [stderr]    Compiling memchr v2.5.0
[INFO] [stderr]    Compiling utf8parse v0.2.1
[INFO] [stderr]    Compiling once_cell v1.17.1
[INFO] [stderr]    Compiling itoa v1.0.6
[INFO] [stderr]    Compiling num-traits v0.2.15
[INFO] [stderr]    Compiling num-integer v0.1.45
[INFO] [stderr]    Compiling indexmap v1.9.2
[INFO] [stderr]    Compiling anstyle-parse v0.1.1
[INFO] [stderr]    Compiling num-bigint v0.4.3
[INFO] [stderr]    Compiling cc v1.0.79
[INFO] [stderr]    Compiling concolor-override v1.0.0
[INFO] [stderr]    Compiling time-core v0.1.0
[INFO] [stderr]    Compiling rustix v0.37.6
[INFO] [stderr]    Compiling hashbrown v0.12.3
[INFO] [stderr]    Compiling concolor-query v0.3.3
[INFO] [stderr]    Compiling anstyle v0.3.5
[INFO] [stderr]    Compiling thiserror v1.0.40
[INFO] [stderr]    Compiling log v0.4.17
[INFO] [stderr]    Compiling time-macros v0.2.8
[INFO] [stderr]    Compiling strsim v0.10.0
[INFO] [stderr]    Compiling ryu v1.0.13
[INFO] [stderr]    Compiling serde_json v1.0.95
[INFO] [stderr]    Compiling regex-syntax v0.6.29
[INFO] [stderr]    Compiling linux-raw-sys v0.3.1
[INFO] [stderr]    Compiling heck v0.4.1
[INFO] [stderr]    Compiling clap_lex v0.4.1
[INFO] [stderr]    Compiling lazy_static v1.4.0
[INFO] [stderr]    Compiling aho-corasick v0.7.20
[INFO] [stderr]    Compiling spin v0.5.2
[INFO] [stderr]    Compiling anyhow v1.0.70
[INFO] [stderr]    Compiling unicode-width v0.1.10
[INFO] [stderr]    Compiling base64 v0.13.1
[INFO] [stderr]    Compiling untrusted v0.7.1
[INFO] [stderr]    Compiling fastrand v1.9.0
[INFO] [stderr]    Compiling shell-words v1.1.0
[INFO] [stderr]    Compiling syn v2.0.8
[INFO] [stderr]    Compiling termcolor v1.2.0
[INFO] [stderr]    Compiling zeroize v1.5.7
[INFO] [stderr]    Compiling pem v1.1.1
[INFO] [stderr]    Compiling base64 v0.21.0
[INFO] [stderr]    Compiling unsafe-libyaml v0.2.7
[INFO] [stderr]    Compiling iana-time-zone v0.1.54
[INFO] [stderr]    Compiling humantime v2.1.0
[INFO] [stderr]    Compiling unicode-segmentation v1.10.1
[INFO] [stderr]    Compiling dotenvy v0.15.7
[INFO] [stderr]    Compiling ring v0.16.20
[INFO] [stderr]    Compiling chrono v0.4.24
[INFO] [stderr]    Compiling convert_case v0.6.0
[INFO] [stderr]    Compiling console v0.15.5
[INFO] [stderr]    Compiling time v0.3.20
[INFO] [stderr]    Compiling regex v1.7.2
[INFO] [stderr]    Compiling is-terminal v0.4.5
[INFO] [stderr]    Compiling anstream v0.2.6
[INFO] [stderr]    Compiling filenamify v0.1.0
[INFO] [stderr]    Compiling env_logger v0.10.0
[INFO] [stderr]    Compiling clap_builder v4.2.1
[INFO] [stderr]    Compiling tempfile v3.5.0
[INFO] [stderr]    Compiling dialoguer v0.10.4
[INFO] [stderr]    Compiling thiserror-impl v1.0.40
[INFO] [stderr]    Compiling clap_derive v4.2.0
[INFO] [stderr]    Compiling simple_asn1 v0.6.2
[INFO] [stderr]    Compiling clap v4.2.1
[INFO] [stderr]    Compiling clap-verbosity-flag v2.0.1
[INFO] [stderr]    Compiling minijinja v0.32.1
[INFO] [stderr]    Compiling serde_yaml v0.9.19
[INFO] [stderr]    Compiling jsonwebtoken v8.3.0
[INFO] [stderr]    Compiling minijinja-stack-ref v0.32.1
[INFO] [stderr]    Compiling curlz v0.1.0-alpha.12 (/opt/rustwide/workdir/curlz)
[INFO] [stderr]     Finished dev [unoptimized + debuginfo] target(s) in 12.37s
[INFO] running `Command { std: "docker" "inspect" "1c1f9914b85d47cd385e49fc5b6e689ec2de52618e66f4d42c44ede4c1bcf8c9", kill_on_drop: false }`
[INFO] running `Command { std: "docker" "rm" "-f" "1c1f9914b85d47cd385e49fc5b6e689ec2de52618e66f4d42c44ede4c1bcf8c9", kill_on_drop: false }`
[INFO] [stdout] 1c1f9914b85d47cd385e49fc5b6e689ec2de52618e66f4d42c44ede4c1bcf8c9
[INFO] running `Command { std: "docker" "create" "-v" "/var/lib/crater-agent-workspace/builds/worker-2-tc1/target:/opt/rustwide/target:rw,Z" "-v" "/var/lib/crater-agent-workspace/builds/worker-2-tc1/source:/opt/rustwide/workdir:ro,Z" "-v" "/var/lib/crater-agent-workspace/cargo-home:/opt/rustwide/cargo-home:ro,Z" "-v" "/var/lib/crater-agent-workspace/rustup-home:/opt/rustwide/rustup-home:ro,Z" "-e" "SOURCE_DIR=/opt/rustwide/workdir" "-e" "CARGO_TARGET_DIR=/opt/rustwide/target" "-e" "CARGO_INCREMENTAL=0" "-e" "RUST_BACKTRACE=full" "-e" "RUSTFLAGS=--cap-lints=warn" "-e" "RUSTDOCFLAGS=--cap-lints=warn" "-e" "CARGO_HOME=/opt/rustwide/cargo-home" "-e" "RUSTUP_HOME=/opt/rustwide/rustup-home" "-w" "/opt/rustwide/workdir" "-m" "1610612736" "--user" "0:0" "--network" "none" "ghcr.io/rust-lang/crates-build-env/linux@sha256:2788e3201cd34a07e3172128adcd8b3090168a8e3bcc40d7c032b9dda1df7d1c" "/opt/rustwide/cargo-home/bin/cargo" "+1.75.0" "test" "--frozen" "--no-run" "--message-format=json", kill_on_drop: false }`
[INFO] [stdout] 7de8a7ed0e559f40b9fa945ced94bd810669a97e1b2e5d5c18106924e2ebbe9f
[INFO] running `Command { std: "docker" "start" "-a" "7de8a7ed0e559f40b9fa945ced94bd810669a97e1b2e5d5c18106924e2ebbe9f", kill_on_drop: false }`
[INFO] [stderr] warning: virtual workspace defaulting to `resolver = "1"` despite one or more workspace members being on edition 2021 which implies `resolver = "2"`
[INFO] [stderr] note: to keep the current resolver, specify `workspace.resolver = "1"` in the workspace root's manifest
[INFO] [stderr] note: to use the edition 2021 resolver, specify `workspace.resolver = "2"` in the workspace root's manifest
[INFO] [stderr] note: for more details see https://doc.rust-lang.org/cargo/reference/resolver.html#resolver-versions
[INFO] [stderr]    Compiling futures-core v0.3.27
[INFO] [stderr]    Compiling pin-project-lite v0.2.9
[INFO] [stderr]    Compiling syn v1.0.109
[INFO] [stderr]    Compiling slab v0.4.8
[INFO] [stderr]    Compiling futures-sink v0.3.27
[INFO] [stderr]    Compiling bytes v1.4.0
[INFO] [stderr]    Compiling futures-task v0.3.27
[INFO] [stderr]    Compiling futures-io v0.3.27
[INFO] [stderr]    Compiling futures-channel v0.3.27
[INFO] [stderr]    Compiling futures-util v0.3.27
[INFO] [stderr]    Compiling tokio v1.27.0
[INFO] [stderr]    Compiling getrandom v0.1.16
[INFO] [stderr]    Compiling pin-utils v0.1.0
[INFO] [stderr]    Compiling semver v1.0.17
[INFO] [stderr]    Compiling tokio-macros v2.0.0
[INFO] [stderr]    Compiling mio v0.8.6
[INFO] [stderr]    Compiling socket2 v0.4.9
[INFO] [stderr]    Compiling percent-encoding v2.2.0
[INFO] [stderr]    Compiling crossbeam-utils v0.8.15
[INFO] [stderr]    Compiling tinyvec_macros v0.1.1
[INFO] [stderr]    Compiling fnv v1.0.7
[INFO] [stderr]    Compiling tinyvec v1.6.0
[INFO] [stderr]    Compiling tracing-core v0.1.30
[INFO] [stderr]    Compiling form_urlencoded v1.1.0
[INFO] [stderr]    Compiling async-trait v0.1.67
[INFO] [stderr]    Compiling ppv-lite86 v0.2.17
[INFO] [stderr]    Compiling unicode-bidi v0.3.13
[INFO] [stderr]    Compiling httparse v1.8.0
[INFO] [stderr]    Compiling http v0.2.9
[INFO] [stderr]    Compiling rand_core v0.5.1
[INFO] [stderr]    Compiling parking v2.0.0
[INFO] [stderr]    Compiling rustc_version v0.4.0
[INFO] [stderr]    Compiling tracing v0.1.37
[INFO] [stderr]    Compiling concurrent-queue v2.1.0
[INFO] [stderr]    Compiling rand_chacha v0.2.2
[INFO] [stderr]    Compiling try-lock v0.2.4
[INFO] [stderr]    Compiling doc-comment v0.3.3
[INFO] [stderr]    Compiling waker-fn v1.1.0
[INFO] [stderr]    Compiling http-types v2.12.0
[INFO] [stderr]    Compiling event-listener v2.5.3
[INFO] [stderr]    Compiling either v1.8.1
[INFO] [stderr]    Compiling predicates-core v1.0.6
[INFO] [stderr]    Compiling rand v0.7.3
[INFO] [stderr]    Compiling async-channel v1.8.0
[INFO] [stderr]    Compiling futures-lite v1.12.0
[INFO] [stderr]    Compiling rstest_macros v0.17.0
[INFO] [stderr]    Compiling itertools v0.10.5
[INFO] [stderr]    Compiling want v0.3.0
[INFO] [stderr]    Compiling serde_urlencoded v0.7.1
[INFO] [stderr]    Compiling serde_qs v0.8.5
[INFO] [stderr]    Compiling num_cpus v1.15.0
[INFO] [stderr]    Compiling unicode-normalization v0.1.22
[INFO] [stderr]    Compiling float-cmp v0.9.0
[INFO] [stderr]    Compiling termtree v0.4.1
[INFO] [stderr]    Compiling infer v0.2.3
[INFO] [stderr]    Compiling http-body v0.4.5
[INFO] [stderr]    Compiling retain_mut v0.1.9
[INFO] [stderr]    Compiling normalize-line-endings v0.3.0
[INFO] [stderr]    Compiling linked-hash-map v0.5.6
[INFO] [stderr]    Compiling deadpool-runtime v0.1.2
[INFO] [stderr]    Compiling httpdate v1.0.2
[INFO] [stderr]    Compiling futures-timer v3.0.2
[INFO] [stderr]    Compiling regex-automata v0.1.10
[INFO] [stderr]    Compiling difflib v0.4.0
[INFO] [stderr]    Compiling tower-service v0.3.2
[INFO] [stderr]    Compiling yaml-rust v0.4.5
[INFO] [stderr]    Compiling idna v0.3.0
[INFO] [stderr]    Compiling predicates-tree v1.0.9
[INFO] [stderr]    Compiling bstr v1.4.0
[INFO] [stderr]    Compiling assert-json-diff v2.0.2
[INFO] [stderr]    Compiling wait-timeout v0.2.0
[INFO] [stderr]    Compiling similar v2.2.1
[INFO] [stderr]    Compiling yansi v0.5.1
[INFO] [stderr]    Compiling diff v0.1.13
[INFO] [stderr]    Compiling indoc v2.0.1
[INFO] [stderr]    Compiling pretty_assertions v1.3.0
[INFO] [stderr]    Compiling url v2.3.1
[INFO] [stderr]    Compiling predicates v3.0.2
[INFO] [stderr]    Compiling insta v1.29.0
[INFO] [stderr]    Compiling assert_cmd v2.0.10
[INFO] [stderr]    Compiling tokio-util v0.7.7
[INFO] [stderr]    Compiling deadpool v0.9.5
[INFO] [stderr]    Compiling futures-macro v0.3.27
[INFO] [stderr]    Compiling futures-executor v0.3.27
[INFO] [stderr]    Compiling h2 v0.3.17
[INFO] [stderr]    Compiling futures v0.3.27
[INFO] [stderr]    Compiling rstest v0.17.0
[INFO] [stderr]    Compiling hyper v0.14.25
[INFO] [stderr]    Compiling wiremock v0.5.18
[INFO] [stderr]    Compiling curlz v0.1.0-alpha.12 (/opt/rustwide/workdir/curlz)
[INFO] [stderr]     Finished test [unoptimized + debuginfo] target(s) in 15.67s
[INFO] running `Command { std: "docker" "inspect" "7de8a7ed0e559f40b9fa945ced94bd810669a97e1b2e5d5c18106924e2ebbe9f", kill_on_drop: false }`
[INFO] running `Command { std: "docker" "rm" "-f" "7de8a7ed0e559f40b9fa945ced94bd810669a97e1b2e5d5c18106924e2ebbe9f", kill_on_drop: false }`
[INFO] [stdout] 7de8a7ed0e559f40b9fa945ced94bd810669a97e1b2e5d5c18106924e2ebbe9f
[INFO] running `Command { std: "docker" "create" "-v" "/var/lib/crater-agent-workspace/builds/worker-2-tc1/target:/opt/rustwide/target:rw,Z" "-v" "/var/lib/crater-agent-workspace/builds/worker-2-tc1/source:/opt/rustwide/workdir:ro,Z" "-v" "/var/lib/crater-agent-workspace/cargo-home:/opt/rustwide/cargo-home:ro,Z" "-v" "/var/lib/crater-agent-workspace/rustup-home:/opt/rustwide/rustup-home:ro,Z" "-e" "SOURCE_DIR=/opt/rustwide/workdir" "-e" "CARGO_TARGET_DIR=/opt/rustwide/target" "-e" "CARGO_INCREMENTAL=0" "-e" "RUST_BACKTRACE=full" "-e" "RUSTFLAGS=--cap-lints=warn" "-e" "RUSTDOCFLAGS=--cap-lints=warn" "-e" "CARGO_HOME=/opt/rustwide/cargo-home" "-e" "RUSTUP_HOME=/opt/rustwide/rustup-home" "-w" "/opt/rustwide/workdir" "-m" "1610612736" "--user" "0:0" "--network" "none" "ghcr.io/rust-lang/crates-build-env/linux@sha256:2788e3201cd34a07e3172128adcd8b3090168a8e3bcc40d7c032b9dda1df7d1c" "/opt/rustwide/cargo-home/bin/cargo" "+1.75.0" "test" "--frozen", kill_on_drop: false }`
[INFO] [stdout] aa166b9d930247ab3a04fa3313a11b4c5fa8b4cbc9364b41d5af8efb5825a67b
[INFO] running `Command { std: "docker" "start" "-a" "aa166b9d930247ab3a04fa3313a11b4c5fa8b4cbc9364b41d5af8efb5825a67b", kill_on_drop: false }`
[INFO] [stderr] warning: virtual workspace defaulting to `resolver = "1"` despite one or more workspace members being on edition 2021 which implies `resolver = "2"`
[INFO] [stderr] note: to keep the current resolver, specify `workspace.resolver = "1"` in the workspace root's manifest
[INFO] [stderr] note: to use the edition 2021 resolver, specify `workspace.resolver = "2"` in the workspace root's manifest
[INFO] [stderr] note: for more details see https://doc.rust-lang.org/cargo/reference/resolver.html#resolver-versions
[INFO] [stderr]     Finished test [unoptimized + debuginfo] target(s) in 0.14s
[INFO] [stderr]      Running unittests src/curlz/lib.rs (/opt/rustwide/target/debug/deps/curlz-2836e2f72ebaceb5)
[INFO] [stdout] 
[INFO] [stdout] running 49 tests
[INFO] [stdout] test cli::header_args::tests::should_parse_the_header_arg_flag_away ... ok
[INFO] [stdout] test cli::sub_commands::request::tests::should_extract_a_url_as_last_argument ... ok
[INFO] [stdout] test cli::sub_commands::request::tests::should_parse_user_to_header ... ok
[INFO] [stdout] test cli::sub_commands::request::tests::should_parse_user_to_header_without_password ... ok
[INFO] [stdout] test cli::sub_commands::request::tests::should_extract_headers ... ok
[INFO] [stdout] test cli::sub_commands::request::tests::should_split_defines_by_equal ... ok
[INFO] [stdout] test cli::sub_commands::request::tests::should_extract_method ... ok
[INFO] [stdout] test domain::environment::env::tests::should_gracefully_ignore_not_existing_files ... ok
[INFO] [stdout] test domain::environment::env::tests::should_load_a_dot_env_file ... ok
[INFO] [stdout] test domain::environment::env::tests::should_load_a_yaml_env_file ... ok
[INFO] [stdout] test domain::environment::dot_env::tests::should_try_from_dot_env_file ... ok
[INFO] [stdout] test domain::http::http_headers::tests::should_parse_the_header_arg_flag_away ... ok
[INFO] [stdout] test domain::http::http_method::tests::should_convert_to_uppercase_string ... ok
[INFO] [stdout] test domain::request::issue_request::tests::how_to_issue_a_request ... ok
[INFO] [stdout] test domain::http::http_version::tests::should_convert_to_uppercase_string ... ok
[INFO] [stdout] test domain::http::http_version::tests::should_parse_str_to_http_method_gracefully ... ok
[INFO] [stdout] test domain::environment::yaml_env::tests::should_try_from_yaml_env_file ... ok
[INFO] [stdout] test template::functions::auth::jwt::tests::test_prepare_claim_exp::test_default_value_on_invalid ... ok
[INFO] [stdout] test domain::http::http_method::tests::should_parse_str_to_http_method_gracefully ... ok
[INFO] [stdout] test template::functions::auth::jwt::tests::test_prepare_claim_exp::test_default_value ... ok
[INFO] [stdout] test template::functions::auth::jwt::tests::test_prepare_claim_exp::test_numerical_value_of_other_type ... ok
[INFO] [stdout] test template::functions::auth::jwt::tests::test_prepare_claim_exp::test_numerical_value ... ok
[INFO] [stdout] test template::functions::auth::basic::tests::should_encode_base64 ... ok
[INFO] [stdout] test template::functions::chrono::timestamp::tests::test_timestamp ... ok
[INFO] [stdout] test template::functions::auth::jwt::tests::test_prepare_claim_exp::test_string_parsing ... ok
[INFO] [stdout] test template::functions::auth::jwt::tests::should_set_expiry_when_missing::case_4 ... ok
[INFO] [stdout] test template::functions::auth::jwt::tests::should_set_expiry_when_missing::case_3 ... ok
[INFO] [stdout] test template::functions::auth::jwt::tests::should_set_expiry_when_missing::case_1 ... ok
[INFO] [stdout] test template::functions::auth::jwt::tests::should_set_expiry_when_missing::case_2 ... ok
[INFO] [stdout] test test_utils::tests::test_create_file_cleanup ... ok
[INFO] [stdout] test test_utils::tests::test_create_file ... ok
[INFO] [stdout] test utils::tests::should_not_split_defines_if_no_equal_is_contained ... ok
[INFO] [stdout] test template::tests::test_renderer_from_environment ... ok
[INFO] [stdout] test test_utils::tests::test_create_file_with_dir ... ok
[INFO] [stdout] test utils::tests::should_split_defines_by_equal_happy_path ... ok
[INFO] [stdout] test utils::tests::should_split_defines_by_equal_unhappy_path ... ok
[INFO] [stdout] test domain::bookmark::collection_impl::bookmark_folder_collection::tests::should_handle_save_bookmark_command ... ok
[INFO] [stdout] test cli::sub_commands::request::tests::should_bail_on_garbage_in - should panic ... ok
[INFO] [stdout] test domain::environment::env::tests::should_not_load_a_json_env_file - should panic ... ok
[INFO] [stdout] test domain::environment::env::tests::should_not_load_a_env_directory - should panic ... ok
[INFO] [stdout] test domain::http::http_method::tests::should_throw_unsupported_methods - should panic ... ok
[INFO] [stdout] test domain::http::http_version::tests::should_throw_unsupported_methods - should panic ... ok
[INFO] [stdout] test template::functions::auth::jwt::tests::unhappy_path::should_throw_when_invalid_claims_are_provided - should panic ... ok
[INFO] [stdout] test template::functions::auth::jwt::tests::unhappy_path::should_throw_when_invalid_expire_date_are_provided - should panic ... ok
[INFO] [stdout] test template::functions::auth::jwt::tests::unhappy_path::should_throw_when_signing_key_is_missing - should panic ... ok
[INFO] [stdout] test template::functions::process_env::tests::should_provide_process_env_var_via_env_object ... FAILED
[INFO] [stdout] test template::functions::auth::jwt::tests::unhappy_path::should_throw_when_signing_key_is_of_invalid_type - should panic ... ok
[INFO] [stdout] test template::functions::process_env::tests::should_throw_when_var_name_is_missing ... FAILED
[INFO] [stdout] test template::functions::process_env::tests::should_resolve_lazy_via_env_virtuell_object ... FAILED
[INFO] [stdout] 
[INFO] [stdout] failures:
[INFO] [stdout] 
[INFO] [stdout] ---- template::functions::process_env::tests::should_provide_process_env_var_via_env_object stdout ----
[INFO] [stdout] CARGO: /opt/rustwide/rustup-home/toolchains/1.75.0-x86_64-unknown-linux-gnu/bin/cargo
[INFO] [stdout] CARGO_HOME: /opt/rustwide/cargo-home
[INFO] [stdout] CARGO_INCREMENTAL: 0
[INFO] [stdout] CARGO_MANIFEST_DIR: /opt/rustwide/workdir/curlz
[INFO] [stdout] CARGO_PKG_AUTHORS: Sven Kanoldt <sven@d34dl0ck.me>
[INFO] [stdout] CARGO_PKG_DESCRIPTION: curl wrapper with placeholder, bookmark and environment powers just like postman
[INFO] [stdout] CARGO_PKG_HOMEPAGE: 
[INFO] [stdout] CARGO_PKG_LICENSE: GPL-3.0-only
[INFO] [stdout] CARGO_PKG_LICENSE_FILE: 
[INFO] [stdout] CARGO_PKG_NAME: curlz
[INFO] [stdout] CARGO_PKG_README: README.md
[INFO] [stdout] CARGO_PKG_REPOSITORY: 
[INFO] [stdout] CARGO_PKG_RUST_VERSION: 
[INFO] [stdout] CARGO_PKG_VERSION: 0.1.0-alpha.12
[INFO] [stdout] CARGO_PKG_VERSION_MAJOR: 0
[INFO] [stdout] CARGO_PKG_VERSION_MINOR: 1
[INFO] [stdout] CARGO_PKG_VERSION_PATCH: 0
[INFO] [stdout] CARGO_PKG_VERSION_PRE: alpha.12
[INFO] [stdout] CARGO_TARGET_DIR: /opt/rustwide/target
[INFO] [stdout] HOME: /root
[INFO] [stdout] HOSTNAME: aa166b9d9302
[INFO] [stdout] LD_LIBRARY_PATH: /opt/rustwide/target/debug/build/ring-caaa9736c51b37cb/out:/opt/rustwide/target/debug/deps:/opt/rustwide/target/debug:/opt/rustwide/rustup-home/toolchains/1.75.0-x86_64-unknown-linux-gnu/lib/rustlib/x86_64-unknown-linux-gnu/lib:/opt/rustwide/rustup-home/toolchains/1.75.0-x86_64-unknown-linux-gnu/lib
[INFO] [stdout] PATH: /opt/rustwide/cargo-home/bin:/usr/local/sbin:/usr/local/bin:/usr/sbin:/usr/bin:/sbin:/bin
[INFO] [stdout] RUSTDOCFLAGS: --cap-lints=warn
[INFO] [stdout] RUSTFLAGS: --cap-lints=warn
[INFO] [stdout] RUSTUP_HOME: /opt/rustwide/rustup-home
[INFO] [stdout] RUSTUP_TOOLCHAIN: 1.75.0-x86_64-unknown-linux-gnu
[INFO] [stdout] RUST_BACKTRACE: full
[INFO] [stdout] RUST_RECURSION_COUNT: 1
[INFO] [stdout] SOURCE_DIR: /opt/rustwide/workdir
[INFO] [stdout] SSL_CERT_DIR: /usr/lib/ssl/certs
[INFO] [stdout] SSL_CERT_FILE: /usr/lib/ssl/certs/ca-certificates.crt
[INFO] [stdout] thread 'template::functions::process_env::tests::should_provide_process_env_var_via_env_object' panicked at curlz/src/curlz/template/functions/process_env.rs:83:9:
[INFO] [stdout] assertion failed: hm.contains_key("USER")
[INFO] [stdout] stack backtrace:
[INFO] [stdout]    0:     0x55e26397389c - std::backtrace_rs::backtrace::libunwind::trace::ha637c64ce894333a
[INFO] [stdout]                                at /rustc/82e1608dfa6e0b5569232559e3d385fea5a93112/library/std/src/../../backtrace/src/backtrace/libunwind.rs:104:5
[INFO] [stdout]    1:     0x55e26397389c - std::backtrace_rs::backtrace::trace_unsynchronized::h47f62dea28e0c88d
[INFO] [stdout]                                at /rustc/82e1608dfa6e0b5569232559e3d385fea5a93112/library/std/src/../../backtrace/src/backtrace/mod.rs:66:5
[INFO] [stdout]    2:     0x55e26397389c - std::sys_common::backtrace::_print_fmt::h9eef0abe20ede486
[INFO] [stdout]                                at /rustc/82e1608dfa6e0b5569232559e3d385fea5a93112/library/std/src/sys_common/backtrace.rs:67:5
[INFO] [stdout]    3:     0x55e26397389c - <std::sys_common::backtrace::_print::DisplayBacktrace as core::fmt::Display>::fmt::hed7f999df88cc644
[INFO] [stdout]                                at /rustc/82e1608dfa6e0b5569232559e3d385fea5a93112/library/std/src/sys_common/backtrace.rs:44:22
[INFO] [stdout]    4:     0x55e2639a17d0 - core::fmt::rt::Argument::fmt::h1539a9308b8d058d
[INFO] [stdout]                                at /rustc/82e1608dfa6e0b5569232559e3d385fea5a93112/library/core/src/fmt/rt.rs:142:9
[INFO] [stdout]    5:     0x55e2639a17d0 - core::fmt::write::h3a39390d8560d9c9
[INFO] [stdout]                                at /rustc/82e1608dfa6e0b5569232559e3d385fea5a93112/library/core/src/fmt/mod.rs:1120:17
[INFO] [stdout]    6:     0x55e2639703af - std::io::Write::write_fmt::h040b369f3a0f9cbc
[INFO] [stdout]                                at /rustc/82e1608dfa6e0b5569232559e3d385fea5a93112/library/std/src/io/mod.rs:1762:15
[INFO] [stdout]    7:     0x55e263973684 - std::sys_common::backtrace::_print::h894006fb5c6f3d45
[INFO] [stdout]                                at /rustc/82e1608dfa6e0b5569232559e3d385fea5a93112/library/std/src/sys_common/backtrace.rs:47:5
[INFO] [stdout]    8:     0x55e263973684 - std::sys_common::backtrace::print::h23a2d212c6fff936
[INFO] [stdout]                                at /rustc/82e1608dfa6e0b5569232559e3d385fea5a93112/library/std/src/sys_common/backtrace.rs:34:9
[INFO] [stdout]    9:     0x55e263975347 - std::panicking::default_hook::{{closure}}::h8a1d2ee00185001a
[INFO] [stdout]   10:     0x55e263975033 - std::panicking::default_hook::h6038f2eba384e475
[INFO] [stdout]                                at /rustc/82e1608dfa6e0b5569232559e3d385fea5a93112/library/std/src/panicking.rs:289:9
[INFO] [stdout]   11:     0x55e26350f6d7 - <alloc::boxed::Box<F,A> as core::ops::function::Fn<Args>>::call::h0ad024c9bdc6d768
[INFO] [stdout]                                at /rustc/82e1608dfa6e0b5569232559e3d385fea5a93112/library/alloc/src/boxed.rs:2021:9
[INFO] [stdout]   12:     0x55e26350f6d7 - test::test_main::{{closure}}::h7500b54257359db6
[INFO] [stdout]                                at /rustc/82e1608dfa6e0b5569232559e3d385fea5a93112/library/test/src/lib.rs:138:21
[INFO] [stdout]   13:     0x55e263975958 - <alloc::boxed::Box<F,A> as core::ops::function::Fn<Args>>::call::h1f8f335eaa9cfaee
[INFO] [stdout]                                at /rustc/82e1608dfa6e0b5569232559e3d385fea5a93112/library/alloc/src/boxed.rs:2021:9
[INFO] [stdout]   14:     0x55e263975958 - std::panicking::rust_panic_with_hook::h2b5517d590cab22e
[INFO] [stdout]                                at /rustc/82e1608dfa6e0b5569232559e3d385fea5a93112/library/std/src/panicking.rs:783:13
[INFO] [stdout]   15:     0x55e263975679 - std::panicking::begin_panic_handler::{{closure}}::h233112c06e0ef43e
[INFO] [stdout]                                at /rustc/82e1608dfa6e0b5569232559e3d385fea5a93112/library/std/src/panicking.rs:649:13
[INFO] [stdout]   16:     0x55e263973d66 - std::sys_common::backtrace::__rust_end_short_backtrace::h6e893f24d7ebbff8
[INFO] [stdout]                                at /rustc/82e1608dfa6e0b5569232559e3d385fea5a93112/library/std/src/sys_common/backtrace.rs:170:18
[INFO] [stdout]   17:     0x55e263975412 - rust_begin_unwind
[INFO] [stdout]                                at /rustc/82e1608dfa6e0b5569232559e3d385fea5a93112/library/std/src/panicking.rs:645:5
[INFO] [stdout]   18:     0x55e2632b5805 - core::panicking::panic_fmt::hbf0e066aabfa482c
[INFO] [stdout]                                at /rustc/82e1608dfa6e0b5569232559e3d385fea5a93112/library/core/src/panicking.rs:72:14
[INFO] [stdout]   19:     0x55e2632b58a3 - core::panicking::panic::h195fc2a96298d4c3
[INFO] [stdout]                                at /rustc/82e1608dfa6e0b5569232559e3d385fea5a93112/library/core/src/panicking.rs:127:5
[INFO] [stdout]   20:     0x55e263332d36 - curlz::template::functions::process_env::tests::should_provide_process_env_var_via_env_object::h10d48452509d36ac
[INFO] [stdout]                                at /opt/rustwide/workdir/curlz/src/curlz/template/functions/process_env.rs:83:9
[INFO] [stdout]   21:     0x55e263332b07 - curlz::template::functions::process_env::tests::should_provide_process_env_var_via_env_object::{{closure}}::h61dcf41a2dc245c1
[INFO] [stdout]                                at /opt/rustwide/workdir/curlz/src/curlz/template/functions/process_env.rs:75:55
[INFO] [stdout]   22:     0x55e2632dab56 - core::ops::function::FnOnce::call_once::h69011e35c19308f6
[INFO] [stdout]                                at /rustc/82e1608dfa6e0b5569232559e3d385fea5a93112/library/core/src/ops/function.rs:250:5
[INFO] [stdout]   23:     0x55e263514d2f - core::ops::function::FnOnce::call_once::h2b5d431d5046312d
[INFO] [stdout]                                at /rustc/82e1608dfa6e0b5569232559e3d385fea5a93112/library/core/src/ops/function.rs:250:5
[INFO] [stdout]   24:     0x55e263514d2f - test::__rust_begin_short_backtrace::h7714669af176e207
[INFO] [stdout]                                at /rustc/82e1608dfa6e0b5569232559e3d385fea5a93112/library/test/src/lib.rs:628:18
[INFO] [stdout]   25:     0x55e263513d45 - test::run_test_in_process::{{closure}}::h85218797dcbcec12
[INFO] [stdout]                                at /rustc/82e1608dfa6e0b5569232559e3d385fea5a93112/library/test/src/lib.rs:651:60
[INFO] [stdout]   26:     0x55e263513d45 - <core::panic::unwind_safe::AssertUnwindSafe<F> as core::ops::function::FnOnce<()>>::call_once::h76c106ea31c14d7b
[INFO] [stdout]                                at /rustc/82e1608dfa6e0b5569232559e3d385fea5a93112/library/core/src/panic/unwind_safe.rs:272:9
[INFO] [stdout]   27:     0x55e263513d45 - std::panicking::try::do_call::h3bd5d0f6620ee946
[INFO] [stdout]                                at /rustc/82e1608dfa6e0b5569232559e3d385fea5a93112/library/std/src/panicking.rs:552:40
[INFO] [stdout]   28:     0x55e263513d45 - std::panicking::try::h232e535e4744fe31
[INFO] [stdout]                                at /rustc/82e1608dfa6e0b5569232559e3d385fea5a93112/library/std/src/panicking.rs:516:19
[INFO] [stdout]   29:     0x55e263513d45 - std::panic::catch_unwind::h3ce3bd6ca8dbac68
[INFO] [stdout]                                at /rustc/82e1608dfa6e0b5569232559e3d385fea5a93112/library/std/src/panic.rs:142:14
[INFO] [stdout]   30:     0x55e263513d45 - test::run_test_in_process::hc97b257c9621286a
[INFO] [stdout]                                at /rustc/82e1608dfa6e0b5569232559e3d385fea5a93112/library/test/src/lib.rs:651:27
[INFO] [stdout]   31:     0x55e263513d45 - test::run_test::{{closure}}::h2aa798823a438d38
[INFO] [stdout]                                at /rustc/82e1608dfa6e0b5569232559e3d385fea5a93112/library/test/src/lib.rs:574:43
[INFO] [stdout]   32:     0x55e2634dc006 - test::run_test::{{closure}}::h87d231c78fb59832
[INFO] [stdout]                                at /rustc/82e1608dfa6e0b5569232559e3d385fea5a93112/library/test/src/lib.rs:602:41
[INFO] [stdout]   33:     0x55e2634dc006 - std::sys_common::backtrace::__rust_begin_short_backtrace::he6df152596625789
[INFO] [stdout]                                at /rustc/82e1608dfa6e0b5569232559e3d385fea5a93112/library/std/src/sys_common/backtrace.rs:154:18
[INFO] [stdout]   34:     0x55e2634e10b7 - std::thread::Builder::spawn_unchecked_::{{closure}}::{{closure}}::ha94be15d1e0acf36
[INFO] [stdout]                                at /rustc/82e1608dfa6e0b5569232559e3d385fea5a93112/library/std/src/thread/mod.rs:529:17
[INFO] [stdout]   35:     0x55e2634e10b7 - <core::panic::unwind_safe::AssertUnwindSafe<F> as core::ops::function::FnOnce<()>>::call_once::h9dc6bd6372f16606
[INFO] [stdout]                                at /rustc/82e1608dfa6e0b5569232559e3d385fea5a93112/library/core/src/panic/unwind_safe.rs:272:9
[INFO] [stdout]   36:     0x55e2634e10b7 - std::panicking::try::do_call::h9057517f80303cd4
[INFO] [stdout]                                at /rustc/82e1608dfa6e0b5569232559e3d385fea5a93112/library/std/src/panicking.rs:552:40
[INFO] [stdout]   37:     0x55e2634e10b7 - std::panicking::try::he3a30b11ee45340c
[INFO] [stdout]                                at /rustc/82e1608dfa6e0b5569232559e3d385fea5a93112/library/std/src/panicking.rs:516:19
[INFO] [stdout]   38:     0x55e2634e10b7 - std::panic::catch_unwind::h410458cfd3528b8b
[INFO] [stdout]                                at /rustc/82e1608dfa6e0b5569232559e3d385fea5a93112/library/std/src/panic.rs:142:14
[INFO] [stdout]   39:     0x55e2634e10b7 - std::thread::Builder::spawn_unchecked_::{{closure}}::h72ac3bdb567b737b
[INFO] [stdout]                                at /rustc/82e1608dfa6e0b5569232559e3d385fea5a93112/library/std/src/thread/mod.rs:528:30
[INFO] [stdout]   40:     0x55e2634e10b7 - core::ops::function::FnOnce::call_once{{vtable.shim}}::h38f34da3654a8344
[INFO] [stdout]                                at /rustc/82e1608dfa6e0b5569232559e3d385fea5a93112/library/core/src/ops/function.rs:250:5
[INFO] [stdout]   41:     0x55e26397b0b5 - <alloc::boxed::Box<F,A> as core::ops::function::FnOnce<Args>>::call_once::hc7eafaff61e32df9
[INFO] [stdout]                                at /rustc/82e1608dfa6e0b5569232559e3d385fea5a93112/library/alloc/src/boxed.rs:2007:9
[INFO] [stdout]   42:     0x55e26397b0b5 - <alloc::boxed::Box<F,A> as core::ops::function::FnOnce<Args>>::call_once::h6ba4a5de48dd2304
[INFO] [stdout]                                at /rustc/82e1608dfa6e0b5569232559e3d385fea5a93112/library/alloc/src/boxed.rs:2007:9
[INFO] [stdout]   43:     0x55e26397b0b5 - std::sys::unix::thread::Thread::new::thread_start::he469335aef763e45
[INFO] [stdout]                                at /rustc/82e1608dfa6e0b5569232559e3d385fea5a93112/library/std/src/sys/unix/thread.rs:108:17
[INFO] [stdout]   44:     0x7f75dcd37ac3 - <unknown>
[INFO] [stdout]   45:     0x7f75dcdc8bf4 - __clone
[INFO] [stdout]   46:                0x0 - <unknown>
[INFO] [stdout] 
[INFO] [stdout] ---- template::functions::process_env::tests::should_throw_when_var_name_is_missing stdout ----
[INFO] [stdout] thread 'template::functions::process_env::tests::should_throw_when_var_name_is_missing' panicked at curlz/src/curlz/template/functions/process_env.rs:44:35:
[INFO] [stdout] called `Result::unwrap()` on an `Err` value: NotPresent
[INFO] [stdout] stack backtrace:
[INFO] [stdout]    0:     0x55e26397389c - std::backtrace_rs::backtrace::libunwind::trace::ha637c64ce894333a
[INFO] [stdout]                                at /rustc/82e1608dfa6e0b5569232559e3d385fea5a93112/library/std/src/../../backtrace/src/backtrace/libunwind.rs:104:5
[INFO] [stdout]    1:     0x55e26397389c - std::backtrace_rs::backtrace::trace_unsynchronized::h47f62dea28e0c88d
[INFO] [stdout]                                at /rustc/82e1608dfa6e0b5569232559e3d385fea5a93112/library/std/src/../../backtrace/src/backtrace/mod.rs:66:5
[INFO] [stdout]    2:     0x55e26397389c - std::sys_common::backtrace::_print_fmt::h9eef0abe20ede486
[INFO] [stdout]                                at /rustc/82e1608dfa6e0b5569232559e3d385fea5a93112/library/std/src/sys_common/backtrace.rs:67:5
[INFO] [stdout]    3:     0x55e26397389c - <std::sys_common::backtrace::_print::DisplayBacktrace as core::fmt::Display>::fmt::hed7f999df88cc644
[INFO] [stdout]                                at /rustc/82e1608dfa6e0b5569232559e3d385fea5a93112/library/std/src/sys_common/backtrace.rs:44:22
[INFO] [stdout]    4:     0x55e2639a17d0 - core::fmt::rt::Argument::fmt::h1539a9308b8d058d
[INFO] [stdout]                                at /rustc/82e1608dfa6e0b5569232559e3d385fea5a93112/library/core/src/fmt/rt.rs:142:9
[INFO] [stdout]    5:     0x55e2639a17d0 - core::fmt::write::h3a39390d8560d9c9
[INFO] [stdout]                                at /rustc/82e1608dfa6e0b5569232559e3d385fea5a93112/library/core/src/fmt/mod.rs:1120:17
[INFO] [stdout]    6:     0x55e2639703af - std::io::Write::write_fmt::h040b369f3a0f9cbc
[INFO] [stdout]                                at /rustc/82e1608dfa6e0b5569232559e3d385fea5a93112/library/std/src/io/mod.rs:1762:15
[INFO] [stdout]    7:     0x55e263973684 - std::sys_common::backtrace::_print::h894006fb5c6f3d45
[INFO] [stdout]                                at /rustc/82e1608dfa6e0b5569232559e3d385fea5a93112/library/std/src/sys_common/backtrace.rs:47:5
[INFO] [stdout]    8:     0x55e263973684 - std::sys_common::backtrace::print::h23a2d212c6fff936
[INFO] [stdout]                                at /rustc/82e1608dfa6e0b5569232559e3d385fea5a93112/library/std/src/sys_common/backtrace.rs:34:9
[INFO] [stdout]    9:     0x55e263975347 - std::panicking::default_hook::{{closure}}::h8a1d2ee00185001a
[INFO] [stdout]   10:     0x55e263975033 - std::panicking::default_hook::h6038f2eba384e475
[INFO] [stdout]                                at /rustc/82e1608dfa6e0b5569232559e3d385fea5a93112/library/std/src/panicking.rs:289:9
[INFO] [stdout]   11:     0x55e26350f6d7 - <alloc::boxed::Box<F,A> as core::ops::function::Fn<Args>>::call::h0ad024c9bdc6d768
[INFO] [stdout]                                at /rustc/82e1608dfa6e0b5569232559e3d385fea5a93112/library/alloc/src/boxed.rs:2021:9
[INFO] [stdout]   12:     0x55e26350f6d7 - test::test_main::{{closure}}::h7500b54257359db6
[INFO] [stdout]                                at /rustc/82e1608dfa6e0b5569232559e3d385fea5a93112/library/test/src/lib.rs:138:21
[INFO] [stdout]   13:     0x55e263975958 - <alloc::boxed::Box<F,A> as core::ops::function::Fn<Args>>::call::h1f8f335eaa9cfaee
[INFO] [stdout]                                at /rustc/82e1608dfa6e0b5569232559e3d385fea5a93112/library/alloc/src/boxed.rs:2021:9
[INFO] [stdout]   14:     0x55e263975958 - std::panicking::rust_panic_with_hook::h2b5517d590cab22e
[INFO] [stdout]                                at /rustc/82e1608dfa6e0b5569232559e3d385fea5a93112/library/std/src/panicking.rs:783:13
[INFO] [stdout]   15:     0x55e2639756ae - std::panicking::begin_panic_handler::{{closure}}::h233112c06e0ef43e
[INFO] [stdout]                                at /rustc/82e1608dfa6e0b5569232559e3d385fea5a93112/library/std/src/panicking.rs:657:13
[INFO] [stdout]   16:     0x55e263973d66 - std::sys_common::backtrace::__rust_end_short_backtrace::h6e893f24d7ebbff8
[INFO] [stdout]                                at /rustc/82e1608dfa6e0b5569232559e3d385fea5a93112/library/std/src/sys_common/backtrace.rs:170:18
[INFO] [stdout]   17:     0x55e263975412 - rust_begin_unwind
[INFO] [stdout]                                at /rustc/82e1608dfa6e0b5569232559e3d385fea5a93112/library/std/src/panicking.rs:645:5
[INFO] [stdout]   18:     0x55e2632b5805 - core::panicking::panic_fmt::hbf0e066aabfa482c
[INFO] [stdout]                                at /rustc/82e1608dfa6e0b5569232559e3d385fea5a93112/library/core/src/panicking.rs:72:14
[INFO] [stdout]   19:     0x55e2632b5e33 - core::result::unwrap_failed::hddb4fea594200c52
[INFO] [stdout]                                at /rustc/82e1608dfa6e0b5569232559e3d385fea5a93112/library/core/src/result.rs:1653:5
[INFO] [stdout]   20:     0x55e263323904 - core::result::Result<T,E>::unwrap::h25730d39434fc830
[INFO] [stdout]                                at /rustc/82e1608dfa6e0b5569232559e3d385fea5a93112/library/core/src/result.rs:1077:23
[INFO] [stdout]   21:     0x55e263332758 - curlz::template::functions::process_env::tests::should_throw_when_var_name_is_missing::h4d5b55a1e9326994
[INFO] [stdout]                                at /opt/rustwide/workdir/curlz/src/curlz/template/functions/process_env.rs:44:13
[INFO] [stdout]   22:     0x55e263332687 - curlz::template::functions::process_env::tests::should_throw_when_var_name_is_missing::{{closure}}::h82a64a66443abf87
[INFO] [stdout]                                at /opt/rustwide/workdir/curlz/src/curlz/template/functions/process_env.rs:39:47
[INFO] [stdout]   23:     0x55e2632dafd6 - core::ops::function::FnOnce::call_once::h988992d4784a93de
[INFO] [stdout]                                at /rustc/82e1608dfa6e0b5569232559e3d385fea5a93112/library/core/src/ops/function.rs:250:5
[INFO] [stdout]   24:     0x55e263514d2f - core::ops::function::FnOnce::call_once::h2b5d431d5046312d
[INFO] [stdout]                                at /rustc/82e1608dfa6e0b5569232559e3d385fea5a93112/library/core/src/ops/function.rs:250:5
[INFO] [stdout]   25:     0x55e263514d2f - test::__rust_begin_short_backtrace::h7714669af176e207
[INFO] [stdout]                                at /rustc/82e1608dfa6e0b5569232559e3d385fea5a93112/library/test/src/lib.rs:628:18
[INFO] [stdout]   26:     0x55e263513d45 - test::run_test_in_process::{{closure}}::h85218797dcbcec12
[INFO] [stdout]                                at /rustc/82e1608dfa6e0b5569232559e3d385fea5a93112/library/test/src/lib.rs:651:60
[INFO] [stdout]   27:     0x55e263513d45 - <core::panic::unwind_safe::AssertUnwindSafe<F> as core::ops::function::FnOnce<()>>::call_once::h76c106ea31c14d7b
[INFO] [stdout]                                at /rustc/82e1608dfa6e0b5569232559e3d385fea5a93112/library/core/src/panic/unwind_safe.rs:272:9
[INFO] [stdout]   28:     0x55e263513d45 - std::panicking::try::do_call::h3bd5d0f6620ee946
[INFO] [stdout]                                at /rustc/82e1608dfa6e0b5569232559e3d385fea5a93112/library/std/src/panicking.rs:552:40
[INFO] [stdout]   29:     0x55e263513d45 - std::panicking::try::h232e535e4744fe31
[INFO] [stdout]                                at /rustc/82e1608dfa6e0b5569232559e3d385fea5a93112/library/std/src/panicking.rs:516:19
[INFO] [stdout]   30:     0x55e263513d45 - std::panic::catch_unwind::h3ce3bd6ca8dbac68
[INFO] [stdout]                                at /rustc/82e1608dfa6e0b5569232559e3d385fea5a93112/library/std/src/panic.rs:142:14
[INFO] [stdout]   31:     0x55e263513d45 - test::run_test_in_process::hc97b257c9621286a
[INFO] [stdout]                                at /rustc/82e1608dfa6e0b5569232559e3d385fea5a93112/library/test/src/lib.rs:651:27
[INFO] [stdout]   32:     0x55e263513d45 - test::run_test::{{closure}}::h2aa798823a438d38
[INFO] [stdout]                                at /rustc/82e1608dfa6e0b5569232559e3d385fea5a93112/library/test/src/lib.rs:574:43
[INFO] [stdout]   33:     0x55e2634dc006 - test::run_test::{{closure}}::h87d231c78fb59832
[INFO] [stdout]                                at /rustc/82e1608dfa6e0b5569232559e3d385fea5a93112/library/test/src/lib.rs:602:41
[INFO] [stdout]   34:     0x55e2634dc006 - std::sys_common::backtrace::__rust_begin_short_backtrace::he6df152596625789
[INFO] [stdout]                                at /rustc/82e1608dfa6e0b5569232559e3d385fea5a93112/library/std/src/sys_common/backtrace.rs:154:18
[INFO] [stdout]   35:     0x55e2634e10b7 - std::thread::Builder::spawn_unchecked_::{{closure}}::{{closure}}::ha94be15d1e0acf36
[INFO] [stdout]                                at /rustc/82e1608dfa6e0b5569232559e3d385fea5a93112/library/std/src/thread/mod.rs:529:17
[INFO] [stdout]   36:     0x55e2634e10b7 - <core::panic::unwind_safe::AssertUnwindSafe<F> as core::ops::function::FnOnce<()>>::call_once::h9dc6bd6372f16606
[INFO] [stdout]                                at /rustc/82e1608dfa6e0b5569232559e3d385fea5a93112/library/core/src/panic/unwind_safe.rs:272:9
[INFO] [stdout]   37:     0x55e2634e10b7 - std::panicking::try::do_call::h9057517f80303cd4
[INFO] [stdout]                                at /rustc/82e1608dfa6e0b5569232559e3d385fea5a93112/library/std/src/panicking.rs:552:40
[INFO] [stdout]   38:     0x55e2634e10b7 - std::panicking::try::he3a30b11ee45340c
[INFO] [stdout]                                at /rustc/82e1608dfa6e0b5569232559e3d385fea5a93112/library/std/src/panicking.rs:516:19
[INFO] [stdout]   39:     0x55e2634e10b7 - std::panic::catch_unwind::h410458cfd3528b8b
[INFO] [stdout]                                at /rustc/82e1608dfa6e0b5569232559e3d385fea5a93112/library/std/src/panic.rs:142:14
[INFO] [stdout]   40:     0x55e2634e10b7 - std::thread::Builder::spawn_unchecked_::{{closure}}::h72ac3bdb567b737b
[INFO] [stdout]                                at /rustc/82e1608dfa6e0b5569232559e3d385fea5a93112/library/std/src/thread/mod.rs:528:30
[INFO] [stdout]   41:     0x55e2634e10b7 - core::ops::function::FnOnce::call_once{{vtable.shim}}::h38f34da3654a8344
[INFO] [stdout]                                at /rustc/82e1608dfa6e0b5569232559e3d385fea5a93112/library/core/src/ops/function.rs:250:5
[INFO] [stdout]   42:     0x55e26397b0b5 - <alloc::boxed::Box<F,A> as core::ops::function::FnOnce<Args>>::call_once::hc7eafaff61e32df9
[INFO] [stdout]                                at /rustc/82e1608dfa6e0b5569232559e3d385fea5a93112/library/alloc/src/boxed.rs:2007:9
[INFO] [stdout]   43:     0x55e26397b0b5 - <alloc::boxed::Box<F,A> as core::ops::function::FnOnce<Args>>::call_once::h6ba4a5de48dd2304
[INFO] [stdout]                                at /rustc/82e1608dfa6e0b5569232559e3d385fea5a93112/library/alloc/src/boxed.rs:2007:9
[INFO] [stdout]   44:     0x55e26397b0b5 - std::sys::unix::thread::Thread::new::thread_start::he469335aef763e45
[INFO] [stdout]                                at /rustc/82e1608dfa6e0b5569232559e3d385fea5a93112/library/std/src/sys/unix/thread.rs:108:17
[INFO] [stdout]   45:     0x7f75dcd37ac3 - <unknown>
[INFO] [stdout]   46:     0x7f75dcdc8bf4 - __clone
[INFO] [stdout]   47:                0x0 - <unknown>
[INFO] [stdout] 
[INFO] [stdout] ---- template::functions::process_env::tests::should_resolve_lazy_via_env_virtuell_object stdout ----
[INFO] [stdout] thread 'template::functions::process_env::tests::should_resolve_lazy_via_env_virtuell_object' panicked at curlz/src/curlz/template/functions/process_env.rs:65:35:
[INFO] [stdout] called `Result::unwrap()` on an `Err` value: NotPresent
[INFO] [stdout] stack backtrace:
[INFO] [stdout]    0:     0x55e26397389c - std::backtrace_rs::backtrace::libunwind::trace::ha637c64ce894333a
[INFO] [stdout]                                at /rustc/82e1608dfa6e0b5569232559e3d385fea5a93112/library/std/src/../../backtrace/src/backtrace/libunwind.rs:104:5
[INFO] [stdout]    1:     0x55e26397389c - std::backtrace_rs::backtrace::trace_unsynchronized::h47f62dea28e0c88d
[INFO] [stdout]                                at /rustc/82e1608dfa6e0b5569232559e3d385fea5a93112/library/std/src/../../backtrace/src/backtrace/mod.rs:66:5
[INFO] [stdout]    2:     0x55e26397389c - std::sys_common::backtrace::_print_fmt::h9eef0abe20ede486
[INFO] [stdout]                                at /rustc/82e1608dfa6e0b5569232559e3d385fea5a93112/library/std/src/sys_common/backtrace.rs:67:5
[INFO] [stdout]    3:     0x55e26397389c - <std::sys_common::backtrace::_print::DisplayBacktrace as core::fmt::Display>::fmt::hed7f999df88cc644
[INFO] [stdout]                                at /rustc/82e1608dfa6e0b5569232559e3d385fea5a93112/library/std/src/sys_common/backtrace.rs:44:22
[INFO] [stdout]    4:     0x55e2639a17d0 - core::fmt::rt::Argument::fmt::h1539a9308b8d058d
[INFO] [stdout]                                at /rustc/82e1608dfa6e0b5569232559e3d385fea5a93112/library/core/src/fmt/rt.rs:142:9
[INFO] [stdout]    5:     0x55e2639a17d0 - core::fmt::write::h3a39390d8560d9c9
[INFO] [stdout]                                at /rustc/82e1608dfa6e0b5569232559e3d385fea5a93112/library/core/src/fmt/mod.rs:1120:17
[INFO] [stdout]    6:     0x55e2639703af - std::io::Write::write_fmt::h040b369f3a0f9cbc
[INFO] [stdout]                                at /rustc/82e1608dfa6e0b5569232559e3d385fea5a93112/library/std/src/io/mod.rs:1762:15
[INFO] [stdout]    7:     0x55e263973684 - std::sys_common::backtrace::_print::h894006fb5c6f3d45
[INFO] [stdout]                                at /rustc/82e1608dfa6e0b5569232559e3d385fea5a93112/library/std/src/sys_common/backtrace.rs:47:5
[INFO] [stdout]    8:     0x55e263973684 - std::sys_common::backtrace::print::h23a2d212c6fff936
[INFO] [stdout]                                at /rustc/82e1608dfa6e0b5569232559e3d385fea5a93112/library/std/src/sys_common/backtrace.rs:34:9
[INFO] [stdout]    9:     0x55e263975347 - std::panicking::default_hook::{{closure}}::h8a1d2ee00185001a
[INFO] [stdout]   10:     0x55e263975033 - std::panicking::default_hook::h6038f2eba384e475
[INFO] [stdout]                                at /rustc/82e1608dfa6e0b5569232559e3d385fea5a93112/library/std/src/panicking.rs:289:9
[INFO] [stdout]   11:     0x55e26350f6d7 - <alloc::boxed::Box<F,A> as core::ops::function::Fn<Args>>::call::h0ad024c9bdc6d768
[INFO] [stdout]                                at /rustc/82e1608dfa6e0b5569232559e3d385fea5a93112/library/alloc/src/boxed.rs:2021:9
[INFO] [stdout]   12:     0x55e26350f6d7 - test::test_main::{{closure}}::h7500b54257359db6
[INFO] [stdout]                                at /rustc/82e1608dfa6e0b5569232559e3d385fea5a93112/library/test/src/lib.rs:138:21
[INFO] [stdout]   13:     0x55e263975958 - <alloc::boxed::Box<F,A> as core::ops::function::Fn<Args>>::call::h1f8f335eaa9cfaee
[INFO] [stdout]                                at /rustc/82e1608dfa6e0b5569232559e3d385fea5a93112/library/alloc/src/boxed.rs:2021:9
[INFO] [stdout]   14:     0x55e263975958 - std::panicking::rust_panic_with_hook::h2b5517d590cab22e
[INFO] [stdout]                                at /rustc/82e1608dfa6e0b5569232559e3d385fea5a93112/library/std/src/panicking.rs:783:13
[INFO] [stdout]   15:     0x55e2639756ae - std::panicking::begin_panic_handler::{{closure}}::h233112c06e0ef43e
[INFO] [stdout]                                at /rustc/82e1608dfa6e0b5569232559e3d385fea5a93112/library/std/src/panicking.rs:657:13
[INFO] [stdout]   16:     0x55e263973d66 - std::sys_common::backtrace::__rust_end_short_backtrace::h6e893f24d7ebbff8
[INFO] [stdout]                                at /rustc/82e1608dfa6e0b5569232559e3d385fea5a93112/library/std/src/sys_common/backtrace.rs:170:18
[INFO] [stdout]   17:     0x55e263975412 - rust_begin_unwind
[INFO] [stdout]                                at /rustc/82e1608dfa6e0b5569232559e3d385fea5a93112/library/std/src/panicking.rs:645:5
[INFO] [stdout]   18:     0x55e2632b5805 - core::panicking::panic_fmt::hbf0e066aabfa482c
[INFO] [stdout]                                at /rustc/82e1608dfa6e0b5569232559e3d385fea5a93112/library/core/src/panicking.rs:72:14
[INFO] [stdout]   19:     0x55e2632b5e33 - core::result::unwrap_failed::hddb4fea594200c52
[INFO] [stdout]                                at /rustc/82e1608dfa6e0b5569232559e3d385fea5a93112/library/core/src/result.rs:1653:5
[INFO] [stdout]   20:     0x55e263323904 - core::result::Result<T,E>::unwrap::h25730d39434fc830
[INFO] [stdout]                                at /rustc/82e1608dfa6e0b5569232559e3d385fea5a93112/library/core/src/result.rs:1077:23
[INFO] [stdout]   21:     0x55e2633329c8 - curlz::template::functions::process_env::tests::should_resolve_lazy_via_env_virtuell_object::hdb2a31c605af40d8
[INFO] [stdout]                                at /opt/rustwide/workdir/curlz/src/curlz/template/functions/process_env.rs:65:13
[INFO] [stdout]   22:     0x55e263332877 - curlz::template::functions::process_env::tests::should_resolve_lazy_via_env_virtuell_object::{{closure}}::haf604c8bf3617c37
[INFO] [stdout]                                at /opt/rustwide/workdir/curlz/src/curlz/template/functions/process_env.rs:60:53
[INFO] [stdout]   23:     0x55e2632daab6 - core::ops::function::FnOnce::call_once::h65dca7e4200ed837
[INFO] [stdout]                                at /rustc/82e1608dfa6e0b5569232559e3d385fea5a93112/library/core/src/ops/function.rs:250:5
[INFO] [stdout]   24:     0x55e263514d2f - core::ops::function::FnOnce::call_once::h2b5d431d5046312d
[INFO] [stdout]                                at /rustc/82e1608dfa6e0b5569232559e3d385fea5a93112/library/core/src/ops/function.rs:250:5
[INFO] [stdout]   25:     0x55e263514d2f - test::__rust_begin_short_backtrace::h7714669af176e207
[INFO] [stdout]                                at /rustc/82e1608dfa6e0b5569232559e3d385fea5a93112/library/test/src/lib.rs:628:18
[INFO] [stdout]   26:     0x55e263513d45 - test::run_test_in_process::{{closure}}::h85218797dcbcec12
[INFO] [stdout]                                at /rustc/82e1608dfa6e0b5569232559e3d385fea5a93112/library/test/src/lib.rs:651:60
[INFO] [stdout]   27:     0x55e263513d45 - <core::panic::unwind_safe::AssertUnwindSafe<F> as core::ops::function::FnOnce<()>>::call_once::h76c106ea31c14d7b
[INFO] [stdout]                                at /rustc/82e1608dfa6e0b5569232559e3d385fea5a93112/library/core/src/panic/unwind_safe.rs:272:9
[INFO] [stdout]   28:     0x55e263513d45 - std::panicking::try::do_call::h3bd5d0f6620ee946
[INFO] [stdout]                                at /rustc/82e1608dfa6e0b5569232559e3d385fea5a93112/library/std/src/panicking.rs:552:40
[INFO] [stdout]   29:     0x55e263513d45 - std::panicking::try::h232e535e4744fe31
[INFO] [stdout]                                at /rustc/82e1608dfa6e0b5569232559e3d385fea5a93112/library/std/src/panicking.rs:516:19
[INFO] [stdout]   30:     0x55e263513d45 - std::panic::catch_unwind::h3ce3bd6ca8dbac68
[INFO] [stdout]                                at /rustc/82e1608dfa6e0b5569232559e3d385fea5a93112/library/std/src/panic.rs:142:14
[INFO] [stdout]   31:     0x55e263513d45 - test::run_test_in_process::hc97b257c9621286a
[INFO] [stdout]                                at /rustc/82e1608dfa6e0b5569232559e3d385fea5a93112/library/test/src/lib.rs:651:27
[INFO] [stdout]   32:     0x55e263513d45 - test::run_test::{{closure}}::h2aa798823a438d38
[INFO] [stdout]                                at /rustc/82e1608dfa6e0b5569232559e3d385fea5a93112/library/test/src/lib.rs:574:43
[INFO] [stdout]   33:     0x55e2634dc006 - test::run_test::{{closure}}::h87d231c78fb59832
[INFO] [stdout]                                at /rustc/82e1608dfa6e0b5569232559e3d385fea5a93112/library/test/src/lib.rs:602:41
[INFO] [stdout]   34:     0x55e2634dc006 - std::sys_common::backtrace::__rust_begin_short_backtrace::he6df152596625789
[INFO] [stdout]                                at /rustc/82e1608dfa6e0b5569232559e3d385fea5a93112/library/std/src/sys_common/backtrace.rs:154:18
[INFO] [stdout]   35:     0x55e2634e10b7 - std::thread::Builder::spawn_unchecked_::{{closure}}::{{closure}}::ha94be15d1e0acf36
[INFO] [stdout]                                at /rustc/82e1608dfa6e0b5569232559e3d385fea5a93112/library/std/src/thread/mod.rs:529:17
[INFO] [stdout]   36:     0x55e2634e10b7 - <core::panic::unwind_safe::AssertUnwindSafe<F> as core::ops::function::FnOnce<()>>::call_once::h9dc6bd6372f16606
[INFO] [stdout]                                at /rustc/82e1608dfa6e0b5569232559e3d385fea5a93112/library/core/src/panic/unwind_safe.rs:272:9
[INFO] [stdout]   37:     0x55e2634e10b7 - std::panicking::try::do_call::h9057517f80303cd4
[INFO] [stdout]                                at /rustc/82e1608dfa6e0b5569232559e3d385fea5a93112/library/std/src/panicking.rs:552:40
[INFO] [stdout]   38:     0x55e2634e10b7 - std::panicking::try::he3a30b11ee45340c
[INFO] [stdout]                                at /rustc/82e1608dfa6e0b5569232559e3d385fea5a93112/library/std/src/panicking.rs:516:19
[INFO] [stdout]   39:     0x55e2634e10b7 - std::panic::catch_unwind::h410458cfd3528b8b
[INFO] [stdout]                                at /rustc/82e1608dfa6e0b5569232559e3d385fea5a93112/library/std/src/panic.rs:142:14
[INFO] [stdout]   40:     0x55e2634e10b7 - std::thread::Builder::spawn_unchecked_::{{closure}}::h72ac3bdb567b737b
[INFO] [stdout]                                at /rustc/82e1608dfa6e0b5569232559e3d385fea5a93112/library/std/src/thread/mod.rs:528:30
[INFO] [stdout]   41:     0x55e2634e10b7 - core::ops::function::FnOnce::call_once{{vtable.shim}}::h38f34da3654a8344
[INFO] [stdout]                                at /rustc/82e1608dfa6e0b5569232559e3d385fea5a93112/library/core/src/ops/function.rs:250:5
[INFO] [stdout]   42:     0x55e26397b0b5 - <alloc::boxed::Box<F,A> as core::ops::function::FnOnce<Args>>::call_once::hc7eafaff61e32df9
[INFO] [stdout]                                at /rustc/82e1608dfa6e0b5569232559e3d385fea5a93112/library/alloc/src/boxed.rs:2007:9
[INFO] [stdout]   43:     0x55e26397b0b5 - <alloc::boxed::Box<F,A> as core::ops::function::FnOnce<Args>>::call_once::h6ba4a5de48dd2304
[INFO] [stdout]                                at /rustc/82e1608dfa6e0b5569232559e3d385fea5a93112/library/alloc/src/boxed.rs:2007:9
[INFO] [stdout]   44:     0x55e26397b0b5 - std::sys::unix::thread::Thread::new::thread_start::he469335aef763e45
[INFO] [stdout]                                at /rustc/82e1608dfa6e0b5569232559e3d385fea5a93112/library/std/src/sys/unix/thread.rs:108:17
[INFO] [stdout]   45:     0x7f75dcd37ac3 - <unknown>
[INFO] [stdout]   46:     0x7f75dcdc8bf4 - __clone
[INFO] [stdout]   47:                0x0 - <unknown>
[INFO] [stdout] 
[INFO] [stdout] 
[INFO] [stdout] failures:
[INFO] [stdout]     template::functions::process_env::tests::should_provide_process_env_var_via_env_object
[INFO] [stdout]     template::functions::process_env::tests::should_resolve_lazy_via_env_virtuell_object
[INFO] [stdout]     template::functions::process_env::tests::should_throw_when_var_name_is_missing
[INFO] [stdout] 
[INFO] [stdout] test result: FAILED. 46 passed; 3 failed; 0 ignored; 0 measured; 0 filtered out; finished in 0.04s
[INFO] [stdout] 
[INFO] [stderr] error: test failed, to rerun pass `--lib`
[INFO] running `Command { std: "docker" "inspect" "aa166b9d930247ab3a04fa3313a11b4c5fa8b4cbc9364b41d5af8efb5825a67b", kill_on_drop: false }`
[INFO] running `Command { std: "docker" "rm" "-f" "aa166b9d930247ab3a04fa3313a11b4c5fa8b4cbc9364b41d5af8efb5825a67b", kill_on_drop: false }`
[INFO] [stdout] aa166b9d930247ab3a04fa3313a11b4c5fa8b4cbc9364b41d5af8efb5825a67b
