[INFO] cloning repository https://github.com/cundd/rcoin
[INFO] running `Command { std: "git" "-c" "credential.helper=" "-c" "credential.helper=/workspace/cargo-home/bin/git-credential-null" "clone" "--bare" "https://github.com/cundd/rcoin" "/workspace/cache/git-repos/https%3A%2F%2Fgithub.com%2Fcundd%2Frcoin", kill_on_drop: false }`
[INFO] [stderr] Cloning into bare repository '/workspace/cache/git-repos/https%3A%2F%2Fgithub.com%2Fcundd%2Frcoin'...
[INFO] running `Command { std: "git" "rev-parse" "HEAD", kill_on_drop: false }`
[INFO] [stdout] 69d0890d1f318659c866066e3b9a2cf2446b4858
[INFO] testing cundd/rcoin against 1.75.0 for beta-1.76-1
[INFO] running `Command { std: "git" "clone" "/workspace/cache/git-repos/https%3A%2F%2Fgithub.com%2Fcundd%2Frcoin" "/workspace/builds/worker-3-tc1/source", kill_on_drop: false }`
[INFO] [stderr] Cloning into '/workspace/builds/worker-3-tc1/source'...
[INFO] [stderr] done.
[INFO] validating manifest of git repo https://github.com/cundd/rcoin on toolchain 1.75.0
[INFO] running `Command { std: CARGO_HOME="/workspace/cargo-home" RUSTUP_HOME="/workspace/rustup-home" "/workspace/cargo-home/bin/cargo" "+1.75.0" "metadata" "--manifest-path" "Cargo.toml" "--no-deps", kill_on_drop: false }`
[INFO] started tweaking git repo https://github.com/cundd/rcoin
[INFO] finished tweaking git repo https://github.com/cundd/rcoin
[INFO] tweaked toml for git repo https://github.com/cundd/rcoin written to /workspace/builds/worker-3-tc1/source/Cargo.toml
[INFO] crate git repo https://github.com/cundd/rcoin already has a lockfile, it will not be regenerated
[INFO] running `Command { std: CARGO_HOME="/workspace/cargo-home" RUSTUP_HOME="/workspace/rustup-home" "/workspace/cargo-home/bin/cargo" "+1.75.0" "fetch" "--manifest-path" "Cargo.toml", kill_on_drop: false }`
[INFO] [stderr]  Downloading crates ...
[INFO] [stderr]   Downloaded curl-sys v0.4.61+curl-8.0.1
[INFO] running `Command { std: "docker" "create" "-v" "/var/lib/crater-agent-workspace/builds/worker-3-tc1/target:/opt/rustwide/target:rw,Z" "-v" "/var/lib/crater-agent-workspace/builds/worker-3-tc1/source:/opt/rustwide/workdir:ro,Z" "-v" "/var/lib/crater-agent-workspace/cargo-home:/opt/rustwide/cargo-home:ro,Z" "-v" "/var/lib/crater-agent-workspace/rustup-home:/opt/rustwide/rustup-home:ro,Z" "-e" "SOURCE_DIR=/opt/rustwide/workdir" "-e" "CARGO_TARGET_DIR=/opt/rustwide/target" "-e" "CARGO_HOME=/opt/rustwide/cargo-home" "-e" "RUSTUP_HOME=/opt/rustwide/rustup-home" "-w" "/opt/rustwide/workdir" "-m" "1610612736" "--user" "0:0" "--network" "none" "ghcr.io/rust-lang/crates-build-env/linux@sha256:2788e3201cd34a07e3172128adcd8b3090168a8e3bcc40d7c032b9dda1df7d1c" "/opt/rustwide/cargo-home/bin/cargo" "+1.75.0" "metadata" "--no-deps" "--format-version=1", kill_on_drop: false }`
[INFO] [stdout] 1fcf571e5c8b6300eff4b68cc36e58aed338bc049fc91a78644cd58356cbff75
[INFO] running `Command { std: "docker" "start" "-a" "1fcf571e5c8b6300eff4b68cc36e58aed338bc049fc91a78644cd58356cbff75", kill_on_drop: false }`
[INFO] running `Command { std: "docker" "inspect" "1fcf571e5c8b6300eff4b68cc36e58aed338bc049fc91a78644cd58356cbff75", kill_on_drop: false }`
[INFO] running `Command { std: "docker" "rm" "-f" "1fcf571e5c8b6300eff4b68cc36e58aed338bc049fc91a78644cd58356cbff75", kill_on_drop: false }`
[INFO] [stdout] 1fcf571e5c8b6300eff4b68cc36e58aed338bc049fc91a78644cd58356cbff75
[INFO] running `Command { std: "docker" "create" "-v" "/var/lib/crater-agent-workspace/builds/worker-3-tc1/target:/opt/rustwide/target:rw,Z" "-v" "/var/lib/crater-agent-workspace/builds/worker-3-tc1/source:/opt/rustwide/workdir:ro,Z" "-v" "/var/lib/crater-agent-workspace/cargo-home:/opt/rustwide/cargo-home:ro,Z" "-v" "/var/lib/crater-agent-workspace/rustup-home:/opt/rustwide/rustup-home:ro,Z" "-e" "SOURCE_DIR=/opt/rustwide/workdir" "-e" "CARGO_TARGET_DIR=/opt/rustwide/target" "-e" "CARGO_INCREMENTAL=0" "-e" "RUST_BACKTRACE=full" "-e" "RUSTFLAGS=--cap-lints=warn" "-e" "RUSTDOCFLAGS=--cap-lints=warn" "-e" "CARGO_HOME=/opt/rustwide/cargo-home" "-e" "RUSTUP_HOME=/opt/rustwide/rustup-home" "-w" "/opt/rustwide/workdir" "-m" "1610612736" "--user" "0:0" "--network" "none" "ghcr.io/rust-lang/crates-build-env/linux@sha256:2788e3201cd34a07e3172128adcd8b3090168a8e3bcc40d7c032b9dda1df7d1c" "/opt/rustwide/cargo-home/bin/cargo" "+1.75.0" "build" "--frozen" "--message-format=json", kill_on_drop: false }`
[INFO] [stdout] f18e5b441653844b885ed896cfd131f16f3bce19e969ad2dd0fa4ce26d254b02
[INFO] running `Command { std: "docker" "start" "-a" "f18e5b441653844b885ed896cfd131f16f3bce19e969ad2dd0fa4ce26d254b02", kill_on_drop: false }`
[INFO] [stderr]    Compiling libc v0.2.140
[INFO] [stderr]    Compiling autocfg v1.1.0
[INFO] [stderr]    Compiling cc v1.0.79
[INFO] [stderr]    Compiling pkg-config v0.3.26
[INFO] [stderr]    Compiling proc-macro2 v1.0.52
[INFO] [stderr]    Compiling unicode-ident v1.0.8
[INFO] [stderr]    Compiling quote v1.0.26
[INFO] [stderr]    Compiling serde_derive v1.0.158
[INFO] [stderr]    Compiling cfg-if v1.0.0
[INFO] [stderr]    Compiling serde v1.0.158
[INFO] [stderr]    Compiling num-traits v0.2.15
[INFO] [stderr]    Compiling num-integer v0.1.45
[INFO] [stderr]    Compiling serde_json v1.0.94
[INFO] [stderr]    Compiling unicode-width v0.1.10
[INFO] [stderr]    Compiling curl v0.4.44
[INFO] [stderr]    Compiling ppv-lite86 v0.2.17
[INFO] [stderr]    Compiling textwrap v0.11.0
[INFO] [stderr]    Compiling itoa v1.0.6
[INFO] [stderr]    Compiling openssl-probe v0.1.5
[INFO] [stderr]    Compiling ryu v1.0.13
[INFO] [stderr]    Compiling ansi_term v0.12.1
[INFO] [stderr]    Compiling getrandom v0.2.8
[INFO] [stderr]    Compiling syn v2.0.4
[INFO] [stderr]    Compiling time v0.1.45
[INFO] [stderr]    Compiling socket2 v0.4.9
[INFO] [stderr]    Compiling atty v0.2.14
[INFO] [stderr]    Compiling iana-time-zone v0.1.54
[INFO] [stderr]    Compiling rand_core v0.6.4
[INFO] [stderr]    Compiling strsim v0.8.0
[INFO] [stderr]    Compiling libz-sys v1.1.8
[INFO] [stderr]    Compiling openssl-sys v0.9.82
[INFO] [stderr]    Compiling curl-sys v0.4.61+curl-8.0.1
[INFO] [stderr]    Compiling rand_chacha v0.3.1
[INFO] [stderr]    Compiling bitflags v1.3.2
[INFO] [stderr]    Compiling vec_map v0.8.2
[INFO] [stderr]    Compiling clap v2.34.0
[INFO] [stderr]    Compiling rand v0.8.5
[INFO] [stderr]    Compiling term_size v0.3.2
[INFO] [stderr]    Compiling chrono v0.4.24
[INFO] [stderr]    Compiling rcoin v0.1.0 (/opt/rustwide/workdir)
[INFO] [stdout] warning: unused imports: `Deserialize`, `Serialize`
[INFO] [stdout]  --> src/rate_provider/coin_market_cap/mod.rs:9:13
[INFO] [stdout]   |
[INFO] [stdout] 9 | use serde::{Serialize, Deserialize};
[INFO] [stdout]   |             ^^^^^^^^^  ^^^^^^^^^^^
[INFO] [stdout]   |
[INFO] [stdout]   = note: `#[warn(unused_imports)]` on by default
[INFO] [stdout] 
[INFO] [stdout] 
[INFO] [stdout] warning: unused import: `self::coin_desk::CoinDesk`
[INFO] [stdout]   --> src/rate_provider/mod.rs:18:9
[INFO] [stdout]    |
[INFO] [stdout] 18 | pub use self::coin_desk::CoinDesk;
[INFO] [stdout]    |         ^^^^^^^^^^^^^^^^^^^^^^^^^
[INFO] [stdout] 
[INFO] [stdout] 
[INFO] [stdout] warning: unused import: `self::blockchain_info::BlockchainInfo`
[INFO] [stdout]   --> src/rate_provider/mod.rs:20:9
[INFO] [stdout]    |
[INFO] [stdout] 20 | pub use self::blockchain_info::BlockchainInfo;
[INFO] [stdout]    |         ^^^^^^^^^^^^^^^^^^^^^^^^^^^^^^^^^^^^^
[INFO] [stdout] 
[INFO] [stdout] 
[INFO] [stdout] warning: unused import: `self::crypto_compare::CryptoCompare`
[INFO] [stdout]   --> src/rate_provider/mod.rs:21:9
[INFO] [stdout]    |
[INFO] [stdout] 21 | pub use self::crypto_compare::CryptoCompare;
[INFO] [stdout]    |         ^^^^^^^^^^^^^^^^^^^^^^^^^^^^^^^^^^^
[INFO] [stdout] 
[INFO] [stdout] 
[INFO] [stdout] warning: unused import: `self::faker::Faker`
[INFO] [stdout]   --> src/rate_provider/mod.rs:22:9
[INFO] [stdout]    |
[INFO] [stdout] 22 | pub use self::faker::Faker;
[INFO] [stdout]    |         ^^^^^^^^^^^^^^^^^^
[INFO] [stdout] 
[INFO] [stdout] 
[INFO] [stdout] warning: `...` range patterns are deprecated
[INFO] [stdout]   --> src/ui/pixel_sequence.rs:59:17
[INFO] [stdout]    |
[INFO] [stdout] 59 |             '0' ... '9' => style_string.push(character),
[INFO] [stdout]    |                 ^^^ help: use `..=` for an inclusive range
[INFO] [stdout]    |
[INFO] [stdout]    = warning: this is accepted in the current edition (Rust 2015) but is a hard error in Rust 2021!
[INFO] [stdout]    = note: for more information, see <https://doc.rust-lang.org/nightly/edition-guide/rust-2021/warnings-promoted-to-error.html>
[INFO] [stdout]    = note: `#[warn(ellipsis_inclusive_range_patterns)]` on by default
[INFO] [stdout] 
[INFO] [stdout] 
[INFO] [stdout] warning: `...` range patterns are deprecated
[INFO] [stdout]    --> src/ui/screen.rs:158:21
[INFO] [stdout]     |
[INFO] [stdout] 158 |                 '0' ... '9' => style_string.push(character),
[INFO] [stdout]     |                     ^^^ help: use `..=` for an inclusive range
[INFO] [stdout]     |
[INFO] [stdout]     = warning: this is accepted in the current edition (Rust 2015) but is a hard error in Rust 2021!
[INFO] [stdout]     = note: for more information, see <https://doc.rust-lang.org/nightly/edition-guide/rust-2021/warnings-promoted-to-error.html>
[INFO] [stdout] 
[INFO] [stdout] 
[INFO] [stdout] warning: unused import: `self::element::Element`
[INFO] [stdout]   --> src/ui/mod.rs:15:9
[INFO] [stdout]    |
[INFO] [stdout] 15 | pub use self::element::Element;
[INFO] [stdout]    |         ^^^^^^^^^^^^^^^^^^^^^^
[INFO] [stdout] 
[INFO] [stdout] 
[INFO] [stdout] warning: unused import: `self::pixel::Pixel`
[INFO] [stdout]   --> src/ui/mod.rs:17:9
[INFO] [stdout]    |
[INFO] [stdout] 17 | pub use self::pixel::Pixel;
[INFO] [stdout]    |         ^^^^^^^^^^^^^^^^^^
[INFO] [stdout] 
[INFO] [stdout] 
[INFO] [stdout] warning: trait objects without an explicit `dyn` are deprecated
[INFO] [stdout]   --> src/chart/mod.rs:80:88
[INFO] [stdout]    |
[INFO] [stdout] 80 |     pub fn draw_points_with_configuration<T: PointTrait>(&self, points: Vec<T>, conf: &configuration::Configuration<T>) -> String {
[INFO] [stdout]    |                                                                                        ^^^^^^^^^^^^^^^^^^^^^^^^^^^^^^^
[INFO] [stdout]    |
[INFO] [stdout]    = warning: this is accepted in the current edition (Rust 2015) but is a hard error in Rust 2021!
[INFO] [stdout]    = note: for more information, see <https://doc.rust-lang.org/nightly/edition-guide/rust-2021/warnings-promoted-to-error.html>
[INFO] [stdout]    = note: `#[warn(bare_trait_objects)]` on by default
[INFO] [stdout] help: use `dyn`
[INFO] [stdout]    |
[INFO] [stdout] 80 |     pub fn draw_points_with_configuration<T: PointTrait>(&self, points: Vec<T>, conf: &dyn configuration::Configuration<T>) -> String {
[INFO] [stdout]    |                                                                                        +++
[INFO] [stdout] 
[INFO] [stdout] 
[INFO] [stdout] warning: trait objects without an explicit `dyn` are deprecated
[INFO] [stdout]  --> src/chart/point_drawing.rs:7:84
[INFO] [stdout]   |
[INFO] [stdout] 7 |     fn draw_points_with_configuration<T: PointTrait>(&self, points: Vec<T>, conf: &Configuration<T>) -> String;
[INFO] [stdout]   |                                                                                    ^^^^^^^^^^^^^^^^
[INFO] [stdout]   |
[INFO] [stdout]   = warning: this is accepted in the current edition (Rust 2015) but is a hard error in Rust 2021!
[INFO] [stdout]   = note: for more information, see <https://doc.rust-lang.org/nightly/edition-guide/rust-2021/warnings-promoted-to-error.html>
[INFO] [stdout] help: use `dyn`
[INFO] [stdout]   |
[INFO] [stdout] 7 |     fn draw_points_with_configuration<T: PointTrait>(&self, points: Vec<T>, conf: &dyn Configuration<T>) -> String;
[INFO] [stdout]   |                                                                                    +++
[INFO] [stdout] 
[INFO] [stdout] 
[INFO] [stdout] warning: trait objects without an explicit `dyn` are deprecated
[INFO] [stdout]   --> src/chart/canvas.rs:44:91
[INFO] [stdout]    |
[INFO] [stdout] 44 |     pub fn draw_points_with_configuration<T: PointTrait>(&self, matrix: Matrix<T>, conf: &Configuration<T>) -> String {
[INFO] [stdout]    |                                                                                           ^^^^^^^^^^^^^^^^
[INFO] [stdout]    |
[INFO] [stdout]    = warning: this is accepted in the current edition (Rust 2015) but is a hard error in Rust 2021!
[INFO] [stdout]    = note: for more information, see <https://doc.rust-lang.org/nightly/edition-guide/rust-2021/warnings-promoted-to-error.html>
[INFO] [stdout] help: use `dyn`
[INFO] [stdout]    |
[INFO] [stdout] 44 |     pub fn draw_points_with_configuration<T: PointTrait>(&self, matrix: Matrix<T>, conf: &dyn Configuration<T>) -> String {
[INFO] [stdout]    |                                                                                           +++
[INFO] [stdout] 
[INFO] [stdout] 
[INFO] [stdout] warning: trait objects without an explicit `dyn` are deprecated
[INFO] [stdout]   --> src/chart/canvas.rs:72:118
[INFO] [stdout]    |
[INFO] [stdout] 72 |     fn draw_row_with_configuration<T: PointTrait>(&self, row_number: CoordinatePrecision, matrix: &Matrix<T>, conf: &Configuration<T>) ->...
[INFO] [stdout]    |                                                                                                                      ^^^^^^^^^^^^^^^^
[INFO] [stdout]    |
[INFO] [stdout]    = warning: this is accepted in the current edition (Rust 2015) but is a hard error in Rust 2021!
[INFO] [stdout]    = note: for more information, see <https://doc.rust-lang.org/nightly/edition-guide/rust-2021/warnings-promoted-to-error.html>
[INFO] [stdout] help: use `dyn`
[INFO] [stdout]    |
[INFO] [stdout] 72 |     fn draw_row_with_configuration<T: PointTrait>(&self, row_number: CoordinatePrecision, matrix: &Matrix<T>, conf: &dyn Configuration<T>) -> String {
[INFO] [stdout]    |                                                                                                                      +++
[INFO] [stdout] 
[INFO] [stdout] 
[INFO] [stdout] warning: unused variable: `rng`
[INFO] [stdout]   --> src/rate_provider/faker.rs:18:17
[INFO] [stdout]    |
[INFO] [stdout] 18 |         let mut rng = rand::thread_rng();
[INFO] [stdout]    |                 ^^^ help: if this is intentional, prefix it with an underscore: `_rng`
[INFO] [stdout]    |
[INFO] [stdout]    = note: `#[warn(unused_variables)]` on by default
[INFO] [stdout] 
[INFO] [stdout] 
[INFO] [stdout] warning: variable does not need to be mutable
[INFO] [stdout]   --> src/rate_provider/faker.rs:18:13
[INFO] [stdout]    |
[INFO] [stdout] 18 |         let mut rng = rand::thread_rng();
[INFO] [stdout]    |             ----^^^
[INFO] [stdout]    |             |
[INFO] [stdout]    |             help: remove this `mut`
[INFO] [stdout]    |
[INFO] [stdout]    = note: `#[warn(unused_mut)]` on by default
[INFO] [stdout] 
[INFO] [stdout] 
[INFO] [stdout] warning: variable `current_index` is assigned to, but never used
[INFO] [stdout]    --> src/ui/screen_buffer.rs:195:17
[INFO] [stdout]     |
[INFO] [stdout] 195 |         let mut current_index = y * width;
[INFO] [stdout]     |                 ^^^^^^^^^^^^^
[INFO] [stdout]     |
[INFO] [stdout]     = note: consider using `_current_index` instead
[INFO] [stdout] 
[INFO] [stdout] 
[INFO] [stdout] warning: associated function `price_to_coordinate` is never used
[INFO] [stdout]   --> src/rate/mod.rs:33:12
[INFO] [stdout]    |
[INFO] [stdout] 21 | impl Rate {
[INFO] [stdout]    | --------- associated function in this implementation
[INFO] [stdout] ...
[INFO] [stdout] 33 |     pub fn price_to_coordinate(price: f32) -> CoordinatePrecision {
[INFO] [stdout]    |            ^^^^^^^^^^^^^^^^^^^
[INFO] [stdout]    |
[INFO] [stdout]    = note: `#[warn(dead_code)]` on by default
[INFO] [stdout] 
[INFO] [stdout] 
[INFO] [stdout] warning: bounds on generic parameters are not enforced in type aliases
[INFO] [stdout]  --> src/chart/configuration.rs:5:13
[INFO] [stdout]   |
[INFO] [stdout] 5 | type Row<I: PointTrait> = BTreeMap<CoordinatePrecision, I>;
[INFO] [stdout]   |             ^^^^^^^^^^
[INFO] [stdout]   |
[INFO] [stdout]   = note: `#[warn(type_alias_bounds)]` on by default
[INFO] [stdout] help: the bound will not be checked when the type alias is used, and should be removed
[INFO] [stdout]   |
[INFO] [stdout] 5 - type Row<I: PointTrait> = BTreeMap<CoordinatePrecision, I>;
[INFO] [stdout] 5 + type Row<I> = BTreeMap<CoordinatePrecision, I>;
[INFO] [stdout]   |
[INFO] [stdout] 
[INFO] [stdout] 
[INFO] [stdout] warning: bounds on generic parameters are not enforced in type aliases
[INFO] [stdout]  --> src/matrix.rs:5:17
[INFO] [stdout]   |
[INFO] [stdout] 5 | pub type Row<I: Debug> = BTreeMap<CoordinatePrecision, I>;
[INFO] [stdout]   |                 ^^^^^
[INFO] [stdout]   |
[INFO] [stdout] help: the bound will not be checked when the type alias is used, and should be removed
[INFO] [stdout]   |
[INFO] [stdout] 5 - pub type Row<I: Debug> = BTreeMap<CoordinatePrecision, I>;
[INFO] [stdout] 5 + pub type Row<I> = BTreeMap<CoordinatePrecision, I>;
[INFO] [stdout]   |
[INFO] [stdout] 
[INFO] [stdout] 
[INFO] [stdout] warning: 19 warnings emitted
[INFO] [stdout] 
[INFO] [stdout] 
[INFO] [stderr]     Finished dev [unoptimized + debuginfo] target(s) in 15.81s
[INFO] running `Command { std: "docker" "inspect" "f18e5b441653844b885ed896cfd131f16f3bce19e969ad2dd0fa4ce26d254b02", kill_on_drop: false }`
[INFO] running `Command { std: "docker" "rm" "-f" "f18e5b441653844b885ed896cfd131f16f3bce19e969ad2dd0fa4ce26d254b02", kill_on_drop: false }`
[INFO] [stdout] f18e5b441653844b885ed896cfd131f16f3bce19e969ad2dd0fa4ce26d254b02
[INFO] running `Command { std: "docker" "create" "-v" "/var/lib/crater-agent-workspace/builds/worker-3-tc1/target:/opt/rustwide/target:rw,Z" "-v" "/var/lib/crater-agent-workspace/builds/worker-3-tc1/source:/opt/rustwide/workdir:ro,Z" "-v" "/var/lib/crater-agent-workspace/cargo-home:/opt/rustwide/cargo-home:ro,Z" "-v" "/var/lib/crater-agent-workspace/rustup-home:/opt/rustwide/rustup-home:ro,Z" "-e" "SOURCE_DIR=/opt/rustwide/workdir" "-e" "CARGO_TARGET_DIR=/opt/rustwide/target" "-e" "CARGO_INCREMENTAL=0" "-e" "RUST_BACKTRACE=full" "-e" "RUSTFLAGS=--cap-lints=warn" "-e" "RUSTDOCFLAGS=--cap-lints=warn" "-e" "CARGO_HOME=/opt/rustwide/cargo-home" "-e" "RUSTUP_HOME=/opt/rustwide/rustup-home" "-w" "/opt/rustwide/workdir" "-m" "1610612736" "--user" "0:0" "--network" "none" "ghcr.io/rust-lang/crates-build-env/linux@sha256:2788e3201cd34a07e3172128adcd8b3090168a8e3bcc40d7c032b9dda1df7d1c" "/opt/rustwide/cargo-home/bin/cargo" "+1.75.0" "test" "--frozen" "--no-run" "--message-format=json", kill_on_drop: false }`
[INFO] [stdout] 7a701ba82643dfefd051a4bb20aa85935b341c4e9b9ea7e6430c0ca703191fc9
[INFO] running `Command { std: "docker" "start" "-a" "7a701ba82643dfefd051a4bb20aa85935b341c4e9b9ea7e6430c0ca703191fc9", kill_on_drop: false }`
[INFO] [stderr]    Compiling rcoin v0.1.0 (/opt/rustwide/workdir)
[INFO] [stdout] warning: unused imports: `Deserialize`, `Serialize`
[INFO] [stdout]  --> src/rate_provider/coin_market_cap/mod.rs:9:13
[INFO] [stdout]   |
[INFO] [stdout] 9 | use serde::{Serialize, Deserialize};
[INFO] [stdout]   |             ^^^^^^^^^  ^^^^^^^^^^^
[INFO] [stdout]   |
[INFO] [stdout]   = note: `#[warn(unused_imports)]` on by default
[INFO] [stdout] 
[INFO] [stdout] 
[INFO] [stdout] warning: unused import: `self::coin_desk::CoinDesk`
[INFO] [stdout]   --> src/rate_provider/mod.rs:18:9
[INFO] [stdout]    |
[INFO] [stdout] 18 | pub use self::coin_desk::CoinDesk;
[INFO] [stdout]    |         ^^^^^^^^^^^^^^^^^^^^^^^^^
[INFO] [stdout] 
[INFO] [stdout] 
[INFO] [stdout] warning: unused import: `self::blockchain_info::BlockchainInfo`
[INFO] [stdout]   --> src/rate_provider/mod.rs:20:9
[INFO] [stdout]    |
[INFO] [stdout] 20 | pub use self::blockchain_info::BlockchainInfo;
[INFO] [stdout]    |         ^^^^^^^^^^^^^^^^^^^^^^^^^^^^^^^^^^^^^
[INFO] [stdout] 
[INFO] [stdout] 
[INFO] [stdout] warning: unused import: `self::crypto_compare::CryptoCompare`
[INFO] [stdout]   --> src/rate_provider/mod.rs:21:9
[INFO] [stdout]    |
[INFO] [stdout] 21 | pub use self::crypto_compare::CryptoCompare;
[INFO] [stdout]    |         ^^^^^^^^^^^^^^^^^^^^^^^^^^^^^^^^^^^
[INFO] [stdout] 
[INFO] [stdout] 
[INFO] [stdout] warning: unused import: `self::faker::Faker`
[INFO] [stdout]   --> src/rate_provider/mod.rs:22:9
[INFO] [stdout]    |
[INFO] [stdout] 22 | pub use self::faker::Faker;
[INFO] [stdout]    |         ^^^^^^^^^^^^^^^^^^
[INFO] [stdout] 
[INFO] [stdout] 
[INFO] [stdout] warning: `...` range patterns are deprecated
[INFO] [stdout]   --> src/ui/pixel_sequence.rs:59:17
[INFO] [stdout]    |
[INFO] [stdout] 59 |             '0' ... '9' => style_string.push(character),
[INFO] [stdout]    |                 ^^^ help: use `..=` for an inclusive range
[INFO] [stdout]    |
[INFO] [stdout]    = warning: this is accepted in the current edition (Rust 2015) but is a hard error in Rust 2021!
[INFO] [stdout]    = note: for more information, see <https://doc.rust-lang.org/nightly/edition-guide/rust-2021/warnings-promoted-to-error.html>
[INFO] [stdout]    = note: `#[warn(ellipsis_inclusive_range_patterns)]` on by default
[INFO] [stdout] 
[INFO] [stdout] 
[INFO] [stdout] warning: `...` range patterns are deprecated
[INFO] [stdout]    --> src/ui/screen.rs:158:21
[INFO] [stdout]     |
[INFO] [stdout] 158 |                 '0' ... '9' => style_string.push(character),
[INFO] [stdout]     |                     ^^^ help: use `..=` for an inclusive range
[INFO] [stdout]     |
[INFO] [stdout]     = warning: this is accepted in the current edition (Rust 2015) but is a hard error in Rust 2021!
[INFO] [stdout]     = note: for more information, see <https://doc.rust-lang.org/nightly/edition-guide/rust-2021/warnings-promoted-to-error.html>
[INFO] [stdout] 
[INFO] [stdout] 
[INFO] [stdout] warning: unused import: `self::element::Element`
[INFO] [stdout]   --> src/ui/mod.rs:15:9
[INFO] [stdout]    |
[INFO] [stdout] 15 | pub use self::element::Element;
[INFO] [stdout]    |         ^^^^^^^^^^^^^^^^^^^^^^
[INFO] [stdout] 
[INFO] [stdout] 
[INFO] [stdout] warning: unused import: `self::pixel::Pixel`
[INFO] [stdout]   --> src/ui/mod.rs:17:9
[INFO] [stdout]    |
[INFO] [stdout] 17 | pub use self::pixel::Pixel;
[INFO] [stdout]    |         ^^^^^^^^^^^^^^^^^^
[INFO] [stdout] 
[INFO] [stdout] 
[INFO] [stdout] warning: trait objects without an explicit `dyn` are deprecated
[INFO] [stdout]   --> src/chart/mod.rs:80:88
[INFO] [stdout]    |
[INFO] [stdout] 80 |     pub fn draw_points_with_configuration<T: PointTrait>(&self, points: Vec<T>, conf: &configuration::Configuration<T>) -> String {
[INFO] [stdout]    |                                                                                        ^^^^^^^^^^^^^^^^^^^^^^^^^^^^^^^
[INFO] [stdout]    |
[INFO] [stdout]    = warning: this is accepted in the current edition (Rust 2015) but is a hard error in Rust 2021!
[INFO] [stdout]    = note: for more information, see <https://doc.rust-lang.org/nightly/edition-guide/rust-2021/warnings-promoted-to-error.html>
[INFO] [stdout]    = note: `#[warn(bare_trait_objects)]` on by default
[INFO] [stdout] help: use `dyn`
[INFO] [stdout]    |
[INFO] [stdout] 80 |     pub fn draw_points_with_configuration<T: PointTrait>(&self, points: Vec<T>, conf: &dyn configuration::Configuration<T>) -> String {
[INFO] [stdout]    |                                                                                        +++
[INFO] [stdout] 
[INFO] [stdout] 
[INFO] [stdout] warning: trait objects without an explicit `dyn` are deprecated
[INFO] [stdout]  --> src/chart/point_drawing.rs:7:84
[INFO] [stdout]   |
[INFO] [stdout] 7 |     fn draw_points_with_configuration<T: PointTrait>(&self, points: Vec<T>, conf: &Configuration<T>) -> String;
[INFO] [stdout]   |                                                                                    ^^^^^^^^^^^^^^^^
[INFO] [stdout]   |
[INFO] [stdout]   = warning: this is accepted in the current edition (Rust 2015) but is a hard error in Rust 2021!
[INFO] [stdout]   = note: for more information, see <https://doc.rust-lang.org/nightly/edition-guide/rust-2021/warnings-promoted-to-error.html>
[INFO] [stdout] help: use `dyn`
[INFO] [stdout]   |
[INFO] [stdout] 7 |     fn draw_points_with_configuration<T: PointTrait>(&self, points: Vec<T>, conf: &dyn Configuration<T>) -> String;
[INFO] [stdout]   |                                                                                    +++
[INFO] [stdout] 
[INFO] [stdout] 
[INFO] [stdout] warning: trait objects without an explicit `dyn` are deprecated
[INFO] [stdout]   --> src/chart/canvas.rs:44:91
[INFO] [stdout]    |
[INFO] [stdout] 44 |     pub fn draw_points_with_configuration<T: PointTrait>(&self, matrix: Matrix<T>, conf: &Configuration<T>) -> String {
[INFO] [stdout]    |                                                                                           ^^^^^^^^^^^^^^^^
[INFO] [stdout]    |
[INFO] [stdout]    = warning: this is accepted in the current edition (Rust 2015) but is a hard error in Rust 2021!
[INFO] [stdout]    = note: for more information, see <https://doc.rust-lang.org/nightly/edition-guide/rust-2021/warnings-promoted-to-error.html>
[INFO] [stdout] help: use `dyn`
[INFO] [stdout]    |
[INFO] [stdout] 44 |     pub fn draw_points_with_configuration<T: PointTrait>(&self, matrix: Matrix<T>, conf: &dyn Configuration<T>) -> String {
[INFO] [stdout]    |                                                                                           +++
[INFO] [stdout] 
[INFO] [stdout] 
[INFO] [stdout] warning: trait objects without an explicit `dyn` are deprecated
[INFO] [stdout]   --> src/chart/canvas.rs:72:118
[INFO] [stdout]    |
[INFO] [stdout] 72 |     fn draw_row_with_configuration<T: PointTrait>(&self, row_number: CoordinatePrecision, matrix: &Matrix<T>, conf: &Configuration<T>) ->...
[INFO] [stdout]    |                                                                                                                      ^^^^^^^^^^^^^^^^
[INFO] [stdout]    |
[INFO] [stdout]    = warning: this is accepted in the current edition (Rust 2015) but is a hard error in Rust 2021!
[INFO] [stdout]    = note: for more information, see <https://doc.rust-lang.org/nightly/edition-guide/rust-2021/warnings-promoted-to-error.html>
[INFO] [stdout] help: use `dyn`
[INFO] [stdout]    |
[INFO] [stdout] 72 |     fn draw_row_with_configuration<T: PointTrait>(&self, row_number: CoordinatePrecision, matrix: &Matrix<T>, conf: &dyn Configuration<T>) -> String {
[INFO] [stdout]    |                                                                                                                      +++
[INFO] [stdout] 
[INFO] [stdout] 
[INFO] [stdout] warning: unused variable: `rng`
[INFO] [stdout]   --> src/rate_provider/faker.rs:18:17
[INFO] [stdout]    |
[INFO] [stdout] 18 |         let mut rng = rand::thread_rng();
[INFO] [stdout]    |                 ^^^ help: if this is intentional, prefix it with an underscore: `_rng`
[INFO] [stdout]    |
[INFO] [stdout]    = note: `#[warn(unused_variables)]` on by default
[INFO] [stdout] 
[INFO] [stdout] 
[INFO] [stdout] warning: variable does not need to be mutable
[INFO] [stdout]   --> src/rate_provider/faker.rs:18:13
[INFO] [stdout]    |
[INFO] [stdout] 18 |         let mut rng = rand::thread_rng();
[INFO] [stdout]    |             ----^^^
[INFO] [stdout]    |             |
[INFO] [stdout]    |             help: remove this `mut`
[INFO] [stdout]    |
[INFO] [stdout]    = note: `#[warn(unused_mut)]` on by default
[INFO] [stdout] 
[INFO] [stdout] 
[INFO] [stdout] warning: variable `current_index` is assigned to, but never used
[INFO] [stdout]    --> src/ui/screen_buffer.rs:195:17
[INFO] [stdout]     |
[INFO] [stdout] 195 |         let mut current_index = y * width;
[INFO] [stdout]     |                 ^^^^^^^^^^^^^
[INFO] [stdout]     |
[INFO] [stdout]     = note: consider using `_current_index` instead
[INFO] [stdout] 
[INFO] [stdout] 
[INFO] [stdout] warning: associated function `price_to_coordinate` is never used
[INFO] [stdout]   --> src/rate/mod.rs:33:12
[INFO] [stdout]    |
[INFO] [stdout] 21 | impl Rate {
[INFO] [stdout]    | --------- associated function in this implementation
[INFO] [stdout] ...
[INFO] [stdout] 33 |     pub fn price_to_coordinate(price: f32) -> CoordinatePrecision {
[INFO] [stdout]    |            ^^^^^^^^^^^^^^^^^^^
[INFO] [stdout]    |
[INFO] [stdout]    = note: `#[warn(dead_code)]` on by default
[INFO] [stdout] 
[INFO] [stdout] 
[INFO] [stdout] warning: bounds on generic parameters are not enforced in type aliases
[INFO] [stdout]  --> src/chart/configuration.rs:5:13
[INFO] [stdout]   |
[INFO] [stdout] 5 | type Row<I: PointTrait> = BTreeMap<CoordinatePrecision, I>;
[INFO] [stdout]   |             ^^^^^^^^^^
[INFO] [stdout]   |
[INFO] [stdout]   = note: `#[warn(type_alias_bounds)]` on by default
[INFO] [stdout] help: the bound will not be checked when the type alias is used, and should be removed
[INFO] [stdout]   |
[INFO] [stdout] 5 - type Row<I: PointTrait> = BTreeMap<CoordinatePrecision, I>;
[INFO] [stdout] 5 + type Row<I> = BTreeMap<CoordinatePrecision, I>;
[INFO] [stdout]   |
[INFO] [stdout] 
[INFO] [stdout] 
[INFO] [stdout] warning: bounds on generic parameters are not enforced in type aliases
[INFO] [stdout]  --> src/matrix.rs:5:17
[INFO] [stdout]   |
[INFO] [stdout] 5 | pub type Row<I: Debug> = BTreeMap<CoordinatePrecision, I>;
[INFO] [stdout]   |                 ^^^^^
[INFO] [stdout]   |
[INFO] [stdout] help: the bound will not be checked when the type alias is used, and should be removed
[INFO] [stdout]   |
[INFO] [stdout] 5 - pub type Row<I: Debug> = BTreeMap<CoordinatePrecision, I>;
[INFO] [stdout] 5 + pub type Row<I> = BTreeMap<CoordinatePrecision, I>;
[INFO] [stdout]   |
[INFO] [stdout] 
[INFO] [stdout] 
[INFO] [stdout] warning: 19 warnings emitted
[INFO] [stdout] 
[INFO] [stdout] 
[INFO] [stderr]     Finished test [unoptimized + debuginfo] target(s) in 2.80s
[INFO] running `Command { std: "docker" "inspect" "7a701ba82643dfefd051a4bb20aa85935b341c4e9b9ea7e6430c0ca703191fc9", kill_on_drop: false }`
[INFO] running `Command { std: "docker" "rm" "-f" "7a701ba82643dfefd051a4bb20aa85935b341c4e9b9ea7e6430c0ca703191fc9", kill_on_drop: false }`
[INFO] [stdout] 7a701ba82643dfefd051a4bb20aa85935b341c4e9b9ea7e6430c0ca703191fc9
[INFO] running `Command { std: "docker" "create" "-v" "/var/lib/crater-agent-workspace/builds/worker-3-tc1/target:/opt/rustwide/target:rw,Z" "-v" "/var/lib/crater-agent-workspace/builds/worker-3-tc1/source:/opt/rustwide/workdir:ro,Z" "-v" "/var/lib/crater-agent-workspace/cargo-home:/opt/rustwide/cargo-home:ro,Z" "-v" "/var/lib/crater-agent-workspace/rustup-home:/opt/rustwide/rustup-home:ro,Z" "-e" "SOURCE_DIR=/opt/rustwide/workdir" "-e" "CARGO_TARGET_DIR=/opt/rustwide/target" "-e" "CARGO_INCREMENTAL=0" "-e" "RUST_BACKTRACE=full" "-e" "RUSTFLAGS=--cap-lints=warn" "-e" "RUSTDOCFLAGS=--cap-lints=warn" "-e" "CARGO_HOME=/opt/rustwide/cargo-home" "-e" "RUSTUP_HOME=/opt/rustwide/rustup-home" "-w" "/opt/rustwide/workdir" "-m" "1610612736" "--user" "0:0" "--network" "none" "ghcr.io/rust-lang/crates-build-env/linux@sha256:2788e3201cd34a07e3172128adcd8b3090168a8e3bcc40d7c032b9dda1df7d1c" "/opt/rustwide/cargo-home/bin/cargo" "+1.75.0" "test" "--frozen", kill_on_drop: false }`
[INFO] [stdout] 464c13856509261afe4b373691f9f7d261db90e2f94a3f6bf646228401cfeb79
[INFO] running `Command { std: "docker" "start" "-a" "464c13856509261afe4b373691f9f7d261db90e2f94a3f6bf646228401cfeb79", kill_on_drop: false }`
[INFO] [stderr] warning: unused imports: `Deserialize`, `Serialize`
[INFO] [stderr]  --> src/rate_provider/coin_market_cap/mod.rs:9:13
[INFO] [stderr]   |
[INFO] [stderr] 9 | use serde::{Serialize, Deserialize};
[INFO] [stderr]   |             ^^^^^^^^^  ^^^^^^^^^^^
[INFO] [stderr]   |
[INFO] [stderr]   = note: `#[warn(unused_imports)]` on by default
[INFO] [stderr] 
[INFO] [stderr] warning: unused import: `self::coin_desk::CoinDesk`
[INFO] [stderr]   --> src/rate_provider/mod.rs:18:9
[INFO] [stderr]    |
[INFO] [stderr] 18 | pub use self::coin_desk::CoinDesk;
[INFO] [stderr]    |         ^^^^^^^^^^^^^^^^^^^^^^^^^
[INFO] [stderr] 
[INFO] [stderr] warning: unused import: `self::blockchain_info::BlockchainInfo`
[INFO] [stderr]   --> src/rate_provider/mod.rs:20:9
[INFO] [stderr]    |
[INFO] [stderr] 20 | pub use self::blockchain_info::BlockchainInfo;
[INFO] [stderr]    |         ^^^^^^^^^^^^^^^^^^^^^^^^^^^^^^^^^^^^^
[INFO] [stderr] 
[INFO] [stderr] warning: unused import: `self::crypto_compare::CryptoCompare`
[INFO] [stderr]   --> src/rate_provider/mod.rs:21:9
[INFO] [stderr]    |
[INFO] [stderr] 21 | pub use self::crypto_compare::CryptoCompare;
[INFO] [stderr]    |         ^^^^^^^^^^^^^^^^^^^^^^^^^^^^^^^^^^^
[INFO] [stderr] 
[INFO] [stderr] warning: unused import: `self::faker::Faker`
[INFO] [stderr]   --> src/rate_provider/mod.rs:22:9
[INFO] [stderr]    |
[INFO] [stderr] 22 | pub use self::faker::Faker;
[INFO] [stderr]    |         ^^^^^^^^^^^^^^^^^^
[INFO] [stderr] 
[INFO] [stderr] warning: `...` range patterns are deprecated
[INFO] [stderr]   --> src/ui/pixel_sequence.rs:59:17
[INFO] [stderr]    |
[INFO] [stderr] 59 |             '0' ... '9' => style_string.push(character),
[INFO] [stderr]    |                 ^^^ help: use `..=` for an inclusive range
[INFO] [stderr]    |
[INFO] [stderr]    = warning: this is accepted in the current edition (Rust 2015) but is a hard error in Rust 2021!
[INFO] [stderr]    = note: for more information, see <https://doc.rust-lang.org/nightly/edition-guide/rust-2021/warnings-promoted-to-error.html>
[INFO] [stderr]    = note: `#[warn(ellipsis_inclusive_range_patterns)]` on by default
[INFO] [stderr] 
[INFO] [stderr] warning: `...` range patterns are deprecated
[INFO] [stderr]    --> src/ui/screen.rs:158:21
[INFO] [stderr]     |
[INFO] [stderr] 158 |                 '0' ... '9' => style_string.push(character),
[INFO] [stderr]     |                     ^^^ help: use `..=` for an inclusive range
[INFO] [stderr]     |
[INFO] [stderr]     = warning: this is accepted in the current edition (Rust 2015) but is a hard error in Rust 2021!
[INFO] [stderr]     = note: for more information, see <https://doc.rust-lang.org/nightly/edition-guide/rust-2021/warnings-promoted-to-error.html>
[INFO] [stderr] 
[INFO] [stderr] warning: unused import: `self::element::Element`
[INFO] [stderr]   --> src/ui/mod.rs:15:9
[INFO] [stderr]    |
[INFO] [stderr] 15 | pub use self::element::Element;
[INFO] [stderr]    |         ^^^^^^^^^^^^^^^^^^^^^^
[INFO] [stderr] 
[INFO] [stderr] warning: unused import: `self::pixel::Pixel`
[INFO] [stderr]   --> src/ui/mod.rs:17:9
[INFO] [stderr]    |
[INFO] [stderr] 17 | pub use self::pixel::Pixel;
[INFO] [stderr]    |         ^^^^^^^^^^^^^^^^^^
[INFO] [stderr] 
[INFO] [stderr] warning: trait objects without an explicit `dyn` are deprecated
[INFO] [stderr]   --> src/chart/mod.rs:80:88
[INFO] [stderr]    |
[INFO] [stderr] 80 |     pub fn draw_points_with_configuration<T: PointTrait>(&self, points: Vec<T>, conf: &configuration::Configuration<T>) -> String {
[INFO] [stderr]    |                                                                                        ^^^^^^^^^^^^^^^^^^^^^^^^^^^^^^^
[INFO] [stderr]    |
[INFO] [stderr]    = warning: this is accepted in the current edition (Rust 2015) but is a hard error in Rust 2021!
[INFO] [stderr]    = note: for more information, see <https://doc.rust-lang.org/nightly/edition-guide/rust-2021/warnings-promoted-to-error.html>
[INFO] [stderr]    = note: `#[warn(bare_trait_objects)]` on by default
[INFO] [stderr] help: use `dyn`
[INFO] [stderr]    |
[INFO] [stderr] 80 |     pub fn draw_points_with_configuration<T: PointTrait>(&self, points: Vec<T>, conf: &dyn configuration::Configuration<T>) -> String {
[INFO] [stderr]    |                                                                                        +++
[INFO] [stderr] 
[INFO] [stderr] warning: trait objects without an explicit `dyn` are deprecated
[INFO] [stderr]  --> src/chart/point_drawing.rs:7:84
[INFO] [stderr]   |
[INFO] [stderr] 7 |     fn draw_points_with_configuration<T: PointTrait>(&self, points: Vec<T>, conf: &Configuration<T>) -> String;
[INFO] [stderr]   |                                                                                    ^^^^^^^^^^^^^^^^
[INFO] [stderr]   |
[INFO] [stderr]   = warning: this is accepted in the current edition (Rust 2015) but is a hard error in Rust 2021!
[INFO] [stderr]   = note: for more information, see <https://doc.rust-lang.org/nightly/edition-guide/rust-2021/warnings-promoted-to-error.html>
[INFO] [stderr] help: use `dyn`
[INFO] [stderr]   |
[INFO] [stderr] 7 |     fn draw_points_with_configuration<T: PointTrait>(&self, points: Vec<T>, conf: &dyn Configuration<T>) -> String;
[INFO] [stderr]   |                                                                                    +++
[INFO] [stderr] 
[INFO] [stderr] warning: trait objects without an explicit `dyn` are deprecated
[INFO] [stderr]   --> src/chart/canvas.rs:44:91
[INFO] [stderr]    |
[INFO] [stderr] 44 |     pub fn draw_points_with_configuration<T: PointTrait>(&self, matrix: Matrix<T>, conf: &Configuration<T>) -> String {
[INFO] [stderr]    |                                                                                           ^^^^^^^^^^^^^^^^
[INFO] [stderr]    |
[INFO] [stderr]    = warning: this is accepted in the current edition (Rust 2015) but is a hard error in Rust 2021!
[INFO] [stderr]    = note: for more information, see <https://doc.rust-lang.org/nightly/edition-guide/rust-2021/warnings-promoted-to-error.html>
[INFO] [stderr] help: use `dyn`
[INFO] [stderr]    |
[INFO] [stderr] 44 |     pub fn draw_points_with_configuration<T: PointTrait>(&self, matrix: Matrix<T>, conf: &dyn Configuration<T>) -> String {
[INFO] [stderr]    |                                                                                           +++
[INFO] [stderr] 
[INFO] [stderr] warning: trait objects without an explicit `dyn` are deprecated
[INFO] [stderr]   --> src/chart/canvas.rs:72:118
[INFO] [stderr]    |
[INFO] [stderr] 72 |     fn draw_row_with_configuration<T: PointTrait>(&self, row_number: CoordinatePrecision, matrix: &Matrix<T>, conf: &Configuration<T>) ->...
[INFO] [stderr]    |                                                                                                                      ^^^^^^^^^^^^^^^^
[INFO] [stderr]    |
[INFO] [stderr]    = warning: this is accepted in the current edition (Rust 2015) but is a hard error in Rust 2021!
[INFO] [stderr]    = note: for more information, see <https://doc.rust-lang.org/nightly/edition-guide/rust-2021/warnings-promoted-to-error.html>
[INFO] [stderr] help: use `dyn`
[INFO] [stderr]    |
[INFO] [stderr] 72 |     fn draw_row_with_configuration<T: PointTrait>(&self, row_number: CoordinatePrecision, matrix: &Matrix<T>, conf: &dyn Configuration<T>) -> String {
[INFO] [stderr]    |                                                                                                                      +++
[INFO] [stderr] 
[INFO] [stderr] warning: unused variable: `rng`
[INFO] [stderr]   --> src/rate_provider/faker.rs:18:17
[INFO] [stderr]    |
[INFO] [stderr] 18 |         let mut rng = rand::thread_rng();
[INFO] [stderr]    |                 ^^^ help: if this is intentional, prefix it with an underscore: `_rng`
[INFO] [stderr]    |
[INFO] [stderr]    = note: `#[warn(unused_variables)]` on by default
[INFO] [stderr] 
[INFO] [stderr] warning: variable does not need to be mutable
[INFO] [stderr]   --> src/rate_provider/faker.rs:18:13
[INFO] [stderr]    |
[INFO] [stderr] 18 |         let mut rng = rand::thread_rng();
[INFO] [stderr]    |             ----^^^
[INFO] [stderr]    |             |
[INFO] [stderr]    |             help: remove this `mut`
[INFO] [stderr]    |
[INFO] [stderr]    = note: `#[warn(unused_mut)]` on by default
[INFO] [stderr] 
[INFO] [stderr] warning: variable `current_index` is assigned to, but never used
[INFO] [stderr]    --> src/ui/screen_buffer.rs:195:17
[INFO] [stderr]     |
[INFO] [stderr] 195 |         let mut current_index = y * width;
[INFO] [stderr]     |                 ^^^^^^^^^^^^^
[INFO] [stderr]     |
[INFO] [stderr]     = note: consider using `_current_index` instead
[INFO] [stderr] 
[INFO] [stderr] warning: associated function `price_to_coordinate` is never used
[INFO] [stderr]   --> src/rate/mod.rs:33:12
[INFO] [stderr]    |
[INFO] [stderr] 21 | impl Rate {
[INFO] [stderr]    | --------- associated function in this implementation
[INFO] [stderr] ...
[INFO] [stderr] 33 |     pub fn price_to_coordinate(price: f32) -> CoordinatePrecision {
[INFO] [stderr]    |            ^^^^^^^^^^^^^^^^^^^
[INFO] [stderr]    |
[INFO] [stderr]    = note: `#[warn(dead_code)]` on by default
[INFO] [stderr] 
[INFO] [stderr] warning: bounds on generic parameters are not enforced in type aliases
[INFO] [stderr]  --> src/chart/configuration.rs:5:13
[INFO] [stderr]   |
[INFO] [stderr] 5 | type Row<I: PointTrait> = BTreeMap<CoordinatePrecision, I>;
[INFO] [stderr]   |             ^^^^^^^^^^
[INFO] [stderr]   |
[INFO] [stderr]   = note: `#[warn(type_alias_bounds)]` on by default
[INFO] [stderr] help: the bound will not be checked when the type alias is used, and should be removed
[INFO] [stderr]   |
[INFO] [stderr] 5 - type Row<I: PointTrait> = BTreeMap<CoordinatePrecision, I>;
[INFO] [stderr] 5 + type Row<I> = BTreeMap<CoordinatePrecision, I>;
[INFO] [stderr]   |
[INFO] [stderr] 
[INFO] [stderr] warning: bounds on generic parameters are not enforced in type aliases
[INFO] [stderr]  --> src/matrix.rs:5:17
[INFO] [stderr]   |
[INFO] [stderr] 5 | pub type Row<I: Debug> = BTreeMap<CoordinatePrecision, I>;
[INFO] [stderr]   |                 ^^^^^
[INFO] [stderr]   |
[INFO] [stderr] help: the bound will not be checked when the type alias is used, and should be removed
[INFO] [stderr]   |
[INFO] [stderr] 5 - pub type Row<I: Debug> = BTreeMap<CoordinatePrecision, I>;
[INFO] [stderr] 5 + pub type Row<I> = BTreeMap<CoordinatePrecision, I>;
[INFO] [stderr]   |
[INFO] [stderr] 
[INFO] [stderr] warning: `rcoin` (bin "rcoin" test) generated 19 warnings (run `cargo fix --bin "rcoin" --tests` to apply 17 suggestions)
[INFO] [stderr]     Finished test [unoptimized + debuginfo] target(s) in 0.07s
[INFO] [stderr]      Running unittests src/main.rs (/opt/rustwide/target/debug/deps/rcoin-6d87f3b13d818019)
[INFO] [stdout] 
[INFO] [stdout] running 88 tests
[INFO] [stdout] test chart::canvas::tests::draw_points_with_callback_test ... ok
[INFO] [stdout] test chart::tests::draw_points_with_symbols_test ... ok
[INFO] [stdout] test chart::tests::draw_points_with_symbol_test ... ok
[INFO] [stdout] test chart::canvas::tests::draw_points_with_symbols_test ... ok
[INFO] [stdout] test chart::tests::draw_points_with_callback_test ... ok
[INFO] [stdout] test chart::configuration::tests::call_test ... ok
[INFO] [stdout] test chart::tests::scale_test ... ok
[INFO] [stdout] test chart::canvas::tests::draw_points_with_symbol_test ... ok
[INFO] [stdout] test chart::tests::do_not_scale_up_test ... ok
[INFO] [stdout] test chart::tests::scale_down_test ... ok
[INFO] [stdout] test chart::tests::scale_not_needed_test ... ok
[INFO] [stdout] test matrix::tests::is_empty_test ... ok
[INFO] [stdout] test matrix::tests::map_test ... ok
[INFO] [stdout] test chart::mode::tests::from_str_test ... ok
[INFO] [stdout] test matrix::tests::x_max_test ... ok
[INFO] [stdout] test matrix::tests::x_y_max_test ... ok
[INFO] [stdout] test matrix::tests::x_y_min_test ... ok
[INFO] [stdout] test rate::rate_series::tests::push_test ... ok
[INFO] [stdout] test matrix::tests::y_max_test ... ok
[INFO] [stdout] test rate::currency::tests::name_test ... ok
[INFO] [stdout] test rate::currency::tests::symbol_test ... ok
[INFO] [stdout] test matrix::tests::x_min_test ... ok
[INFO] [stdout] test matrix::tests::y_min_test ... ok
[INFO] [stdout] test term_style::style::test_background::background_black_test ... ok
[INFO] [stdout] test rate::currency::tests::from_str_test ... ok
[INFO] [stdout] test rate_provider::faker::tests::get_test ... ok
[INFO] [stdout] test term_style::style::test_background::background_cyan_test ... ok
[INFO] [stdout] test term_style::style::test_background::background_blue_test ... ok
[INFO] [stdout] test term_style::style::test_background::background_default_background_test ... ok
[INFO] [stdout] test term_style::style::test_background::background_dark_gray_test ... ok
[INFO] [stdout] test term_style::style::test_background::background_green_test ... ok
[INFO] [stdout] test term_style::style::test_background::background_light_cyan_test ... ok
[INFO] [stdout] test term_style::style::test_background::background_light_blue_test ... ok
[INFO] [stdout] test term_style::style::test_background::background_light_magenta_test ... ok
[INFO] [stdout] test term_style::style::test_background::background_light_gray_test ... ok
[INFO] [stdout] test term_style::style::test_background::background_light_yellow_test ... ok
[INFO] [stdout] test term_style::style::test_background::background_light_green_test ... ok
[INFO] [stdout] test term_style::style::test_background::background_magenta_test ... ok
[INFO] [stdout] test term_style::style::test_background::background_light_red_test ... ok
[INFO] [stdout] test term_style::style::test_background::background_red_test ... ok
[INFO] [stdout] test term_style::style::test_background::background_white_test ... ok
[INFO] [stdout] test term_style::style::test_foreground::color_test ... ok
[INFO] [stdout] test term_style::style::test_foreground::blue_test ... ok
[INFO] [stdout] test term_style::style::test_background::background_yellow_test ... ok
[INFO] [stdout] test term_style::style::test_foreground::green_test ... ok
[INFO] [stdout] test term_style::style::test_foreground::dark_gray_test ... ok
[INFO] [stdout] test term_style::style::test_foreground::cyan_test ... ok
[INFO] [stdout] test term_style::style::test_foreground::light_cyan_test ... ok
[INFO] [stdout] test rate_provider::crypto_compare::tests::get_test ... FAILED
[INFO] [stdout] test term_style::style::test_foreground::light_blue_test ... ok
[INFO] [stdout] test rate_provider::coin_desk::tests::get_test ... FAILED
[INFO] [stdout] test term_style::style::test_foreground::light_magenta_test ... ok
[INFO] [stdout] test term_style::style::test_foreground::light_gray_test ... ok
[INFO] [stdout] test term_style::style::test_foreground::light_yellow_test ... ok
[INFO] [stdout] test rate_provider::blockchain_info::tests::get_test ... FAILED
[INFO] [stdout] test term_style::style::test_foreground::light_green_test ... ok
[INFO] [stdout] test term_style::style::test_foreground::light_red_test ... ok
[INFO] [stdout] test rate_provider::cryptonator::tests::get_test ... FAILED
[INFO] [stdout] test term_style::style::test_foreground::white_test ... ok
[INFO] [stdout] test term_style::style::test_foreground::magenta_test ... ok
[INFO] [stdout] test ui::error::tests::ui_error_test ... ok
[INFO] [stdout] test term_style::style::test_style::style_test ... ok
[INFO] [stdout] test ui::keyboard::test::listen_test ... ok
[INFO] [stdout] test ui::element::test::default_test ... ok
[INFO] [stdout] test term_style::style::test_foreground::yellow_test ... ok
[INFO] [stdout] test rate_provider::coin_market_cap::tests::get_test ... FAILED
[INFO] [stdout] test term_style::style::test_foreground::red_test ... ok
[INFO] [stdout] test ui::element::test::blank_test ... ok
[INFO] [stdout] test ui::medium::terminal::test::print_test ... ok
[INFO] [stdout] test ui::pixel::test::with_x_y_test ... ok
[INFO] [stdout] test ui::pixel::test::with_y_test ... ok
[INFO] [stdout] test ui::screen::test::draw_text_overflow_test ... ok
[INFO] [stdout] test ui::pixel::test::blank_test ... ok
[INFO] [stdout] test ui::pixel::test::blank_with_point ... ok
[INFO] [stdout] test ui::screen::test::draw_text_overwrite_test ... ok
[INFO] [stdout] test ui::screen::test::draw_text_wrapping_overflow_test ... ok
[INFO] [stdout] test ui::screen::test::draw_text_wrapping_test ... ok
[INFO] [stdout] test ui::screen::test::get_contents_test ... ok
[INFO] [stdout] test ui::screen::test::draw_text_test ... ok
[INFO] [stdout] test ui::pixel::test::default_test ... ok
[INFO] [stdout] test ui::screen_buffer::tests::draw_point_should_fail_test ... ok
[INFO] [stdout] test ui::screen_buffer::tests::get_content_at_point_test ... ok
[INFO] [stdout] test ui::screen_buffer::tests::get_contents_test ... ok
[INFO] [stdout] test ui::screen_buffer::tests::get_contents_empty_test ... ok
[INFO] [stdout] test util::tests::str_left_pad_test ... ok
[INFO] [stdout] test util::tests::str_pad_test ... ok
[INFO] [stdout] test ui::pixel::test::with_x_test ... ok
[INFO] [stdout] test ui::screen_buffer::tests::draw_point_test ... ok
[INFO] [stdout] 
[INFO] [stdout] failures:
[INFO] [stdout] 
[INFO] [stdout] ---- rate_provider::crypto_compare::tests::get_test stdout ----
[INFO] [stdout] thread 'rate_provider::crypto_compare::tests::get_test' panicked at src/rate_provider/crypto_compare/mod.rs:44:9:
[INFO] [stdout] assertion failed: result.is_ok()
[INFO] [stdout] stack backtrace:
[INFO] [stdout]    0:     0x55e8e2d8c3ac - std::backtrace_rs::backtrace::libunwind::trace::ha637c64ce894333a
[INFO] [stdout]                                at /rustc/82e1608dfa6e0b5569232559e3d385fea5a93112/library/std/src/../../backtrace/src/backtrace/libunwind.rs:104:5
[INFO] [stdout]    1:     0x55e8e2d8c3ac - std::backtrace_rs::backtrace::trace_unsynchronized::h47f62dea28e0c88d
[INFO] [stdout]                                at /rustc/82e1608dfa6e0b5569232559e3d385fea5a93112/library/std/src/../../backtrace/src/backtrace/mod.rs:66:5
[INFO] [stdout]    2:     0x55e8e2d8c3ac - std::sys_common::backtrace::_print_fmt::h9eef0abe20ede486
[INFO] [stdout]                                at /rustc/82e1608dfa6e0b5569232559e3d385fea5a93112/library/std/src/sys_common/backtrace.rs:67:5
[INFO] [stdout]    3:     0x55e8e2d8c3ac - <std::sys_common::backtrace::_print::DisplayBacktrace as core::fmt::Display>::fmt::hed7f999df88cc644
[INFO] [stdout]                                at /rustc/82e1608dfa6e0b5569232559e3d385fea5a93112/library/std/src/sys_common/backtrace.rs:44:22
[INFO] [stdout]    4:     0x55e8e2db7740 - core::fmt::rt::Argument::fmt::h1539a9308b8d058d
[INFO] [stdout]                                at /rustc/82e1608dfa6e0b5569232559e3d385fea5a93112/library/core/src/fmt/rt.rs:142:9
[INFO] [stdout]    5:     0x55e8e2db7740 - core::fmt::write::h3a39390d8560d9c9
[INFO] [stdout]                                at /rustc/82e1608dfa6e0b5569232559e3d385fea5a93112/library/core/src/fmt/mod.rs:1120:17
[INFO] [stdout]    6:     0x55e8e2d89d4f - std::io::Write::write_fmt::h040b369f3a0f9cbc
[INFO] [stdout]                                at /rustc/82e1608dfa6e0b5569232559e3d385fea5a93112/library/std/src/io/mod.rs:1762:15
[INFO] [stdout]    7:     0x55e8e2d8c194 - std::sys_common::backtrace::_print::h894006fb5c6f3d45
[INFO] [stdout]                                at /rustc/82e1608dfa6e0b5569232559e3d385fea5a93112/library/std/src/sys_common/backtrace.rs:47:5
[INFO] [stdout]    8:     0x55e8e2d8c194 - std::sys_common::backtrace::print::h23a2d212c6fff936
[INFO] [stdout]                                at /rustc/82e1608dfa6e0b5569232559e3d385fea5a93112/library/std/src/sys_common/backtrace.rs:34:9
[INFO] [stdout]    9:     0x55e8e2d8de57 - std::panicking::default_hook::{{closure}}::h8a1d2ee00185001a
[INFO] [stdout]   10:     0x55e8e2d8db43 - std::panicking::default_hook::h6038f2eba384e475
[INFO] [stdout]                                at /rustc/82e1608dfa6e0b5569232559e3d385fea5a93112/library/std/src/panicking.rs:289:9
[INFO] [stdout]   11:     0x55e8e2cf9397 - <alloc::boxed::Box<F,A> as core::ops::function::Fn<Args>>::call::h0ad024c9bdc6d768
[INFO] [stdout]                                at /rustc/82e1608dfa6e0b5569232559e3d385fea5a93112/library/alloc/src/boxed.rs:2021:9
[INFO] [stdout]   12:     0x55e8e2cf9397 - test::test_main::{{closure}}::h7500b54257359db6
[INFO] [stdout]                                at /rustc/82e1608dfa6e0b5569232559e3d385fea5a93112/library/test/src/lib.rs:138:21
[INFO] [stdout]   13:     0x55e8e2d8e468 - <alloc::boxed::Box<F,A> as core::ops::function::Fn<Args>>::call::h1f8f335eaa9cfaee
[INFO] [stdout]                                at /rustc/82e1608dfa6e0b5569232559e3d385fea5a93112/library/alloc/src/boxed.rs:2021:9
[INFO] [stdout]   14:     0x55e8e2d8e468 - std::panicking::rust_panic_with_hook::h2b5517d590cab22e
[INFO] [stdout]                                at /rustc/82e1608dfa6e0b5569232559e3d385fea5a93112/library/std/src/panicking.rs:783:13
[INFO] [stdout]   15:     0x55e8e2d8e189 - std::panicking::begin_panic_handler::{{closure}}::h233112c06e0ef43e
[INFO] [stdout]                                at /rustc/82e1608dfa6e0b5569232559e3d385fea5a93112/library/std/src/panicking.rs:649:13
[INFO] [stdout]   16:     0x55e8e2d8c876 - std::sys_common::backtrace::__rust_end_short_backtrace::h6e893f24d7ebbff8
[INFO] [stdout]                                at /rustc/82e1608dfa6e0b5569232559e3d385fea5a93112/library/std/src/sys_common/backtrace.rs:170:18
[INFO] [stdout]   17:     0x55e8e2d8df22 - rust_begin_unwind
[INFO] [stdout]                                at /rustc/82e1608dfa6e0b5569232559e3d385fea5a93112/library/std/src/panicking.rs:645:5
[INFO] [stdout]   18:     0x55e8e2c28425 - core::panicking::panic_fmt::hbf0e066aabfa482c
[INFO] [stdout]                                at /rustc/82e1608dfa6e0b5569232559e3d385fea5a93112/library/core/src/panicking.rs:72:14
[INFO] [stdout]   19:     0x55e8e2c284c3 - core::panicking::panic::h195fc2a96298d4c3
[INFO] [stdout]                                at /rustc/82e1608dfa6e0b5569232559e3d385fea5a93112/library/core/src/panicking.rs:127:5
[INFO] [stdout]   20:     0x55e8e2ca751d - rcoin::rate_provider::crypto_compare::tests::get_test::h97e6ef7ea70a8815
[INFO] [stdout]                                at /opt/rustwide/workdir/src/rate_provider/crypto_compare/mod.rs:44:9
[INFO] [stdout]   21:     0x55e8e2ca7497 - rcoin::rate_provider::crypto_compare::tests::get_test::{{closure}}::h95749fa649491024
[INFO] [stdout]                                at /opt/rustwide/workdir/src/rate_provider/crypto_compare/mod.rs:41:18
[INFO] [stdout]   22:     0x55e8e2c69916 - core::ops::function::FnOnce::call_once::h6ef997ceaf4bbbb6
[INFO] [stdout]                                at /rustc/82e1608dfa6e0b5569232559e3d385fea5a93112/library/core/src/ops/function.rs:250:5
[INFO] [stdout]   23:     0x55e8e2cfe9ef - core::ops::function::FnOnce::call_once::h2b5d431d5046312d
[INFO] [stdout]                                at /rustc/82e1608dfa6e0b5569232559e3d385fea5a93112/library/core/src/ops/function.rs:250:5
[INFO] [stdout]   24:     0x55e8e2cfe9ef - test::__rust_begin_short_backtrace::h7714669af176e207
[INFO] [stdout]                                at /rustc/82e1608dfa6e0b5569232559e3d385fea5a93112/library/test/src/lib.rs:628:18
[INFO] [stdout]   25:     0x55e8e2cfda05 - test::run_test_in_process::{{closure}}::h85218797dcbcec12
[INFO] [stdout]                                at /rustc/82e1608dfa6e0b5569232559e3d385fea5a93112/library/test/src/lib.rs:651:60
[INFO] [stdout]   26:     0x55e8e2cfda05 - <core::panic::unwind_safe::AssertUnwindSafe<F> as core::ops::function::FnOnce<()>>::call_once::h76c106ea31c14d7b
[INFO] [stdout]                                at /rustc/82e1608dfa6e0b5569232559e3d385fea5a93112/library/core/src/panic/unwind_safe.rs:272:9
[INFO] [stdout]   27:     0x55e8e2cfda05 - std::panicking::try::do_call::h3bd5d0f6620ee946
[INFO] [stdout]                                at /rustc/82e1608dfa6e0b5569232559e3d385fea5a93112/library/std/src/panicking.rs:552:40
[INFO] [stdout]   28:     0x55e8e2cfda05 - std::panicking::try::h232e535e4744fe31
[INFO] [stdout]                                at /rustc/82e1608dfa6e0b5569232559e3d385fea5a93112/library/std/src/panicking.rs:516:19
[INFO] [stdout]   29:     0x55e8e2cfda05 - std::panic::catch_unwind::h3ce3bd6ca8dbac68
[INFO] [stdout]                                at /rustc/82e1608dfa6e0b5569232559e3d385fea5a93112/library/std/src/panic.rs:142:14
[INFO] [stdout]   30:     0x55e8e2cfda05 - test::run_test_in_process::hc97b257c9621286a
[INFO] [stdout]                                at /rustc/82e1608dfa6e0b5569232559e3d385fea5a93112/library/test/src/lib.rs:651:27
[INFO] [stdout]   31:     0x55e8e2cfda05 - test::run_test::{{closure}}::h2aa798823a438d38
[INFO] [stdout]                                at /rustc/82e1608dfa6e0b5569232559e3d385fea5a93112/library/test/src/lib.rs:574:43
[INFO] [stdout]   32:     0x55e8e2cc5cc6 - test::run_test::{{closure}}::h87d231c78fb59832
[INFO] [stdout]                                at /rustc/82e1608dfa6e0b5569232559e3d385fea5a93112/library/test/src/lib.rs:602:41
[INFO] [stdout]   33:     0x55e8e2cc5cc6 - std::sys_common::backtrace::__rust_begin_short_backtrace::he6df152596625789
[INFO] [stdout]                                at /rustc/82e1608dfa6e0b5569232559e3d385fea5a93112/library/std/src/sys_common/backtrace.rs:154:18
[INFO] [stdout]   34:     0x55e8e2ccad77 - std::thread::Builder::spawn_unchecked_::{{closure}}::{{closure}}::ha94be15d1e0acf36
[INFO] [stdout]                                at /rustc/82e1608dfa6e0b5569232559e3d385fea5a93112/library/std/src/thread/mod.rs:529:17
[INFO] [stdout]   35:     0x55e8e2ccad77 - <core::panic::unwind_safe::AssertUnwindSafe<F> as core::ops::function::FnOnce<()>>::call_once::h9dc6bd6372f16606
[INFO] [stdout]                                at /rustc/82e1608dfa6e0b5569232559e3d385fea5a93112/library/core/src/panic/unwind_safe.rs:272:9
[INFO] [stdout]   36:     0x55e8e2ccad77 - std::panicking::try::do_call::h9057517f80303cd4
[INFO] [stdout]                                at /rustc/82e1608dfa6e0b5569232559e3d385fea5a93112/library/std/src/panicking.rs:552:40
[INFO] [stdout]   37:     0x55e8e2ccad77 - std::panicking::try::he3a30b11ee45340c
[INFO] [stdout]                                at /rustc/82e1608dfa6e0b5569232559e3d385fea5a93112/library/std/src/panicking.rs:516:19
[INFO] [stdout]   38:     0x55e8e2ccad77 - std::panic::catch_unwind::h410458cfd3528b8b
[INFO] [stdout]                                at /rustc/82e1608dfa6e0b5569232559e3d385fea5a93112/library/std/src/panic.rs:142:14
[INFO] [stdout]   39:     0x55e8e2ccad77 - std::thread::Builder::spawn_unchecked_::{{closure}}::h72ac3bdb567b737b
[INFO] [stdout]                                at /rustc/82e1608dfa6e0b5569232559e3d385fea5a93112/library/std/src/thread/mod.rs:528:30
[INFO] [stdout]   40:     0x55e8e2ccad77 - core::ops::function::FnOnce::call_once{{vtable.shim}}::h38f34da3654a8344
[INFO] [stdout]                                at /rustc/82e1608dfa6e0b5569232559e3d385fea5a93112/library/core/src/ops/function.rs:250:5
[INFO] [stdout]   41:     0x55e8e2d92fe5 - <alloc::boxed::Box<F,A> as core::ops::function::FnOnce<Args>>::call_once::hc7eafaff61e32df9
[INFO] [stdout]                                at /rustc/82e1608dfa6e0b5569232559e3d385fea5a93112/library/alloc/src/boxed.rs:2007:9
[INFO] [stdout]   42:     0x55e8e2d92fe5 - <alloc::boxed::Box<F,A> as core::ops::function::FnOnce<Args>>::call_once::h6ba4a5de48dd2304
[INFO] [stdout]                                at /rustc/82e1608dfa6e0b5569232559e3d385fea5a93112/library/alloc/src/boxed.rs:2007:9
[INFO] [stdout]   43:     0x55e8e2d92fe5 - std::sys::unix::thread::Thread::new::thread_start::he469335aef763e45
[INFO] [stdout]                                at /rustc/82e1608dfa6e0b5569232559e3d385fea5a93112/library/std/src/sys/unix/thread.rs:108:17
[INFO] [stdout]   44:     0x7fb084cc4ac3 - <unknown>
[INFO] [stdout]   45:     0x7fb084d55bf4 - __clone
[INFO] [stdout]   46:                0x0 - <unknown>
[INFO] [stdout] 
[INFO] [stdout] ---- rate_provider::coin_desk::tests::get_test stdout ----
[INFO] [stdout] thread 'rate_provider::coin_desk::tests::get_test' panicked at src/rate_provider/coin_desk/mod.rs:53:9:
[INFO] [stdout] assertion failed: result.is_ok()
[INFO] [stdout] stack backtrace:
[INFO] [stdout]    0:     0x55e8e2d8c3ac - std::backtrace_rs::backtrace::libunwind::trace::ha637c64ce894333a
[INFO] [stdout]                                at /rustc/82e1608dfa6e0b5569232559e3d385fea5a93112/library/std/src/../../backtrace/src/backtrace/libunwind.rs:104:5
[INFO] [stdout]    1:     0x55e8e2d8c3ac - std::backtrace_rs::backtrace::trace_unsynchronized::h47f62dea28e0c88d
[INFO] [stdout]                                at /rustc/82e1608dfa6e0b5569232559e3d385fea5a93112/library/std/src/../../backtrace/src/backtrace/mod.rs:66:5
[INFO] [stdout]    2:     0x55e8e2d8c3ac - std::sys_common::backtrace::_print_fmt::h9eef0abe20ede486
[INFO] [stdout]                                at /rustc/82e1608dfa6e0b5569232559e3d385fea5a93112/library/std/src/sys_common/backtrace.rs:67:5
[INFO] [stdout]    3:     0x55e8e2d8c3ac - <std::sys_common::backtrace::_print::DisplayBacktrace as core::fmt::Display>::fmt::hed7f999df88cc644
[INFO] [stdout]                                at /rustc/82e1608dfa6e0b5569232559e3d385fea5a93112/library/std/src/sys_common/backtrace.rs:44:22
[INFO] [stdout]    4:     0x55e8e2db7740 - core::fmt::rt::Argument::fmt::h1539a9308b8d058d
[INFO] [stdout]                                at /rustc/82e1608dfa6e0b5569232559e3d385fea5a93112/library/core/src/fmt/rt.rs:142:9
[INFO] [stdout]    5:     0x55e8e2db7740 - core::fmt::write::h3a39390d8560d9c9
[INFO] [stdout]                                at /rustc/82e1608dfa6e0b5569232559e3d385fea5a93112/library/core/src/fmt/mod.rs:1120:17
[INFO] [stdout]    6:     0x55e8e2d89d4f - std::io::Write::write_fmt::h040b369f3a0f9cbc
[INFO] [stdout]                                at /rustc/82e1608dfa6e0b5569232559e3d385fea5a93112/library/std/src/io/mod.rs:1762:15
[INFO] [stdout]    7:     0x55e8e2d8c194 - std::sys_common::backtrace::_print::h894006fb5c6f3d45
[INFO] [stdout]                                at /rustc/82e1608dfa6e0b5569232559e3d385fea5a93112/library/std/src/sys_common/backtrace.rs:47:5
[INFO] [stdout]    8:     0x55e8e2d8c194 - std::sys_common::backtrace::print::h23a2d212c6fff936
[INFO] [stdout]                                at /rustc/82e1608dfa6e0b5569232559e3d385fea5a93112/library/std/src/sys_common/backtrace.rs:34:9
[INFO] [stdout]    9:     0x55e8e2d8de57 - std::panicking::default_hook::{{closure}}::h8a1d2ee00185001a
[INFO] [stdout]   10:     0x55e8e2d8db43 - std::panicking::default_hook::h6038f2eba384e475
[INFO] [stdout]                                at /rustc/82e1608dfa6e0b5569232559e3d385fea5a93112/library/std/src/panicking.rs:289:9
[INFO] [stdout]   11:     0x55e8e2cf9397 - <alloc::boxed::Box<F,A> as core::ops::function::Fn<Args>>::call::h0ad024c9bdc6d768
[INFO] [stdout]                                at /rustc/82e1608dfa6e0b5569232559e3d385fea5a93112/library/alloc/src/boxed.rs:2021:9
[INFO] [stdout]   12:     0x55e8e2cf9397 - test::test_main::{{closure}}::h7500b54257359db6
[INFO] [stdout]                                at /rustc/82e1608dfa6e0b5569232559e3d385fea5a93112/library/test/src/lib.rs:138:21
[INFO] [stdout]   13:     0x55e8e2d8e468 - <alloc::boxed::Box<F,A> as core::ops::function::Fn<Args>>::call::h1f8f335eaa9cfaee
[INFO] [stdout]                                at /rustc/82e1608dfa6e0b5569232559e3d385fea5a93112/library/alloc/src/boxed.rs:2021:9
[INFO] [stdout]   14:     0x55e8e2d8e468 - std::panicking::rust_panic_with_hook::h2b5517d590cab22e
[INFO] [stdout]                                at /rustc/82e1608dfa6e0b5569232559e3d385fea5a93112/library/std/src/panicking.rs:783:13
[INFO] [stdout]   15:     0x55e8e2d8e189 - std::panicking::begin_panic_handler::{{closure}}::h233112c06e0ef43e
[INFO] [stdout]                                at /rustc/82e1608dfa6e0b5569232559e3d385fea5a93112/library/std/src/panicking.rs:649:13
[INFO] [stdout]   16:     0x55e8e2d8c876 - std::sys_common::backtrace::__rust_end_short_backtrace::h6e893f24d7ebbff8
[INFO] [stdout]                                at /rustc/82e1608dfa6e0b5569232559e3d385fea5a93112/library/std/src/sys_common/backtrace.rs:170:18
[INFO] [stdout]   17:     0x55e8e2d8df22 - rust_begin_unwind
[INFO] [stdout]                                at /rustc/82e1608dfa6e0b5569232559e3d385fea5a93112/library/std/src/panicking.rs:645:5
[INFO] [stdout]   18:     0x55e8e2c28425 - core::panicking::panic_fmt::hbf0e066aabfa482c
[INFO] [stdout]                                at /rustc/82e1608dfa6e0b5569232559e3d385fea5a93112/library/core/src/panicking.rs:72:14
[INFO] [stdout]   19:     0x55e8e2c284c3 - core::panicking::panic::h195fc2a96298d4c3
[INFO] [stdout]                                at /rustc/82e1608dfa6e0b5569232559e3d385fea5a93112/library/core/src/panicking.rs:127:5
[INFO] [stdout]   20:     0x55e8e2ca330d - rcoin::rate_provider::coin_desk::tests::get_test::hbd44ac737152cd60
[INFO] [stdout]                                at /opt/rustwide/workdir/src/rate_provider/coin_desk/mod.rs:53:9
[INFO] [stdout]   21:     0x55e8e2ca3287 - rcoin::rate_provider::coin_desk::tests::get_test::{{closure}}::h19bba325463f435c
[INFO] [stdout]                                at /opt/rustwide/workdir/src/rate_provider/coin_desk/mod.rs:50:18
[INFO] [stdout]   22:     0x55e8e2c6a086 - core::ops::function::FnOnce::call_once::hb88a9604234cd8b8
[INFO] [stdout]                                at /rustc/82e1608dfa6e0b5569232559e3d385fea5a93112/library/core/src/ops/function.rs:250:5
[INFO] [stdout]   23:     0x55e8e2cfe9ef - core::ops::function::FnOnce::call_once::h2b5d431d5046312d
[INFO] [stdout]                                at /rustc/82e1608dfa6e0b5569232559e3d385fea5a93112/library/core/src/ops/function.rs:250:5
[INFO] [stdout]   24:     0x55e8e2cfe9ef - test::__rust_begin_short_backtrace::h7714669af176e207
[INFO] [stdout]                                at /rustc/82e1608dfa6e0b5569232559e3d385fea5a93112/library/test/src/lib.rs:628:18
[INFO] [stdout]   25:     0x55e8e2cfda05 - test::run_test_in_process::{{closure}}::h85218797dcbcec12
[INFO] [stdout]                                at /rustc/82e1608dfa6e0b5569232559e3d385fea5a93112/library/test/src/lib.rs:651:60
[INFO] [stdout]   26:     0x55e8e2cfda05 - <core::panic::unwind_safe::AssertUnwindSafe<F> as core::ops::function::FnOnce<()>>::call_once::h76c106ea31c14d7b
[INFO] [stdout]                                at /rustc/82e1608dfa6e0b5569232559e3d385fea5a93112/library/core/src/panic/unwind_safe.rs:272:9
[INFO] [stdout]   27:     0x55e8e2cfda05 - std::panicking::try::do_call::h3bd5d0f6620ee946
[INFO] [stdout]                                at /rustc/82e1608dfa6e0b5569232559e3d385fea5a93112/library/std/src/panicking.rs:552:40
[INFO] [stdout]   28:     0x55e8e2cfda05 - std::panicking::try::h232e535e4744fe31
[INFO] [stdout]                                at /rustc/82e1608dfa6e0b5569232559e3d385fea5a93112/library/std/src/panicking.rs:516:19
[INFO] [stdout]   29:     0x55e8e2cfda05 - std::panic::catch_unwind::h3ce3bd6ca8dbac68
[INFO] [stdout]                                at /rustc/82e1608dfa6e0b5569232559e3d385fea5a93112/library/std/src/panic.rs:142:14
[INFO] [stdout]   30:     0x55e8e2cfda05 - test::run_test_in_process::hc97b257c9621286a
[INFO] [stdout]                                at /rustc/82e1608dfa6e0b5569232559e3d385fea5a93112/library/test/src/lib.rs:651:27
[INFO] [stdout]   31:     0x55e8e2cfda05 - test::run_test::{{closure}}::h2aa798823a438d38
[INFO] [stdout]                                at /rustc/82e1608dfa6e0b5569232559e3d385fea5a93112/library/test/src/lib.rs:574:43
[INFO] [stdout]   32:     0x55e8e2cc5cc6 - test::run_test::{{closure}}::h87d231c78fb59832
[INFO] [stdout]                                at /rustc/82e1608dfa6e0b5569232559e3d385fea5a93112/library/test/src/lib.rs:602:41
[INFO] [stdout]   33:     0x55e8e2cc5cc6 - std::sys_common::backtrace::__rust_begin_short_backtrace::he6df152596625789
[INFO] [stdout]                                at /rustc/82e1608dfa6e0b5569232559e3d385fea5a93112/library/std/src/sys_common/backtrace.rs:154:18
[INFO] [stdout]   34:     0x55e8e2ccad77 - std::thread::Builder::spawn_unchecked_::{{closure}}::{{closure}}::ha94be15d1e0acf36
[INFO] [stdout]                                at /rustc/82e1608dfa6e0b5569232559e3d385fea5a93112/library/std/src/thread/mod.rs:529:17
[INFO] [stdout]   35:     0x55e8e2ccad77 - <core::panic::unwind_safe::AssertUnwindSafe<F> as core::ops::function::FnOnce<()>>::call_once::h9dc6bd6372f16606
[INFO] [stdout]                                at /rustc/82e1608dfa6e0b5569232559e3d385fea5a93112/library/core/src/panic/unwind_safe.rs:272:9
[INFO] [stdout]   36:     0x55e8e2ccad77 - std::panicking::try::do_call::h9057517f80303cd4
[INFO] [stdout]                                at /rustc/82e1608dfa6e0b5569232559e3d385fea5a93112/library/std/src/panicking.rs:552:40
[INFO] [stdout]   37:     0x55e8e2ccad77 - std::panicking::try::he3a30b11ee45340c
[INFO] [stdout]                                at /rustc/82e1608dfa6e0b5569232559e3d385fea5a93112/library/std/src/panicking.rs:516:19
[INFO] [stdout]   38:     0x55e8e2ccad77 - std::panic::catch_unwind::h410458cfd3528b8b
[INFO] [stdout]                                at /rustc/82e1608dfa6e0b5569232559e3d385fea5a93112/library/std/src/panic.rs:142:14
[INFO] [stdout]   39:     0x55e8e2ccad77 - std::thread::Builder::spawn_unchecked_::{{closure}}::h72ac3bdb567b737b
[INFO] [stdout]                                at /rustc/82e1608dfa6e0b5569232559e3d385fea5a93112/library/std/src/thread/mod.rs:528:30
[INFO] [stdout]   40:     0x55e8e2ccad77 - core::ops::function::FnOnce::call_once{{vtable.shim}}::h38f34da3654a8344
[INFO] [stdout]                                at /rustc/82e1608dfa6e0b5569232559e3d385fea5a93112/library/core/src/ops/function.rs:250:5
[INFO] [stdout]   41:     0x55e8e2d92fe5 - <alloc::boxed::Box<F,A> as core::ops::function::FnOnce<Args>>::call_once::hc7eafaff61e32df9
[INFO] [stdout]                                at /rustc/82e1608dfa6e0b5569232559e3d385fea5a93112/library/alloc/src/boxed.rs:2007:9
[INFO] [stdout]   42:     0x55e8e2d92fe5 - <alloc::boxed::Box<F,A> as core::ops::function::FnOnce<Args>>::call_once::h6ba4a5de48dd2304
[INFO] [stdout]                                at /rustc/82e1608dfa6e0b5569232559e3d385fea5a93112/library/alloc/src/boxed.rs:2007:9
[INFO] [stdout]   43:     0x55e8e2d92fe5 - std::sys::unix::thread::Thread::new::thread_start::he469335aef763e45
[INFO] [stdout]                                at /rustc/82e1608dfa6e0b5569232559e3d385fea5a93112/library/std/src/sys/unix/thread.rs:108:17
[INFO] [stdout]   44:     0x7fb084cc4ac3 - <unknown>
[INFO] [stdout]   45:     0x7fb084d55bf4 - __clone
[INFO] [stdout]   46:                0x0 - <unknown>
[INFO] [stdout] 
[INFO] [stdout] ---- rate_provider::blockchain_info::tests::get_test stdout ----
[INFO] [stdout] thread 'rate_provider::blockchain_info::tests::get_test' panicked at src/rate_provider/blockchain_info/mod.rs:61:9:
[INFO] [stdout] assertion failed: result.is_ok()
[INFO] [stdout] stack backtrace:
[INFO] [stdout]    0:     0x55e8e2d8c3ac - std::backtrace_rs::backtrace::libunwind::trace::ha637c64ce894333a
[INFO] [stdout]                                at /rustc/82e1608dfa6e0b5569232559e3d385fea5a93112/library/std/src/../../backtrace/src/backtrace/libunwind.rs:104:5
[INFO] [stdout]    1:     0x55e8e2d8c3ac - std::backtrace_rs::backtrace::trace_unsynchronized::h47f62dea28e0c88d
[INFO] [stdout]                                at /rustc/82e1608dfa6e0b5569232559e3d385fea5a93112/library/std/src/../../backtrace/src/backtrace/mod.rs:66:5
[INFO] [stdout]    2:     0x55e8e2d8c3ac - std::sys_common::backtrace::_print_fmt::h9eef0abe20ede486
[INFO] [stdout]                                at /rustc/82e1608dfa6e0b5569232559e3d385fea5a93112/library/std/src/sys_common/backtrace.rs:67:5
[INFO] [stdout]    3:     0x55e8e2d8c3ac - <std::sys_common::backtrace::_print::DisplayBacktrace as core::fmt::Display>::fmt::hed7f999df88cc644
[INFO] [stdout]                                at /rustc/82e1608dfa6e0b5569232559e3d385fea5a93112/library/std/src/sys_common/backtrace.rs:44:22
[INFO] [stdout]    4:     0x55e8e2db7740 - core::fmt::rt::Argument::fmt::h1539a9308b8d058d
[INFO] [stdout]                                at /rustc/82e1608dfa6e0b5569232559e3d385fea5a93112/library/core/src/fmt/rt.rs:142:9
[INFO] [stdout]    5:     0x55e8e2db7740 - core::fmt::write::h3a39390d8560d9c9
[INFO] [stdout]                                at /rustc/82e1608dfa6e0b5569232559e3d385fea5a93112/library/core/src/fmt/mod.rs:1120:17
[INFO] [stdout]    6:     0x55e8e2d89d4f - std::io::Write::write_fmt::h040b369f3a0f9cbc
[INFO] [stdout]                                at /rustc/82e1608dfa6e0b5569232559e3d385fea5a93112/library/std/src/io/mod.rs:1762:15
[INFO] [stdout]    7:     0x55e8e2d8c194 - std::sys_common::backtrace::_print::h894006fb5c6f3d45
[INFO] [stdout]                                at /rustc/82e1608dfa6e0b5569232559e3d385fea5a93112/library/std/src/sys_common/backtrace.rs:47:5
[INFO] [stdout]    8:     0x55e8e2d8c194 - std::sys_common::backtrace::print::h23a2d212c6fff936
[INFO] [stdout]                                at /rustc/82e1608dfa6e0b5569232559e3d385fea5a93112/library/std/src/sys_common/backtrace.rs:34:9
[INFO] [stdout]    9:     0x55e8e2d8de57 - std::panicking::default_hook::{{closure}}::h8a1d2ee00185001a
[INFO] [stdout]   10:     0x55e8e2d8db43 - std::panicking::default_hook::h6038f2eba384e475
[INFO] [stdout]                                at /rustc/82e1608dfa6e0b5569232559e3d385fea5a93112/library/std/src/panicking.rs:289:9
[INFO] [stdout]   11:     0x55e8e2cf9397 - <alloc::boxed::Box<F,A> as core::ops::function::Fn<Args>>::call::h0ad024c9bdc6d768
[INFO] [stdout]                                at /rustc/82e1608dfa6e0b5569232559e3d385fea5a93112/library/alloc/src/boxed.rs:2021:9
[INFO] [stdout]   12:     0x55e8e2cf9397 - test::test_main::{{closure}}::h7500b54257359db6
[INFO] [stdout]                                at /rustc/82e1608dfa6e0b5569232559e3d385fea5a93112/library/test/src/lib.rs:138:21
[INFO] [stdout]   13:     0x55e8e2d8e468 - <alloc::boxed::Box<F,A> as core::ops::function::Fn<Args>>::call::h1f8f335eaa9cfaee
[INFO] [stdout]                                at /rustc/82e1608dfa6e0b5569232559e3d385fea5a93112/library/alloc/src/boxed.rs:2021:9
[INFO] [stdout]   14:     0x55e8e2d8e468 - std::panicking::rust_panic_with_hook::h2b5517d590cab22e
[INFO] [stdout]                                at /rustc/82e1608dfa6e0b5569232559e3d385fea5a93112/library/std/src/panicking.rs:783:13
[INFO] [stdout]   15:     0x55e8e2d8e189 - std::panicking::begin_panic_handler::{{closure}}::h233112c06e0ef43e
[INFO] [stdout]                                at /rustc/82e1608dfa6e0b5569232559e3d385fea5a93112/library/std/src/panicking.rs:649:13
[INFO] [stdout]   16:     0x55e8e2d8c876 - std::sys_common::backtrace::__rust_end_short_backtrace::h6e893f24d7ebbff8
[INFO] [stdout]                                at /rustc/82e1608dfa6e0b5569232559e3d385fea5a93112/library/std/src/sys_common/backtrace.rs:170:18
[INFO] [stdout]   17:     0x55e8e2d8df22 - rust_begin_unwind
[INFO] [stdout]                                at /rustc/82e1608dfa6e0b5569232559e3d385fea5a93112/library/std/src/panicking.rs:645:5
[INFO] [stdout]   18:     0x55e8e2c28425 - core::panicking::panic_fmt::hbf0e066aabfa482c
[INFO] [stdout]                                at /rustc/82e1608dfa6e0b5569232559e3d385fea5a93112/library/core/src/panicking.rs:72:14
[INFO] [stdout]   19:     0x55e8e2c284c3 - core::panicking::panic::h195fc2a96298d4c3
[INFO] [stdout]                                at /rustc/82e1608dfa6e0b5569232559e3d385fea5a93112/library/core/src/panicking.rs:127:5
[INFO] [stdout]   20:     0x55e8e2c789ad - rcoin::rate_provider::blockchain_info::tests::get_test::hded2c2d033339d57
[INFO] [stdout]                                at /opt/rustwide/workdir/src/rate_provider/blockchain_info/mod.rs:61:9
[INFO] [stdout]   21:     0x55e8e2c78927 - rcoin::rate_provider::blockchain_info::tests::get_test::{{closure}}::hadf79683ab0100b8
[INFO] [stdout]                                at /opt/rustwide/workdir/src/rate_provider/blockchain_info/mod.rs:58:18
[INFO] [stdout]   22:     0x55e8e2c69cd6 - core::ops::function::FnOnce::call_once::h884778c3212c6746
[INFO] [stdout]                                at /rustc/82e1608dfa6e0b5569232559e3d385fea5a93112/library/core/src/ops/function.rs:250:5
[INFO] [stdout]   23:     0x55e8e2cfe9ef - core::ops::function::FnOnce::call_once::h2b5d431d5046312d
[INFO] [stdout]                                at /rustc/82e1608dfa6e0b5569232559e3d385fea5a93112/library/core/src/ops/function.rs:250:5
[INFO] [stdout]   24:     0x55e8e2cfe9ef - test::__rust_begin_short_backtrace::h7714669af176e207
[INFO] [stdout]                                at /rustc/82e1608dfa6e0b5569232559e3d385fea5a93112/library/test/src/lib.rs:628:18
[INFO] [stdout]   25:     0x55e8e2cfda05 - test::run_test_in_process::{{closure}}::h85218797dcbcec12
[INFO] [stdout]                                at /rustc/82e1608dfa6e0b5569232559e3d385fea5a93112/library/test/src/lib.rs:651:60
[INFO] [stdout]   26:     0x55e8e2cfda05 - <core::panic::unwind_safe::AssertUnwindSafe<F> as core::ops::function::FnOnce<()>>::call_once::h76c106ea31c14d7b
[INFO] [stdout]                                at /rustc/82e1608dfa6e0b5569232559e3d385fea5a93112/library/core/src/panic/unwind_safe.rs:272:9
[INFO] [stdout]   27:     0x55e8e2cfda05 - std::panicking::try::do_call::h3bd5d0f6620ee946
[INFO] [stdout]                                at /rustc/82e1608dfa6e0b5569232559e3d385fea5a93112/library/std/src/panicking.rs:552:40
[INFO] [stdout]   28:     0x55e8e2cfda05 - std::panicking::try::h232e535e4744fe31
[INFO] [stdout]                                at /rustc/82e1608dfa6e0b5569232559e3d385fea5a93112/library/std/src/panicking.rs:516:19
[INFO] [stdout]   29:     0x55e8e2cfda05 - std::panic::catch_unwind::h3ce3bd6ca8dbac68
[INFO] [stdout]                                at /rustc/82e1608dfa6e0b5569232559e3d385fea5a93112/library/std/src/panic.rs:142:14
[INFO] [stdout]   30:     0x55e8e2cfda05 - test::run_test_in_process::hc97b257c9621286a
[INFO] [stdout]                                at /rustc/82e1608dfa6e0b5569232559e3d385fea5a93112/library/test/src/lib.rs:651:27
[INFO] [stdout]   31:     0x55e8e2cfda05 - test::run_test::{{closure}}::h2aa798823a438d38
[INFO] [stdout]                                at /rustc/82e1608dfa6e0b5569232559e3d385fea5a93112/library/test/src/lib.rs:574:43
[INFO] [stdout]   32:     0x55e8e2cc5cc6 - test::run_test::{{closure}}::h87d231c78fb59832
[INFO] [stdout]                                at /rustc/82e1608dfa6e0b5569232559e3d385fea5a93112/library/test/src/lib.rs:602:41
[INFO] [stdout]   33:     0x55e8e2cc5cc6 - std::sys_common::backtrace::__rust_begin_short_backtrace::he6df152596625789
[INFO] [stdout]                                at /rustc/82e1608dfa6e0b5569232559e3d385fea5a93112/library/std/src/sys_common/backtrace.rs:154:18
[INFO] [stdout]   34:     0x55e8e2ccad77 - std::thread::Builder::spawn_unchecked_::{{closure}}::{{closure}}::ha94be15d1e0acf36
[INFO] [stdout]                                at /rustc/82e1608dfa6e0b5569232559e3d385fea5a93112/library/std/src/thread/mod.rs:529:17
[INFO] [stdout]   35:     0x55e8e2ccad77 - <core::panic::unwind_safe::AssertUnwindSafe<F> as core::ops::function::FnOnce<()>>::call_once::h9dc6bd6372f16606
[INFO] [stdout]                                at /rustc/82e1608dfa6e0b5569232559e3d385fea5a93112/library/core/src/panic/unwind_safe.rs:272:9
[INFO] [stdout]   36:     0x55e8e2ccad77 - std::panicking::try::do_call::h9057517f80303cd4
[INFO] [stdout]                                at /rustc/82e1608dfa6e0b5569232559e3d385fea5a93112/library/std/src/panicking.rs:552:40
[INFO] [stdout]   37:     0x55e8e2ccad77 - std::panicking::try::he3a30b11ee45340c
[INFO] [stdout]                                at /rustc/82e1608dfa6e0b5569232559e3d385fea5a93112/library/std/src/panicking.rs:516:19
[INFO] [stdout]   38:     0x55e8e2ccad77 - std::panic::catch_unwind::h410458cfd3528b8b
[INFO] [stdout]                                at /rustc/82e1608dfa6e0b5569232559e3d385fea5a93112/library/std/src/panic.rs:142:14
[INFO] [stdout]   39:     0x55e8e2ccad77 - std::thread::Builder::spawn_unchecked_::{{closure}}::h72ac3bdb567b737b
[INFO] [stdout]                                at /rustc/82e1608dfa6e0b5569232559e3d385fea5a93112/library/std/src/thread/mod.rs:528:30
[INFO] [stdout]   40:     0x55e8e2ccad77 - core::ops::function::FnOnce::call_once{{vtable.shim}}::h38f34da3654a8344
[INFO] [stdout]                                at /rustc/82e1608dfa6e0b5569232559e3d385fea5a93112/library/core/src/ops/function.rs:250:5
[INFO] [stdout]   41:     0x55e8e2d92fe5 - <alloc::boxed::Box<F,A> as core::ops::function::FnOnce<Args>>::call_once::hc7eafaff61e32df9
[INFO] [stdout]                                at /rustc/82e1608dfa6e0b5569232559e3d385fea5a93112/library/alloc/src/boxed.rs:2007:9
[INFO] [stdout]   42:     0x55e8e2d92fe5 - <alloc::boxed::Box<F,A> as core::ops::function::FnOnce<Args>>::call_once::h6ba4a5de48dd2304
[INFO] [stdout]                                at /rustc/82e1608dfa6e0b5569232559e3d385fea5a93112/library/alloc/src/boxed.rs:2007:9
[INFO] [stdout]   43:     0x55e8e2d92fe5 - std::sys::unix::thread::Thread::new::thread_start::he469335aef763e45
[INFO] [stdout]                                at /rustc/82e1608dfa6e0b5569232559e3d385fea5a93112/library/std/src/sys/unix/thread.rs:108:17
[INFO] [stdout]   44:     0x7fb084cc4ac3 - <unknown>
[INFO] [stdout]   45:     0x7fb084d55bf4 - __clone
[INFO] [stdout]   46:                0x0 - <unknown>
[INFO] [stdout] 
[INFO] [stdout] ---- rate_provider::cryptonator::tests::get_test stdout ----
[INFO] [stdout] thread 'rate_provider::cryptonator::tests::get_test' panicked at src/rate_provider/cryptonator/mod.rs:71:9:
[INFO] [stdout] assertion failed: result.is_ok()
[INFO] [stdout] stack backtrace:
[INFO] [stdout]    0:     0x55e8e2d8c3ac - std::backtrace_rs::backtrace::libunwind::trace::ha637c64ce894333a
[INFO] [stdout]                                at /rustc/82e1608dfa6e0b5569232559e3d385fea5a93112/library/std/src/../../backtrace/src/backtrace/libunwind.rs:104:5
[INFO] [stdout]    1:     0x55e8e2d8c3ac - std::backtrace_rs::backtrace::trace_unsynchronized::h47f62dea28e0c88d
[INFO] [stdout]                                at /rustc/82e1608dfa6e0b5569232559e3d385fea5a93112/library/std/src/../../backtrace/src/backtrace/mod.rs:66:5
[INFO] [stdout]    2:     0x55e8e2d8c3ac - std::sys_common::backtrace::_print_fmt::h9eef0abe20ede486
[INFO] [stdout]                                at /rustc/82e1608dfa6e0b5569232559e3d385fea5a93112/library/std/src/sys_common/backtrace.rs:67:5
[INFO] [stdout]    3:     0x55e8e2d8c3ac - <std::sys_common::backtrace::_print::DisplayBacktrace as core::fmt::Display>::fmt::hed7f999df88cc644
[INFO] [stdout]                                at /rustc/82e1608dfa6e0b5569232559e3d385fea5a93112/library/std/src/sys_common/backtrace.rs:44:22
[INFO] [stdout]    4:     0x55e8e2db7740 - core::fmt::rt::Argument::fmt::h1539a9308b8d058d
[INFO] [stdout]                                at /rustc/82e1608dfa6e0b5569232559e3d385fea5a93112/library/core/src/fmt/rt.rs:142:9
[INFO] [stdout]    5:     0x55e8e2db7740 - core::fmt::write::h3a39390d8560d9c9
[INFO] [stdout]                                at /rustc/82e1608dfa6e0b5569232559e3d385fea5a93112/library/core/src/fmt/mod.rs:1120:17
[INFO] [stdout]    6:     0x55e8e2d89d4f - std::io::Write::write_fmt::h040b369f3a0f9cbc
[INFO] [stdout]                                at /rustc/82e1608dfa6e0b5569232559e3d385fea5a93112/library/std/src/io/mod.rs:1762:15
[INFO] [stdout]    7:     0x55e8e2d8c194 - std::sys_common::backtrace::_print::h894006fb5c6f3d45
[INFO] [stdout]                                at /rustc/82e1608dfa6e0b5569232559e3d385fea5a93112/library/std/src/sys_common/backtrace.rs:47:5
[INFO] [stdout]    8:     0x55e8e2d8c194 - std::sys_common::backtrace::print::h23a2d212c6fff936
[INFO] [stdout]                                at /rustc/82e1608dfa6e0b5569232559e3d385fea5a93112/library/std/src/sys_common/backtrace.rs:34:9
[INFO] [stdout]    9:     0x55e8e2d8de57 - std::panicking::default_hook::{{closure}}::h8a1d2ee00185001a
[INFO] [stdout]   10:     0x55e8e2d8db43 - std::panicking::default_hook::h6038f2eba384e475
[INFO] [stdout]                                at /rustc/82e1608dfa6e0b5569232559e3d385fea5a93112/library/std/src/panicking.rs:289:9
[INFO] [stdout]   11:     0x55e8e2cf9397 - <alloc::boxed::Box<F,A> as core::ops::function::Fn<Args>>::call::h0ad024c9bdc6d768
[INFO] [stdout]                                at /rustc/82e1608dfa6e0b5569232559e3d385fea5a93112/library/alloc/src/boxed.rs:2021:9
[INFO] [stdout]   12:     0x55e8e2cf9397 - test::test_main::{{closure}}::h7500b54257359db6
[INFO] [stdout]                                at /rustc/82e1608dfa6e0b5569232559e3d385fea5a93112/library/test/src/lib.rs:138:21
[INFO] [stdout]   13:     0x55e8e2d8e468 - <alloc::boxed::Box<F,A> as core::ops::function::Fn<Args>>::call::h1f8f335eaa9cfaee
[INFO] [stdout]                                at /rustc/82e1608dfa6e0b5569232559e3d385fea5a93112/library/alloc/src/boxed.rs:2021:9
[INFO] [stdout]   14:     0x55e8e2d8e468 - std::panicking::rust_panic_with_hook::h2b5517d590cab22e
[INFO] [stdout]                                at /rustc/82e1608dfa6e0b5569232559e3d385fea5a93112/library/std/src/panicking.rs:783:13
[INFO] [stdout]   15:     0x55e8e2d8e189 - std::panicking::begin_panic_handler::{{closure}}::h233112c06e0ef43e
[INFO] [stdout]                                at /rustc/82e1608dfa6e0b5569232559e3d385fea5a93112/library/std/src/panicking.rs:649:13
[INFO] [stdout]   16:     0x55e8e2d8c876 - std::sys_common::backtrace::__rust_end_short_backtrace::h6e893f24d7ebbff8
[INFO] [stdout]                                at /rustc/82e1608dfa6e0b5569232559e3d385fea5a93112/library/std/src/sys_common/backtrace.rs:170:18
[INFO] [stdout]   17:     0x55e8e2d8df22 - rust_begin_unwind
[INFO] [stdout]                                at /rustc/82e1608dfa6e0b5569232559e3d385fea5a93112/library/std/src/panicking.rs:645:5
[INFO] [stdout]   18:     0x55e8e2c28425 - core::panicking::panic_fmt::hbf0e066aabfa482c
[INFO] [stdout]                                at /rustc/82e1608dfa6e0b5569232559e3d385fea5a93112/library/core/src/panicking.rs:72:14
[INFO] [stdout]   19:     0x55e8e2c284c3 - core::panicking::panic::h195fc2a96298d4c3
[INFO] [stdout]                                at /rustc/82e1608dfa6e0b5569232559e3d385fea5a93112/library/core/src/panicking.rs:127:5
[INFO] [stdout]   20:     0x55e8e2c7205d - rcoin::rate_provider::cryptonator::tests::get_test::hbfe5f0f18a146ce9
[INFO] [stdout]                                at /opt/rustwide/workdir/src/rate_provider/cryptonator/mod.rs:71:9
[INFO] [stdout]   21:     0x55e8e2c71fd7 - rcoin::rate_provider::cryptonator::tests::get_test::{{closure}}::hda1d8243755f8cda
[INFO] [stdout]                                at /opt/rustwide/workdir/src/rate_provider/cryptonator/mod.rs:68:18
[INFO] [stdout]   22:     0x55e8e2c69dd6 - core::ops::function::FnOnce::call_once::h9d723e7d1d6f68a4
[INFO] [stdout]                                at /rustc/82e1608dfa6e0b5569232559e3d385fea5a93112/library/core/src/ops/function.rs:250:5
[INFO] [stdout]   23:     0x55e8e2cfe9ef - core::ops::function::FnOnce::call_once::h2b5d431d5046312d
[INFO] [stdout]                                at /rustc/82e1608dfa6e0b5569232559e3d385fea5a93112/library/core/src/ops/function.rs:250:5
[INFO] [stdout]   24:     0x55e8e2cfe9ef - test::__rust_begin_short_backtrace::h7714669af176e207
[INFO] [stdout]                                at /rustc/82e1608dfa6e0b5569232559e3d385fea5a93112/library/test/src/lib.rs:628:18
[INFO] [stdout]   25:     0x55e8e2cfda05 - test::run_test_in_process::{{closure}}::h85218797dcbcec12
[INFO] [stdout]                                at /rustc/82e1608dfa6e0b5569232559e3d385fea5a93112/library/test/src/lib.rs:651:60
[INFO] [stdout]   26:     0x55e8e2cfda05 - <core::panic::unwind_safe::AssertUnwindSafe<F> as core::ops::function::FnOnce<()>>::call_once::h76c106ea31c14d7b
[INFO] [stdout]                                at /rustc/82e1608dfa6e0b5569232559e3d385fea5a93112/library/core/src/panic/unwind_safe.rs:272:9
[INFO] [stdout]   27:     0x55e8e2cfda05 - std::panicking::try::do_call::h3bd5d0f6620ee946
[INFO] [stdout]                                at /rustc/82e1608dfa6e0b5569232559e3d385fea5a93112/library/std/src/panicking.rs:552:40
[INFO] [stdout]   28:     0x55e8e2cfda05 - std::panicking::try::h232e535e4744fe31
[INFO] [stdout]                                at /rustc/82e1608dfa6e0b5569232559e3d385fea5a93112/library/std/src/panicking.rs:516:19
[INFO] [stdout]   29:     0x55e8e2cfda05 - std::panic::catch_unwind::h3ce3bd6ca8dbac68
[INFO] [stdout]                                at /rustc/82e1608dfa6e0b5569232559e3d385fea5a93112/library/std/src/panic.rs:142:14
[INFO] [stdout]   30:     0x55e8e2cfda05 - test::run_test_in_process::hc97b257c9621286a
[INFO] [stdout]                                at /rustc/82e1608dfa6e0b5569232559e3d385fea5a93112/library/test/src/lib.rs:651:27
[INFO] [stdout]   31:     0x55e8e2cfda05 - test::run_test::{{closure}}::h2aa798823a438d38
[INFO] [stdout]                                at /rustc/82e1608dfa6e0b5569232559e3d385fea5a93112/library/test/src/lib.rs:574:43
[INFO] [stdout]   32:     0x55e8e2cc5cc6 - test::run_test::{{closure}}::h87d231c78fb59832
[INFO] [stdout]                                at /rustc/82e1608dfa6e0b5569232559e3d385fea5a93112/library/test/src/lib.rs:602:41
[INFO] [stdout]   33:     0x55e8e2cc5cc6 - std::sys_common::backtrace::__rust_begin_short_backtrace::he6df152596625789
[INFO] [stdout]                                at /rustc/82e1608dfa6e0b5569232559e3d385fea5a93112/library/std/src/sys_common/backtrace.rs:154:18
[INFO] [stdout]   34:     0x55e8e2ccad77 - std::thread::Builder::spawn_unchecked_::{{closure}}::{{closure}}::ha94be15d1e0acf36
[INFO] [stdout]                                at /rustc/82e1608dfa6e0b5569232559e3d385fea5a93112/library/std/src/thread/mod.rs:529:17
[INFO] [stdout]   35:     0x55e8e2ccad77 - <core::panic::unwind_safe::AssertUnwindSafe<F> as core::ops::function::FnOnce<()>>::call_once::h9dc6bd6372f16606
[INFO] [stdout]                                at /rustc/82e1608dfa6e0b5569232559e3d385fea5a93112/library/core/src/panic/unwind_safe.rs:272:9
[INFO] [stdout]   36:     0x55e8e2ccad77 - std::panicking::try::do_call::h9057517f80303cd4
[INFO] [stdout]                                at /rustc/82e1608dfa6e0b5569232559e3d385fea5a93112/library/std/src/panicking.rs:552:40
[INFO] [stdout]   37:     0x55e8e2ccad77 - std::panicking::try::he3a30b11ee45340c
[INFO] [stdout]                                at /rustc/82e1608dfa6e0b5569232559e3d385fea5a93112/library/std/src/panicking.rs:516:19
[INFO] [stdout]   38:     0x55e8e2ccad77 - std::panic::catch_unwind::h410458cfd3528b8b
[INFO] [stdout]                                at /rustc/82e1608dfa6e0b5569232559e3d385fea5a93112/library/std/src/panic.rs:142:14
[INFO] [stdout]   39:     0x55e8e2ccad77 - std::thread::Builder::spawn_unchecked_::{{closure}}::h72ac3bdb567b737b
[INFO] [stdout]                                at /rustc/82e1608dfa6e0b5569232559e3d385fea5a93112/library/std/src/thread/mod.rs:528:30
[INFO] [stdout]   40:     0x55e8e2ccad77 - core::ops::function::FnOnce::call_once{{vtable.shim}}::h38f34da3654a8344
[INFO] [stdout]                                at /rustc/82e1608dfa6e0b5569232559e3d385fea5a93112/library/core/src/ops/function.rs:250:5
[INFO] [stdout]   41:     0x55e8e2d92fe5 - <alloc::boxed::Box<F,A> as core::ops::function::FnOnce<Args>>::call_once::hc7eafaff61e32df9
[INFO] [stdout]                                at /rustc/82e1608dfa6e0b5569232559e3d385fea5a93112/library/alloc/src/boxed.rs:2007:9
[INFO] [stdout]   42:     0x55e8e2d92fe5 - <alloc::boxed::Box<F,A> as core::ops::function::FnOnce<Args>>::call_once::h6ba4a5de48dd2304
[INFO] [stdout]                                at /rustc/82e1608dfa6e0b5569232559e3d385fea5a93112/library/alloc/src/boxed.rs:2007:9
[INFO] [stdout]   43:     0x55e8e2d92fe5 - std::sys::unix::thread::Thread::new::thread_start::he469335aef763e45
[INFO] [stdout]                                at /rustc/82e1608dfa6e0b5569232559e3d385fea5a93112/library/std/src/sys/unix/thread.rs:108:17
[INFO] [stdout]   44:     0x7fb084cc4ac3 - <unknown>
[INFO] [stdout]   45:     0x7fb084d55bf4 - __clone
[INFO] [stdout]   46:                0x0 - <unknown>
[INFO] [stdout] 
[INFO] [stdout] ---- rate_provider::coin_market_cap::tests::get_test stdout ----
[INFO] [stdout] thread 'rate_provider::coin_market_cap::tests::get_test' panicked at src/rate_provider/coin_market_cap/mod.rs:75:9:
[INFO] [stdout] assertion failed: result.is_ok()
[INFO] [stdout] stack backtrace:
[INFO] [stdout]    0:     0x55e8e2d8c3ac - std::backtrace_rs::backtrace::libunwind::trace::ha637c64ce894333a
[INFO] [stdout]                                at /rustc/82e1608dfa6e0b5569232559e3d385fea5a93112/library/std/src/../../backtrace/src/backtrace/libunwind.rs:104:5
[INFO] [stdout]    1:     0x55e8e2d8c3ac - std::backtrace_rs::backtrace::trace_unsynchronized::h47f62dea28e0c88d
[INFO] [stdout]                                at /rustc/82e1608dfa6e0b5569232559e3d385fea5a93112/library/std/src/../../backtrace/src/backtrace/mod.rs:66:5
[INFO] [stdout]    2:     0x55e8e2d8c3ac - std::sys_common::backtrace::_print_fmt::h9eef0abe20ede486
[INFO] [stdout]                                at /rustc/82e1608dfa6e0b5569232559e3d385fea5a93112/library/std/src/sys_common/backtrace.rs:67:5
[INFO] [stdout]    3:     0x55e8e2d8c3ac - <std::sys_common::backtrace::_print::DisplayBacktrace as core::fmt::Display>::fmt::hed7f999df88cc644
[INFO] [stdout]                                at /rustc/82e1608dfa6e0b5569232559e3d385fea5a93112/library/std/src/sys_common/backtrace.rs:44:22
[INFO] [stdout]    4:     0x55e8e2db7740 - core::fmt::rt::Argument::fmt::h1539a9308b8d058d
[INFO] [stdout]                                at /rustc/82e1608dfa6e0b5569232559e3d385fea5a93112/library/core/src/fmt/rt.rs:142:9
[INFO] [stdout]    5:     0x55e8e2db7740 - core::fmt::write::h3a39390d8560d9c9
[INFO] [stdout]                                at /rustc/82e1608dfa6e0b5569232559e3d385fea5a93112/library/core/src/fmt/mod.rs:1120:17
[INFO] [stdout]    6:     0x55e8e2d89d4f - std::io::Write::write_fmt::h040b369f3a0f9cbc
[INFO] [stdout]                                at /rustc/82e1608dfa6e0b5569232559e3d385fea5a93112/library/std/src/io/mod.rs:1762:15
[INFO] [stdout]    7:     0x55e8e2d8c194 - std::sys_common::backtrace::_print::h894006fb5c6f3d45
[INFO] [stdout]                                at /rustc/82e1608dfa6e0b5569232559e3d385fea5a93112/library/std/src/sys_common/backtrace.rs:47:5
[INFO] [stdout]    8:     0x55e8e2d8c194 - std::sys_common::backtrace::print::h23a2d212c6fff936
[INFO] [stdout]                                at /rustc/82e1608dfa6e0b5569232559e3d385fea5a93112/library/std/src/sys_common/backtrace.rs:34:9
[INFO] [stdout]    9:     0x55e8e2d8de57 - std::panicking::default_hook::{{closure}}::h8a1d2ee00185001a
[INFO] [stdout]   10:     0x55e8e2d8db43 - std::panicking::default_hook::h6038f2eba384e475
[INFO] [stdout]                                at /rustc/82e1608dfa6e0b5569232559e3d385fea5a93112/library/std/src/panicking.rs:289:9
[INFO] [stdout]   11:     0x55e8e2cf9397 - <alloc::boxed::Box<F,A> as core::ops::function::Fn<Args>>::call::h0ad024c9bdc6d768
[INFO] [stdout]                                at /rustc/82e1608dfa6e0b5569232559e3d385fea5a93112/library/alloc/src/boxed.rs:2021:9
[INFO] [stdout]   12:     0x55e8e2cf9397 - test::test_main::{{closure}}::h7500b54257359db6
[INFO] [stdout]                                at /rustc/82e1608dfa6e0b5569232559e3d385fea5a93112/library/test/src/lib.rs:138:21
[INFO] [stdout]   13:     0x55e8e2d8e468 - <alloc::boxed::Box<F,A> as core::ops::function::Fn<Args>>::call::h1f8f335eaa9cfaee
[INFO] [stdout]                                at /rustc/82e1608dfa6e0b5569232559e3d385fea5a93112/library/alloc/src/boxed.rs:2021:9
[INFO] [stdout]   14:     0x55e8e2d8e468 - std::panicking::rust_panic_with_hook::h2b5517d590cab22e
[INFO] [stdout]                                at /rustc/82e1608dfa6e0b5569232559e3d385fea5a93112/library/std/src/panicking.rs:783:13
[INFO] [stdout]   15:     0x55e8e2d8e189 - std::panicking::begin_panic_handler::{{closure}}::h233112c06e0ef43e
[INFO] [stdout]                                at /rustc/82e1608dfa6e0b5569232559e3d385fea5a93112/library/std/src/panicking.rs:649:13
[INFO] [stdout]   16:     0x55e8e2d8c876 - std::sys_common::backtrace::__rust_end_short_backtrace::h6e893f24d7ebbff8
[INFO] [stdout]                                at /rustc/82e1608dfa6e0b5569232559e3d385fea5a93112/library/std/src/sys_common/backtrace.rs:170:18
[INFO] [stdout]   17:     0x55e8e2d8df22 - rust_begin_unwind
[INFO] [stdout]                                at /rustc/82e1608dfa6e0b5569232559e3d385fea5a93112/library/std/src/panicking.rs:645:5
[INFO] [stdout]   18:     0x55e8e2c28425 - core::panicking::panic_fmt::hbf0e066aabfa482c
[INFO] [stdout]                                at /rustc/82e1608dfa6e0b5569232559e3d385fea5a93112/library/core/src/panicking.rs:72:14
[INFO] [stdout]   19:     0x55e8e2c284c3 - core::panicking::panic::h195fc2a96298d4c3
[INFO] [stdout]                                at /rustc/82e1608dfa6e0b5569232559e3d385fea5a93112/library/core/src/panicking.rs:127:5
[INFO] [stdout]   20:     0x55e8e2c7d61d - rcoin::rate_provider::coin_market_cap::tests::get_test::h244e7c3bf9f24d54
[INFO] [stdout]                                at /opt/rustwide/workdir/src/rate_provider/coin_market_cap/mod.rs:75:9
[INFO] [stdout]   21:     0x55e8e2c7d597 - rcoin::rate_provider::coin_market_cap::tests::get_test::{{closure}}::h2a261e9d2aebda91
[INFO] [stdout]                                at /opt/rustwide/workdir/src/rate_provider/coin_market_cap/mod.rs:72:18
[INFO] [stdout]   22:     0x55e8e2c6a4a6 - core::ops::function::FnOnce::call_once::he6a698941f1b2c8d
[INFO] [stdout]                                at /rustc/82e1608dfa6e0b5569232559e3d385fea5a93112/library/core/src/ops/function.rs:250:5
[INFO] [stdout]   23:     0x55e8e2cfe9ef - core::ops::function::FnOnce::call_once::h2b5d431d5046312d
[INFO] [stdout]                                at /rustc/82e1608dfa6e0b5569232559e3d385fea5a93112/library/core/src/ops/function.rs:250:5
[INFO] [stdout]   24:     0x55e8e2cfe9ef - test::__rust_begin_short_backtrace::h7714669af176e207
[INFO] [stdout]                                at /rustc/82e1608dfa6e0b5569232559e3d385fea5a93112/library/test/src/lib.rs:628:18
[INFO] [stdout]   25:     0x55e8e2cfda05 - test::run_test_in_process::{{closure}}::h85218797dcbcec12
[INFO] [stdout]                                at /rustc/82e1608dfa6e0b5569232559e3d385fea5a93112/library/test/src/lib.rs:651:60
[INFO] [stdout]   26:     0x55e8e2cfda05 - <core::panic::unwind_safe::AssertUnwindSafe<F> as core::ops::function::FnOnce<()>>::call_once::h76c106ea31c14d7b
[INFO] [stdout]                                at /rustc/82e1608dfa6e0b5569232559e3d385fea5a93112/library/core/src/panic/unwind_safe.rs:272:9
[INFO] [stdout]   27:     0x55e8e2cfda05 - std::panicking::try::do_call::h3bd5d0f6620ee946
[INFO] [stdout]                                at /rustc/82e1608dfa6e0b5569232559e3d385fea5a93112/library/std/src/panicking.rs:552:40
[INFO] [stdout]   28:     0x55e8e2cfda05 - std::panicking::try::h232e535e4744fe31
[INFO] [stdout]                                at /rustc/82e1608dfa6e0b5569232559e3d385fea5a93112/library/std/src/panicking.rs:516:19
[INFO] [stdout]   29:     0x55e8e2cfda05 - std::panic::catch_unwind::h3ce3bd6ca8dbac68
[INFO] [stdout]                                at /rustc/82e1608dfa6e0b5569232559e3d385fea5a93112/library/std/src/panic.rs:142:14
[INFO] [stdout]   30:     0x55e8e2cfda05 - test::run_test_in_process::hc97b257c9621286a
[INFO] [stdout]                                at /rustc/82e1608dfa6e0b5569232559e3d385fea5a93112/library/test/src/lib.rs:651:27
[INFO] [stdout]   31:     0x55e8e2cfda05 - test::run_test::{{closure}}::h2aa798823a438d38
[INFO] [stdout]                                at /rustc/82e1608dfa6e0b5569232559e3d385fea5a93112/library/test/src/lib.rs:574:43
[INFO] [stdout]   32:     0x55e8e2cc5cc6 - test::run_test::{{closure}}::h87d231c78fb59832
[INFO] [stdout]                                at /rustc/82e1608dfa6e0b5569232559e3d385fea5a93112/library/test/src/lib.rs:602:41
[INFO] [stdout]   33:     0x55e8e2cc5cc6 - std::sys_common::backtrace::__rust_begin_short_backtrace::he6df152596625789
[INFO] [stdout]                                at /rustc/82e1608dfa6e0b5569232559e3d385fea5a93112/library/std/src/sys_common/backtrace.rs:154:18
[INFO] [stdout]   34:     0x55e8e2ccad77 - std::thread::Builder::spawn_unchecked_::{{closure}}::{{closure}}::ha94be15d1e0acf36
[INFO] [stdout]                                at /rustc/82e1608dfa6e0b5569232559e3d385fea5a93112/library/std/src/thread/mod.rs:529:17
[INFO] [stdout]   35:     0x55e8e2ccad77 - <core::panic::unwind_safe::AssertUnwindSafe<F> as core::ops::function::FnOnce<()>>::call_once::h9dc6bd6372f16606
[INFO] [stdout]                                at /rustc/82e1608dfa6e0b5569232559e3d385fea5a93112/library/core/src/panic/unwind_safe.rs:272:9
[INFO] [stdout]   36:     0x55e8e2ccad77 - std::panicking::try::do_call::h9057517f80303cd4
[INFO] [stdout]                                at /rustc/82e1608dfa6e0b5569232559e3d385fea5a93112/library/std/src/panicking.rs:552:40
[INFO] [stdout]   37:     0x55e8e2ccad77 - std::panicking::try::he3a30b11ee45340c
[INFO] [stdout]                                at /rustc/82e1608dfa6e0b5569232559e3d385fea5a93112/library/std/src/panicking.rs:516:19
[INFO] [stdout]   38:     0x55e8e2ccad77 - std::panic::catch_unwind::h410458cfd3528b8b
[INFO] [stdout]                                at /rustc/82e1608dfa6e0b5569232559e3d385fea5a93112/library/std/src/panic.rs:142:14
[INFO] [stdout]   39:     0x55e8e2ccad77 - std::thread::Builder::spawn_unchecked_::{{closure}}::h72ac3bdb567b737b
[INFO] [stdout]                                at /rustc/82e1608dfa6e0b5569232559e3d385fea5a93112/library/std/src/thread/mod.rs:528:30
[INFO] [stdout]   40:     0x55e8e2ccad77 - core::ops::function::FnOnce::call_once{{vtable.shim}}::h38f34da3654a8344
[INFO] [stdout]                                at /rustc/82e1608dfa6e0b5569232559e3d385fea5a93112/library/core/src/ops/function.rs:250:5
[INFO] [stdout]   41:     0x55e8e2d92fe5 - <alloc::boxed::Box<F,A> as core::ops::function::FnOnce<Args>>::call_once::hc7eafaff61e32df9
[INFO] [stdout]                                at /rustc/82e1608dfa6e0b5569232559e3d385fea5a93112/library/alloc/src/boxed.rs:2007:9
[INFO] [stdout]   42:     0x55e8e2d92fe5 - <alloc::boxed::Box<F,A> as core::ops::function::FnOnce<Args>>::call_once::h6ba4a5de48dd2304
[INFO] [stdout]                                at /rustc/82e1608dfa6e0b5569232559e3d385fea5a93112/library/alloc/src/boxed.rs:2007:9
[INFO] [stdout]   43:     0x55e8e2d92fe5 - std::sys::unix::thread::Thread::new::thread_start::he469335aef763e45
[INFO] [stdout]                                at /rustc/82e1608dfa6e0b5569232559e3d385fea5a93112/library/std/src/sys/unix/thread.rs:108:17
[INFO] [stdout]   44:     0x7fb084cc4ac3 - <unknown>
[INFO] [stdout]   45:     0x7fb084d55bf4 - __clone
[INFO] [stdout]   46:                0x0 - <unknown>
[INFO] [stdout] 
[INFO] [stdout] 
[INFO] [stdout] failures:
[INFO] [stdout]     rate_provider::blockchain_info::tests::get_test
[INFO] [stdout]     rate_provider::coin_desk::tests::get_test
[INFO] [stdout]     rate_provider::coin_market_cap::tests::get_test
[INFO] [stdout]     rate_provider::crypto_compare::tests::get_test
[INFO] [stdout]     rate_provider::cryptonator::tests::get_test
[INFO] [stdout] 
[INFO] [stdout] test result: FAILED. 83 passed; 5 failed; 0 ignored; 0 measured; 0 filtered out; finished in 0.16s
[INFO] [stdout] 
[INFO] [stderr] error: test failed, to rerun pass `--bin rcoin`
[INFO] running `Command { std: "docker" "inspect" "464c13856509261afe4b373691f9f7d261db90e2f94a3f6bf646228401cfeb79", kill_on_drop: false }`
[INFO] running `Command { std: "docker" "rm" "-f" "464c13856509261afe4b373691f9f7d261db90e2f94a3f6bf646228401cfeb79", kill_on_drop: false }`
[INFO] [stdout] 464c13856509261afe4b373691f9f7d261db90e2f94a3f6bf646228401cfeb79
[INFO] testing cundd/rcoin against beta-2023-12-22 for beta-1.76-1
[INFO] running `Command { std: "git" "clone" "/workspace/cache/git-repos/https%3A%2F%2Fgithub.com%2Fcundd%2Frcoin" "/workspace/builds/worker-3-tc2/source", kill_on_drop: false }`
[INFO] [stderr] Cloning into '/workspace/builds/worker-3-tc2/source'...
[INFO] [stderr] done.
[INFO] validating manifest of git repo https://github.com/cundd/rcoin on toolchain beta-2023-12-22
[INFO] running `Command { std: CARGO_HOME="/workspace/cargo-home" RUSTUP_HOME="/workspace/rustup-home" "/workspace/cargo-home/bin/cargo" "+beta-2023-12-22" "metadata" "--manifest-path" "Cargo.toml" "--no-deps", kill_on_drop: false }`
[INFO] started tweaking git repo https://github.com/cundd/rcoin
[INFO] finished tweaking git repo https://github.com/cundd/rcoin
[INFO] tweaked toml for git repo https://github.com/cundd/rcoin written to /workspace/builds/worker-3-tc2/source/Cargo.toml
[INFO] crate git repo https://github.com/cundd/rcoin already has a lockfile, it will not be regenerated
[INFO] running `Command { std: CARGO_HOME="/workspace/cargo-home" RUSTUP_HOME="/workspace/rustup-home" "/workspace/cargo-home/bin/cargo" "+beta-2023-12-22" "fetch" "--manifest-path" "Cargo.toml", kill_on_drop: false }`
[INFO] running `Command { std: "docker" "create" "-v" "/var/lib/crater-agent-workspace/builds/worker-3-tc2/target:/opt/rustwide/target:rw,Z" "-v" "/var/lib/crater-agent-workspace/builds/worker-3-tc2/source:/opt/rustwide/workdir:ro,Z" "-v" "/var/lib/crater-agent-workspace/cargo-home:/opt/rustwide/cargo-home:ro,Z" "-v" "/var/lib/crater-agent-workspace/rustup-home:/opt/rustwide/rustup-home:ro,Z" "-e" "SOURCE_DIR=/opt/rustwide/workdir" "-e" "CARGO_TARGET_DIR=/opt/rustwide/target" "-e" "CARGO_HOME=/opt/rustwide/cargo-home" "-e" "RUSTUP_HOME=/opt/rustwide/rustup-home" "-w" "/opt/rustwide/workdir" "-m" "1610612736" "--user" "0:0" "--network" "none" "ghcr.io/rust-lang/crates-build-env/linux@sha256:2788e3201cd34a07e3172128adcd8b3090168a8e3bcc40d7c032b9dda1df7d1c" "/opt/rustwide/cargo-home/bin/cargo" "+beta-2023-12-22" "metadata" "--no-deps" "--format-version=1", kill_on_drop: false }`
[INFO] [stdout] 23dffa419317107f3710285857276c527e31a698fd75eacf0345d34a0145c589
[INFO] running `Command { std: "docker" "start" "-a" "23dffa419317107f3710285857276c527e31a698fd75eacf0345d34a0145c589", kill_on_drop: false }`
[INFO] running `Command { std: "docker" "inspect" "23dffa419317107f3710285857276c527e31a698fd75eacf0345d34a0145c589", kill_on_drop: false }`
[INFO] running `Command { std: "docker" "rm" "-f" "23dffa419317107f3710285857276c527e31a698fd75eacf0345d34a0145c589", kill_on_drop: false }`
[INFO] [stdout] 23dffa419317107f3710285857276c527e31a698fd75eacf0345d34a0145c589
[INFO] running `Command { std: "docker" "create" "-v" "/var/lib/crater-agent-workspace/builds/worker-3-tc2/target:/opt/rustwide/target:rw,Z" "-v" "/var/lib/crater-agent-workspace/builds/worker-3-tc2/source:/opt/rustwide/workdir:ro,Z" "-v" "/var/lib/crater-agent-workspace/cargo-home:/opt/rustwide/cargo-home:ro,Z" "-v" "/var/lib/crater-agent-workspace/rustup-home:/opt/rustwide/rustup-home:ro,Z" "-e" "SOURCE_DIR=/opt/rustwide/workdir" "-e" "CARGO_TARGET_DIR=/opt/rustwide/target" "-e" "CARGO_INCREMENTAL=0" "-e" "RUST_BACKTRACE=full" "-e" "RUSTFLAGS=--cap-lints=warn" "-e" "RUSTDOCFLAGS=--cap-lints=warn" "-e" "CARGO_HOME=/opt/rustwide/cargo-home" "-e" "RUSTUP_HOME=/opt/rustwide/rustup-home" "-w" "/opt/rustwide/workdir" "-m" "1610612736" "--user" "0:0" "--network" "none" "ghcr.io/rust-lang/crates-build-env/linux@sha256:2788e3201cd34a07e3172128adcd8b3090168a8e3bcc40d7c032b9dda1df7d1c" "/opt/rustwide/cargo-home/bin/cargo" "+beta-2023-12-22" "build" "--frozen" "--message-format=json", kill_on_drop: false }`
[INFO] [stdout] 344a5261328b435bbd4bcf2cef309adfa5a2e08c70123c799d543bc5f33b127f
[INFO] running `Command { std: "docker" "start" "-a" "344a5261328b435bbd4bcf2cef309adfa5a2e08c70123c799d543bc5f33b127f", kill_on_drop: false }`
[INFO] [stderr]    Compiling libc v0.2.140
[INFO] [stderr]    Compiling autocfg v1.1.0
[INFO] [stderr]    Compiling cc v1.0.79
[INFO] [stderr]    Compiling pkg-config v0.3.26
[INFO] [stderr]    Compiling proc-macro2 v1.0.52
[INFO] [stderr]    Compiling unicode-ident v1.0.8
[INFO] [stderr]    Compiling quote v1.0.26
[INFO] [stderr]    Compiling cfg-if v1.0.0
[INFO] [stderr]    Compiling serde_derive v1.0.158
[INFO] [stderr]    Compiling serde v1.0.158
[INFO] [stderr]    Compiling unicode-width v0.1.10
[INFO] [stderr]    Compiling serde_json v1.0.94
[INFO] [stderr]    Compiling num-traits v0.2.15
[INFO] [stderr]    Compiling num-integer v0.1.45
[INFO] [stderr]    Compiling curl v0.4.44
[INFO] [stderr]    Compiling ppv-lite86 v0.2.17
[INFO] [stderr]    Compiling syn v2.0.4
[INFO] [stderr]    Compiling textwrap v0.11.0
[INFO] [stderr]    Compiling ryu v1.0.13
[INFO] [stderr]    Compiling iana-time-zone v0.1.54
[INFO] [stderr]    Compiling getrandom v0.2.8
[INFO] [stderr]    Compiling socket2 v0.4.9
[INFO] [stderr]    Compiling atty v0.2.14
[INFO] [stderr]    Compiling time v0.1.45
[INFO] [stderr]    Compiling strsim v0.8.0
[INFO] [stderr]    Compiling rand_core v0.6.4
[INFO] [stderr]    Compiling itoa v1.0.6
[INFO] [stderr]    Compiling rand_chacha v0.3.1
[INFO] [stderr]    Compiling openssl-probe v0.1.5
[INFO] [stderr]    Compiling openssl-sys v0.9.82
[INFO] [stderr]    Compiling libz-sys v1.1.8
[INFO] [stderr]    Compiling curl-sys v0.4.61+curl-8.0.1
[INFO] [stderr]    Compiling vec_map v0.8.2
[INFO] [stderr]    Compiling ansi_term v0.12.1
[INFO] [stderr]    Compiling bitflags v1.3.2
[INFO] [stderr]    Compiling rand v0.8.5
[INFO] [stderr]    Compiling clap v2.34.0
[INFO] [stderr]    Compiling term_size v0.3.2
[INFO] [stderr]    Compiling chrono v0.4.24
[INFO] [stderr]    Compiling rcoin v0.1.0 (/opt/rustwide/workdir)
[INFO] [stdout] warning: unused imports: `Deserialize`, `Serialize`
[INFO] [stdout]  --> src/rate_provider/coin_market_cap/mod.rs:9:13
[INFO] [stdout]   |
[INFO] [stdout] 9 | use serde::{Serialize, Deserialize};
[INFO] [stdout]   |             ^^^^^^^^^  ^^^^^^^^^^^
[INFO] [stdout]   |
[INFO] [stdout]   = note: `#[warn(unused_imports)]` on by default
[INFO] [stdout] 
[INFO] [stdout] 
[INFO] [stdout] warning: unused import: `self::coin_desk::CoinDesk`
[INFO] [stdout]   --> src/rate_provider/mod.rs:18:9
[INFO] [stdout]    |
[INFO] [stdout] 18 | pub use self::coin_desk::CoinDesk;
[INFO] [stdout]    |         ^^^^^^^^^^^^^^^^^^^^^^^^^
[INFO] [stdout] 
[INFO] [stdout] 
[INFO] [stdout] warning: unused import: `self::blockchain_info::BlockchainInfo`
[INFO] [stdout]   --> src/rate_provider/mod.rs:20:9
[INFO] [stdout]    |
[INFO] [stdout] 20 | pub use self::blockchain_info::BlockchainInfo;
[INFO] [stdout]    |         ^^^^^^^^^^^^^^^^^^^^^^^^^^^^^^^^^^^^^
[INFO] [stdout] 
[INFO] [stdout] 
[INFO] [stdout] warning: unused import: `self::crypto_compare::CryptoCompare`
[INFO] [stdout]   --> src/rate_provider/mod.rs:21:9
[INFO] [stdout]    |
[INFO] [stdout] 21 | pub use self::crypto_compare::CryptoCompare;
[INFO] [stdout]    |         ^^^^^^^^^^^^^^^^^^^^^^^^^^^^^^^^^^^
[INFO] [stdout] 
[INFO] [stdout] 
[INFO] [stdout] warning: unused import: `self::faker::Faker`
[INFO] [stdout]   --> src/rate_provider/mod.rs:22:9
[INFO] [stdout]    |
[INFO] [stdout] 22 | pub use self::faker::Faker;
[INFO] [stdout]    |         ^^^^^^^^^^^^^^^^^^
[INFO] [stdout] 
[INFO] [stdout] 
[INFO] [stdout] warning: `...` range patterns are deprecated
[INFO] [stdout]   --> src/ui/pixel_sequence.rs:59:17
[INFO] [stdout]    |
[INFO] [stdout] 59 |             '0' ... '9' => style_string.push(character),
[INFO] [stdout]    |                 ^^^ help: use `..=` for an inclusive range
[INFO] [stdout]    |
[INFO] [stdout]    = warning: this is accepted in the current edition (Rust 2015) but is a hard error in Rust 2021!
[INFO] [stdout]    = note: for more information, see <https://doc.rust-lang.org/nightly/edition-guide/rust-2021/warnings-promoted-to-error.html>
[INFO] [stdout]    = note: `#[warn(ellipsis_inclusive_range_patterns)]` on by default
[INFO] [stdout] 
[INFO] [stdout] 
[INFO] [stdout] warning: `...` range patterns are deprecated
[INFO] [stdout]    --> src/ui/screen.rs:158:21
[INFO] [stdout]     |
[INFO] [stdout] 158 |                 '0' ... '9' => style_string.push(character),
[INFO] [stdout]     |                     ^^^ help: use `..=` for an inclusive range
[INFO] [stdout]     |
[INFO] [stdout]     = warning: this is accepted in the current edition (Rust 2015) but is a hard error in Rust 2021!
[INFO] [stdout]     = note: for more information, see <https://doc.rust-lang.org/nightly/edition-guide/rust-2021/warnings-promoted-to-error.html>
[INFO] [stdout] 
[INFO] [stdout] 
[INFO] [stdout] warning: unused import: `self::element::Element`
[INFO] [stdout]   --> src/ui/mod.rs:15:9
[INFO] [stdout]    |
[INFO] [stdout] 15 | pub use self::element::Element;
[INFO] [stdout]    |         ^^^^^^^^^^^^^^^^^^^^^^
[INFO] [stdout] 
[INFO] [stdout] 
[INFO] [stdout] warning: unused import: `self::pixel::Pixel`
[INFO] [stdout]   --> src/ui/mod.rs:17:9
[INFO] [stdout]    |
[INFO] [stdout] 17 | pub use self::pixel::Pixel;
[INFO] [stdout]    |         ^^^^^^^^^^^^^^^^^^
[INFO] [stdout] 
[INFO] [stdout] 
[INFO] [stdout] warning: trait objects without an explicit `dyn` are deprecated
[INFO] [stdout]   --> src/chart/mod.rs:80:88
[INFO] [stdout]    |
[INFO] [stdout] 80 |     pub fn draw_points_with_configuration<T: PointTrait>(&self, points: Vec<T>, conf: &configuration::Configuration<T>) -> String {
[INFO] [stdout]    |                                                                                        ^^^^^^^^^^^^^^^^^^^^^^^^^^^^^^^
[INFO] [stdout]    |
[INFO] [stdout]    = warning: this is accepted in the current edition (Rust 2015) but is a hard error in Rust 2021!
[INFO] [stdout]    = note: for more information, see <https://doc.rust-lang.org/nightly/edition-guide/rust-2021/warnings-promoted-to-error.html>
[INFO] [stdout]    = note: `#[warn(bare_trait_objects)]` on by default
[INFO] [stdout] help: use `dyn`
[INFO] [stdout]    |
[INFO] [stdout] 80 |     pub fn draw_points_with_configuration<T: PointTrait>(&self, points: Vec<T>, conf: &dyn configuration::Configuration<T>) -> String {
[INFO] [stdout]    |                                                                                        +++
[INFO] [stdout] 
[INFO] [stdout] 
[INFO] [stdout] warning: trait objects without an explicit `dyn` are deprecated
[INFO] [stdout]  --> src/chart/point_drawing.rs:7:84
[INFO] [stdout]   |
[INFO] [stdout] 7 |     fn draw_points_with_configuration<T: PointTrait>(&self, points: Vec<T>, conf: &Configuration<T>) -> String;
[INFO] [stdout]   |                                                                                    ^^^^^^^^^^^^^^^^
[INFO] [stdout]   |
[INFO] [stdout]   = warning: this is accepted in the current edition (Rust 2015) but is a hard error in Rust 2021!
[INFO] [stdout]   = note: for more information, see <https://doc.rust-lang.org/nightly/edition-guide/rust-2021/warnings-promoted-to-error.html>
[INFO] [stdout] help: use `dyn`
[INFO] [stdout]   |
[INFO] [stdout] 7 |     fn draw_points_with_configuration<T: PointTrait>(&self, points: Vec<T>, conf: &dyn Configuration<T>) -> String;
[INFO] [stdout]   |                                                                                    +++
[INFO] [stdout] 
[INFO] [stdout] 
[INFO] [stdout] warning: trait objects without an explicit `dyn` are deprecated
[INFO] [stdout]   --> src/chart/canvas.rs:44:91
[INFO] [stdout]    |
[INFO] [stdout] 44 |     pub fn draw_points_with_configuration<T: PointTrait>(&self, matrix: Matrix<T>, conf: &Configuration<T>) -> String {
[INFO] [stdout]    |                                                                                           ^^^^^^^^^^^^^^^^
[INFO] [stdout]    |
[INFO] [stdout]    = warning: this is accepted in the current edition (Rust 2015) but is a hard error in Rust 2021!
[INFO] [stdout]    = note: for more information, see <https://doc.rust-lang.org/nightly/edition-guide/rust-2021/warnings-promoted-to-error.html>
[INFO] [stdout] help: use `dyn`
[INFO] [stdout]    |
[INFO] [stdout] 44 |     pub fn draw_points_with_configuration<T: PointTrait>(&self, matrix: Matrix<T>, conf: &dyn Configuration<T>) -> String {
[INFO] [stdout]    |                                                                                           +++
[INFO] [stdout] 
[INFO] [stdout] 
[INFO] [stdout] warning: trait objects without an explicit `dyn` are deprecated
[INFO] [stdout]   --> src/chart/canvas.rs:72:118
[INFO] [stdout]    |
[INFO] [stdout] 72 |     fn draw_row_with_configuration<T: PointTrait>(&self, row_number: CoordinatePrecision, matrix: &Matrix<T>, conf: &Configuration<T>) ->...
[INFO] [stdout]    |                                                                                                                      ^^^^^^^^^^^^^^^^
[INFO] [stdout]    |
[INFO] [stdout]    = warning: this is accepted in the current edition (Rust 2015) but is a hard error in Rust 2021!
[INFO] [stdout]    = note: for more information, see <https://doc.rust-lang.org/nightly/edition-guide/rust-2021/warnings-promoted-to-error.html>
[INFO] [stdout] help: use `dyn`
[INFO] [stdout]    |
[INFO] [stdout] 72 |     fn draw_row_with_configuration<T: PointTrait>(&self, row_number: CoordinatePrecision, matrix: &Matrix<T>, conf: &dyn Configuration<T>) -> String {
[INFO] [stdout]    |                                                                                                                      +++
[INFO] [stdout] 
[INFO] [stdout] 
[INFO] [stdout] warning: unused variable: `rng`
[INFO] [stdout]   --> src/rate_provider/faker.rs:18:17
[INFO] [stdout]    |
[INFO] [stdout] 18 |         let mut rng = rand::thread_rng();
[INFO] [stdout]    |                 ^^^ help: if this is intentional, prefix it with an underscore: `_rng`
[INFO] [stdout]    |
[INFO] [stdout]    = note: `#[warn(unused_variables)]` on by default
[INFO] [stdout] 
[INFO] [stdout] 
[INFO] [stdout] warning: variable does not need to be mutable
[INFO] [stdout]   --> src/rate_provider/faker.rs:18:13
[INFO] [stdout]    |
[INFO] [stdout] 18 |         let mut rng = rand::thread_rng();
[INFO] [stdout]    |             ----^^^
[INFO] [stdout]    |             |
[INFO] [stdout]    |             help: remove this `mut`
[INFO] [stdout]    |
[INFO] [stdout]    = note: `#[warn(unused_mut)]` on by default
[INFO] [stdout] 
[INFO] [stdout] 
[INFO] [stdout] warning: variable `current_index` is assigned to, but never used
[INFO] [stdout]    --> src/ui/screen_buffer.rs:195:17
[INFO] [stdout]     |
[INFO] [stdout] 195 |         let mut current_index = y * width;
[INFO] [stdout]     |                 ^^^^^^^^^^^^^
[INFO] [stdout]     |
[INFO] [stdout]     = note: consider using `_current_index` instead
[INFO] [stdout] 
[INFO] [stdout] 
[INFO] [stdout] warning: associated function `price_to_coordinate` is never used
[INFO] [stdout]   --> src/rate/mod.rs:33:12
[INFO] [stdout]    |
[INFO] [stdout] 21 | impl Rate {
[INFO] [stdout]    | --------- associated function in this implementation
[INFO] [stdout] ...
[INFO] [stdout] 33 |     pub fn price_to_coordinate(price: f32) -> CoordinatePrecision {
[INFO] [stdout]    |            ^^^^^^^^^^^^^^^^^^^
[INFO] [stdout]    |
[INFO] [stdout]    = note: `#[warn(dead_code)]` on by default
[INFO] [stdout] 
[INFO] [stdout] 
[INFO] [stdout] warning: bounds on generic parameters are not enforced in type aliases
[INFO] [stdout]  --> src/chart/configuration.rs:5:13
[INFO] [stdout]   |
[INFO] [stdout] 5 | type Row<I: PointTrait> = BTreeMap<CoordinatePrecision, I>;
[INFO] [stdout]   |             ^^^^^^^^^^
[INFO] [stdout]   |
[INFO] [stdout]   = note: `#[warn(type_alias_bounds)]` on by default
[INFO] [stdout] help: the bound will not be checked when the type alias is used, and should be removed
[INFO] [stdout]   |
[INFO] [stdout] 5 - type Row<I: PointTrait> = BTreeMap<CoordinatePrecision, I>;
[INFO] [stdout] 5 + type Row<I> = BTreeMap<CoordinatePrecision, I>;
[INFO] [stdout]   |
[INFO] [stdout] 
[INFO] [stdout] 
[INFO] [stdout] warning: bounds on generic parameters are not enforced in type aliases
[INFO] [stdout]  --> src/matrix.rs:5:17
[INFO] [stdout]   |
[INFO] [stdout] 5 | pub type Row<I: Debug> = BTreeMap<CoordinatePrecision, I>;
[INFO] [stdout]   |                 ^^^^^
[INFO] [stdout]   |
[INFO] [stdout] help: the bound will not be checked when the type alias is used, and should be removed
[INFO] [stdout]   |
[INFO] [stdout] 5 - pub type Row<I: Debug> = BTreeMap<CoordinatePrecision, I>;
[INFO] [stdout] 5 + pub type Row<I> = BTreeMap<CoordinatePrecision, I>;
[INFO] [stdout]   |
[INFO] [stdout] 
[INFO] [stdout] 
[INFO] [stdout] warning: 19 warnings emitted
[INFO] [stdout] 
[INFO] [stdout] 
[INFO] [stderr]     Finished dev [unoptimized + debuginfo] target(s) in 12.08s
[INFO] running `Command { std: "docker" "inspect" "344a5261328b435bbd4bcf2cef309adfa5a2e08c70123c799d543bc5f33b127f", kill_on_drop: false }`
[INFO] running `Command { std: "docker" "rm" "-f" "344a5261328b435bbd4bcf2cef309adfa5a2e08c70123c799d543bc5f33b127f", kill_on_drop: false }`
[INFO] [stdout] 344a5261328b435bbd4bcf2cef309adfa5a2e08c70123c799d543bc5f33b127f
[INFO] running `Command { std: "docker" "create" "-v" "/var/lib/crater-agent-workspace/builds/worker-3-tc2/target:/opt/rustwide/target:rw,Z" "-v" "/var/lib/crater-agent-workspace/builds/worker-3-tc2/source:/opt/rustwide/workdir:ro,Z" "-v" "/var/lib/crater-agent-workspace/cargo-home:/opt/rustwide/cargo-home:ro,Z" "-v" "/var/lib/crater-agent-workspace/rustup-home:/opt/rustwide/rustup-home:ro,Z" "-e" "SOURCE_DIR=/opt/rustwide/workdir" "-e" "CARGO_TARGET_DIR=/opt/rustwide/target" "-e" "CARGO_INCREMENTAL=0" "-e" "RUST_BACKTRACE=full" "-e" "RUSTFLAGS=--cap-lints=warn" "-e" "RUSTDOCFLAGS=--cap-lints=warn" "-e" "CARGO_HOME=/opt/rustwide/cargo-home" "-e" "RUSTUP_HOME=/opt/rustwide/rustup-home" "-w" "/opt/rustwide/workdir" "-m" "1610612736" "--user" "0:0" "--network" "none" "ghcr.io/rust-lang/crates-build-env/linux@sha256:2788e3201cd34a07e3172128adcd8b3090168a8e3bcc40d7c032b9dda1df7d1c" "/opt/rustwide/cargo-home/bin/cargo" "+beta-2023-12-22" "test" "--frozen" "--no-run" "--message-format=json", kill_on_drop: false }`
[INFO] [stdout] f1ed5ac4e99a9801ad165df2a865b8f6f5de9499717147290de8455f1a338aa1
[INFO] running `Command { std: "docker" "start" "-a" "f1ed5ac4e99a9801ad165df2a865b8f6f5de9499717147290de8455f1a338aa1", kill_on_drop: false }`
[INFO] [stderr]    Compiling rcoin v0.1.0 (/opt/rustwide/workdir)
[INFO] [stdout] warning: unused imports: `Deserialize`, `Serialize`
[INFO] [stdout]  --> src/rate_provider/coin_market_cap/mod.rs:9:13
[INFO] [stdout]   |
[INFO] [stdout] 9 | use serde::{Serialize, Deserialize};
[INFO] [stdout]   |             ^^^^^^^^^  ^^^^^^^^^^^
[INFO] [stdout]   |
[INFO] [stdout]   = note: `#[warn(unused_imports)]` on by default
[INFO] [stdout] 
[INFO] [stdout] 
[INFO] [stdout] warning: unused import: `self::coin_desk::CoinDesk`
[INFO] [stdout]   --> src/rate_provider/mod.rs:18:9
[INFO] [stdout]    |
[INFO] [stdout] 18 | pub use self::coin_desk::CoinDesk;
[INFO] [stdout]    |         ^^^^^^^^^^^^^^^^^^^^^^^^^
[INFO] [stdout] 
[INFO] [stdout] 
[INFO] [stdout] warning: unused import: `self::blockchain_info::BlockchainInfo`
[INFO] [stdout]   --> src/rate_provider/mod.rs:20:9
[INFO] [stdout]    |
[INFO] [stdout] 20 | pub use self::blockchain_info::BlockchainInfo;
[INFO] [stdout]    |         ^^^^^^^^^^^^^^^^^^^^^^^^^^^^^^^^^^^^^
[INFO] [stdout] 
[INFO] [stdout] 
[INFO] [stdout] warning: unused import: `self::crypto_compare::CryptoCompare`
[INFO] [stdout]   --> src/rate_provider/mod.rs:21:9
[INFO] [stdout]    |
[INFO] [stdout] 21 | pub use self::crypto_compare::CryptoCompare;
[INFO] [stdout]    |         ^^^^^^^^^^^^^^^^^^^^^^^^^^^^^^^^^^^
[INFO] [stdout] 
[INFO] [stdout] 
[INFO] [stdout] warning: unused import: `self::faker::Faker`
[INFO] [stdout]   --> src/rate_provider/mod.rs:22:9
[INFO] [stdout]    |
[INFO] [stdout] 22 | pub use self::faker::Faker;
[INFO] [stdout]    |         ^^^^^^^^^^^^^^^^^^
[INFO] [stdout] 
[INFO] [stdout] 
[INFO] [stdout] warning: `...` range patterns are deprecated
[INFO] [stdout]   --> src/ui/pixel_sequence.rs:59:17
[INFO] [stdout]    |
[INFO] [stdout] 59 |             '0' ... '9' => style_string.push(character),
[INFO] [stdout]    |                 ^^^ help: use `..=` for an inclusive range
[INFO] [stdout]    |
[INFO] [stdout]    = warning: this is accepted in the current edition (Rust 2015) but is a hard error in Rust 2021!
[INFO] [stdout]    = note: for more information, see <https://doc.rust-lang.org/nightly/edition-guide/rust-2021/warnings-promoted-to-error.html>
[INFO] [stdout]    = note: `#[warn(ellipsis_inclusive_range_patterns)]` on by default
[INFO] [stdout] 
[INFO] [stdout] 
[INFO] [stdout] warning: `...` range patterns are deprecated
[INFO] [stdout]    --> src/ui/screen.rs:158:21
[INFO] [stdout]     |
[INFO] [stdout] 158 |                 '0' ... '9' => style_string.push(character),
[INFO] [stdout]     |                     ^^^ help: use `..=` for an inclusive range
[INFO] [stdout]     |
[INFO] [stdout]     = warning: this is accepted in the current edition (Rust 2015) but is a hard error in Rust 2021!
[INFO] [stdout]     = note: for more information, see <https://doc.rust-lang.org/nightly/edition-guide/rust-2021/warnings-promoted-to-error.html>
[INFO] [stdout] 
[INFO] [stdout] 
[INFO] [stdout] warning: unused import: `self::element::Element`
[INFO] [stdout]   --> src/ui/mod.rs:15:9
[INFO] [stdout]    |
[INFO] [stdout] 15 | pub use self::element::Element;
[INFO] [stdout]    |         ^^^^^^^^^^^^^^^^^^^^^^
[INFO] [stdout] 
[INFO] [stdout] 
[INFO] [stdout] warning: unused import: `self::pixel::Pixel`
[INFO] [stdout]   --> src/ui/mod.rs:17:9
[INFO] [stdout]    |
[INFO] [stdout] 17 | pub use self::pixel::Pixel;
[INFO] [stdout]    |         ^^^^^^^^^^^^^^^^^^
[INFO] [stdout] 
[INFO] [stdout] 
[INFO] [stdout] warning: trait objects without an explicit `dyn` are deprecated
[INFO] [stdout]   --> src/chart/mod.rs:80:88
[INFO] [stdout]    |
[INFO] [stdout] 80 |     pub fn draw_points_with_configuration<T: PointTrait>(&self, points: Vec<T>, conf: &configuration::Configuration<T>) -> String {
[INFO] [stdout]    |                                                                                        ^^^^^^^^^^^^^^^^^^^^^^^^^^^^^^^
[INFO] [stdout]    |
[INFO] [stdout]    = warning: this is accepted in the current edition (Rust 2015) but is a hard error in Rust 2021!
[INFO] [stdout]    = note: for more information, see <https://doc.rust-lang.org/nightly/edition-guide/rust-2021/warnings-promoted-to-error.html>
[INFO] [stdout]    = note: `#[warn(bare_trait_objects)]` on by default
[INFO] [stdout] help: use `dyn`
[INFO] [stdout]    |
[INFO] [stdout] 80 |     pub fn draw_points_with_configuration<T: PointTrait>(&self, points: Vec<T>, conf: &dyn configuration::Configuration<T>) -> String {
[INFO] [stdout]    |                                                                                        +++
[INFO] [stdout] 
[INFO] [stdout] 
[INFO] [stdout] warning: trait objects without an explicit `dyn` are deprecated
[INFO] [stdout]  --> src/chart/point_drawing.rs:7:84
[INFO] [stdout]   |
[INFO] [stdout] 7 |     fn draw_points_with_configuration<T: PointTrait>(&self, points: Vec<T>, conf: &Configuration<T>) -> String;
[INFO] [stdout]   |                                                                                    ^^^^^^^^^^^^^^^^
[INFO] [stdout]   |
[INFO] [stdout]   = warning: this is accepted in the current edition (Rust 2015) but is a hard error in Rust 2021!
[INFO] [stdout]   = note: for more information, see <https://doc.rust-lang.org/nightly/edition-guide/rust-2021/warnings-promoted-to-error.html>
[INFO] [stdout] help: use `dyn`
[INFO] [stdout]   |
[INFO] [stdout] 7 |     fn draw_points_with_configuration<T: PointTrait>(&self, points: Vec<T>, conf: &dyn Configuration<T>) -> String;
[INFO] [stdout]   |                                                                                    +++
[INFO] [stdout] 
[INFO] [stdout] 
[INFO] [stdout] warning: trait objects without an explicit `dyn` are deprecated
[INFO] [stdout]   --> src/chart/canvas.rs:44:91
[INFO] [stdout]    |
[INFO] [stdout] 44 |     pub fn draw_points_with_configuration<T: PointTrait>(&self, matrix: Matrix<T>, conf: &Configuration<T>) -> String {
[INFO] [stdout]    |                                                                                           ^^^^^^^^^^^^^^^^
[INFO] [stdout]    |
[INFO] [stdout]    = warning: this is accepted in the current edition (Rust 2015) but is a hard error in Rust 2021!
[INFO] [stdout]    = note: for more information, see <https://doc.rust-lang.org/nightly/edition-guide/rust-2021/warnings-promoted-to-error.html>
[INFO] [stdout] help: use `dyn`
[INFO] [stdout]    |
[INFO] [stdout] 44 |     pub fn draw_points_with_configuration<T: PointTrait>(&self, matrix: Matrix<T>, conf: &dyn Configuration<T>) -> String {
[INFO] [stdout]    |                                                                                           +++
[INFO] [stdout] 
[INFO] [stdout] 
[INFO] [stdout] warning: trait objects without an explicit `dyn` are deprecated
[INFO] [stdout]   --> src/chart/canvas.rs:72:118
[INFO] [stdout]    |
[INFO] [stdout] 72 |     fn draw_row_with_configuration<T: PointTrait>(&self, row_number: CoordinatePrecision, matrix: &Matrix<T>, conf: &Configuration<T>) ->...
[INFO] [stdout]    |                                                                                                                      ^^^^^^^^^^^^^^^^
[INFO] [stdout]    |
[INFO] [stdout]    = warning: this is accepted in the current edition (Rust 2015) but is a hard error in Rust 2021!
[INFO] [stdout]    = note: for more information, see <https://doc.rust-lang.org/nightly/edition-guide/rust-2021/warnings-promoted-to-error.html>
[INFO] [stdout] help: use `dyn`
[INFO] [stdout]    |
[INFO] [stdout] 72 |     fn draw_row_with_configuration<T: PointTrait>(&self, row_number: CoordinatePrecision, matrix: &Matrix<T>, conf: &dyn Configuration<T>) -> String {
[INFO] [stdout]    |                                                                                                                      +++
[INFO] [stdout] 
[INFO] [stdout] 
[INFO] [stdout] warning: unused variable: `rng`
[INFO] [stdout]   --> src/rate_provider/faker.rs:18:17
[INFO] [stdout]    |
[INFO] [stdout] 18 |         let mut rng = rand::thread_rng();
[INFO] [stdout]    |                 ^^^ help: if this is intentional, prefix it with an underscore: `_rng`
[INFO] [stdout]    |
[INFO] [stdout]    = note: `#[warn(unused_variables)]` on by default
[INFO] [stdout] 
[INFO] [stdout] 
[INFO] [stdout] warning: variable does not need to be mutable
[INFO] [stdout]   --> src/rate_provider/faker.rs:18:13
[INFO] [stdout]    |
[INFO] [stdout] 18 |         let mut rng = rand::thread_rng();
[INFO] [stdout]    |             ----^^^
[INFO] [stdout]    |             |
[INFO] [stdout]    |             help: remove this `mut`
[INFO] [stdout]    |
[INFO] [stdout]    = note: `#[warn(unused_mut)]` on by default
[INFO] [stdout] 
[INFO] [stdout] 
[INFO] [stdout] warning: variable `current_index` is assigned to, but never used
[INFO] [stdout]    --> src/ui/screen_buffer.rs:195:17
[INFO] [stdout]     |
[INFO] [stdout] 195 |         let mut current_index = y * width;
[INFO] [stdout]     |                 ^^^^^^^^^^^^^
[INFO] [stdout]     |
[INFO] [stdout]     = note: consider using `_current_index` instead
[INFO] [stdout] 
[INFO] [stdout] 
[INFO] [stdout] warning: associated function `price_to_coordinate` is never used
[INFO] [stdout]   --> src/rate/mod.rs:33:12
[INFO] [stdout]    |
[INFO] [stdout] 21 | impl Rate {
[INFO] [stdout]    | --------- associated function in this implementation
[INFO] [stdout] ...
[INFO] [stdout] 33 |     pub fn price_to_coordinate(price: f32) -> CoordinatePrecision {
[INFO] [stdout]    |            ^^^^^^^^^^^^^^^^^^^
[INFO] [stdout]    |
[INFO] [stdout]    = note: `#[warn(dead_code)]` on by default
[INFO] [stdout] 
[INFO] [stdout] 
[INFO] [stdout] warning: bounds on generic parameters are not enforced in type aliases
[INFO] [stdout]  --> src/chart/configuration.rs:5:13
[INFO] [stdout]   |
[INFO] [stdout] 5 | type Row<I: PointTrait> = BTreeMap<CoordinatePrecision, I>;
[INFO] [stdout]   |             ^^^^^^^^^^
[INFO] [stdout]   |
[INFO] [stdout]   = note: `#[warn(type_alias_bounds)]` on by default
[INFO] [stdout] help: the bound will not be checked when the type alias is used, and should be removed
[INFO] [stdout]   |
[INFO] [stdout] 5 - type Row<I: PointTrait> = BTreeMap<CoordinatePrecision, I>;
[INFO] [stdout] 5 + type Row<I> = BTreeMap<CoordinatePrecision, I>;
[INFO] [stdout]   |
[INFO] [stdout] 
[INFO] [stdout] 
[INFO] [stdout] warning: bounds on generic parameters are not enforced in type aliases
[INFO] [stdout]  --> src/matrix.rs:5:17
[INFO] [stdout]   |
[INFO] [stdout] 5 | pub type Row<I: Debug> = BTreeMap<CoordinatePrecision, I>;
[INFO] [stdout]   |                 ^^^^^
[INFO] [stdout]   |
[INFO] [stdout] help: the bound will not be checked when the type alias is used, and should be removed
[INFO] [stdout]   |
[INFO] [stdout] 5 - pub type Row<I: Debug> = BTreeMap<CoordinatePrecision, I>;
[INFO] [stdout] 5 + pub type Row<I> = BTreeMap<CoordinatePrecision, I>;
[INFO] [stdout]   |
[INFO] [stdout] 
[INFO] [stdout] 
[INFO] [stdout] warning: 19 warnings emitted
[INFO] [stdout] 
[INFO] [stdout] 
[INFO] [stderr]     Finished test [unoptimized + debuginfo] target(s) in 2.57s
[INFO] running `Command { std: "docker" "inspect" "f1ed5ac4e99a9801ad165df2a865b8f6f5de9499717147290de8455f1a338aa1", kill_on_drop: false }`
[INFO] running `Command { std: "docker" "rm" "-f" "f1ed5ac4e99a9801ad165df2a865b8f6f5de9499717147290de8455f1a338aa1", kill_on_drop: false }`
[INFO] [stdout] f1ed5ac4e99a9801ad165df2a865b8f6f5de9499717147290de8455f1a338aa1
[INFO] running `Command { std: "docker" "create" "-v" "/var/lib/crater-agent-workspace/builds/worker-3-tc2/target:/opt/rustwide/target:rw,Z" "-v" "/var/lib/crater-agent-workspace/builds/worker-3-tc2/source:/opt/rustwide/workdir:ro,Z" "-v" "/var/lib/crater-agent-workspace/cargo-home:/opt/rustwide/cargo-home:ro,Z" "-v" "/var/lib/crater-agent-workspace/rustup-home:/opt/rustwide/rustup-home:ro,Z" "-e" "SOURCE_DIR=/opt/rustwide/workdir" "-e" "CARGO_TARGET_DIR=/opt/rustwide/target" "-e" "CARGO_INCREMENTAL=0" "-e" "RUST_BACKTRACE=full" "-e" "RUSTFLAGS=--cap-lints=warn" "-e" "RUSTDOCFLAGS=--cap-lints=warn" "-e" "CARGO_HOME=/opt/rustwide/cargo-home" "-e" "RUSTUP_HOME=/opt/rustwide/rustup-home" "-w" "/opt/rustwide/workdir" "-m" "1610612736" "--user" "0:0" "--network" "none" "ghcr.io/rust-lang/crates-build-env/linux@sha256:2788e3201cd34a07e3172128adcd8b3090168a8e3bcc40d7c032b9dda1df7d1c" "/opt/rustwide/cargo-home/bin/cargo" "+beta-2023-12-22" "test" "--frozen", kill_on_drop: false }`
[INFO] [stdout] 4a13f7c226cf5d1a5354ab1c0593dc5f196e11c3ce74acacdf04c1630a95823b
[INFO] running `Command { std: "docker" "start" "-a" "4a13f7c226cf5d1a5354ab1c0593dc5f196e11c3ce74acacdf04c1630a95823b", kill_on_drop: false }`
[INFO] [stderr] warning: unused imports: `Deserialize`, `Serialize`
[INFO] [stderr]  --> src/rate_provider/coin_market_cap/mod.rs:9:13
[INFO] [stderr]   |
[INFO] [stderr] 9 | use serde::{Serialize, Deserialize};
[INFO] [stderr]   |             ^^^^^^^^^  ^^^^^^^^^^^
[INFO] [stderr]   |
[INFO] [stderr]   = note: `#[warn(unused_imports)]` on by default
[INFO] [stderr] 
[INFO] [stderr] warning: unused import: `self::coin_desk::CoinDesk`
[INFO] [stderr]   --> src/rate_provider/mod.rs:18:9
[INFO] [stderr]    |
[INFO] [stderr] 18 | pub use self::coin_desk::CoinDesk;
[INFO] [stderr]    |         ^^^^^^^^^^^^^^^^^^^^^^^^^
[INFO] [stderr] 
[INFO] [stderr] warning: unused import: `self::blockchain_info::BlockchainInfo`
[INFO] [stderr]   --> src/rate_provider/mod.rs:20:9
[INFO] [stderr]    |
[INFO] [stderr] 20 | pub use self::blockchain_info::BlockchainInfo;
[INFO] [stderr]    |         ^^^^^^^^^^^^^^^^^^^^^^^^^^^^^^^^^^^^^
[INFO] [stderr] 
[INFO] [stderr] warning: unused import: `self::crypto_compare::CryptoCompare`
[INFO] [stderr]   --> src/rate_provider/mod.rs:21:9
[INFO] [stderr]    |
[INFO] [stderr] 21 | pub use self::crypto_compare::CryptoCompare;
[INFO] [stderr]    |         ^^^^^^^^^^^^^^^^^^^^^^^^^^^^^^^^^^^
[INFO] [stderr] 
[INFO] [stderr] warning: unused import: `self::faker::Faker`
[INFO] [stderr]   --> src/rate_provider/mod.rs:22:9
[INFO] [stderr]    |
[INFO] [stderr] 22 | pub use self::faker::Faker;
[INFO] [stderr]    |         ^^^^^^^^^^^^^^^^^^
[INFO] [stderr] 
[INFO] [stderr] warning: `...` range patterns are deprecated
[INFO] [stderr]   --> src/ui/pixel_sequence.rs:59:17
[INFO] [stderr]    |
[INFO] [stderr] 59 |             '0' ... '9' => style_string.push(character),
[INFO] [stderr]    |                 ^^^ help: use `..=` for an inclusive range
[INFO] [stderr]    |
[INFO] [stderr]    = warning: this is accepted in the current edition (Rust 2015) but is a hard error in Rust 2021!
[INFO] [stderr]    = note: for more information, see <https://doc.rust-lang.org/nightly/edition-guide/rust-2021/warnings-promoted-to-error.html>
[INFO] [stderr]    = note: `#[warn(ellipsis_inclusive_range_patterns)]` on by default
[INFO] [stderr] 
[INFO] [stderr] warning: `...` range patterns are deprecated
[INFO] [stderr]    --> src/ui/screen.rs:158:21
[INFO] [stderr]     |
[INFO] [stderr] 158 |                 '0' ... '9' => style_string.push(character),
[INFO] [stderr]     |                     ^^^ help: use `..=` for an inclusive range
[INFO] [stderr]     |
[INFO] [stderr]     = warning: this is accepted in the current edition (Rust 2015) but is a hard error in Rust 2021!
[INFO] [stderr]     = note: for more information, see <https://doc.rust-lang.org/nightly/edition-guide/rust-2021/warnings-promoted-to-error.html>
[INFO] [stderr] 
[INFO] [stderr] warning: unused import: `self::element::Element`
[INFO] [stderr]   --> src/ui/mod.rs:15:9
[INFO] [stderr]    |
[INFO] [stderr] 15 | pub use self::element::Element;
[INFO] [stderr]    |         ^^^^^^^^^^^^^^^^^^^^^^
[INFO] [stderr] 
[INFO] [stderr] warning: unused import: `self::pixel::Pixel`
[INFO] [stderr]   --> src/ui/mod.rs:17:9
[INFO] [stderr]    |
[INFO] [stderr] 17 | pub use self::pixel::Pixel;
[INFO] [stderr]    |         ^^^^^^^^^^^^^^^^^^
[INFO] [stderr] 
[INFO] [stderr] warning: trait objects without an explicit `dyn` are deprecated
[INFO] [stderr]   --> src/chart/mod.rs:80:88
[INFO] [stderr]    |
[INFO] [stderr] 80 |     pub fn draw_points_with_configuration<T: PointTrait>(&self, points: Vec<T>, conf: &configuration::Configuration<T>) -> String {
[INFO] [stderr]    |                                                                                        ^^^^^^^^^^^^^^^^^^^^^^^^^^^^^^^
[INFO] [stderr]    |
[INFO] [stderr]    = warning: this is accepted in the current edition (Rust 2015) but is a hard error in Rust 2021!
[INFO] [stderr]    = note: for more information, see <https://doc.rust-lang.org/nightly/edition-guide/rust-2021/warnings-promoted-to-error.html>
[INFO] [stderr]    = note: `#[warn(bare_trait_objects)]` on by default
[INFO] [stderr] help: use `dyn`
[INFO] [stderr]    |
[INFO] [stderr] 80 |     pub fn draw_points_with_configuration<T: PointTrait>(&self, points: Vec<T>, conf: &dyn configuration::Configuration<T>) -> String {
[INFO] [stderr]    |                                                                                        +++
[INFO] [stderr] 
[INFO] [stderr] warning: trait objects without an explicit `dyn` are deprecated
[INFO] [stderr]  --> src/chart/point_drawing.rs:7:84
[INFO] [stderr]   |
[INFO] [stderr] 7 |     fn draw_points_with_configuration<T: PointTrait>(&self, points: Vec<T>, conf: &Configuration<T>) -> String;
[INFO] [stderr]   |                                                                                    ^^^^^^^^^^^^^^^^
[INFO] [stderr]   |
[INFO] [stderr]   = warning: this is accepted in the current edition (Rust 2015) but is a hard error in Rust 2021!
[INFO] [stderr]   = note: for more information, see <https://doc.rust-lang.org/nightly/edition-guide/rust-2021/warnings-promoted-to-error.html>
[INFO] [stderr] help: use `dyn`
[INFO] [stderr]   |
[INFO] [stderr] 7 |     fn draw_points_with_configuration<T: PointTrait>(&self, points: Vec<T>, conf: &dyn Configuration<T>) -> String;
[INFO] [stderr]   |                                                                                    +++
[INFO] [stderr] 
[INFO] [stderr] warning: trait objects without an explicit `dyn` are deprecated
[INFO] [stderr]   --> src/chart/canvas.rs:44:91
[INFO] [stderr]    |
[INFO] [stderr] 44 |     pub fn draw_points_with_configuration<T: PointTrait>(&self, matrix: Matrix<T>, conf: &Configuration<T>) -> String {
[INFO] [stderr]    |                                                                                           ^^^^^^^^^^^^^^^^
[INFO] [stderr]    |
[INFO] [stderr]    = warning: this is accepted in the current edition (Rust 2015) but is a hard error in Rust 2021!
[INFO] [stderr]    = note: for more information, see <https://doc.rust-lang.org/nightly/edition-guide/rust-2021/warnings-promoted-to-error.html>
[INFO] [stderr] help: use `dyn`
[INFO] [stderr]    |
[INFO] [stderr] 44 |     pub fn draw_points_with_configuration<T: PointTrait>(&self, matrix: Matrix<T>, conf: &dyn Configuration<T>) -> String {
[INFO] [stderr]    |                                                                                           +++
[INFO] [stderr] 
[INFO] [stderr] warning: trait objects without an explicit `dyn` are deprecated
[INFO] [stderr]   --> src/chart/canvas.rs:72:118
[INFO] [stderr]    |
[INFO] [stderr] 72 |     fn draw_row_with_configuration<T: PointTrait>(&self, row_number: CoordinatePrecision, matrix: &Matrix<T>, conf: &Configuration<T>) ->...
[INFO] [stderr]    |                                                                                                                      ^^^^^^^^^^^^^^^^
[INFO] [stderr]    |
[INFO] [stderr]    = warning: this is accepted in the current edition (Rust 2015) but is a hard error in Rust 2021!
[INFO] [stderr]    = note: for more information, see <https://doc.rust-lang.org/nightly/edition-guide/rust-2021/warnings-promoted-to-error.html>
[INFO] [stderr] help: use `dyn`
[INFO] [stderr]    |
[INFO] [stderr] 72 |     fn draw_row_with_configuration<T: PointTrait>(&self, row_number: CoordinatePrecision, matrix: &Matrix<T>, conf: &dyn Configuration<T>) -> String {
[INFO] [stderr]    |                                                                                                                      +++
[INFO] [stderr] 
[INFO] [stderr] warning: unused variable: `rng`
[INFO] [stderr]   --> src/rate_provider/faker.rs:18:17
[INFO] [stderr]    |
[INFO] [stderr] 18 |         let mut rng = rand::thread_rng();
[INFO] [stderr]    |                 ^^^ help: if this is intentional, prefix it with an underscore: `_rng`
[INFO] [stderr]    |
[INFO] [stderr]    = note: `#[warn(unused_variables)]` on by default
[INFO] [stderr] 
[INFO] [stderr] warning: variable does not need to be mutable
[INFO] [stderr]   --> src/rate_provider/faker.rs:18:13
[INFO] [stderr]    |
[INFO] [stderr] 18 |         let mut rng = rand::thread_rng();
[INFO] [stderr]    |             ----^^^
[INFO] [stderr]    |             |
[INFO] [stderr]    |             help: remove this `mut`
[INFO] [stderr]    |
[INFO] [stderr]    = note: `#[warn(unused_mut)]` on by default
[INFO] [stderr] 
[INFO] [stderr] warning: variable `current_index` is assigned to, but never used
[INFO] [stderr]    --> src/ui/screen_buffer.rs:195:17
[INFO] [stderr]     |
[INFO] [stderr] 195 |         let mut current_index = y * width;
[INFO] [stderr]     |                 ^^^^^^^^^^^^^
[INFO] [stderr]     |
[INFO] [stderr]     = note: consider using `_current_index` instead
[INFO] [stderr] 
[INFO] [stderr] warning: associated function `price_to_coordinate` is never used
[INFO] [stderr]   --> src/rate/mod.rs:33:12
[INFO] [stderr]    |
[INFO] [stderr] 21 | impl Rate {
[INFO] [stderr]    | --------- associated function in this implementation
[INFO] [stderr] ...
[INFO] [stderr] 33 |     pub fn price_to_coordinate(price: f32) -> CoordinatePrecision {
[INFO] [stderr]    |            ^^^^^^^^^^^^^^^^^^^
[INFO] [stderr]    |
[INFO] [stderr]    = note: `#[warn(dead_code)]` on by default
[INFO] [stderr] 
[INFO] [stderr] warning: bounds on generic parameters are not enforced in type aliases
[INFO] [stderr]  --> src/chart/configuration.rs:5:13
[INFO] [stderr]   |
[INFO] [stderr] 5 | type Row<I: PointTrait> = BTreeMap<CoordinatePrecision, I>;
[INFO] [stderr]   |             ^^^^^^^^^^
[INFO] [stderr]   |
[INFO] [stderr]   = note: `#[warn(type_alias_bounds)]` on by default
[INFO] [stderr] help: the bound will not be checked when the type alias is used, and should be removed
[INFO] [stderr]   |
[INFO] [stderr] 5 - type Row<I: PointTrait> = BTreeMap<CoordinatePrecision, I>;
[INFO] [stderr] 5 + type Row<I> = BTreeMap<CoordinatePrecision, I>;
[INFO] [stderr]   |
[INFO] [stderr] 
[INFO] [stderr] warning: bounds on generic parameters are not enforced in type aliases
[INFO] [stderr]  --> src/matrix.rs:5:17
[INFO] [stderr]   |
[INFO] [stderr] 5 | pub type Row<I: Debug> = BTreeMap<CoordinatePrecision, I>;
[INFO] [stderr]   |                 ^^^^^
[INFO] [stderr]   |
[INFO] [stderr] help: the bound will not be checked when the type alias is used, and should be removed
[INFO] [stderr]   |
[INFO] [stderr] 5 - pub type Row<I: Debug> = BTreeMap<CoordinatePrecision, I>;
[INFO] [stderr] 5 + pub type Row<I> = BTreeMap<CoordinatePrecision, I>;
[INFO] [stderr]   |
[INFO] [stderr] 
[INFO] [stderr] warning: `rcoin` (bin "rcoin" test) generated 19 warnings (run `cargo fix --bin "rcoin" --tests` to apply 17 suggestions)
[INFO] [stderr]     Finished test [unoptimized + debuginfo] target(s) in 0.06s
[INFO] [stderr]      Running unittests src/main.rs (/opt/rustwide/target/debug/deps/rcoin-d67f1e522745022f)
[INFO] [stdout] 
[INFO] [stdout] running 88 tests
[INFO] [stdout] test chart::canvas::tests::draw_points_with_callback_test ... ok
[INFO] [stdout] test chart::canvas::tests::draw_points_with_symbol_test ... ok
[INFO] [stdout] test chart::canvas::tests::draw_points_with_symbols_test ... ok
[INFO] [stdout] test chart::mode::tests::from_str_test ... ok
[INFO] [stdout] test chart::tests::do_not_scale_up_test ... ok
[INFO] [stdout] test chart::configuration::tests::call_test ... ok
[INFO] [stdout] test matrix::tests::map_test ... ok
[INFO] [stdout] test chart::tests::draw_points_with_symbol_test ... ok
[INFO] [stdout] test chart::tests::scale_not_needed_test ... ok
[INFO] [stdout] test chart::tests::scale_down_test ... ok
[INFO] [stdout] test chart::tests::draw_points_with_symbols_test ... ok
[INFO] [stdout] test matrix::tests::x_y_max_test ... ok
[INFO] [stdout] test chart::tests::scale_test ... ok
[INFO] [stdout] test matrix::tests::x_y_min_test ... ok
[INFO] [stdout] test matrix::tests::y_min_test ... ok
[INFO] [stdout] test rate::currency::tests::from_str_test ... ok
[INFO] [stdout] test matrix::tests::y_max_test ... ok
[INFO] [stdout] test chart::tests::draw_points_with_callback_test ... ok
[INFO] [stdout] test matrix::tests::is_empty_test ... ok
[INFO] [stdout] test rate::currency::tests::name_test ... ok
[INFO] [stdout] test rate::rate_series::tests::push_test ... ok
[INFO] [stdout] test matrix::tests::x_max_test ... ok
[INFO] [stdout] test matrix::tests::x_min_test ... ok
[INFO] [stdout] test rate::currency::tests::symbol_test ... ok
[INFO] [stdout] test term_style::style::test_background::background_blue_test ... ok
[INFO] [stdout] test term_style::style::test_background::background_black_test ... ok
[INFO] [stdout] test rate_provider::faker::tests::get_test ... ok
[INFO] [stdout] test term_style::style::test_background::background_dark_gray_test ... ok
[INFO] [stdout] test term_style::style::test_background::background_cyan_test ... ok
[INFO] [stdout] test term_style::style::test_background::background_default_background_test ... ok
[INFO] [stdout] test term_style::style::test_background::background_green_test ... ok
[INFO] [stdout] test term_style::style::test_background::background_light_cyan_test ... ok
[INFO] [stdout] test term_style::style::test_background::background_light_gray_test ... ok
[INFO] [stdout] test term_style::style::test_background::background_light_magenta_test ... ok
[INFO] [stdout] test term_style::style::test_background::background_light_blue_test ... ok
[INFO] [stdout] test term_style::style::test_background::background_light_red_test ... ok
[INFO] [stdout] test term_style::style::test_background::background_light_green_test ... ok
[INFO] [stdout] test rate_provider::blockchain_info::tests::get_test ... FAILED
[INFO] [stdout] test term_style::style::test_background::background_magenta_test ... ok
[INFO] [stdout] test term_style::style::test_background::background_light_yellow_test ... ok
[INFO] [stdout] test term_style::style::test_background::background_yellow_test ... ok
[INFO] [stdout] test term_style::style::test_background::background_red_test ... ok
[INFO] [stdout] test term_style::style::test_background::background_white_test ... ok
[INFO] [stdout] test term_style::style::test_foreground::blue_test ... ok
[INFO] [stdout] test rate_provider::crypto_compare::tests::get_test ... FAILED
[INFO] [stdout] test term_style::style::test_foreground::dark_gray_test ... ok
[INFO] [stdout] test rate_provider::coin_desk::tests::get_test ... FAILED
[INFO] [stdout] test term_style::style::test_foreground::light_blue_test ... ok
[INFO] [stdout] test rate_provider::cryptonator::tests::get_test ... FAILED
[INFO] [stdout] test term_style::style::test_foreground::light_cyan_test ... ok
[INFO] [stdout] test rate_provider::coin_market_cap::tests::get_test ... FAILED
[INFO] [stdout] test term_style::style::test_foreground::light_gray_test ... ok
[INFO] [stdout] test term_style::style::test_foreground::light_green_test ... ok
[INFO] [stdout] test term_style::style::test_foreground::color_test ... ok
[INFO] [stdout] test term_style::style::test_foreground::green_test ... ok
[INFO] [stdout] test term_style::style::test_foreground::cyan_test ... ok
[INFO] [stdout] test term_style::style::test_foreground::light_magenta_test ... ok
[INFO] [stdout] test term_style::style::test_foreground::light_yellow_test ... ok
[INFO] [stdout] test term_style::style::test_foreground::magenta_test ... ok
[INFO] [stdout] test term_style::style::test_foreground::white_test ... ok
[INFO] [stdout] test term_style::style::test_foreground::red_test ... ok
[INFO] [stdout] test term_style::style::test_foreground::light_red_test ... ok
[INFO] [stdout] test term_style::style::test_style::style_test ... ok
[INFO] [stdout] test ui::element::test::blank_test ... ok
[INFO] [stdout] test ui::element::test::default_test ... ok
[INFO] [stdout] test ui::error::tests::ui_error_test ... ok
[INFO] [stdout] test ui::keyboard::test::listen_test ... ok
[INFO] [stdout] test ui::medium::terminal::test::print_test ... ok
[INFO] [stdout] test ui::pixel::test::blank_with_point ... ok
[INFO] [stdout] test ui::pixel::test::with_x_test ... ok
[INFO] [stdout] test ui::pixel::test::default_test ... ok
[INFO] [stdout] test ui::pixel::test::with_y_test ... ok
[INFO] [stdout] test ui::pixel::test::blank_test ... ok
[INFO] [stdout] test ui::pixel::test::with_x_y_test ... ok
[INFO] [stdout] test ui::screen::test::draw_text_overwrite_test ... ok
[INFO] [stdout] test ui::screen::test::draw_text_overflow_test ... ok
[INFO] [stdout] test term_style::style::test_foreground::yellow_test ... ok
[INFO] [stdout] test ui::screen::test::draw_text_test ... ok
[INFO] [stdout] test ui::screen_buffer::tests::get_content_at_point_test ... ok
[INFO] [stdout] test ui::screen_buffer::tests::get_contents_empty_test ... ok
[INFO] [stdout] test ui::screen::test::draw_text_wrapping_overflow_test ... ok
[INFO] [stdout] test ui::screen_buffer::tests::get_contents_test ... ok
[INFO] [stdout] test ui::screen::test::draw_text_wrapping_test ... ok
[INFO] [stdout] test ui::screen::test::get_contents_test ... ok
[INFO] [stdout] test util::tests::str_pad_test ... ok
[INFO] [stdout] test ui::screen_buffer::tests::draw_point_should_fail_test ... ok
[INFO] [stdout] test util::tests::str_left_pad_test ... ok
[INFO] [stdout] test ui::screen_buffer::tests::draw_point_test ... ok
[INFO] [stdout] 
[INFO] [stdout] failures:
[INFO] [stdout] 
[INFO] [stdout] ---- rate_provider::blockchain_info::tests::get_test stdout ----
[INFO] [stdout] thread 'rate_provider::blockchain_info::tests::get_test' panicked at src/rate_provider/blockchain_info/mod.rs:61:9:
[INFO] [stdout] assertion failed: result.is_ok()
[INFO] [stdout] stack backtrace:
[INFO] [stdout]    0:     0x55759f6b35d6 - std::backtrace_rs::backtrace::libunwind::trace::h261606ad26a499c1
[INFO] [stdout]                                at /rustc/0e09125c6c3c2fd70d7de961bcf0e51575235fad/library/std/src/../../backtrace/src/backtrace/libunwind.rs:104:5
[INFO] [stdout]    1:     0x55759f6b35d6 - std::backtrace_rs::backtrace::trace_unsynchronized::hd183f0625477fb28
[INFO] [stdout]                                at /rustc/0e09125c6c3c2fd70d7de961bcf0e51575235fad/library/std/src/../../backtrace/src/backtrace/mod.rs:66:5
[INFO] [stdout]    2:     0x55759f6b35d6 - std::sys_common::backtrace::_print_fmt::hd7f8fef21b4eda67
[INFO] [stdout]                                at /rustc/0e09125c6c3c2fd70d7de961bcf0e51575235fad/library/std/src/sys_common/backtrace.rs:68:5
[INFO] [stdout]    3:     0x55759f6b35d6 - <std::sys_common::backtrace::_print::DisplayBacktrace as core::fmt::Display>::fmt::h623d9b51f2f453f1
[INFO] [stdout]                                at /rustc/0e09125c6c3c2fd70d7de961bcf0e51575235fad/library/std/src/sys_common/backtrace.rs:44:22
[INFO] [stdout]    4:     0x55759f6ddc60 - core::fmt::rt::Argument::fmt::h9f417ac76a86f368
[INFO] [stdout]                                at /rustc/0e09125c6c3c2fd70d7de961bcf0e51575235fad/library/core/src/fmt/rt.rs:142:9
[INFO] [stdout]    5:     0x55759f6ddc60 - core::fmt::write::hc9b6faf4ac2aeff7
[INFO] [stdout]                                at /rustc/0e09125c6c3c2fd70d7de961bcf0e51575235fad/library/core/src/fmt/mod.rs:1120:17
[INFO] [stdout]    6:     0x55759f6b102f - std::io::Write::write_fmt::he04625a3a989fec3
[INFO] [stdout]                                at /rustc/0e09125c6c3c2fd70d7de961bcf0e51575235fad/library/std/src/io/mod.rs:1810:15
[INFO] [stdout]    7:     0x55759f6b33b4 - std::sys_common::backtrace::_print::hd5d66399c7df88a2
[INFO] [stdout]                                at /rustc/0e09125c6c3c2fd70d7de961bcf0e51575235fad/library/std/src/sys_common/backtrace.rs:47:5
[INFO] [stdout]    8:     0x55759f6b33b4 - std::sys_common::backtrace::print::he81ed2da642d37e5
[INFO] [stdout]                                at /rustc/0e09125c6c3c2fd70d7de961bcf0e51575235fad/library/std/src/sys_common/backtrace.rs:34:9
[INFO] [stdout]    9:     0x55759f6b5127 - std::panicking::default_hook::{{closure}}::h85773f4fa117163d
[INFO] [stdout]   10:     0x55759f6b4e0d - std::panicking::default_hook::h6a1694a91d09b278
[INFO] [stdout]                                at /rustc/0e09125c6c3c2fd70d7de961bcf0e51575235fad/library/std/src/panicking.rs:289:9
[INFO] [stdout]   11:     0x55759f61b847 - <alloc::boxed::Box<F,A> as core::ops::function::Fn<Args>>::call::h616ac37fa3cd6c8f
[INFO] [stdout]                                at /rustc/0e09125c6c3c2fd70d7de961bcf0e51575235fad/library/alloc/src/boxed.rs:2029:9
[INFO] [stdout]   12:     0x55759f61b847 - test::test_main::{{closure}}::h00d84697cefdcbb6
[INFO] [stdout]                                at /rustc/0e09125c6c3c2fd70d7de961bcf0e51575235fad/library/test/src/lib.rs:138:21
[INFO] [stdout]   13:     0x55759f6b5746 - <alloc::boxed::Box<F,A> as core::ops::function::Fn<Args>>::call::hcb3fe3b9bb537ba8
[INFO] [stdout]                                at /rustc/0e09125c6c3c2fd70d7de961bcf0e51575235fad/library/alloc/src/boxed.rs:2029:9
[INFO] [stdout]   14:     0x55759f6b5746 - std::panicking::rust_panic_with_hook::h0a7ad96e90f7145b
[INFO] [stdout]                                at /rustc/0e09125c6c3c2fd70d7de961bcf0e51575235fad/library/std/src/panicking.rs:783:13
[INFO] [stdout]   15:     0x55759f6b5459 - std::panicking::begin_panic_handler::{{closure}}::h7919090525c6485e
[INFO] [stdout]                                at /rustc/0e09125c6c3c2fd70d7de961bcf0e51575235fad/library/std/src/panicking.rs:649:13
[INFO] [stdout]   16:     0x55759f6b3ad6 - std::sys_common::backtrace::__rust_end_short_backtrace::hf3289479464f7dfe
[INFO] [stdout]                                at /rustc/0e09125c6c3c2fd70d7de961bcf0e51575235fad/library/std/src/sys_common/backtrace.rs:171:18
[INFO] [stdout]   17:     0x55759f6b51f0 - rust_begin_unwind
[INFO] [stdout]                                at /rustc/0e09125c6c3c2fd70d7de961bcf0e51575235fad/library/std/src/panicking.rs:645:5
[INFO] [stdout]   18:     0x55759f547405 - core::panicking::panic_fmt::hcc9f77c5c132af55
[INFO] [stdout]                                at /rustc/0e09125c6c3c2fd70d7de961bcf0e51575235fad/library/core/src/panicking.rs:72:14
[INFO] [stdout]   19:     0x55759f5474c3 - core::panicking::panic::h5a1259c1164bd480
[INFO] [stdout]                                at /rustc/0e09125c6c3c2fd70d7de961bcf0e51575235fad/library/core/src/panicking.rs:144:5
[INFO] [stdout]   20:     0x55759f5a034d - rcoin::rate_provider::blockchain_info::tests::get_test::h9e0f1852afa4c466
[INFO] [stdout]                                at /opt/rustwide/workdir/src/rate_provider/blockchain_info/mod.rs:61:9
[INFO] [stdout]   21:     0x55759f5a02c7 - rcoin::rate_provider::blockchain_info::tests::get_test::{{closure}}::h44361a30e81b7d63
[INFO] [stdout]                                at /opt/rustwide/workdir/src/rate_provider/blockchain_info/mod.rs:58:18
[INFO] [stdout]   22:     0x55759f5805d6 - core::ops::function::FnOnce::call_once::h871ab739749957e8
[INFO] [stdout]                                at /rustc/0e09125c6c3c2fd70d7de961bcf0e51575235fad/library/core/src/ops/function.rs:250:5
[INFO] [stdout]   23:     0x55759f62111f - core::ops::function::FnOnce::call_once::hd64d26f405258157
[INFO] [stdout]                                at /rustc/0e09125c6c3c2fd70d7de961bcf0e51575235fad/library/core/src/ops/function.rs:250:5
[INFO] [stdout]   24:     0x55759f62111f - test::__rust_begin_short_backtrace::he21b0b7a6d731bf9
[INFO] [stdout]                                at /rustc/0e09125c6c3c2fd70d7de961bcf0e51575235fad/library/test/src/lib.rs:627:18
[INFO] [stdout]   25:     0x55759f61fea1 - test::run_test_in_process::{{closure}}::hf5c73986d7bdfde2
[INFO] [stdout]                                at /rustc/0e09125c6c3c2fd70d7de961bcf0e51575235fad/library/test/src/lib.rs:650:60
[INFO] [stdout]   26:     0x55759f61fea1 - <core::panic::unwind_safe::AssertUnwindSafe<F> as core::ops::function::FnOnce<()>>::call_once::h330011ad032aadc0
[INFO] [stdout]                                at /rustc/0e09125c6c3c2fd70d7de961bcf0e51575235fad/library/core/src/panic/unwind_safe.rs:272:9
[INFO] [stdout]   27:     0x55759f61fea1 - std::panicking::try::do_call::he61b0a958b795a41
[INFO] [stdout]                                at /rustc/0e09125c6c3c2fd70d7de961bcf0e51575235fad/library/std/src/panicking.rs:552:40
[INFO] [stdout]   28:     0x55759f61fea1 - std::panicking::try::h7309da130f906eb7
[INFO] [stdout]                                at /rustc/0e09125c6c3c2fd70d7de961bcf0e51575235fad/library/std/src/panicking.rs:516:19
[INFO] [stdout]   29:     0x55759f61fea1 - std::panic::catch_unwind::hc5c3a06fdaf0a92a
[INFO] [stdout]                                at /rustc/0e09125c6c3c2fd70d7de961bcf0e51575235fad/library/std/src/panic.rs:142:14
[INFO] [stdout]   30:     0x55759f61fea1 - test::run_test_in_process::h7e7b7c71c3324e0f
[INFO] [stdout]                                at /rustc/0e09125c6c3c2fd70d7de961bcf0e51575235fad/library/test/src/lib.rs:650:27
[INFO] [stdout]   31:     0x55759f61fea1 - test::run_test::{{closure}}::h1f509f28f5cf20b1
[INFO] [stdout]                                at /rustc/0e09125c6c3c2fd70d7de961bcf0e51575235fad/library/test/src/lib.rs:573:43
[INFO] [stdout]   32:     0x55759f5e71d6 - test::run_test::{{closure}}::h1754218abf443f6d
[INFO] [stdout]                                at /rustc/0e09125c6c3c2fd70d7de961bcf0e51575235fad/library/test/src/lib.rs:601:41
[INFO] [stdout]   33:     0x55759f5e71d6 - std::sys_common::backtrace::__rust_begin_short_backtrace::h2ee174b9d5954948
[INFO] [stdout]                                at /rustc/0e09125c6c3c2fd70d7de961bcf0e51575235fad/library/std/src/sys_common/backtrace.rs:155:18
[INFO] [stdout]   34:     0x55759f5ec237 - std::thread::Builder::spawn_unchecked_::{{closure}}::{{closure}}::hf60bee9c1a17ef09
[INFO] [stdout]                                at /rustc/0e09125c6c3c2fd70d7de961bcf0e51575235fad/library/std/src/thread/mod.rs:529:17
[INFO] [stdout]   35:     0x55759f5ec237 - <core::panic::unwind_safe::AssertUnwindSafe<F> as core::ops::function::FnOnce<()>>::call_once::h33d0dddec5216160
[INFO] [stdout]                                at /rustc/0e09125c6c3c2fd70d7de961bcf0e51575235fad/library/core/src/panic/unwind_safe.rs:272:9
[INFO] [stdout]   36:     0x55759f5ec237 - std::panicking::try::do_call::h144b3048b546f835
[INFO] [stdout]                                at /rustc/0e09125c6c3c2fd70d7de961bcf0e51575235fad/library/std/src/panicking.rs:552:40
[INFO] [stdout]   37:     0x55759f5ec237 - std::panicking::try::h978244d04646189f
[INFO] [stdout]                                at /rustc/0e09125c6c3c2fd70d7de961bcf0e51575235fad/library/std/src/panicking.rs:516:19
[INFO] [stdout]   38:     0x55759f5ec237 - std::panic::catch_unwind::hdf436369d188fe86
[INFO] [stdout]                                at /rustc/0e09125c6c3c2fd70d7de961bcf0e51575235fad/library/std/src/panic.rs:142:14
[INFO] [stdout]   39:     0x55759f5ec237 - std::thread::Builder::spawn_unchecked_::{{closure}}::h87329cbdd33c79ec
[INFO] [stdout]                                at /rustc/0e09125c6c3c2fd70d7de961bcf0e51575235fad/library/std/src/thread/mod.rs:528:30
[INFO] [stdout]   40:     0x55759f5ec237 - core::ops::function::FnOnce::call_once{{vtable.shim}}::h401abbe67897d450
[INFO] [stdout]                                at /rustc/0e09125c6c3c2fd70d7de961bcf0e51575235fad/library/core/src/ops/function.rs:250:5
[INFO] [stdout]   41:     0x55759f6ba2e5 - <alloc::boxed::Box<F,A> as core::ops::function::FnOnce<Args>>::call_once::h5d7c8f150ab9c84c
[INFO] [stdout]                                at /rustc/0e09125c6c3c2fd70d7de961bcf0e51575235fad/library/alloc/src/boxed.rs:2015:9
[INFO] [stdout]   42:     0x55759f6ba2e5 - <alloc::boxed::Box<F,A> as core::ops::function::FnOnce<Args>>::call_once::h570d5b005c242c15
[INFO] [stdout]                                at /rustc/0e09125c6c3c2fd70d7de961bcf0e51575235fad/library/alloc/src/boxed.rs:2015:9
[INFO] [stdout]   43:     0x55759f6ba2e5 - std::sys::unix::thread::Thread::new::thread_start::h36b0a20c0b2361ad
[INFO] [stdout]                                at /rustc/0e09125c6c3c2fd70d7de961bcf0e51575235fad/library/std/src/sys/unix/thread.rs:108:17
[INFO] [stdout]   44:     0x7fc6f8373ac3 - <unknown>
[INFO] [stdout]   45:     0x7fc6f8404bf4 - __clone
[INFO] [stdout]   46:                0x0 - <unknown>
[INFO] [stdout] 
[INFO] [stdout] ---- rate_provider::crypto_compare::tests::get_test stdout ----
[INFO] [stdout] thread 'rate_provider::crypto_compare::tests::get_test' panicked at src/rate_provider/crypto_compare/mod.rs:44:9:
[INFO] [stdout] assertion failed: result.is_ok()
[INFO] [stdout] stack backtrace:
[INFO] [stdout]    0:     0x55759f6b35d6 - std::backtrace_rs::backtrace::libunwind::trace::h261606ad26a499c1
[INFO] [stdout]                                at /rustc/0e09125c6c3c2fd70d7de961bcf0e51575235fad/library/std/src/../../backtrace/src/backtrace/libunwind.rs:104:5
[INFO] [stdout]    1:     0x55759f6b35d6 - std::backtrace_rs::backtrace::trace_unsynchronized::hd183f0625477fb28
[INFO] [stdout]                                at /rustc/0e09125c6c3c2fd70d7de961bcf0e51575235fad/library/std/src/../../backtrace/src/backtrace/mod.rs:66:5
[INFO] [stdout]    2:     0x55759f6b35d6 - std::sys_common::backtrace::_print_fmt::hd7f8fef21b4eda67
[INFO] [stdout]                                at /rustc/0e09125c6c3c2fd70d7de961bcf0e51575235fad/library/std/src/sys_common/backtrace.rs:68:5
[INFO] [stdout]    3:     0x55759f6b35d6 - <std::sys_common::backtrace::_print::DisplayBacktrace as core::fmt::Display>::fmt::h623d9b51f2f453f1
[INFO] [stdout]                                at /rustc/0e09125c6c3c2fd70d7de961bcf0e51575235fad/library/std/src/sys_common/backtrace.rs:44:22
[INFO] [stdout]    4:     0x55759f6ddc60 - core::fmt::rt::Argument::fmt::h9f417ac76a86f368
[INFO] [stdout]                                at /rustc/0e09125c6c3c2fd70d7de961bcf0e51575235fad/library/core/src/fmt/rt.rs:142:9
[INFO] [stdout]    5:     0x55759f6ddc60 - core::fmt::write::hc9b6faf4ac2aeff7
[INFO] [stdout]                                at /rustc/0e09125c6c3c2fd70d7de961bcf0e51575235fad/library/core/src/fmt/mod.rs:1120:17
[INFO] [stdout]    6:     0x55759f6b102f - std::io::Write::write_fmt::he04625a3a989fec3
[INFO] [stdout]                                at /rustc/0e09125c6c3c2fd70d7de961bcf0e51575235fad/library/std/src/io/mod.rs:1810:15
[INFO] [stdout]    7:     0x55759f6b33b4 - std::sys_common::backtrace::_print::hd5d66399c7df88a2
[INFO] [stdout]                                at /rustc/0e09125c6c3c2fd70d7de961bcf0e51575235fad/library/std/src/sys_common/backtrace.rs:47:5
[INFO] [stdout]    8:     0x55759f6b33b4 - std::sys_common::backtrace::print::he81ed2da642d37e5
[INFO] [stdout]                                at /rustc/0e09125c6c3c2fd70d7de961bcf0e51575235fad/library/std/src/sys_common/backtrace.rs:34:9
[INFO] [stdout]    9:     0x55759f6b5127 - std::panicking::default_hook::{{closure}}::h85773f4fa117163d
[INFO] [stdout]   10:     0x55759f6b4e0d - std::panicking::default_hook::h6a1694a91d09b278
[INFO] [stdout]                                at /rustc/0e09125c6c3c2fd70d7de961bcf0e51575235fad/library/std/src/panicking.rs:289:9
[INFO] [stdout]   11:     0x55759f61b847 - <alloc::boxed::Box<F,A> as core::ops::function::Fn<Args>>::call::h616ac37fa3cd6c8f
[INFO] [stdout]                                at /rustc/0e09125c6c3c2fd70d7de961bcf0e51575235fad/library/alloc/src/boxed.rs:2029:9
[INFO] [stdout]   12:     0x55759f61b847 - test::test_main::{{closure}}::h00d84697cefdcbb6
[INFO] [stdout]                                at /rustc/0e09125c6c3c2fd70d7de961bcf0e51575235fad/library/test/src/lib.rs:138:21
[INFO] [stdout]   13:     0x55759f6b5746 - <alloc::boxed::Box<F,A> as core::ops::function::Fn<Args>>::call::hcb3fe3b9bb537ba8
[INFO] [stdout]                                at /rustc/0e09125c6c3c2fd70d7de961bcf0e51575235fad/library/alloc/src/boxed.rs:2029:9
[INFO] [stdout]   14:     0x55759f6b5746 - std::panicking::rust_panic_with_hook::h0a7ad96e90f7145b
[INFO] [stdout]                                at /rustc/0e09125c6c3c2fd70d7de961bcf0e51575235fad/library/std/src/panicking.rs:783:13
[INFO] [stdout]   15:     0x55759f6b5459 - std::panicking::begin_panic_handler::{{closure}}::h7919090525c6485e
[INFO] [stdout]                                at /rustc/0e09125c6c3c2fd70d7de961bcf0e51575235fad/library/std/src/panicking.rs:649:13
[INFO] [stdout]   16:     0x55759f6b3ad6 - std::sys_common::backtrace::__rust_end_short_backtrace::hf3289479464f7dfe
[INFO] [stdout]                                at /rustc/0e09125c6c3c2fd70d7de961bcf0e51575235fad/library/std/src/sys_common/backtrace.rs:171:18
[INFO] [stdout]   17:     0x55759f6b51f0 - rust_begin_unwind
[INFO] [stdout]                                at /rustc/0e09125c6c3c2fd70d7de961bcf0e51575235fad/library/std/src/panicking.rs:645:5
[INFO] [stdout]   18:     0x55759f547405 - core::panicking::panic_fmt::hcc9f77c5c132af55
[INFO] [stdout]                                at /rustc/0e09125c6c3c2fd70d7de961bcf0e51575235fad/library/core/src/panicking.rs:72:14
[INFO] [stdout]   19:     0x55759f5474c3 - core::panicking::panic::h5a1259c1164bd480
[INFO] [stdout]                                at /rustc/0e09125c6c3c2fd70d7de961bcf0e51575235fad/library/core/src/panicking.rs:144:5
[INFO] [stdout]   20:     0x55759f5d1d7d - rcoin::rate_provider::crypto_compare::tests::get_test::h3d0fb00fa2864e6a
[INFO] [stdout]                                at /opt/rustwide/workdir/src/rate_provider/crypto_compare/mod.rs:44:9
[INFO] [stdout]   21:     0x55759f5d1cf7 - rcoin::rate_provider::crypto_compare::tests::get_test::{{closure}}::h58fd8ec914062b5a
[INFO] [stdout]                                at /opt/rustwide/workdir/src/rate_provider/crypto_compare/mod.rs:41:18
[INFO] [stdout]   22:     0x55759f57f816 - core::ops::function::FnOnce::call_once::h096b26cc4c94c559
[INFO] [stdout]                                at /rustc/0e09125c6c3c2fd70d7de961bcf0e51575235fad/library/core/src/ops/function.rs:250:5
[INFO] [stdout]   23:     0x55759f62111f - core::ops::function::FnOnce::call_once::hd64d26f405258157
[INFO] [stdout]                                at /rustc/0e09125c6c3c2fd70d7de961bcf0e51575235fad/library/core/src/ops/function.rs:250:5
[INFO] [stdout]   24:     0x55759f62111f - test::__rust_begin_short_backtrace::he21b0b7a6d731bf9
[INFO] [stdout]                                at /rustc/0e09125c6c3c2fd70d7de961bcf0e51575235fad/library/test/src/lib.rs:627:18
[INFO] [stdout]   25:     0x55759f61fea1 - test::run_test_in_process::{{closure}}::hf5c73986d7bdfde2
[INFO] [stdout]                                at /rustc/0e09125c6c3c2fd70d7de961bcf0e51575235fad/library/test/src/lib.rs:650:60
[INFO] [stdout]   26:     0x55759f61fea1 - <core::panic::unwind_safe::AssertUnwindSafe<F> as core::ops::function::FnOnce<()>>::call_once::h330011ad032aadc0
[INFO] [stdout]                                at /rustc/0e09125c6c3c2fd70d7de961bcf0e51575235fad/library/core/src/panic/unwind_safe.rs:272:9
[INFO] [stdout]   27:     0x55759f61fea1 - std::panicking::try::do_call::he61b0a958b795a41
[INFO] [stdout]                                at /rustc/0e09125c6c3c2fd70d7de961bcf0e51575235fad/library/std/src/panicking.rs:552:40
[INFO] [stdout]   28:     0x55759f61fea1 - std::panicking::try::h7309da130f906eb7
[INFO] [stdout]                                at /rustc/0e09125c6c3c2fd70d7de961bcf0e51575235fad/library/std/src/panicking.rs:516:19
[INFO] [stdout]   29:     0x55759f61fea1 - std::panic::catch_unwind::hc5c3a06fdaf0a92a
[INFO] [stdout]                                at /rustc/0e09125c6c3c2fd70d7de961bcf0e51575235fad/library/std/src/panic.rs:142:14
[INFO] [stdout]   30:     0x55759f61fea1 - test::run_test_in_process::h7e7b7c71c3324e0f
[INFO] [stdout]                                at /rustc/0e09125c6c3c2fd70d7de961bcf0e51575235fad/library/test/src/lib.rs:650:27
[INFO] [stdout]   31:     0x55759f61fea1 - test::run_test::{{closure}}::h1f509f28f5cf20b1
[INFO] [stdout]                                at /rustc/0e09125c6c3c2fd70d7de961bcf0e51575235fad/library/test/src/lib.rs:573:43
[INFO] [stdout]   32:     0x55759f5e71d6 - test::run_test::{{closure}}::h1754218abf443f6d
[INFO] [stdout]                                at /rustc/0e09125c6c3c2fd70d7de961bcf0e51575235fad/library/test/src/lib.rs:601:41
[INFO] [stdout]   33:     0x55759f5e71d6 - std::sys_common::backtrace::__rust_begin_short_backtrace::h2ee174b9d5954948
[INFO] [stdout]                                at /rustc/0e09125c6c3c2fd70d7de961bcf0e51575235fad/library/std/src/sys_common/backtrace.rs:155:18
[INFO] [stdout]   34:     0x55759f5ec237 - std::thread::Builder::spawn_unchecked_::{{closure}}::{{closure}}::hf60bee9c1a17ef09
[INFO] [stdout]                                at /rustc/0e09125c6c3c2fd70d7de961bcf0e51575235fad/library/std/src/thread/mod.rs:529:17
[INFO] [stdout]   35:     0x55759f5ec237 - <core::panic::unwind_safe::AssertUnwindSafe<F> as core::ops::function::FnOnce<()>>::call_once::h33d0dddec5216160
[INFO] [stdout]                                at /rustc/0e09125c6c3c2fd70d7de961bcf0e51575235fad/library/core/src/panic/unwind_safe.rs:272:9
[INFO] [stdout]   36:     0x55759f5ec237 - std::panicking::try::do_call::h144b3048b546f835
[INFO] [stdout]                                at /rustc/0e09125c6c3c2fd70d7de961bcf0e51575235fad/library/std/src/panicking.rs:552:40
[INFO] [stdout]   37:     0x55759f5ec237 - std::panicking::try::h978244d04646189f
[INFO] [stdout]                                at /rustc/0e09125c6c3c2fd70d7de961bcf0e51575235fad/library/std/src/panicking.rs:516:19
[INFO] [stdout]   38:     0x55759f5ec237 - std::panic::catch_unwind::hdf436369d188fe86
[INFO] [stdout]                                at /rustc/0e09125c6c3c2fd70d7de961bcf0e51575235fad/library/std/src/panic.rs:142:14
[INFO] [stdout]   39:     0x55759f5ec237 - std::thread::Builder::spawn_unchecked_::{{closure}}::h87329cbdd33c79ec
[INFO] [stdout]                                at /rustc/0e09125c6c3c2fd70d7de961bcf0e51575235fad/library/std/src/thread/mod.rs:528:30
[INFO] [stdout]   40:     0x55759f5ec237 - core::ops::function::FnOnce::call_once{{vtable.shim}}::h401abbe67897d450
[INFO] [stdout]                                at /rustc/0e09125c6c3c2fd70d7de961bcf0e51575235fad/library/core/src/ops/function.rs:250:5
[INFO] [stdout]   41:     0x55759f6ba2e5 - <alloc::boxed::Box<F,A> as core::ops::function::FnOnce<Args>>::call_once::h5d7c8f150ab9c84c
[INFO] [stdout]                                at /rustc/0e09125c6c3c2fd70d7de961bcf0e51575235fad/library/alloc/src/boxed.rs:2015:9
[INFO] [stdout]   42:     0x55759f6ba2e5 - <alloc::boxed::Box<F,A> as core::ops::function::FnOnce<Args>>::call_once::h570d5b005c242c15
[INFO] [stdout]                                at /rustc/0e09125c6c3c2fd70d7de961bcf0e51575235fad/library/alloc/src/boxed.rs:2015:9
[INFO] [stdout]   43:     0x55759f6ba2e5 - std::sys::unix::thread::Thread::new::thread_start::h36b0a20c0b2361ad
[INFO] [stdout]                                at /rustc/0e09125c6c3c2fd70d7de961bcf0e51575235fad/library/std/src/sys/unix/thread.rs:108:17
[INFO] [stdout]   44:     0x7fc6f8373ac3 - <unknown>
[INFO] [stdout]   45:     0x7fc6f8404bf4 - __clone
[INFO] [stdout]   46:                0x0 - <unknown>
[INFO] [stdout] 
[INFO] [stdout] ---- rate_provider::coin_desk::tests::get_test stdout ----
[INFO] [stdout] thread 'rate_provider::coin_desk::tests::get_test' panicked at src/rate_provider/coin_desk/mod.rs:53:9:
[INFO] [stdout] assertion failed: result.is_ok()
[INFO] [stdout] stack backtrace:
[INFO] [stdout]    0:     0x55759f6b35d6 - std::backtrace_rs::backtrace::libunwind::trace::h261606ad26a499c1
[INFO] [stdout]                                at /rustc/0e09125c6c3c2fd70d7de961bcf0e51575235fad/library/std/src/../../backtrace/src/backtrace/libunwind.rs:104:5
[INFO] [stdout]    1:     0x55759f6b35d6 - std::backtrace_rs::backtrace::trace_unsynchronized::hd183f0625477fb28
[INFO] [stdout]                                at /rustc/0e09125c6c3c2fd70d7de961bcf0e51575235fad/library/std/src/../../backtrace/src/backtrace/mod.rs:66:5
[INFO] [stdout]    2:     0x55759f6b35d6 - std::sys_common::backtrace::_print_fmt::hd7f8fef21b4eda67
[INFO] [stdout]                                at /rustc/0e09125c6c3c2fd70d7de961bcf0e51575235fad/library/std/src/sys_common/backtrace.rs:68:5
[INFO] [stdout]    3:     0x55759f6b35d6 - <std::sys_common::backtrace::_print::DisplayBacktrace as core::fmt::Display>::fmt::h623d9b51f2f453f1
[INFO] [stdout]                                at /rustc/0e09125c6c3c2fd70d7de961bcf0e51575235fad/library/std/src/sys_common/backtrace.rs:44:22
[INFO] [stdout]    4:     0x55759f6ddc60 - core::fmt::rt::Argument::fmt::h9f417ac76a86f368
[INFO] [stdout]                                at /rustc/0e09125c6c3c2fd70d7de961bcf0e51575235fad/library/core/src/fmt/rt.rs:142:9
[INFO] [stdout]    5:     0x55759f6ddc60 - core::fmt::write::hc9b6faf4ac2aeff7
[INFO] [stdout]                                at /rustc/0e09125c6c3c2fd70d7de961bcf0e51575235fad/library/core/src/fmt/mod.rs:1120:17
[INFO] [stdout]    6:     0x55759f6b102f - std::io::Write::write_fmt::he04625a3a989fec3
[INFO] [stdout]                                at /rustc/0e09125c6c3c2fd70d7de961bcf0e51575235fad/library/std/src/io/mod.rs:1810:15
[INFO] [stdout]    7:     0x55759f6b33b4 - std::sys_common::backtrace::_print::hd5d66399c7df88a2
[INFO] [stdout]                                at /rustc/0e09125c6c3c2fd70d7de961bcf0e51575235fad/library/std/src/sys_common/backtrace.rs:47:5
[INFO] [stdout]    8:     0x55759f6b33b4 - std::sys_common::backtrace::print::he81ed2da642d37e5
[INFO] [stdout]                                at /rustc/0e09125c6c3c2fd70d7de961bcf0e51575235fad/library/std/src/sys_common/backtrace.rs:34:9
[INFO] [stdout]    9:     0x55759f6b5127 - std::panicking::default_hook::{{closure}}::h85773f4fa117163d
[INFO] [stdout]   10:     0x55759f6b4e0d - std::panicking::default_hook::h6a1694a91d09b278
[INFO] [stdout]                                at /rustc/0e09125c6c3c2fd70d7de961bcf0e51575235fad/library/std/src/panicking.rs:289:9
[INFO] [stdout]   11:     0x55759f61b847 - <alloc::boxed::Box<F,A> as core::ops::function::Fn<Args>>::call::h616ac37fa3cd6c8f
[INFO] [stdout]                                at /rustc/0e09125c6c3c2fd70d7de961bcf0e51575235fad/library/alloc/src/boxed.rs:2029:9
[INFO] [stdout]   12:     0x55759f61b847 - test::test_main::{{closure}}::h00d84697cefdcbb6
[INFO] [stdout]                                at /rustc/0e09125c6c3c2fd70d7de961bcf0e51575235fad/library/test/src/lib.rs:138:21
[INFO] [stdout]   13:     0x55759f6b5746 - <alloc::boxed::Box<F,A> as core::ops::function::Fn<Args>>::call::hcb3fe3b9bb537ba8
[INFO] [stdout]                                at /rustc/0e09125c6c3c2fd70d7de961bcf0e51575235fad/library/alloc/src/boxed.rs:2029:9
[INFO] [stdout]   14:     0x55759f6b5746 - std::panicking::rust_panic_with_hook::h0a7ad96e90f7145b
[INFO] [stdout]                                at /rustc/0e09125c6c3c2fd70d7de961bcf0e51575235fad/library/std/src/panicking.rs:783:13
[INFO] [stdout]   15:     0x55759f6b5459 - std::panicking::begin_panic_handler::{{closure}}::h7919090525c6485e
[INFO] [stdout]                                at /rustc/0e09125c6c3c2fd70d7de961bcf0e51575235fad/library/std/src/panicking.rs:649:13
[INFO] [stdout]   16:     0x55759f6b3ad6 - std::sys_common::backtrace::__rust_end_short_backtrace::hf3289479464f7dfe
[INFO] [stdout]                                at /rustc/0e09125c6c3c2fd70d7de961bcf0e51575235fad/library/std/src/sys_common/backtrace.rs:171:18
[INFO] [stdout]   17:     0x55759f6b51f0 - rust_begin_unwind
[INFO] [stdout]                                at /rustc/0e09125c6c3c2fd70d7de961bcf0e51575235fad/library/std/src/panicking.rs:645:5
[INFO] [stdout]   18:     0x55759f547405 - core::panicking::panic_fmt::hcc9f77c5c132af55
[INFO] [stdout]                                at /rustc/0e09125c6c3c2fd70d7de961bcf0e51575235fad/library/core/src/panicking.rs:72:14
[INFO] [stdout]   19:     0x55759f5474c3 - core::panicking::panic::h5a1259c1164bd480
[INFO] [stdout]                                at /rustc/0e09125c6c3c2fd70d7de961bcf0e51575235fad/library/core/src/panicking.rs:144:5
[INFO] [stdout]   20:     0x55759f5a886d - rcoin::rate_provider::coin_desk::tests::get_test::hf8c245afa510ee9b
[INFO] [stdout]                                at /opt/rustwide/workdir/src/rate_provider/coin_desk/mod.rs:53:9
[INFO] [stdout]   21:     0x55759f5a87e7 - rcoin::rate_provider::coin_desk::tests::get_test::{{closure}}::hd3b9d157b08a49a2
[INFO] [stdout]                                at /opt/rustwide/workdir/src/rate_provider/coin_desk/mod.rs:50:18
[INFO] [stdout]   22:     0x55759f57fc26 - core::ops::function::FnOnce::call_once::h275c56793b266288
[INFO] [stdout]                                at /rustc/0e09125c6c3c2fd70d7de961bcf0e51575235fad/library/core/src/ops/function.rs:250:5
[INFO] [stdout]   23:     0x55759f62111f - core::ops::function::FnOnce::call_once::hd64d26f405258157
[INFO] [stdout]                                at /rustc/0e09125c6c3c2fd70d7de961bcf0e51575235fad/library/core/src/ops/function.rs:250:5
[INFO] [stdout]   24:     0x55759f62111f - test::__rust_begin_short_backtrace::he21b0b7a6d731bf9
[INFO] [stdout]                                at /rustc/0e09125c6c3c2fd70d7de961bcf0e51575235fad/library/test/src/lib.rs:627:18
[INFO] [stdout]   25:     0x55759f61fea1 - test::run_test_in_process::{{closure}}::hf5c73986d7bdfde2
[INFO] [stdout]                                at /rustc/0e09125c6c3c2fd70d7de961bcf0e51575235fad/library/test/src/lib.rs:650:60
[INFO] [stdout]   26:     0x55759f61fea1 - <core::panic::unwind_safe::AssertUnwindSafe<F> as core::ops::function::FnOnce<()>>::call_once::h330011ad032aadc0
[INFO] [stdout]                                at /rustc/0e09125c6c3c2fd70d7de961bcf0e51575235fad/library/core/src/panic/unwind_safe.rs:272:9
[INFO] [stdout]   27:     0x55759f61fea1 - std::panicking::try::do_call::he61b0a958b795a41
[INFO] [stdout]                                at /rustc/0e09125c6c3c2fd70d7de961bcf0e51575235fad/library/std/src/panicking.rs:552:40
[INFO] [stdout]   28:     0x55759f61fea1 - std::panicking::try::h7309da130f906eb7
[INFO] [stdout]                                at /rustc/0e09125c6c3c2fd70d7de961bcf0e51575235fad/library/std/src/panicking.rs:516:19
[INFO] [stdout]   29:     0x55759f61fea1 - std::panic::catch_unwind::hc5c3a06fdaf0a92a
[INFO] [stdout]                                at /rustc/0e09125c6c3c2fd70d7de961bcf0e51575235fad/library/std/src/panic.rs:142:14
[INFO] [stdout]   30:     0x55759f61fea1 - test::run_test_in_process::h7e7b7c71c3324e0f
[INFO] [stdout]                                at /rustc/0e09125c6c3c2fd70d7de961bcf0e51575235fad/library/test/src/lib.rs:650:27
[INFO] [stdout]   31:     0x55759f61fea1 - test::run_test::{{closure}}::h1f509f28f5cf20b1
[INFO] [stdout]                                at /rustc/0e09125c6c3c2fd70d7de961bcf0e51575235fad/library/test/src/lib.rs:573:43
[INFO] [stdout]   32:     0x55759f5e71d6 - test::run_test::{{closure}}::h1754218abf443f6d
[INFO] [stdout]                                at /rustc/0e09125c6c3c2fd70d7de961bcf0e51575235fad/library/test/src/lib.rs:601:41
[INFO] [stdout]   33:     0x55759f5e71d6 - std::sys_common::backtrace::__rust_begin_short_backtrace::h2ee174b9d5954948
[INFO] [stdout]                                at /rustc/0e09125c6c3c2fd70d7de961bcf0e51575235fad/library/std/src/sys_common/backtrace.rs:155:18
[INFO] [stdout]   34:     0x55759f5ec237 - std::thread::Builder::spawn_unchecked_::{{closure}}::{{closure}}::hf60bee9c1a17ef09
[INFO] [stdout]                                at /rustc/0e09125c6c3c2fd70d7de961bcf0e51575235fad/library/std/src/thread/mod.rs:529:17
[INFO] [stdout]   35:     0x55759f5ec237 - <core::panic::unwind_safe::AssertUnwindSafe<F> as core::ops::function::FnOnce<()>>::call_once::h33d0dddec5216160
[INFO] [stdout]                                at /rustc/0e09125c6c3c2fd70d7de961bcf0e51575235fad/library/core/src/panic/unwind_safe.rs:272:9
[INFO] [stdout]   36:     0x55759f5ec237 - std::panicking::try::do_call::h144b3048b546f835
[INFO] [stdout]                                at /rustc/0e09125c6c3c2fd70d7de961bcf0e51575235fad/library/std/src/panicking.rs:552:40
[INFO] [stdout]   37:     0x55759f5ec237 - std::panicking::try::h978244d04646189f
[INFO] [stdout]                                at /rustc/0e09125c6c3c2fd70d7de961bcf0e51575235fad/library/std/src/panicking.rs:516:19
[INFO] [stdout]   38:     0x55759f5ec237 - std::panic::catch_unwind::hdf436369d188fe86
[INFO] [stdout]                                at /rustc/0e09125c6c3c2fd70d7de961bcf0e51575235fad/library/std/src/panic.rs:142:14
[INFO] [stdout]   39:     0x55759f5ec237 - std::thread::Builder::spawn_unchecked_::{{closure}}::h87329cbdd33c79ec
[INFO] [stdout]                                at /rustc/0e09125c6c3c2fd70d7de961bcf0e51575235fad/library/std/src/thread/mod.rs:528:30
[INFO] [stdout]   40:     0x55759f5ec237 - core::ops::function::FnOnce::call_once{{vtable.shim}}::h401abbe67897d450
[INFO] [stdout]                                at /rustc/0e09125c6c3c2fd70d7de961bcf0e51575235fad/library/core/src/ops/function.rs:250:5
[INFO] [stdout]   41:     0x55759f6ba2e5 - <alloc::boxed::Box<F,A> as core::ops::function::FnOnce<Args>>::call_once::h5d7c8f150ab9c84c
[INFO] [stdout]                                at /rustc/0e09125c6c3c2fd70d7de961bcf0e51575235fad/library/alloc/src/boxed.rs:2015:9
[INFO] [stdout]   42:     0x55759f6ba2e5 - <alloc::boxed::Box<F,A> as core::ops::function::FnOnce<Args>>::call_once::h570d5b005c242c15
[INFO] [stdout]                                at /rustc/0e09125c6c3c2fd70d7de961bcf0e51575235fad/library/alloc/src/boxed.rs:2015:9
[INFO] [stdout]   43:     0x55759f6ba2e5 - std::sys::unix::thread::Thread::new::thread_start::h36b0a20c0b2361ad
[INFO] [stdout]                                at /rustc/0e09125c6c3c2fd70d7de961bcf0e51575235fad/library/std/src/sys/unix/thread.rs:108:17
[INFO] [stdout]   44:     0x7fc6f8373ac3 - <unknown>
[INFO] [stdout]   45:     0x7fc6f8404bf4 - __clone
[INFO] [stdout]   46:                0x0 - <unknown>
[INFO] [stdout] 
[INFO] [stdout] ---- rate_provider::cryptonator::tests::get_test stdout ----
[INFO] [stdout] thread 'rate_provider::cryptonator::tests::get_test' panicked at src/rate_provider/cryptonator/mod.rs:71:9:
[INFO] [stdout] assertion failed: result.is_ok()
[INFO] [stdout] stack backtrace:
[INFO] [stdout]    0:     0x55759f6b35d6 - std::backtrace_rs::backtrace::libunwind::trace::h261606ad26a499c1
[INFO] [stdout]                                at /rustc/0e09125c6c3c2fd70d7de961bcf0e51575235fad/library/std/src/../../backtrace/src/backtrace/libunwind.rs:104:5
[INFO] [stdout]    1:     0x55759f6b35d6 - std::backtrace_rs::backtrace::trace_unsynchronized::hd183f0625477fb28
[INFO] [stdout]                                at /rustc/0e09125c6c3c2fd70d7de961bcf0e51575235fad/library/std/src/../../backtrace/src/backtrace/mod.rs:66:5
[INFO] [stdout]    2:     0x55759f6b35d6 - std::sys_common::backtrace::_print_fmt::hd7f8fef21b4eda67
[INFO] [stdout]                                at /rustc/0e09125c6c3c2fd70d7de961bcf0e51575235fad/library/std/src/sys_common/backtrace.rs:68:5
[INFO] [stdout]    3:     0x55759f6b35d6 - <std::sys_common::backtrace::_print::DisplayBacktrace as core::fmt::Display>::fmt::h623d9b51f2f453f1
[INFO] [stdout]                                at /rustc/0e09125c6c3c2fd70d7de961bcf0e51575235fad/library/std/src/sys_common/backtrace.rs:44:22
[INFO] [stdout]    4:     0x55759f6ddc60 - core::fmt::rt::Argument::fmt::h9f417ac76a86f368
[INFO] [stdout]                                at /rustc/0e09125c6c3c2fd70d7de961bcf0e51575235fad/library/core/src/fmt/rt.rs:142:9
[INFO] [stdout]    5:     0x55759f6ddc60 - core::fmt::write::hc9b6faf4ac2aeff7
[INFO] [stdout]                                at /rustc/0e09125c6c3c2fd70d7de961bcf0e51575235fad/library/core/src/fmt/mod.rs:1120:17
[INFO] [stdout]    6:     0x55759f6b102f - std::io::Write::write_fmt::he04625a3a989fec3
[INFO] [stdout]                                at /rustc/0e09125c6c3c2fd70d7de961bcf0e51575235fad/library/std/src/io/mod.rs:1810:15
[INFO] [stdout]    7:     0x55759f6b33b4 - std::sys_common::backtrace::_print::hd5d66399c7df88a2
[INFO] [stdout]                                at /rustc/0e09125c6c3c2fd70d7de961bcf0e51575235fad/library/std/src/sys_common/backtrace.rs:47:5
[INFO] [stdout]    8:     0x55759f6b33b4 - std::sys_common::backtrace::print::he81ed2da642d37e5
[INFO] [stdout]                                at /rustc/0e09125c6c3c2fd70d7de961bcf0e51575235fad/library/std/src/sys_common/backtrace.rs:34:9
[INFO] [stdout]    9:     0x55759f6b5127 - std::panicking::default_hook::{{closure}}::h85773f4fa117163d
[INFO] [stdout]   10:     0x55759f6b4e0d - std::panicking::default_hook::h6a1694a91d09b278
[INFO] [stdout]                                at /rustc/0e09125c6c3c2fd70d7de961bcf0e51575235fad/library/std/src/panicking.rs:289:9
[INFO] [stdout]   11:     0x55759f61b847 - <alloc::boxed::Box<F,A> as core::ops::function::Fn<Args>>::call::h616ac37fa3cd6c8f
[INFO] [stdout]                                at /rustc/0e09125c6c3c2fd70d7de961bcf0e51575235fad/library/alloc/src/boxed.rs:2029:9
[INFO] [stdout]   12:     0x55759f61b847 - test::test_main::{{closure}}::h00d84697cefdcbb6
[INFO] [stdout]                                at /rustc/0e09125c6c3c2fd70d7de961bcf0e51575235fad/library/test/src/lib.rs:138:21
[INFO] [stdout]   13:     0x55759f6b5746 - <alloc::boxed::Box<F,A> as core::ops::function::Fn<Args>>::call::hcb3fe3b9bb537ba8
[INFO] [stdout]                                at /rustc/0e09125c6c3c2fd70d7de961bcf0e51575235fad/library/alloc/src/boxed.rs:2029:9
[INFO] [stdout]   14:     0x55759f6b5746 - std::panicking::rust_panic_with_hook::h0a7ad96e90f7145b
[INFO] [stdout]                                at /rustc/0e09125c6c3c2fd70d7de961bcf0e51575235fad/library/std/src/panicking.rs:783:13
[INFO] [stdout]   15:     0x55759f6b5459 - std::panicking::begin_panic_handler::{{closure}}::h7919090525c6485e
[INFO] [stdout]                                at /rustc/0e09125c6c3c2fd70d7de961bcf0e51575235fad/library/std/src/panicking.rs:649:13
[INFO] [stdout]   16:     0x55759f6b3ad6 - std::sys_common::backtrace::__rust_end_short_backtrace::hf3289479464f7dfe
[INFO] [stdout]                                at /rustc/0e09125c6c3c2fd70d7de961bcf0e51575235fad/library/std/src/sys_common/backtrace.rs:171:18
[INFO] [stdout]   17:     0x55759f6b51f0 - rust_begin_unwind
[INFO] [stdout]                                at /rustc/0e09125c6c3c2fd70d7de961bcf0e51575235fad/library/std/src/panicking.rs:645:5
[INFO] [stdout]   18:     0x55759f547405 - core::panicking::panic_fmt::hcc9f77c5c132af55
[INFO] [stdout]                                at /rustc/0e09125c6c3c2fd70d7de961bcf0e51575235fad/library/core/src/panicking.rs:72:14
[INFO] [stdout]   19:     0x55759f5474c3 - core::panicking::panic::h5a1259c1164bd480
[INFO] [stdout]                                at /rustc/0e09125c6c3c2fd70d7de961bcf0e51575235fad/library/core/src/panicking.rs:144:5
[INFO] [stdout]   20:     0x55759f5d7d8d - rcoin::rate_provider::cryptonator::tests::get_test::h278e564de8e6b288
[INFO] [stdout]                                at /opt/rustwide/workdir/src/rate_provider/cryptonator/mod.rs:71:9
[INFO] [stdout]   21:     0x55759f5d7d07 - rcoin::rate_provider::cryptonator::tests::get_test::{{closure}}::h6c758482d40c9605
[INFO] [stdout]                                at /opt/rustwide/workdir/src/rate_provider/cryptonator/mod.rs:68:18
[INFO] [stdout]   22:     0x55759f580966 - core::ops::function::FnOnce::call_once::ha85716daa664bbc0
[INFO] [stdout]                                at /rustc/0e09125c6c3c2fd70d7de961bcf0e51575235fad/library/core/src/ops/function.rs:250:5
[INFO] [stdout]   23:     0x55759f62111f - core::ops::function::FnOnce::call_once::hd64d26f405258157
[INFO] [stdout]                                at /rustc/0e09125c6c3c2fd70d7de961bcf0e51575235fad/library/core/src/ops/function.rs:250:5
[INFO] [stdout]   24:     0x55759f62111f - test::__rust_begin_short_backtrace::he21b0b7a6d731bf9
[INFO] [stdout]                                at /rustc/0e09125c6c3c2fd70d7de961bcf0e51575235fad/library/test/src/lib.rs:627:18
[INFO] [stdout]   25:     0x55759f61fea1 - test::run_test_in_process::{{closure}}::hf5c73986d7bdfde2
[INFO] [stdout]                                at /rustc/0e09125c6c3c2fd70d7de961bcf0e51575235fad/library/test/src/lib.rs:650:60
[INFO] [stdout]   26:     0x55759f61fea1 - <core::panic::unwind_safe::AssertUnwindSafe<F> as core::ops::function::FnOnce<()>>::call_once::h330011ad032aadc0
[INFO] [stdout]                                at /rustc/0e09125c6c3c2fd70d7de961bcf0e51575235fad/library/core/src/panic/unwind_safe.rs:272:9
[INFO] [stdout]   27:     0x55759f61fea1 - std::panicking::try::do_call::he61b0a958b795a41
[INFO] [stdout]                                at /rustc/0e09125c6c3c2fd70d7de961bcf0e51575235fad/library/std/src/panicking.rs:552:40
[INFO] [stdout]   28:     0x55759f61fea1 - std::panicking::try::h7309da130f906eb7
[INFO] [stdout]                                at /rustc/0e09125c6c3c2fd70d7de961bcf0e51575235fad/library/std/src/panicking.rs:516:19
[INFO] [stdout]   29:     0x55759f61fea1 - std::panic::catch_unwind::hc5c3a06fdaf0a92a
[INFO] [stdout]                                at /rustc/0e09125c6c3c2fd70d7de961bcf0e51575235fad/library/std/src/panic.rs:142:14
[INFO] [stdout]   30:     0x55759f61fea1 - test::run_test_in_process::h7e7b7c71c3324e0f
[INFO] [stdout]                                at /rustc/0e09125c6c3c2fd70d7de961bcf0e51575235fad/library/test/src/lib.rs:650:27
[INFO] [stdout]   31:     0x55759f61fea1 - test::run_test::{{closure}}::h1f509f28f5cf20b1
[INFO] [stdout]                                at /rustc/0e09125c6c3c2fd70d7de961bcf0e51575235fad/library/test/src/lib.rs:573:43
[INFO] [stdout]   32:     0x55759f5e71d6 - test::run_test::{{closure}}::h1754218abf443f6d
[INFO] [stdout]                                at /rustc/0e09125c6c3c2fd70d7de961bcf0e51575235fad/library/test/src/lib.rs:601:41
[INFO] [stdout]   33:     0x55759f5e71d6 - std::sys_common::backtrace::__rust_begin_short_backtrace::h2ee174b9d5954948
[INFO] [stdout]                                at /rustc/0e09125c6c3c2fd70d7de961bcf0e51575235fad/library/std/src/sys_common/backtrace.rs:155:18
[INFO] [stdout]   34:     0x55759f5ec237 - std::thread::Builder::spawn_unchecked_::{{closure}}::{{closure}}::hf60bee9c1a17ef09
[INFO] [stdout]                                at /rustc/0e09125c6c3c2fd70d7de961bcf0e51575235fad/library/std/src/thread/mod.rs:529:17
[INFO] [stdout]   35:     0x55759f5ec237 - <core::panic::unwind_safe::AssertUnwindSafe<F> as core::ops::function::FnOnce<()>>::call_once::h33d0dddec5216160
[INFO] [stdout]                                at /rustc/0e09125c6c3c2fd70d7de961bcf0e51575235fad/library/core/src/panic/unwind_safe.rs:272:9
[INFO] [stdout]   36:     0x55759f5ec237 - std::panicking::try::do_call::h144b3048b546f835
[INFO] [stdout]                                at /rustc/0e09125c6c3c2fd70d7de961bcf0e51575235fad/library/std/src/panicking.rs:552:40
[INFO] [stdout]   37:     0x55759f5ec237 - std::panicking::try::h978244d04646189f
[INFO] [stdout]                                at /rustc/0e09125c6c3c2fd70d7de961bcf0e51575235fad/library/std/src/panicking.rs:516:19
[INFO] [stdout]   38:     0x55759f5ec237 - std::panic::catch_unwind::hdf436369d188fe86
[INFO] [stdout]                                at /rustc/0e09125c6c3c2fd70d7de961bcf0e51575235fad/library/std/src/panic.rs:142:14
[INFO] [stdout]   39:     0x55759f5ec237 - std::thread::Builder::spawn_unchecked_::{{closure}}::h87329cbdd33c79ec
[INFO] [stdout]                                at /rustc/0e09125c6c3c2fd70d7de961bcf0e51575235fad/library/std/src/thread/mod.rs:528:30
[INFO] [stdout]   40:     0x55759f5ec237 - core::ops::function::FnOnce::call_once{{vtable.shim}}::h401abbe67897d450
[INFO] [stdout]                                at /rustc/0e09125c6c3c2fd70d7de961bcf0e51575235fad/library/core/src/ops/function.rs:250:5
[INFO] [stdout]   41:     0x55759f6ba2e5 - <alloc::boxed::Box<F,A> as core::ops::function::FnOnce<Args>>::call_once::h5d7c8f150ab9c84c
[INFO] [stdout]                                at /rustc/0e09125c6c3c2fd70d7de961bcf0e51575235fad/library/alloc/src/boxed.rs:2015:9
[INFO] [stdout]   42:     0x55759f6ba2e5 - <alloc::boxed::Box<F,A> as core::ops::function::FnOnce<Args>>::call_once::h570d5b005c242c15
[INFO] [stdout]                                at /rustc/0e09125c6c3c2fd70d7de961bcf0e51575235fad/library/alloc/src/boxed.rs:2015:9
[INFO] [stdout]   43:     0x55759f6ba2e5 - std::sys::unix::thread::Thread::new::thread_start::h36b0a20c0b2361ad
[INFO] [stdout]                                at /rustc/0e09125c6c3c2fd70d7de961bcf0e51575235fad/library/std/src/sys/unix/thread.rs:108:17
[INFO] [stdout]   44:     0x7fc6f8373ac3 - <unknown>
[INFO] [stdout]   45:     0x7fc6f8404bf4 - __clone
[INFO] [stdout]   46:                0x0 - <unknown>
[INFO] [stdout] 
[INFO] [stdout] ---- rate_provider::coin_market_cap::tests::get_test stdout ----
[INFO] [stdout] thread 'rate_provider::coin_market_cap::tests::get_test' panicked at src/rate_provider/coin_market_cap/mod.rs:75:9:
[INFO] [stdout] assertion failed: result.is_ok()
[INFO] [stdout] stack backtrace:
[INFO] [stdout]    0:     0x55759f6b35d6 - std::backtrace_rs::backtrace::libunwind::trace::h261606ad26a499c1
[INFO] [stdout]                                at /rustc/0e09125c6c3c2fd70d7de961bcf0e51575235fad/library/std/src/../../backtrace/src/backtrace/libunwind.rs:104:5
[INFO] [stdout]    1:     0x55759f6b35d6 - std::backtrace_rs::backtrace::trace_unsynchronized::hd183f0625477fb28
[INFO] [stdout]                                at /rustc/0e09125c6c3c2fd70d7de961bcf0e51575235fad/library/std/src/../../backtrace/src/backtrace/mod.rs:66:5
[INFO] [stdout]    2:     0x55759f6b35d6 - std::sys_common::backtrace::_print_fmt::hd7f8fef21b4eda67
[INFO] [stdout]                                at /rustc/0e09125c6c3c2fd70d7de961bcf0e51575235fad/library/std/src/sys_common/backtrace.rs:68:5
[INFO] [stdout]    3:     0x55759f6b35d6 - <std::sys_common::backtrace::_print::DisplayBacktrace as core::fmt::Display>::fmt::h623d9b51f2f453f1
[INFO] [stdout]                                at /rustc/0e09125c6c3c2fd70d7de961bcf0e51575235fad/library/std/src/sys_common/backtrace.rs:44:22
[INFO] [stdout]    4:     0x55759f6ddc60 - core::fmt::rt::Argument::fmt::h9f417ac76a86f368
[INFO] [stdout]                                at /rustc/0e09125c6c3c2fd70d7de961bcf0e51575235fad/library/core/src/fmt/rt.rs:142:9
[INFO] [stdout]    5:     0x55759f6ddc60 - core::fmt::write::hc9b6faf4ac2aeff7
[INFO] [stdout]                                at /rustc/0e09125c6c3c2fd70d7de961bcf0e51575235fad/library/core/src/fmt/mod.rs:1120:17
[INFO] [stdout]    6:     0x55759f6b102f - std::io::Write::write_fmt::he04625a3a989fec3
[INFO] [stdout]                                at /rustc/0e09125c6c3c2fd70d7de961bcf0e51575235fad/library/std/src/io/mod.rs:1810:15
[INFO] [stdout]    7:     0x55759f6b33b4 - std::sys_common::backtrace::_print::hd5d66399c7df88a2
[INFO] [stdout]                                at /rustc/0e09125c6c3c2fd70d7de961bcf0e51575235fad/library/std/src/sys_common/backtrace.rs:47:5
[INFO] [stdout]    8:     0x55759f6b33b4 - std::sys_common::backtrace::print::he81ed2da642d37e5
[INFO] [stdout]                                at /rustc/0e09125c6c3c2fd70d7de961bcf0e51575235fad/library/std/src/sys_common/backtrace.rs:34:9
[INFO] [stdout]    9:     0x55759f6b5127 - std::panicking::default_hook::{{closure}}::h85773f4fa117163d
[INFO] [stdout]   10:     0x55759f6b4e0d - std::panicking::default_hook::h6a1694a91d09b278
[INFO] [stdout]                                at /rustc/0e09125c6c3c2fd70d7de961bcf0e51575235fad/library/std/src/panicking.rs:289:9
[INFO] [stdout]   11:     0x55759f61b847 - <alloc::boxed::Box<F,A> as core::ops::function::Fn<Args>>::call::h616ac37fa3cd6c8f
[INFO] [stdout]                                at /rustc/0e09125c6c3c2fd70d7de961bcf0e51575235fad/library/alloc/src/boxed.rs:2029:9
[INFO] [stdout]   12:     0x55759f61b847 - test::test_main::{{closure}}::h00d84697cefdcbb6
[INFO] [stdout]                                at /rustc/0e09125c6c3c2fd70d7de961bcf0e51575235fad/library/test/src/lib.rs:138:21
[INFO] [stdout]   13:     0x55759f6b5746 - <alloc::boxed::Box<F,A> as core::ops::function::Fn<Args>>::call::hcb3fe3b9bb537ba8
[INFO] [stdout]                                at /rustc/0e09125c6c3c2fd70d7de961bcf0e51575235fad/library/alloc/src/boxed.rs:2029:9
[INFO] [stdout]   14:     0x55759f6b5746 - std::panicking::rust_panic_with_hook::h0a7ad96e90f7145b
[INFO] [stdout]                                at /rustc/0e09125c6c3c2fd70d7de961bcf0e51575235fad/library/std/src/panicking.rs:783:13
[INFO] [stdout]   15:     0x55759f6b5459 - std::panicking::begin_panic_handler::{{closure}}::h7919090525c6485e
[INFO] [stdout]                                at /rustc/0e09125c6c3c2fd70d7de961bcf0e51575235fad/library/std/src/panicking.rs:649:13
[INFO] [stdout]   16:     0x55759f6b3ad6 - std::sys_common::backtrace::__rust_end_short_backtrace::hf3289479464f7dfe
[INFO] [stdout]                                at /rustc/0e09125c6c3c2fd70d7de961bcf0e51575235fad/library/std/src/sys_common/backtrace.rs:171:18
[INFO] [stdout]   17:     0x55759f6b51f0 - rust_begin_unwind
[INFO] [stdout]                                at /rustc/0e09125c6c3c2fd70d7de961bcf0e51575235fad/library/std/src/panicking.rs:645:5
[INFO] [stdout]   18:     0x55759f547405 - core::panicking::panic_fmt::hcc9f77c5c132af55
[INFO] [stdout]                                at /rustc/0e09125c6c3c2fd70d7de961bcf0e51575235fad/library/core/src/panicking.rs:72:14
[INFO] [stdout]   19:     0x55759f5474c3 - core::panicking::panic::h5a1259c1164bd480
[INFO] [stdout]                                at /rustc/0e09125c6c3c2fd70d7de961bcf0e51575235fad/library/core/src/panicking.rs:144:5
[INFO] [stdout]   20:     0x55759f58670d - rcoin::rate_provider::coin_market_cap::tests::get_test::h15d70fe8ecba33b2
[INFO] [stdout]                                at /opt/rustwide/workdir/src/rate_provider/coin_market_cap/mod.rs:75:9
[INFO] [stdout]   21:     0x55759f586687 - rcoin::rate_provider::coin_market_cap::tests::get_test::{{closure}}::h05c35700e52c05b9
[INFO] [stdout]                                at /opt/rustwide/workdir/src/rate_provider/coin_market_cap/mod.rs:72:18
[INFO] [stdout]   22:     0x55759f5804f6 - core::ops::function::FnOnce::call_once::h80a087d1a650ef4d
[INFO] [stdout]                                at /rustc/0e09125c6c3c2fd70d7de961bcf0e51575235fad/library/core/src/ops/function.rs:250:5
[INFO] [stdout]   23:     0x55759f62111f - core::ops::function::FnOnce::call_once::hd64d26f405258157
[INFO] [stdout]                                at /rustc/0e09125c6c3c2fd70d7de961bcf0e51575235fad/library/core/src/ops/function.rs:250:5
[INFO] [stdout]   24:     0x55759f62111f - test::__rust_begin_short_backtrace::he21b0b7a6d731bf9
[INFO] [stdout]                                at /rustc/0e09125c6c3c2fd70d7de961bcf0e51575235fad/library/test/src/lib.rs:627:18
[INFO] [stdout]   25:     0x55759f61fea1 - test::run_test_in_process::{{closure}}::hf5c73986d7bdfde2
[INFO] [stdout]                                at /rustc/0e09125c6c3c2fd70d7de961bcf0e51575235fad/library/test/src/lib.rs:650:60
[INFO] [stdout]   26:     0x55759f61fea1 - <core::panic::unwind_safe::AssertUnwindSafe<F> as core::ops::function::FnOnce<()>>::call_once::h330011ad032aadc0
[INFO] [stdout]                                at /rustc/0e09125c6c3c2fd70d7de961bcf0e51575235fad/library/core/src/panic/unwind_safe.rs:272:9
[INFO] [stdout]   27:     0x55759f61fea1 - std::panicking::try::do_call::he61b0a958b795a41
[INFO] [stdout]                                at /rustc/0e09125c6c3c2fd70d7de961bcf0e51575235fad/library/std/src/panicking.rs:552:40
[INFO] [stdout]   28:     0x55759f61fea1 - std::panicking::try::h7309da130f906eb7
[INFO] [stdout]                                at /rustc/0e09125c6c3c2fd70d7de961bcf0e51575235fad/library/std/src/panicking.rs:516:19
[INFO] [stdout]   29:     0x55759f61fea1 - std::panic::catch_unwind::hc5c3a06fdaf0a92a
[INFO] [stdout]                                at /rustc/0e09125c6c3c2fd70d7de961bcf0e51575235fad/library/std/src/panic.rs:142:14
[INFO] [stdout]   30:     0x55759f61fea1 - test::run_test_in_process::h7e7b7c71c3324e0f
[INFO] [stdout]                                at /rustc/0e09125c6c3c2fd70d7de961bcf0e51575235fad/library/test/src/lib.rs:650:27
[INFO] [stdout]   31:     0x55759f61fea1 - test::run_test::{{closure}}::h1f509f28f5cf20b1
[INFO] [stdout]                                at /rustc/0e09125c6c3c2fd70d7de961bcf0e51575235fad/library/test/src/lib.rs:573:43
[INFO] [stdout]   32:     0x55759f5e71d6 - test::run_test::{{closure}}::h1754218abf443f6d
[INFO] [stdout]                                at /rustc/0e09125c6c3c2fd70d7de961bcf0e51575235fad/library/test/src/lib.rs:601:41
[INFO] [stdout]   33:     0x55759f5e71d6 - std::sys_common::backtrace::__rust_begin_short_backtrace::h2ee174b9d5954948
[INFO] [stdout]                                at /rustc/0e09125c6c3c2fd70d7de961bcf0e51575235fad/library/std/src/sys_common/backtrace.rs:155:18
[INFO] [stdout]   34:     0x55759f5ec237 - std::thread::Builder::spawn_unchecked_::{{closure}}::{{closure}}::hf60bee9c1a17ef09
[INFO] [stdout]                                at /rustc/0e09125c6c3c2fd70d7de961bcf0e51575235fad/library/std/src/thread/mod.rs:529:17
[INFO] [stdout]   35:     0x55759f5ec237 - <core::panic::unwind_safe::AssertUnwindSafe<F> as core::ops::function::FnOnce<()>>::call_once::h33d0dddec5216160
[INFO] [stdout]                                at /rustc/0e09125c6c3c2fd70d7de961bcf0e51575235fad/library/core/src/panic/unwind_safe.rs:272:9
[INFO] [stdout]   36:     0x55759f5ec237 - std::panicking::try::do_call::h144b3048b546f835
[INFO] [stdout]                                at /rustc/0e09125c6c3c2fd70d7de961bcf0e51575235fad/library/std/src/panicking.rs:552:40
[INFO] [stdout]   37:     0x55759f5ec237 - std::panicking::try::h978244d04646189f
[INFO] [stdout]                                at /rustc/0e09125c6c3c2fd70d7de961bcf0e51575235fad/library/std/src/panicking.rs:516:19
[INFO] [stdout]   38:     0x55759f5ec237 - std::panic::catch_unwind::hdf436369d188fe86
[INFO] [stdout]                                at /rustc/0e09125c6c3c2fd70d7de961bcf0e51575235fad/library/std/src/panic.rs:142:14
[INFO] [stdout]   39:     0x55759f5ec237 - std::thread::Builder::spawn_unchecked_::{{closure}}::h87329cbdd33c79ec
[INFO] [stdout]                                at /rustc/0e09125c6c3c2fd70d7de961bcf0e51575235fad/library/std/src/thread/mod.rs:528:30
[INFO] [stdout]   40:     0x55759f5ec237 - core::ops::function::FnOnce::call_once{{vtable.shim}}::h401abbe67897d450
[INFO] [stdout]                                at /rustc/0e09125c6c3c2fd70d7de961bcf0e51575235fad/library/core/src/ops/function.rs:250:5
[INFO] [stdout]   41:     0x55759f6ba2e5 - <alloc::boxed::Box<F,A> as core::ops::function::FnOnce<Args>>::call_once::h5d7c8f150ab9c84c
[INFO] [stdout]                                at /rustc/0e09125c6c3c2fd70d7de961bcf0e51575235fad/library/alloc/src/boxed.rs:2015:9
[INFO] [stdout]   42:     0x55759f6ba2e5 - <alloc::boxed::Box<F,A> as core::ops::function::FnOnce<Args>>::call_once::h570d5b005c242c15
[INFO] [stdout]                                at /rustc/0e09125c6c3c2fd70d7de961bcf0e51575235fad/library/alloc/src/boxed.rs:2015:9
[INFO] [stdout]   43:     0x55759f6ba2e5 - std::sys::unix::thread::Thread::new::thread_start::h36b0a20c0b2361ad
[INFO] [stdout]                                at /rustc/0e09125c6c3c2fd70d7de961bcf0e51575235fad/library/std/src/sys/unix/thread.rs:108:17
[INFO] [stdout]   44:     0x7fc6f8373ac3 - <unknown>
[INFO] [stdout]   45:     0x7fc6f8404bf4 - __clone
[INFO] [stdout]   46:                0x0 - <unknown>
[INFO] [stdout] 
[INFO] [stdout] 
[INFO] [stdout] failures:
[INFO] [stdout]     rate_provider::blockchain_info::tests::get_test
[INFO] [stdout]     rate_provider::coin_desk::tests::get_test
[INFO] [stdout]     rate_provider::coin_market_cap::tests::get_test
[INFO] [stdout]     rate_provider::crypto_compare::tests::get_test
[INFO] [stdout]     rate_provider::cryptonator::tests::get_test
[INFO] [stdout] 
[INFO] [stdout] test result: FAILED. 83 passed; 5 failed; 0 ignored; 0 measured; 0 filtered out; finished in 0.14s
[INFO] [stdout] 
[INFO] [stderr] error: test failed, to rerun pass `--bin rcoin`
[INFO] running `Command { std: "docker" "inspect" "4a13f7c226cf5d1a5354ab1c0593dc5f196e11c3ce74acacdf04c1630a95823b", kill_on_drop: false }`
[INFO] running `Command { std: "docker" "rm" "-f" "4a13f7c226cf5d1a5354ab1c0593dc5f196e11c3ce74acacdf04c1630a95823b", kill_on_drop: false }`
[INFO] [stdout] 4a13f7c226cf5d1a5354ab1c0593dc5f196e11c3ce74acacdf04c1630a95823b
