[INFO] cloning repository https://github.com/cugbomah/digital_twin_mw
[INFO] running `Command { std: "git" "-c" "credential.helper=" "-c" "credential.helper=/workspace/cargo-home/bin/git-credential-null" "clone" "--bare" "https://github.com/cugbomah/digital_twin_mw" "/workspace/cache/git-repos/https%3A%2F%2Fgithub.com%2Fcugbomah%2Fdigital_twin_mw", kill_on_drop: false }`
[INFO] [stderr] Cloning into bare repository '/workspace/cache/git-repos/https%3A%2F%2Fgithub.com%2Fcugbomah%2Fdigital_twin_mw'...
[INFO] running `Command { std: "git" "rev-parse" "HEAD", kill_on_drop: false }`
[INFO] [stdout] c64208af837b17a89befda566ccc95741b35b1a9
[INFO] testing cugbomah/digital_twin_mw against 1.75.0 for beta-1.76-1
[INFO] running `Command { std: "git" "clone" "/workspace/cache/git-repos/https%3A%2F%2Fgithub.com%2Fcugbomah%2Fdigital_twin_mw" "/workspace/builds/worker-0-tc1/source", kill_on_drop: false }`
[INFO] [stderr] Cloning into '/workspace/builds/worker-0-tc1/source'...
[INFO] [stderr] done.
[INFO] validating manifest of git repo https://github.com/cugbomah/digital_twin_mw on toolchain 1.75.0
[INFO] running `Command { std: CARGO_HOME="/workspace/cargo-home" RUSTUP_HOME="/workspace/rustup-home" "/workspace/cargo-home/bin/cargo" "+1.75.0" "metadata" "--manifest-path" "Cargo.toml" "--no-deps", kill_on_drop: false }`
[INFO] started tweaking git repo https://github.com/cugbomah/digital_twin_mw
[INFO] finished tweaking git repo https://github.com/cugbomah/digital_twin_mw
[INFO] tweaked toml for git repo https://github.com/cugbomah/digital_twin_mw written to /workspace/builds/worker-0-tc1/source/Cargo.toml
[INFO] crate git repo https://github.com/cugbomah/digital_twin_mw already has a lockfile, it will not be regenerated
[INFO] running `Command { std: CARGO_HOME="/workspace/cargo-home" RUSTUP_HOME="/workspace/rustup-home" "/workspace/cargo-home/bin/cargo" "+1.75.0" "fetch" "--manifest-path" "Cargo.toml", kill_on_drop: false }`
[INFO] [stderr]     Updating crates.io index
[INFO] [stderr]  Downloading crates ...
[INFO] [stderr]   Downloaded reqwest_cookie_store v0.5.0
[INFO] [stderr]   Downloaded dotenvy_macro v0.15.7
[INFO] [stderr]   Downloaded uuid-macro-internal v1.3.3
[INFO] [stderr]   Downloaded httpc-test v0.1.3
[INFO] running `Command { std: "docker" "create" "-v" "/var/lib/crater-agent-workspace/builds/worker-0-tc1/target:/opt/rustwide/target:rw,Z" "-v" "/var/lib/crater-agent-workspace/builds/worker-0-tc1/source:/opt/rustwide/workdir:ro,Z" "-v" "/var/lib/crater-agent-workspace/cargo-home:/opt/rustwide/cargo-home:ro,Z" "-v" "/var/lib/crater-agent-workspace/rustup-home:/opt/rustwide/rustup-home:ro,Z" "-e" "SOURCE_DIR=/opt/rustwide/workdir" "-e" "CARGO_TARGET_DIR=/opt/rustwide/target" "-e" "CARGO_HOME=/opt/rustwide/cargo-home" "-e" "RUSTUP_HOME=/opt/rustwide/rustup-home" "-w" "/opt/rustwide/workdir" "-m" "1610612736" "--user" "0:0" "--network" "none" "ghcr.io/rust-lang/crates-build-env/linux@sha256:2788e3201cd34a07e3172128adcd8b3090168a8e3bcc40d7c032b9dda1df7d1c" "/opt/rustwide/cargo-home/bin/cargo" "+1.75.0" "metadata" "--no-deps" "--format-version=1", kill_on_drop: false }`
[INFO] [stdout] 5e55acb43799b654c76276e5a6b48071771d94398a4d7c3f13891a20cfdbd7d5
[INFO] running `Command { std: "docker" "start" "-a" "5e55acb43799b654c76276e5a6b48071771d94398a4d7c3f13891a20cfdbd7d5", kill_on_drop: false }`
[INFO] running `Command { std: "docker" "inspect" "5e55acb43799b654c76276e5a6b48071771d94398a4d7c3f13891a20cfdbd7d5", kill_on_drop: false }`
[INFO] running `Command { std: "docker" "rm" "-f" "5e55acb43799b654c76276e5a6b48071771d94398a4d7c3f13891a20cfdbd7d5", kill_on_drop: false }`
[INFO] [stdout] 5e55acb43799b654c76276e5a6b48071771d94398a4d7c3f13891a20cfdbd7d5
[INFO] running `Command { std: "docker" "create" "-v" "/var/lib/crater-agent-workspace/builds/worker-0-tc1/target:/opt/rustwide/target:rw,Z" "-v" "/var/lib/crater-agent-workspace/builds/worker-0-tc1/source:/opt/rustwide/workdir:ro,Z" "-v" "/var/lib/crater-agent-workspace/cargo-home:/opt/rustwide/cargo-home:ro,Z" "-v" "/var/lib/crater-agent-workspace/rustup-home:/opt/rustwide/rustup-home:ro,Z" "-e" "SOURCE_DIR=/opt/rustwide/workdir" "-e" "CARGO_TARGET_DIR=/opt/rustwide/target" "-e" "CARGO_INCREMENTAL=0" "-e" "RUST_BACKTRACE=full" "-e" "RUSTFLAGS=--cap-lints=warn" "-e" "RUSTDOCFLAGS=--cap-lints=warn" "-e" "CARGO_HOME=/opt/rustwide/cargo-home" "-e" "RUSTUP_HOME=/opt/rustwide/rustup-home" "-w" "/opt/rustwide/workdir" "-m" "1610612736" "--user" "0:0" "--network" "none" "ghcr.io/rust-lang/crates-build-env/linux@sha256:2788e3201cd34a07e3172128adcd8b3090168a8e3bcc40d7c032b9dda1df7d1c" "/opt/rustwide/cargo-home/bin/cargo" "+1.75.0" "build" "--frozen" "--message-format=json", kill_on_drop: false }`
[INFO] [stdout] a41c4041e14ffaa0a2b14af7183e725ef6a8bf3ef5304009d5f58e9b65bbd76d
[INFO] running `Command { std: "docker" "start" "-a" "a41c4041e14ffaa0a2b14af7183e725ef6a8bf3ef5304009d5f58e9b65bbd76d", kill_on_drop: false }`
[INFO] [stderr] warning: digital_twin_mw v0.1.0 (/opt/rustwide/workdir) ignoring invalid dependency `cargo-watch` which is missing a lib target
[INFO] [stderr]    Compiling proc-macro2 v1.0.59
[INFO] [stderr]    Compiling unicode-ident v1.0.9
[INFO] [stderr]    Compiling quote v1.0.28
[INFO] [stderr]    Compiling libc v0.2.144
[INFO] [stderr]    Compiling once_cell v1.17.2
[INFO] [stderr]    Compiling pin-project-lite v0.2.9
[INFO] [stderr]    Compiling itoa v1.0.6
[INFO] [stderr]    Compiling smallvec v1.10.0
[INFO] [stderr]    Compiling lock_api v0.4.9
[INFO] [stderr]    Compiling cc v1.0.79
[INFO] [stderr]    Compiling memchr v2.5.0
[INFO] [stderr]    Compiling serde v1.0.163
[INFO] [stderr]    Compiling parking_lot_core v0.9.7
[INFO] [stderr]    Compiling log v0.4.18
[INFO] [stderr]    Compiling untrusted v0.7.1
[INFO] [stderr]    Compiling spin v0.5.2
[INFO] [stderr]    Compiling num-traits v0.2.15
[INFO] [stderr]    Compiling syn v2.0.18
[INFO] [stderr]    Compiling slab v0.4.8
[INFO] [stderr]    Compiling tokio v1.28.2
[INFO] [stderr]    Compiling futures-task v0.3.28
[INFO] [stderr]    Compiling syn v1.0.109
[INFO] [stderr]    Compiling futures-channel v0.3.28
[INFO] [stderr]    Compiling futures-util v0.3.28
[INFO] [stderr]    Compiling futures-io v0.3.28
[INFO] [stderr]    Compiling percent-encoding v2.2.0
[INFO] [stderr]    Compiling ryu v1.0.13
[INFO] [stderr]    Compiling unicode-segmentation v1.10.1
[INFO] [stderr]    Compiling time-macros v0.2.9
[INFO] [stderr]    Compiling socket2 v0.4.9
[INFO] [stderr]    Compiling parking_lot v0.12.1
[INFO] [stderr]    Compiling signal-hook-registry v1.4.1
[INFO] [stderr]    Compiling mio v0.8.8
[INFO] [stderr]    Compiling num_cpus v1.15.0
[INFO] [stderr]    Compiling unicode-normalization v0.1.22
[INFO] [stderr]    Compiling form_urlencoded v1.1.0
[INFO] [stderr]    Compiling ring v0.16.20
[INFO] [stderr]    Compiling rustls v0.20.8
[INFO] [stderr]    Compiling subtle v2.5.0
[INFO] [stderr]    Compiling unicode-bidi v0.3.13
[INFO] [stderr]    Compiling num-integer v0.1.45
[INFO] [stderr]    Compiling parking_lot_core v0.8.6
[INFO] [stderr]    Compiling thiserror v1.0.40
[INFO] [stderr]    Compiling rustversion v1.0.12
[INFO] [stderr]    Compiling cpufeatures v0.2.7
[INFO] [stderr]    Compiling digest v0.10.7
[INFO] [stderr]    Compiling http v0.2.9
[INFO] [stderr]    Compiling tracing-core v0.1.31
[INFO] [stderr]    Compiling instant v0.1.12
[INFO] [stderr]    Compiling num-bigint v0.4.3
[INFO] [stderr]    Compiling serde_json v1.0.96
[INFO] [stderr]    Compiling idna v0.3.0
[INFO] [stderr]    Compiling getrandom v0.2.9
[INFO] [stderr]    Compiling crypto-common v0.1.6
[INFO] [stderr]    Compiling ahash v0.8.3
[INFO] [stderr]    Compiling minimal-lexical v0.2.1
[INFO] [stderr]    Compiling base64 v0.21.2
[INFO] [stderr]    Compiling rust_decimal v1.29.1
[INFO] [stderr]    Compiling webpki v0.22.0
[INFO] [stderr]    Compiling heck v0.4.1
[INFO] [stderr]    Compiling ahash v0.7.6
[INFO] [stderr]    Compiling either v1.8.1
[INFO] [stderr]    Compiling crossbeam-utils v0.8.15
[INFO] [stderr]    Compiling iana-time-zone v0.1.56
[INFO] [stderr]    Compiling base64 v0.13.1
[INFO] [stderr]    Compiling arrayvec v0.7.2
[INFO] [stderr]    Compiling itertools v0.10.5
[INFO] [stderr]    Compiling proc-macro-error-attr v1.0.4
[INFO] [stderr]    Compiling sct v0.7.0
[INFO] [stderr]    Compiling rand_core v0.6.4
[INFO] [stderr]    Compiling http-body v0.4.5
[INFO] [stderr]    Compiling crossbeam-queue v0.3.8
[INFO] [stderr]    Compiling unicode_categories v0.1.1
[INFO] [stderr]    Compiling paste v1.0.12
[INFO] [stderr]    Compiling serde_derive v1.0.163
[INFO] [stderr]    Compiling tokio-macros v2.1.0
[INFO] [stderr]    Compiling futures-macro v0.3.28
[INFO] [stderr]    Compiling tracing-attributes v0.1.24
[INFO] [stderr]    Compiling thiserror-impl v1.0.40
[INFO] [stderr]    Compiling async-trait v0.1.68
[INFO] [stderr]    Compiling rand_chacha v0.3.1
[INFO] [stderr]    Compiling proc-macro-error v1.0.4
[INFO] [stderr]    Compiling hashbrown v0.13.2
[INFO] [stderr]    Compiling tracing v0.1.37
[INFO] [stderr]    Compiling bigdecimal v0.3.1
[INFO] [stderr]    Compiling url v2.3.1
[INFO] [stderr]    Compiling sha1 v0.10.5
[INFO] [stderr]    Compiling dotenvy v0.15.7
[INFO] [stderr]    Compiling futures-sink v0.3.28
[INFO] [stderr]    Compiling parking_lot v0.11.2
[INFO] [stderr]    Compiling tokio-rustls v0.23.4
[INFO] [stderr]    Compiling hashlink v0.8.2
[INFO] [stderr]    Compiling rand v0.8.5
[INFO] [stderr]    Compiling tokio-util v0.7.8
[INFO] [stderr]    Compiling uuid-macro-internal v1.3.3
[INFO] [stderr]    Compiling pin-project-internal v1.1.0
[INFO] [stderr]    Compiling rustls-pemfile v1.0.2
[INFO] [stderr]    Compiling nom v7.1.3
[INFO] [stderr]    Compiling hmac v0.12.1
[INFO] [stderr]    Compiling stringprep v0.1.2
[INFO] [stderr]    Compiling atoi v1.0.0
[INFO] [stderr]    Compiling time v0.1.45
[INFO] [stderr]    Compiling dirs-sys v0.3.7
[INFO] [stderr]    Compiling time v0.3.21
[INFO] [stderr]    Compiling httpdate v1.0.2
[INFO] [stderr]    Compiling whoami v1.4.0
[INFO] [stderr]    Compiling tower-layer v0.3.2
[INFO] [stderr]    Compiling event-listener v2.5.3
[INFO] [stderr]    Compiling pin-project v1.1.0
[INFO] [stderr]    Compiling want v0.3.0
[INFO] [stderr]    Compiling sqlformat v0.2.1
[INFO] [stderr]    Compiling dirs v4.0.0
[INFO] [stderr]    Compiling chrono v0.4.26
[INFO] [stderr]    Compiling uuid v1.3.3
[INFO] [stderr]    Compiling hkdf v0.12.3
[INFO] [stderr]    Compiling h2 v0.3.19
[INFO] [stderr]    Compiling sqlx-rt v0.6.3
[INFO] [stderr]    Compiling futures-intrusive v0.4.2
[INFO] [stderr]    Compiling tokio-stream v0.1.14
[INFO] [stderr]    Compiling webpki-roots v0.22.6
[INFO] [stderr]    Compiling sha2 v0.10.6
[INFO] [stderr]    Compiling md-5 v0.10.5
[INFO] [stderr]    Compiling axum-core v0.3.4
[INFO] [stderr]    Compiling heck v0.3.3
[INFO] [stderr]    Compiling bitflags v1.3.2
[INFO] [stderr]    Compiling byteorder v1.4.3
[INFO] [stderr]    Compiling ident_case v1.0.1
[INFO] [stderr]    Compiling strsim v0.10.0
[INFO] [stderr]    Compiling darling_core v0.20.1
[INFO] [stderr]    Compiling sqlx-core v0.6.3
[INFO] [stderr]    Compiling cookie v0.17.0
[INFO] [stderr]    Compiling regex-syntax v0.7.2
[INFO] [stderr]    Compiling serde_urlencoded v0.7.1
[INFO] [stderr]    Compiling sea-query-derive v0.3.0
[INFO] [stderr]    Compiling hyper v0.14.27
[INFO] [stderr]    Compiling aho-corasick v1.0.1
[INFO] [stderr]    Compiling darling_macro v0.20.1
[INFO] [stderr]    Compiling axum v0.6.18
[INFO] [stderr]    Compiling headers-core v0.2.0
[INFO] [stderr]    Compiling inout v0.1.3
[INFO] [stderr]    Compiling ouroboros_macro v0.15.6
[INFO] [stderr]    Compiling cipher v0.4.4
[INFO] [stderr]    Compiling headers v0.3.8
[INFO] [stderr]    Compiling darling v0.20.1
[INFO] [stderr]    Compiling regex v1.8.3
[INFO] [stderr]    Compiling sea-query v0.28.5
[INFO] [stderr]    Compiling sea-strum_macros v0.23.0
[INFO] [stderr]    Compiling bae v0.1.7
[INFO] [stderr]    Compiling tower v0.4.13
[INFO] [stderr]    Compiling serde_path_to_error v0.1.11
[INFO] [stderr]    Compiling serde_with v2.3.3
[INFO] [stderr]    Compiling async-stream-impl v0.3.5
[INFO] [stderr]    Compiling sqlx-macros v0.6.3
[INFO] [stderr]    Compiling axum-macros v0.3.7
[INFO] [stderr]    Compiling validator_types v0.16.0
[INFO] [stderr]    Compiling matches v0.1.10
[INFO] [stderr]    Compiling matchit v0.7.0
[INFO] [stderr]    Compiling sync_wrapper v0.1.2
[INFO] [stderr]    Compiling if_chain v1.0.2
[INFO] [stderr]    Compiling aliasable v0.1.3
[INFO] [stderr]    Compiling http-range-header v0.3.0
[INFO] [stderr]    Compiling validator_derive v0.16.0
[INFO] [stderr]    Compiling tower-http v0.4.0
[INFO] [stderr]    Compiling ouroboros v0.15.6
[INFO] [stderr]    Compiling idna v0.2.3
[INFO] [stderr]    Compiling async-stream v0.3.5
[INFO] [stderr]    Compiling bollard-stubs v1.42.0-rc.7
[INFO] [stderr]    Compiling sea-strum v0.23.0
[INFO] [stderr]    Compiling sea-orm-macros v0.11.3
[INFO] [stderr]    Compiling hyperlocal v0.8.0
[INFO] [stderr]    Compiling serde_with_macros v3.0.0
[INFO] [stderr]    Compiling blowfish v0.9.1
[INFO] [stderr]    Compiling simple_asn1 v0.6.2
[INFO] [stderr]    Compiling combine v4.6.6
[INFO] [stderr]    Compiling futures v0.3.28
[INFO] [stderr]    Compiling serde_repr v0.1.12
[INFO] [stderr]    Compiling pem v1.1.1
[INFO] [stderr]    Compiling sha1_smol v1.0.0
[INFO] [stderr]    Compiling zeroize v1.6.0
[INFO] [stderr]    Compiling jsonwebtoken v8.3.0
[INFO] [stderr]    Compiling bcrypt v0.14.0
[INFO] [stderr]    Compiling serde_with v3.0.0
[INFO] [stderr]    Compiling validator v0.16.0
[INFO] [stderr]    Compiling sqlx v0.6.3
[INFO] [stderr]    Compiling sea-query-binder v0.3.1
[INFO] [stderr]    Compiling tower-cookies v0.9.0
[INFO] [stderr]    Compiling sea-orm v0.11.3
[INFO] [stderr]    Compiling dotenvy_macro v0.15.7
[INFO] [stderr]    Compiling maplit v1.0.2
[INFO] [stderr]    Compiling axum-extra v0.7.4
[INFO] [stderr]    Compiling redis v0.23.0
[INFO] [stderr]    Compiling bollard v0.14.0
[INFO] [stderr]    Compiling digital_twin_mw v0.1.0 (/opt/rustwide/workdir)
[INFO] [stdout] warning: unused import: `super::core_action_reset_frequency::Entity as CoreActionResetFrequency`
[INFO] [stdout]  --> src/database/prelude.rs:3:9
[INFO] [stdout]   |
[INFO] [stdout] 3 | pub use super::core_action_reset_frequency::Entity as CoreActionResetFrequency;
[INFO] [stdout]   |         ^^^^^^^^^^^^^^^^^^^^^^^^^^^^^^^^^^^^^^^^^^^^^^^^^^^^^^^^^^^^^^^^^^^^^^
[INFO] [stdout]   |
[INFO] [stdout]   = note: `#[warn(unused_imports)]` on by default
[INFO] [stdout] 
[INFO] [stdout] 
[INFO] [stdout] warning: unused import: `super::core_model::Entity as CoreModel`
[INFO] [stdout]  --> src/database/prelude.rs:4:9
[INFO] [stdout]   |
[INFO] [stdout] 4 | pub use super::core_model::Entity as CoreModel;
[INFO] [stdout]   |         ^^^^^^^^^^^^^^^^^^^^^^^^^^^^^^^^^^^^^^
[INFO] [stdout] 
[INFO] [stdout] 
[INFO] [stdout] warning: unused import: `super::core_model_component::Entity as CoreModelComponent`
[INFO] [stdout]  --> src/database/prelude.rs:5:9
[INFO] [stdout]   |
[INFO] [stdout] 5 | pub use super::core_model_component::Entity as CoreModelComponent;
[INFO] [stdout]   |         ^^^^^^^^^^^^^^^^^^^^^^^^^^^^^^^^^^^^^^^^^^^^^^^^^^^^^^^^^
[INFO] [stdout] 
[INFO] [stdout] 
[INFO] [stdout] warning: unused import: `super::core_model_type::Entity as CoreModelType`
[INFO] [stdout]  --> src/database/prelude.rs:6:9
[INFO] [stdout]   |
[INFO] [stdout] 6 | pub use super::core_model_type::Entity as CoreModelType;
[INFO] [stdout]   |         ^^^^^^^^^^^^^^^^^^^^^^^^^^^^^^^^^^^^^^^^^^^^^^^
[INFO] [stdout] 
[INFO] [stdout] 
[INFO] [stdout] warning: unused import: `super::core_policy::Entity as CorePolicy`
[INFO] [stdout]  --> src/database/prelude.rs:7:9
[INFO] [stdout]   |
[INFO] [stdout] 7 | pub use super::core_policy::Entity as CorePolicy;
[INFO] [stdout]   |         ^^^^^^^^^^^^^^^^^^^^^^^^^^^^^^^^^^^^^^^^
[INFO] [stdout] 
[INFO] [stdout] 
[INFO] [stdout] warning: unused import: `super::core_policy_action::Entity as CorePolicyAction`
[INFO] [stdout]  --> src/database/prelude.rs:8:9
[INFO] [stdout]   |
[INFO] [stdout] 8 | pub use super::core_policy_action::Entity as CorePolicyAction;
[INFO] [stdout]   |         ^^^^^^^^^^^^^^^^^^^^^^^^^^^^^^^^^^^^^^^^^^^^^^^^^^^^^
[INFO] [stdout] 
[INFO] [stdout] 
[INFO] [stdout] warning: unused import: `super::core_policy_violation::Entity as CorePolicyViolation`
[INFO] [stdout]  --> src/database/prelude.rs:9:9
[INFO] [stdout]   |
[INFO] [stdout] 9 | pub use super::core_policy_violation::Entity as CorePolicyViolation;
[INFO] [stdout]   |         ^^^^^^^^^^^^^^^^^^^^^^^^^^^^^^^^^^^^^^^^^^^^^^^^^^^^^^^^^^^
[INFO] [stdout] 
[INFO] [stdout] 
[INFO] [stdout] warning: unused import: `super::core_role::Entity as CoreRole`
[INFO] [stdout]   --> src/database/prelude.rs:10:9
[INFO] [stdout]    |
[INFO] [stdout] 10 | pub use super::core_role::Entity as CoreRole;
[INFO] [stdout]    |         ^^^^^^^^^^^^^^^^^^^^^^^^^^^^^^^^^^^^
[INFO] [stdout] 
[INFO] [stdout] 
[INFO] [stdout] warning: unused import: `super::core_shared_model_data::Entity as CoreSharedModelData`
[INFO] [stdout]   --> src/database/prelude.rs:11:9
[INFO] [stdout]    |
[INFO] [stdout] 11 | pub use super::core_shared_model_data::Entity as CoreSharedModelData;
[INFO] [stdout]    |         ^^^^^^^^^^^^^^^^^^^^^^^^^^^^^^^^^^^^^^^^^^^^^^^^^^^^^^^^^^^^
[INFO] [stdout] 
[INFO] [stdout] 
[INFO] [stdout] warning: unused import: `super::core_twin::Entity as CoreTwin`
[INFO] [stdout]   --> src/database/prelude.rs:12:9
[INFO] [stdout]    |
[INFO] [stdout] 12 | pub use super::core_twin::Entity as CoreTwin;
[INFO] [stdout]    |         ^^^^^^^^^^^^^^^^^^^^^^^^^^^^^^^^^^^^
[INFO] [stdout] 
[INFO] [stdout] 
[INFO] [stdout] warning: unused import: `super::core_twin_component::Entity as CoreTwinComponent`
[INFO] [stdout]   --> src/database/prelude.rs:13:9
[INFO] [stdout]    |
[INFO] [stdout] 13 | pub use super::core_twin_component::Entity as CoreTwinComponent;
[INFO] [stdout]    |         ^^^^^^^^^^^^^^^^^^^^^^^^^^^^^^^^^^^^^^^^^^^^^^^^^^^^^^^
[INFO] [stdout] 
[INFO] [stdout] 
[INFO] [stdout] warning: unused import: `super::core_twin_status::Entity as CoreTwinStatus`
[INFO] [stdout]   --> src/database/prelude.rs:14:9
[INFO] [stdout]    |
[INFO] [stdout] 14 | pub use super::core_twin_status::Entity as CoreTwinStatus;
[INFO] [stdout]    |         ^^^^^^^^^^^^^^^^^^^^^^^^^^^^^^^^^^^^^^^^^^^^^^^^^
[INFO] [stdout] 
[INFO] [stdout] 
[INFO] [stdout] warning: unused import: `super::core_user::Entity as CoreUser`
[INFO] [stdout]   --> src/database/prelude.rs:15:9
[INFO] [stdout]    |
[INFO] [stdout] 15 | pub use super::core_user::Entity as CoreUser;
[INFO] [stdout]    |         ^^^^^^^^^^^^^^^^^^^^^^^^^^^^^^^^^^^^
[INFO] [stdout] 
[INFO] [stdout] 
[INFO] [stdout] warning: unused import: `super::core_user_subscription::Entity as CoreUserSubscription`
[INFO] [stdout]   --> src/database/prelude.rs:16:9
[INFO] [stdout]    |
[INFO] [stdout] 16 | pub use super::core_user_subscription::Entity as CoreUserSubscription;
[INFO] [stdout]    |         ^^^^^^^^^^^^^^^^^^^^^^^^^^^^^^^^^^^^^^^^^^^^^^^^^^^^^^^^^^^^^
[INFO] [stdout] 
[INFO] [stdout] 
[INFO] [stdout] warning: unused import: `stop_docker_model`
[INFO] [stdout]   --> src/helpers/model_mgmt_helpers.rs:11:67
[INFO] [stdout]    |
[INFO] [stdout] 11 |         docker_helper::{create_docker_model, remove_docker_model, stop_docker_model},
[INFO] [stdout]    |                                                                   ^^^^^^^^^^^^^^^^^
[INFO] [stdout] 
[INFO] [stdout] 
[INFO] [stdout] warning: unused imports: `Authorization`, `TypedHeader`, `authorization::Bearer`
[INFO] [stdout]  --> src/middleware/require_authentication.rs:3:15
[INFO] [stdout]   |
[INFO] [stdout] 3 |     headers::{authorization::Bearer, Authorization},
[INFO] [stdout]   |               ^^^^^^^^^^^^^^^^^^^^^  ^^^^^^^^^^^^^
[INFO] [stdout] ...
[INFO] [stdout] 7 |     TypedHeader,
[INFO] [stdout]   |     ^^^^^^^^^^^
[INFO] [stdout] 
[INFO] [stdout] 
[INFO] [stdout] warning: unused import: `routes::users::ResponseUser`
[INFO] [stdout]   --> src/middleware/require_authentication.rs:13:5
[INFO] [stdout]    |
[INFO] [stdout] 13 |     routes::users::ResponseUser,
[INFO] [stdout]    |     ^^^^^^^^^^^^^^^^^^^^^^^^^^^
[INFO] [stdout] 
[INFO] [stdout] 
[INFO] [stdout] warning: unused imports: `ActiveModel`, `routes::models::RequestModelValidated`
[INFO] [stdout]   --> src/queries/policy_queries.rs:12:35
[INFO] [stdout]    |
[INFO] [stdout] 12 |     database::core_policy::{self, ActiveModel, Entity as Models, Model as CorePolicy},
[INFO] [stdout]    |                                   ^^^^^^^^^^^
[INFO] [stdout] ...
[INFO] [stdout] 18 |     routes::models::RequestModelValidated,
[INFO] [stdout]    |     ^^^^^^^^^^^^^^^^^^^^^^^^^^^^^^^^^^^^^
[INFO] [stdout] 
[INFO] [stdout] 
[INFO] [stdout] warning: unused imports: `ActiveModelTrait`, `Set`, `TryIntoModel`
[INFO] [stdout]  --> src/queries/role_queries.rs:3:5
[INFO] [stdout]   |
[INFO] [stdout] 3 |     ActiveModelTrait, ColumnTrait, DatabaseConnection, EntityTrait, QueryFilter, Set, TryIntoModel,
[INFO] [stdout]   |     ^^^^^^^^^^^^^^^^                                                             ^^^  ^^^^^^^^^^^^
[INFO] [stdout] 
[INFO] [stdout] 
[INFO] [stdout] warning: unused import: `self`
[INFO] [stdout]  --> src/queries/shared_data_queries.rs:1:23
[INFO] [stdout]   |
[INFO] [stdout] 1 | use crate::database::{self, core_shared_model_data};
[INFO] [stdout]   |                       ^^^^
[INFO] [stdout] 
[INFO] [stdout] 
[INFO] [stdout] warning: unused imports: `ActiveModel as StatActiveModel`, `Model as CoreTwinStatModel`
[INFO] [stdout]   --> src/queries/twin_queries.rs:19:15
[INFO] [stdout]    |
[INFO] [stdout] 19 |         self, ActiveModel as StatActiveModel, Entity as TwinStats, Model as CoreTwinStatModel,
[INFO] [stdout]    |               ^^^^^^^^^^^^^^^^^^^^^^^^^^^^^^                       ^^^^^^^^^^^^^^^^^^^^^^^^^^
[INFO] [stdout] 
[INFO] [stdout] 
[INFO] [stdout] warning: unused imports: `create_model_component_extractor::ValidateCreateModelComponent`, `create_model_extractor::ValidateCreateModel`
[INFO] [stdout]  --> src/routes/models/create_model.rs:7:5
[INFO] [stdout]   |
[INFO] [stdout] 7 |     create_model_component_extractor::ValidateCreateModelComponent,
[INFO] [stdout]   |     ^^^^^^^^^^^^^^^^^^^^^^^^^^^^^^^^^^^^^^^^^^^^^^^^^^^^^^^^^^^^^^
[INFO] [stdout] 8 |     create_model_extractor::ValidateCreateModel, RequestModelValidated, ResponseModel,
[INFO] [stdout]   |     ^^^^^^^^^^^^^^^^^^^^^^^^^^^^^^^^^^^^^^^^^^^
[INFO] [stdout] 
[INFO] [stdout] 
[INFO] [stdout] warning: unused import: `ResponsePolicyAction`
[INFO] [stdout]   --> src/routes/policys/get_latest_policy.rs:11:29
[INFO] [stdout]    |
[INFO] [stdout] 11 | use super::{ResponsePolicy, ResponsePolicyAction};
[INFO] [stdout]    |                             ^^^^^^^^^^^^^^^^^^^^
[INFO] [stdout] 
[INFO] [stdout] 
[INFO] [stdout] warning: unused import: `Json`
[INFO] [stdout]  --> src/routes/twins/delete_twin.rs:4:16
[INFO] [stdout]   |
[INFO] [stdout] 4 |     Extension, Json,
[INFO] [stdout]   |                ^^^^
[INFO] [stdout] 
[INFO] [stdout] 
[INFO] [stdout] warning: unused import: `redis_connection_wrapper::RedisConnWrapper`
[INFO] [stdout]  --> src/routes/twins/twin_operations.rs:9:45
[INFO] [stdout]   |
[INFO] [stdout] 9 | use crate::utilities::{app_error::AppError, redis_connection_wrapper::RedisConnWrapper};
[INFO] [stdout]   |                                             ^^^^^^^^^^^^^^^^^^^^^^^^^^^^^^^^^^^^^^^^^^
[INFO] [stdout] 
[INFO] [stdout] 
[INFO] [stdout] warning: unused imports: `IntoResponse`, `Json`
[INFO] [stdout]  --> src/routes/twins/twin_usage.rs:3:16
[INFO] [stdout]   |
[INFO] [stdout] 3 |     response::{IntoResponse, Response},
[INFO] [stdout]   |                ^^^^^^^^^^^^
[INFO] [stdout] 4 |     Extension, Json,
[INFO] [stdout]   |                ^^^^
[INFO] [stdout] 
[INFO] [stdout] 
[INFO] [stdout] warning: unused import: `serde_json::Value`
[INFO] [stdout]  --> src/routes/twins/twin_usage.rs:7:5
[INFO] [stdout]   |
[INFO] [stdout] 7 | use serde_json::Value;
[INFO] [stdout]   |     ^^^^^^^^^^^^^^^^^
[INFO] [stdout] 
[INFO] [stdout] 
[INFO] [stdout] warning: unused imports: `get_token_ttl`, `policy_queries`, `store_token_in_redis`
[INFO] [stdout]   --> src/routes/twins/twin_usage.rs:14:9
[INFO] [stdout]    |
[INFO] [stdout] 14 |         policy_queries,
[INFO] [stdout]    |         ^^^^^^^^^^^^^^
[INFO] [stdout] ...
[INFO] [stdout] 21 |         redis_helper::{get_token_from_redis, get_token_ttl, store_token_in_redis},
[INFO] [stdout]    |                                              ^^^^^^^^^^^^^  ^^^^^^^^^^^^^^^^^^^^
[INFO] [stdout] 
[INFO] [stdout] 
[INFO] [stdout] warning: unused import: `ResponseDataUser`
[INFO] [stdout]   --> src/routes/users/login.rs:24:13
[INFO] [stdout]    |
[INFO] [stdout] 24 | use super::{ResponseDataUser, ResponseUser};
[INFO] [stdout]    |             ^^^^^^^^^^^^^^^^
[INFO] [stdout] 
[INFO] [stdout] 
[INFO] [stdout] warning: unused import: `crate::database::core_model_component`
[INFO] [stdout]   --> src/utilities/docker_helper.rs:20:5
[INFO] [stdout]    |
[INFO] [stdout] 20 | use crate::database::core_model_component;
[INFO] [stdout]    |     ^^^^^^^^^^^^^^^^^^^^^^^^^^^^^^^^^^^^^
[INFO] [stdout] 
[INFO] [stdout] 
[INFO] [stdout] warning: unused variable: `user`
[INFO] [stdout]   --> src/routes/users/logout.rs:28:15
[INFO] [stdout]    |
[INFO] [stdout] 28 |     Extension(user): Extension<core_user::Model>,
[INFO] [stdout]    |               ^^^^ help: if this is intentional, prefix it with an underscore: `_user`
[INFO] [stdout]    |
[INFO] [stdout]    = note: `#[warn(unused_variables)]` on by default
[INFO] [stdout] 
[INFO] [stdout] 
[INFO] [stdout] warning: unused variable: `response`
[INFO] [stdout]   --> src/helpers/model_mgmt_helpers.rs:96:10
[INFO] [stdout]    |
[INFO] [stdout] 96 |     let (response, twin) =
[INFO] [stdout]    |          ^^^^^^^^ help: if this is intentional, prefix it with an underscore: `_response`
[INFO] [stdout] 
[INFO] [stdout] 
[INFO] [stdout] warning: unused variable: `twin_id`
[INFO] [stdout]    --> src/helpers/model_mgmt_helpers.rs:111:14
[INFO] [stdout]     |
[INFO] [stdout] 111 |         Some(twin_id) => Some(twin.id.unwrap().clone()),
[INFO] [stdout]     |              ^^^^^^^ help: if this is intentional, prefix it with an underscore: `_twin_id`
[INFO] [stdout] 
[INFO] [stdout] 
[INFO] [stdout] warning: unused variable: `user_id`
[INFO] [stdout]   --> src/queries/policy_queries.rs:25:5
[INFO] [stdout]    |
[INFO] [stdout] 25 |     user_id: Uuid,
[INFO] [stdout]    |     ^^^^^^^ help: if this is intentional, prefix it with an underscore: `_user_id`
[INFO] [stdout] 
[INFO] [stdout] 
[INFO] [stdout] warning: unused import: `EntityTrait`
[INFO] [stdout]  --> src/queries/shared_data_queries.rs:3:53
[INFO] [stdout]   |
[INFO] [stdout] 3 | use sea_orm::{ActiveModelTrait, DatabaseConnection, EntityTrait, Set};
[INFO] [stdout]   |                                                     ^^^^^^^^^^^
[INFO] [stdout] 
[INFO] [stdout] 
[INFO] [stdout] warning: function `convert_active_to_model` is never used
[INFO] [stdout]    --> src/queries/user_queries.rs:138:4
[INFO] [stdout]     |
[INFO] [stdout] 138 | fn convert_active_to_model(active_user: core_user::ActiveModel) -> Result<UserModel, AppError> {
[INFO] [stdout]     |    ^^^^^^^^^^^^^^^^^^^^^^^
[INFO] [stdout]     |
[INFO] [stdout]     = note: `#[warn(dead_code)]` on by default
[INFO] [stdout] 
[INFO] [stdout] 
[INFO] [stdout] warning: call to `.clone()` on a reference in this situation does nothing
[INFO] [stdout]   --> src/middleware/require_authentication.rs:40:58
[INFO] [stdout]    |
[INFO] [stdout] 40 |                     println!("Auth value: {}", auth_value.clone());
[INFO] [stdout]    |                                                          ^^^^^^^^ help: remove this redundant call
[INFO] [stdout]    |
[INFO] [stdout]    = note: the type `str` does not implement `Clone`, so calling `clone` on `&str` copies the reference, which does not do anything and can be removed
[INFO] [stdout]    = note: `#[warn(noop_method_call)]` on by default
[INFO] [stdout] 
[INFO] [stdout] 
[INFO] [stdout] warning: 37 warnings emitted
[INFO] [stdout] 
[INFO] [stdout] 
[INFO] [stderr]     Finished dev [unoptimized + debuginfo] target(s) in 2m 11s
[INFO] running `Command { std: "docker" "inspect" "a41c4041e14ffaa0a2b14af7183e725ef6a8bf3ef5304009d5f58e9b65bbd76d", kill_on_drop: false }`
[INFO] running `Command { std: "docker" "rm" "-f" "a41c4041e14ffaa0a2b14af7183e725ef6a8bf3ef5304009d5f58e9b65bbd76d", kill_on_drop: false }`
[INFO] [stdout] a41c4041e14ffaa0a2b14af7183e725ef6a8bf3ef5304009d5f58e9b65bbd76d
[INFO] running `Command { std: "docker" "create" "-v" "/var/lib/crater-agent-workspace/builds/worker-0-tc1/target:/opt/rustwide/target:rw,Z" "-v" "/var/lib/crater-agent-workspace/builds/worker-0-tc1/source:/opt/rustwide/workdir:ro,Z" "-v" "/var/lib/crater-agent-workspace/cargo-home:/opt/rustwide/cargo-home:ro,Z" "-v" "/var/lib/crater-agent-workspace/rustup-home:/opt/rustwide/rustup-home:ro,Z" "-e" "SOURCE_DIR=/opt/rustwide/workdir" "-e" "CARGO_TARGET_DIR=/opt/rustwide/target" "-e" "CARGO_INCREMENTAL=0" "-e" "RUST_BACKTRACE=full" "-e" "RUSTFLAGS=--cap-lints=warn" "-e" "RUSTDOCFLAGS=--cap-lints=warn" "-e" "CARGO_HOME=/opt/rustwide/cargo-home" "-e" "RUSTUP_HOME=/opt/rustwide/rustup-home" "-w" "/opt/rustwide/workdir" "-m" "1610612736" "--user" "0:0" "--network" "none" "ghcr.io/rust-lang/crates-build-env/linux@sha256:2788e3201cd34a07e3172128adcd8b3090168a8e3bcc40d7c032b9dda1df7d1c" "/opt/rustwide/cargo-home/bin/cargo" "+1.75.0" "test" "--frozen" "--no-run" "--message-format=json", kill_on_drop: false }`
[INFO] [stdout] dc1566badbf2494128b37ef0be78b8b9ce927ee97c7903f80b199633effb4911
[INFO] running `Command { std: "docker" "start" "-a" "dc1566badbf2494128b37ef0be78b8b9ce927ee97c7903f80b199633effb4911", kill_on_drop: false }`
[INFO] [stderr] warning: digital_twin_mw v0.1.0 (/opt/rustwide/workdir) ignoring invalid dependency `cargo-watch` which is missing a lib target
[INFO] [stderr]    Compiling openssl-sys v0.9.88
[INFO] [stderr]    Compiling openssl v0.10.54
[INFO] [stderr]    Compiling openssl-macros v0.1.1
[INFO] [stderr]    Compiling psl-types v2.0.11
[INFO] [stderr]    Compiling cookie v0.16.2
[INFO] [stderr]    Compiling encoding_rs v0.8.32
[INFO] [stderr]    Compiling ipnet v2.7.2
[INFO] [stderr]    Compiling anyhow v1.0.71
[INFO] [stderr]    Compiling publicsuffix v2.2.3
[INFO] [stdout] warning: unused import: `super::core_action_reset_frequency::Entity as CoreActionResetFrequency`
[INFO] [stdout]  --> src/database/prelude.rs:3:9
[INFO] [stdout]   |
[INFO] [stdout] 3 | pub use super::core_action_reset_frequency::Entity as CoreActionResetFrequency;
[INFO] [stdout]   |         ^^^^^^^^^^^^^^^^^^^^^^^^^^^^^^^^^^^^^^^^^^^^^^^^^^^^^^^^^^^^^^^^^^^^^^
[INFO] [stdout]   |
[INFO] [stdout]   = note: `#[warn(unused_imports)]` on by default
[INFO] [stdout] 
[INFO] [stdout] 
[INFO] [stdout] warning: unused import: `super::core_model::Entity as CoreModel`
[INFO] [stdout]  --> src/database/prelude.rs:4:9
[INFO] [stdout]   |
[INFO] [stdout] 4 | pub use super::core_model::Entity as CoreModel;
[INFO] [stdout]   |         ^^^^^^^^^^^^^^^^^^^^^^^^^^^^^^^^^^^^^^
[INFO] [stdout] 
[INFO] [stdout] 
[INFO] [stdout] warning: unused import: `super::core_model_component::Entity as CoreModelComponent`
[INFO] [stdout]  --> src/database/prelude.rs:5:9
[INFO] [stdout]   |
[INFO] [stdout] 5 | pub use super::core_model_component::Entity as CoreModelComponent;
[INFO] [stdout]   |         ^^^^^^^^^^^^^^^^^^^^^^^^^^^^^^^^^^^^^^^^^^^^^^^^^^^^^^^^^
[INFO] [stdout] 
[INFO] [stdout] 
[INFO] [stdout] warning: unused import: `super::core_model_type::Entity as CoreModelType`
[INFO] [stdout]  --> src/database/prelude.rs:6:9
[INFO] [stdout]   |
[INFO] [stdout] 6 | pub use super::core_model_type::Entity as CoreModelType;
[INFO] [stdout]   |         ^^^^^^^^^^^^^^^^^^^^^^^^^^^^^^^^^^^^^^^^^^^^^^^
[INFO] [stdout] 
[INFO] [stdout] 
[INFO] [stdout] warning: unused import: `super::core_policy::Entity as CorePolicy`
[INFO] [stdout]  --> src/database/prelude.rs:7:9
[INFO] [stdout]   |
[INFO] [stdout] 7 | pub use super::core_policy::Entity as CorePolicy;
[INFO] [stdout]   |         ^^^^^^^^^^^^^^^^^^^^^^^^^^^^^^^^^^^^^^^^
[INFO] [stdout] 
[INFO] [stdout] 
[INFO] [stdout] warning: unused import: `super::core_policy_action::Entity as CorePolicyAction`
[INFO] [stdout]  --> src/database/prelude.rs:8:9
[INFO] [stdout]   |
[INFO] [stdout] 8 | pub use super::core_policy_action::Entity as CorePolicyAction;
[INFO] [stdout]   |         ^^^^^^^^^^^^^^^^^^^^^^^^^^^^^^^^^^^^^^^^^^^^^^^^^^^^^
[INFO] [stdout] 
[INFO] [stdout] 
[INFO] [stdout] warning: unused import: `super::core_policy_violation::Entity as CorePolicyViolation`
[INFO] [stdout]  --> src/database/prelude.rs:9:9
[INFO] [stdout]   |
[INFO] [stdout] 9 | pub use super::core_policy_violation::Entity as CorePolicyViolation;
[INFO] [stdout]   |         ^^^^^^^^^^^^^^^^^^^^^^^^^^^^^^^^^^^^^^^^^^^^^^^^^^^^^^^^^^^
[INFO] [stdout] 
[INFO] [stdout] 
[INFO] [stdout] warning: unused import: `super::core_role::Entity as CoreRole`
[INFO] [stdout]   --> src/database/prelude.rs:10:9
[INFO] [stdout]    |
[INFO] [stdout] 10 | pub use super::core_role::Entity as CoreRole;
[INFO] [stdout]    |         ^^^^^^^^^^^^^^^^^^^^^^^^^^^^^^^^^^^^
[INFO] [stdout] 
[INFO] [stdout] 
[INFO] [stdout] warning: unused import: `super::core_shared_model_data::Entity as CoreSharedModelData`
[INFO] [stdout]   --> src/database/prelude.rs:11:9
[INFO] [stdout]    |
[INFO] [stdout] 11 | pub use super::core_shared_model_data::Entity as CoreSharedModelData;
[INFO] [stdout]    |         ^^^^^^^^^^^^^^^^^^^^^^^^^^^^^^^^^^^^^^^^^^^^^^^^^^^^^^^^^^^^
[INFO] [stdout] 
[INFO] [stdout] 
[INFO] [stdout] warning: unused import: `super::core_twin::Entity as CoreTwin`
[INFO] [stdout]   --> src/database/prelude.rs:12:9
[INFO] [stdout]    |
[INFO] [stdout] 12 | pub use super::core_twin::Entity as CoreTwin;
[INFO] [stdout]    |         ^^^^^^^^^^^^^^^^^^^^^^^^^^^^^^^^^^^^
[INFO] [stdout] 
[INFO] [stdout] 
[INFO] [stdout] warning: unused import: `super::core_twin_component::Entity as CoreTwinComponent`
[INFO] [stdout]   --> src/database/prelude.rs:13:9
[INFO] [stdout]    |
[INFO] [stdout] 13 | pub use super::core_twin_component::Entity as CoreTwinComponent;
[INFO] [stdout]    |         ^^^^^^^^^^^^^^^^^^^^^^^^^^^^^^^^^^^^^^^^^^^^^^^^^^^^^^^
[INFO] [stdout] 
[INFO] [stdout] 
[INFO] [stdout] warning: unused import: `super::core_twin_status::Entity as CoreTwinStatus`
[INFO] [stdout]   --> src/database/prelude.rs:14:9
[INFO] [stdout]    |
[INFO] [stdout] 14 | pub use super::core_twin_status::Entity as CoreTwinStatus;
[INFO] [stdout]    |         ^^^^^^^^^^^^^^^^^^^^^^^^^^^^^^^^^^^^^^^^^^^^^^^^^
[INFO] [stdout] 
[INFO] [stdout] 
[INFO] [stdout] warning: unused import: `super::core_user::Entity as CoreUser`
[INFO] [stdout]   --> src/database/prelude.rs:15:9
[INFO] [stdout]    |
[INFO] [stdout] 15 | pub use super::core_user::Entity as CoreUser;
[INFO] [stdout]    |         ^^^^^^^^^^^^^^^^^^^^^^^^^^^^^^^^^^^^
[INFO] [stdout] 
[INFO] [stdout] 
[INFO] [stdout] warning: unused import: `super::core_user_subscription::Entity as CoreUserSubscription`
[INFO] [stdout]   --> src/database/prelude.rs:16:9
[INFO] [stdout]    |
[INFO] [stdout] 16 | pub use super::core_user_subscription::Entity as CoreUserSubscription;
[INFO] [stdout]    |         ^^^^^^^^^^^^^^^^^^^^^^^^^^^^^^^^^^^^^^^^^^^^^^^^^^^^^^^^^^^^^
[INFO] [stdout] 
[INFO] [stdout] 
[INFO] [stdout] warning: unused import: `stop_docker_model`
[INFO] [stdout]   --> src/helpers/model_mgmt_helpers.rs:11:67
[INFO] [stdout]    |
[INFO] [stdout] 11 |         docker_helper::{create_docker_model, remove_docker_model, stop_docker_model},
[INFO] [stdout]    |                                                                   ^^^^^^^^^^^^^^^^^
[INFO] [stdout] 
[INFO] [stdout] 
[INFO] [stdout] warning: unused imports: `Authorization`, `TypedHeader`, `authorization::Bearer`
[INFO] [stdout]  --> src/middleware/require_authentication.rs:3:15
[INFO] [stdout]   |
[INFO] [stdout] 3 |     headers::{authorization::Bearer, Authorization},
[INFO] [stdout]   |               ^^^^^^^^^^^^^^^^^^^^^  ^^^^^^^^^^^^^
[INFO] [stdout] ...
[INFO] [stdout] 7 |     TypedHeader,
[INFO] [stdout]   |     ^^^^^^^^^^^
[INFO] [stdout] 
[INFO] [stdout] 
[INFO] [stdout] warning: unused import: `routes::users::ResponseUser`
[INFO] [stdout]   --> src/middleware/require_authentication.rs:13:5
[INFO] [stdout]    |
[INFO] [stdout] 13 |     routes::users::ResponseUser,
[INFO] [stdout]    |     ^^^^^^^^^^^^^^^^^^^^^^^^^^^
[INFO] [stdout] 
[INFO] [stdout] 
[INFO] [stdout] warning: unused imports: `ActiveModel`, `routes::models::RequestModelValidated`
[INFO] [stdout]   --> src/queries/policy_queries.rs:12:35
[INFO] [stdout]    |
[INFO] [stdout] 12 |     database::core_policy::{self, ActiveModel, Entity as Models, Model as CorePolicy},
[INFO] [stdout]    |                                   ^^^^^^^^^^^
[INFO] [stdout] ...
[INFO] [stdout] 18 |     routes::models::RequestModelValidated,
[INFO] [stdout]    |     ^^^^^^^^^^^^^^^^^^^^^^^^^^^^^^^^^^^^^
[INFO] [stdout] 
[INFO] [stdout] 
[INFO] [stdout] warning: unused imports: `ActiveModelTrait`, `Set`, `TryIntoModel`
[INFO] [stdout]  --> src/queries/role_queries.rs:3:5
[INFO] [stdout]   |
[INFO] [stdout] 3 |     ActiveModelTrait, ColumnTrait, DatabaseConnection, EntityTrait, QueryFilter, Set, TryIntoModel,
[INFO] [stdout]   |     ^^^^^^^^^^^^^^^^                                                             ^^^  ^^^^^^^^^^^^
[INFO] [stdout] 
[INFO] [stdout] 
[INFO] [stdout] warning: unused import: `self`
[INFO] [stdout]  --> src/queries/shared_data_queries.rs:1:23
[INFO] [stdout]   |
[INFO] [stdout] 1 | use crate::database::{self, core_shared_model_data};
[INFO] [stdout]   |                       ^^^^
[INFO] [stdout] 
[INFO] [stdout] 
[INFO] [stdout] warning: unused imports: `ActiveModel as StatActiveModel`, `Model as CoreTwinStatModel`
[INFO] [stdout]   --> src/queries/twin_queries.rs:19:15
[INFO] [stdout]    |
[INFO] [stdout] 19 |         self, ActiveModel as StatActiveModel, Entity as TwinStats, Model as CoreTwinStatModel,
[INFO] [stdout]    |               ^^^^^^^^^^^^^^^^^^^^^^^^^^^^^^                       ^^^^^^^^^^^^^^^^^^^^^^^^^^
[INFO] [stdout] 
[INFO] [stdout] 
[INFO] [stdout] warning: unused imports: `create_model_component_extractor::ValidateCreateModelComponent`, `create_model_extractor::ValidateCreateModel`
[INFO] [stdout]  --> src/routes/models/create_model.rs:7:5
[INFO] [stdout]   |
[INFO] [stdout] 7 |     create_model_component_extractor::ValidateCreateModelComponent,
[INFO] [stdout]   |     ^^^^^^^^^^^^^^^^^^^^^^^^^^^^^^^^^^^^^^^^^^^^^^^^^^^^^^^^^^^^^^
[INFO] [stdout] 8 |     create_model_extractor::ValidateCreateModel, RequestModelValidated, ResponseModel,
[INFO] [stdout]   |     ^^^^^^^^^^^^^^^^^^^^^^^^^^^^^^^^^^^^^^^^^^^
[INFO] [stdout] 
[INFO] [stdout] 
[INFO] [stdout] warning: unused import: `ResponsePolicyAction`
[INFO] [stdout]   --> src/routes/policys/get_latest_policy.rs:11:29
[INFO] [stdout]    |
[INFO] [stdout] 11 | use super::{ResponsePolicy, ResponsePolicyAction};
[INFO] [stdout]    |                             ^^^^^^^^^^^^^^^^^^^^
[INFO] [stdout] 
[INFO] [stdout] 
[INFO] [stdout] warning: unused import: `Json`
[INFO] [stdout]  --> src/routes/twins/delete_twin.rs:4:16
[INFO] [stdout]   |
[INFO] [stdout] 4 |     Extension, Json,
[INFO] [stdout]   |                ^^^^
[INFO] [stdout] 
[INFO] [stdout] 
[INFO] [stdout] warning: unused import: `redis_connection_wrapper::RedisConnWrapper`
[INFO] [stdout]  --> src/routes/twins/twin_operations.rs:9:45
[INFO] [stdout]   |
[INFO] [stdout] 9 | use crate::utilities::{app_error::AppError, redis_connection_wrapper::RedisConnWrapper};
[INFO] [stdout]   |                                             ^^^^^^^^^^^^^^^^^^^^^^^^^^^^^^^^^^^^^^^^^^
[INFO] [stdout] 
[INFO] [stdout] 
[INFO] [stdout] warning: unused imports: `IntoResponse`, `Json`
[INFO] [stdout]  --> src/routes/twins/twin_usage.rs:3:16
[INFO] [stdout]   |
[INFO] [stdout] 3 |     response::{IntoResponse, Response},
[INFO] [stdout]   |                ^^^^^^^^^^^^
[INFO] [stdout] 4 |     Extension, Json,
[INFO] [stdout]   |                ^^^^
[INFO] [stdout] 
[INFO] [stdout] 
[INFO] [stdout] warning: unused import: `serde_json::Value`
[INFO] [stdout]  --> src/routes/twins/twin_usage.rs:7:5
[INFO] [stdout]   |
[INFO] [stdout] 7 | use serde_json::Value;
[INFO] [stdout]   |     ^^^^^^^^^^^^^^^^^
[INFO] [stdout] 
[INFO] [stdout] 
[INFO] [stdout] warning: unused imports: `get_token_ttl`, `policy_queries`, `store_token_in_redis`
[INFO] [stdout]   --> src/routes/twins/twin_usage.rs:14:9
[INFO] [stdout]    |
[INFO] [stdout] 14 |         policy_queries,
[INFO] [stdout]    |         ^^^^^^^^^^^^^^
[INFO] [stdout] ...
[INFO] [stdout] 21 |         redis_helper::{get_token_from_redis, get_token_ttl, store_token_in_redis},
[INFO] [stdout]    |                                              ^^^^^^^^^^^^^  ^^^^^^^^^^^^^^^^^^^^
[INFO] [stdout] 
[INFO] [stdout] 
[INFO] [stdout] warning: unused import: `ResponseDataUser`
[INFO] [stdout]   --> src/routes/users/login.rs:24:13
[INFO] [stdout]    |
[INFO] [stdout] 24 | use super::{ResponseDataUser, ResponseUser};
[INFO] [stdout]    |             ^^^^^^^^^^^^^^^^
[INFO] [stdout] 
[INFO] [stdout] 
[INFO] [stdout] warning: unused import: `crate::database::core_model_component`
[INFO] [stdout]   --> src/utilities/docker_helper.rs:20:5
[INFO] [stdout]    |
[INFO] [stdout] 20 | use crate::database::core_model_component;
[INFO] [stdout]    |     ^^^^^^^^^^^^^^^^^^^^^^^^^^^^^^^^^^^^^
[INFO] [stdout] 
[INFO] [stdout] 
[INFO] [stdout] warning: unused variable: `user`
[INFO] [stdout]   --> src/routes/users/logout.rs:28:15
[INFO] [stdout]    |
[INFO] [stdout] 28 |     Extension(user): Extension<core_user::Model>,
[INFO] [stdout]    |               ^^^^ help: if this is intentional, prefix it with an underscore: `_user`
[INFO] [stdout]    |
[INFO] [stdout]    = note: `#[warn(unused_variables)]` on by default
[INFO] [stdout] 
[INFO] [stdout] 
[INFO] [stdout] warning: unused variable: `response`
[INFO] [stdout]   --> src/helpers/model_mgmt_helpers.rs:96:10
[INFO] [stdout]    |
[INFO] [stdout] 96 |     let (response, twin) =
[INFO] [stdout]    |          ^^^^^^^^ help: if this is intentional, prefix it with an underscore: `_response`
[INFO] [stdout] 
[INFO] [stdout] 
[INFO] [stdout] warning: unused variable: `twin_id`
[INFO] [stdout]    --> src/helpers/model_mgmt_helpers.rs:111:14
[INFO] [stdout]     |
[INFO] [stdout] 111 |         Some(twin_id) => Some(twin.id.unwrap().clone()),
[INFO] [stdout]     |              ^^^^^^^ help: if this is intentional, prefix it with an underscore: `_twin_id`
[INFO] [stdout] 
[INFO] [stdout] 
[INFO] [stdout] warning: unused variable: `user_id`
[INFO] [stdout]   --> src/queries/policy_queries.rs:25:5
[INFO] [stdout]    |
[INFO] [stdout] 25 |     user_id: Uuid,
[INFO] [stdout]    |     ^^^^^^^ help: if this is intentional, prefix it with an underscore: `_user_id`
[INFO] [stdout] 
[INFO] [stdout] 
[INFO] [stdout] warning: unused import: `EntityTrait`
[INFO] [stdout]  --> src/queries/shared_data_queries.rs:3:53
[INFO] [stdout]   |
[INFO] [stdout] 3 | use sea_orm::{ActiveModelTrait, DatabaseConnection, EntityTrait, Set};
[INFO] [stdout]   |                                                     ^^^^^^^^^^^
[INFO] [stdout] 
[INFO] [stdout] 
[INFO] [stdout] warning: function `convert_active_to_model` is never used
[INFO] [stdout]    --> src/queries/user_queries.rs:138:4
[INFO] [stdout]     |
[INFO] [stdout] 138 | fn convert_active_to_model(active_user: core_user::ActiveModel) -> Result<UserModel, AppError> {
[INFO] [stdout]     |    ^^^^^^^^^^^^^^^^^^^^^^^
[INFO] [stdout]     |
[INFO] [stdout]     = note: `#[warn(dead_code)]` on by default
[INFO] [stdout] 
[INFO] [stdout] 
[INFO] [stdout] warning: call to `.clone()` on a reference in this situation does nothing
[INFO] [stdout]   --> src/middleware/require_authentication.rs:40:58
[INFO] [stdout]    |
[INFO] [stdout] 40 |                     println!("Auth value: {}", auth_value.clone());
[INFO] [stdout]    |                                                          ^^^^^^^^ help: remove this redundant call
[INFO] [stdout]    |
[INFO] [stdout]    = note: the type `str` does not implement `Clone`, so calling `clone` on `&str` copies the reference, which does not do anything and can be removed
[INFO] [stdout]    = note: `#[warn(noop_method_call)]` on by default
[INFO] [stdout] 
[INFO] [stdout] 
[INFO] [stdout] warning: 37 warnings emitted
[INFO] [stdout] 
[INFO] [stdout] 
[INFO] [stderr]    Compiling cookie_store v0.16.1
[INFO] [stderr]    Compiling cookie_store v0.19.0
[INFO] [stderr]    Compiling native-tls v0.2.11
[INFO] [stderr]    Compiling tokio-native-tls v0.3.1
[INFO] [stderr]    Compiling hyper-tls v0.5.0
[INFO] [stderr]    Compiling reqwest v0.11.18
[INFO] [stderr]    Compiling reqwest_cookie_store v0.5.0
[INFO] [stderr]    Compiling httpc-test v0.1.3
[INFO] [stderr]    Compiling digital_twin_mw v0.1.0 (/opt/rustwide/workdir)
[INFO] [stdout] warning: unused import: `super::core_action_reset_frequency::Entity as CoreActionResetFrequency`
[INFO] [stdout]  --> src/database/prelude.rs:3:9
[INFO] [stdout]   |
[INFO] [stdout] 3 | pub use super::core_action_reset_frequency::Entity as CoreActionResetFrequency;
[INFO] [stdout]   |         ^^^^^^^^^^^^^^^^^^^^^^^^^^^^^^^^^^^^^^^^^^^^^^^^^^^^^^^^^^^^^^^^^^^^^^
[INFO] [stdout]   |
[INFO] [stdout]   = note: `#[warn(unused_imports)]` on by default
[INFO] [stdout] 
[INFO] [stdout] 
[INFO] [stdout] warning: unused import: `super::core_model::Entity as CoreModel`
[INFO] [stdout]  --> src/database/prelude.rs:4:9
[INFO] [stdout]   |
[INFO] [stdout] 4 | pub use super::core_model::Entity as CoreModel;
[INFO] [stdout]   |         ^^^^^^^^^^^^^^^^^^^^^^^^^^^^^^^^^^^^^^
[INFO] [stdout] 
[INFO] [stdout] 
[INFO] [stdout] warning: unused import: `super::core_model_component::Entity as CoreModelComponent`
[INFO] [stdout]  --> src/database/prelude.rs:5:9
[INFO] [stdout]   |
[INFO] [stdout] 5 | pub use super::core_model_component::Entity as CoreModelComponent;
[INFO] [stdout]   |         ^^^^^^^^^^^^^^^^^^^^^^^^^^^^^^^^^^^^^^^^^^^^^^^^^^^^^^^^^
[INFO] [stdout] 
[INFO] [stdout] 
[INFO] [stdout] warning: unused import: `super::core_model_type::Entity as CoreModelType`
[INFO] [stdout]  --> src/database/prelude.rs:6:9
[INFO] [stdout]   |
[INFO] [stdout] 6 | pub use super::core_model_type::Entity as CoreModelType;
[INFO] [stdout]   |         ^^^^^^^^^^^^^^^^^^^^^^^^^^^^^^^^^^^^^^^^^^^^^^^
[INFO] [stdout] 
[INFO] [stdout] 
[INFO] [stdout] warning: unused import: `super::core_policy::Entity as CorePolicy`
[INFO] [stdout]  --> src/database/prelude.rs:7:9
[INFO] [stdout]   |
[INFO] [stdout] 7 | pub use super::core_policy::Entity as CorePolicy;
[INFO] [stdout]   |         ^^^^^^^^^^^^^^^^^^^^^^^^^^^^^^^^^^^^^^^^
[INFO] [stdout] 
[INFO] [stdout] 
[INFO] [stdout] warning: unused import: `super::core_policy_action::Entity as CorePolicyAction`
[INFO] [stdout]  --> src/database/prelude.rs:8:9
[INFO] [stdout]   |
[INFO] [stdout] 8 | pub use super::core_policy_action::Entity as CorePolicyAction;
[INFO] [stdout]   |         ^^^^^^^^^^^^^^^^^^^^^^^^^^^^^^^^^^^^^^^^^^^^^^^^^^^^^
[INFO] [stdout] 
[INFO] [stdout] 
[INFO] [stdout] warning: unused import: `super::core_policy_violation::Entity as CorePolicyViolation`
[INFO] [stdout]  --> src/database/prelude.rs:9:9
[INFO] [stdout]   |
[INFO] [stdout] 9 | pub use super::core_policy_violation::Entity as CorePolicyViolation;
[INFO] [stdout]   |         ^^^^^^^^^^^^^^^^^^^^^^^^^^^^^^^^^^^^^^^^^^^^^^^^^^^^^^^^^^^
[INFO] [stdout] 
[INFO] [stdout] 
[INFO] [stdout] warning: unused import: `super::core_role::Entity as CoreRole`
[INFO] [stdout]   --> src/database/prelude.rs:10:9
[INFO] [stdout]    |
[INFO] [stdout] 10 | pub use super::core_role::Entity as CoreRole;
[INFO] [stdout]    |         ^^^^^^^^^^^^^^^^^^^^^^^^^^^^^^^^^^^^
[INFO] [stdout] 
[INFO] [stdout] 
[INFO] [stdout] warning: unused import: `super::core_shared_model_data::Entity as CoreSharedModelData`
[INFO] [stdout]   --> src/database/prelude.rs:11:9
[INFO] [stdout]    |
[INFO] [stdout] 11 | pub use super::core_shared_model_data::Entity as CoreSharedModelData;
[INFO] [stdout]    |         ^^^^^^^^^^^^^^^^^^^^^^^^^^^^^^^^^^^^^^^^^^^^^^^^^^^^^^^^^^^^
[INFO] [stdout] 
[INFO] [stdout] 
[INFO] [stdout] warning: unused import: `super::core_twin::Entity as CoreTwin`
[INFO] [stdout]   --> src/database/prelude.rs:12:9
[INFO] [stdout]    |
[INFO] [stdout] 12 | pub use super::core_twin::Entity as CoreTwin;
[INFO] [stdout]    |         ^^^^^^^^^^^^^^^^^^^^^^^^^^^^^^^^^^^^
[INFO] [stdout] 
[INFO] [stdout] 
[INFO] [stdout] warning: unused import: `super::core_twin_component::Entity as CoreTwinComponent`
[INFO] [stdout]   --> src/database/prelude.rs:13:9
[INFO] [stdout]    |
[INFO] [stdout] 13 | pub use super::core_twin_component::Entity as CoreTwinComponent;
[INFO] [stdout]    |         ^^^^^^^^^^^^^^^^^^^^^^^^^^^^^^^^^^^^^^^^^^^^^^^^^^^^^^^
[INFO] [stdout] 
[INFO] [stdout] 
[INFO] [stdout] warning: unused import: `super::core_twin_status::Entity as CoreTwinStatus`
[INFO] [stdout]   --> src/database/prelude.rs:14:9
[INFO] [stdout]    |
[INFO] [stdout] 14 | pub use super::core_twin_status::Entity as CoreTwinStatus;
[INFO] [stdout]    |         ^^^^^^^^^^^^^^^^^^^^^^^^^^^^^^^^^^^^^^^^^^^^^^^^^
[INFO] [stdout] 
[INFO] [stdout] 
[INFO] [stdout] warning: unused import: `super::core_user::Entity as CoreUser`
[INFO] [stdout]   --> src/database/prelude.rs:15:9
[INFO] [stdout]    |
[INFO] [stdout] 15 | pub use super::core_user::Entity as CoreUser;
[INFO] [stdout]    |         ^^^^^^^^^^^^^^^^^^^^^^^^^^^^^^^^^^^^
[INFO] [stdout] 
[INFO] [stdout] 
[INFO] [stdout] warning: unused import: `super::core_user_subscription::Entity as CoreUserSubscription`
[INFO] [stdout]   --> src/database/prelude.rs:16:9
[INFO] [stdout]    |
[INFO] [stdout] 16 | pub use super::core_user_subscription::Entity as CoreUserSubscription;
[INFO] [stdout]    |         ^^^^^^^^^^^^^^^^^^^^^^^^^^^^^^^^^^^^^^^^^^^^^^^^^^^^^^^^^^^^^
[INFO] [stdout] 
[INFO] [stdout] 
[INFO] [stdout] warning: unused import: `stop_docker_model`
[INFO] [stdout]   --> src/helpers/model_mgmt_helpers.rs:11:67
[INFO] [stdout]    |
[INFO] [stdout] 11 |         docker_helper::{create_docker_model, remove_docker_model, stop_docker_model},
[INFO] [stdout]    |                                                                   ^^^^^^^^^^^^^^^^^
[INFO] [stdout] 
[INFO] [stdout] 
[INFO] [stdout] warning: unused imports: `Authorization`, `TypedHeader`, `authorization::Bearer`
[INFO] [stdout]  --> src/middleware/require_authentication.rs:3:15
[INFO] [stdout]   |
[INFO] [stdout] 3 |     headers::{authorization::Bearer, Authorization},
[INFO] [stdout]   |               ^^^^^^^^^^^^^^^^^^^^^  ^^^^^^^^^^^^^
[INFO] [stdout] ...
[INFO] [stdout] 7 |     TypedHeader,
[INFO] [stdout]   |     ^^^^^^^^^^^
[INFO] [stdout] 
[INFO] [stdout] 
[INFO] [stdout] warning: unused import: `routes::users::ResponseUser`
[INFO] [stdout]   --> src/middleware/require_authentication.rs:13:5
[INFO] [stdout]    |
[INFO] [stdout] 13 |     routes::users::ResponseUser,
[INFO] [stdout]    |     ^^^^^^^^^^^^^^^^^^^^^^^^^^^
[INFO] [stdout] 
[INFO] [stdout] 
[INFO] [stdout] warning: unused imports: `ActiveModel`, `routes::models::RequestModelValidated`
[INFO] [stdout]   --> src/queries/policy_queries.rs:12:35
[INFO] [stdout]    |
[INFO] [stdout] 12 |     database::core_policy::{self, ActiveModel, Entity as Models, Model as CorePolicy},
[INFO] [stdout]    |                                   ^^^^^^^^^^^
[INFO] [stdout] ...
[INFO] [stdout] 18 |     routes::models::RequestModelValidated,
[INFO] [stdout]    |     ^^^^^^^^^^^^^^^^^^^^^^^^^^^^^^^^^^^^^
[INFO] [stdout] 
[INFO] [stdout] 
[INFO] [stdout] warning: unused imports: `ActiveModelTrait`, `Set`, `TryIntoModel`
[INFO] [stdout]  --> src/queries/role_queries.rs:3:5
[INFO] [stdout]   |
[INFO] [stdout] 3 |     ActiveModelTrait, ColumnTrait, DatabaseConnection, EntityTrait, QueryFilter, Set, TryIntoModel,
[INFO] [stdout]   |     ^^^^^^^^^^^^^^^^                                                             ^^^  ^^^^^^^^^^^^
[INFO] [stdout] 
[INFO] [stdout] 
[INFO] [stdout] warning: unused import: `self`
[INFO] [stdout]  --> src/queries/shared_data_queries.rs:1:23
[INFO] [stdout]   |
[INFO] [stdout] 1 | use crate::database::{self, core_shared_model_data};
[INFO] [stdout]   |                       ^^^^
[INFO] [stdout] 
[INFO] [stdout] 
[INFO] [stdout] warning: unused imports: `ActiveModel as StatActiveModel`, `Model as CoreTwinStatModel`
[INFO] [stdout]   --> src/queries/twin_queries.rs:19:15
[INFO] [stdout]    |
[INFO] [stdout] 19 |         self, ActiveModel as StatActiveModel, Entity as TwinStats, Model as CoreTwinStatModel,
[INFO] [stdout]    |               ^^^^^^^^^^^^^^^^^^^^^^^^^^^^^^                       ^^^^^^^^^^^^^^^^^^^^^^^^^^
[INFO] [stdout] 
[INFO] [stdout] 
[INFO] [stdout] warning: unused imports: `create_model_component_extractor::ValidateCreateModelComponent`, `create_model_extractor::ValidateCreateModel`
[INFO] [stdout]  --> src/routes/models/create_model.rs:7:5
[INFO] [stdout]   |
[INFO] [stdout] 7 |     create_model_component_extractor::ValidateCreateModelComponent,
[INFO] [stdout]   |     ^^^^^^^^^^^^^^^^^^^^^^^^^^^^^^^^^^^^^^^^^^^^^^^^^^^^^^^^^^^^^^
[INFO] [stdout] 8 |     create_model_extractor::ValidateCreateModel, RequestModelValidated, ResponseModel,
[INFO] [stdout]   |     ^^^^^^^^^^^^^^^^^^^^^^^^^^^^^^^^^^^^^^^^^^^
[INFO] [stdout] 
[INFO] [stdout] 
[INFO] [stdout] warning: unused import: `ResponsePolicyAction`
[INFO] [stdout]   --> src/routes/policys/get_latest_policy.rs:11:29
[INFO] [stdout]    |
[INFO] [stdout] 11 | use super::{ResponsePolicy, ResponsePolicyAction};
[INFO] [stdout]    |                             ^^^^^^^^^^^^^^^^^^^^
[INFO] [stdout] 
[INFO] [stdout] 
[INFO] [stdout] warning: unused import: `Json`
[INFO] [stdout]  --> src/routes/twins/delete_twin.rs:4:16
[INFO] [stdout]   |
[INFO] [stdout] 4 |     Extension, Json,
[INFO] [stdout]   |                ^^^^
[INFO] [stdout] 
[INFO] [stdout] 
[INFO] [stdout] warning: unused import: `redis_connection_wrapper::RedisConnWrapper`
[INFO] [stdout]  --> src/routes/twins/twin_operations.rs:9:45
[INFO] [stdout]   |
[INFO] [stdout] 9 | use crate::utilities::{app_error::AppError, redis_connection_wrapper::RedisConnWrapper};
[INFO] [stdout]   |                                             ^^^^^^^^^^^^^^^^^^^^^^^^^^^^^^^^^^^^^^^^^^
[INFO] [stdout] 
[INFO] [stdout] 
[INFO] [stdout] warning: unused imports: `IntoResponse`, `Json`
[INFO] [stdout]  --> src/routes/twins/twin_usage.rs:3:16
[INFO] [stdout]   |
[INFO] [stdout] 3 |     response::{IntoResponse, Response},
[INFO] [stdout]   |                ^^^^^^^^^^^^
[INFO] [stdout] 4 |     Extension, Json,
[INFO] [stdout]   |                ^^^^
[INFO] [stdout] 
[INFO] [stdout] 
[INFO] [stdout] warning: unused import: `serde_json::Value`
[INFO] [stdout]  --> src/routes/twins/twin_usage.rs:7:5
[INFO] [stdout]   |
[INFO] [stdout] 7 | use serde_json::Value;
[INFO] [stdout]   |     ^^^^^^^^^^^^^^^^^
[INFO] [stdout] 
[INFO] [stdout] 
[INFO] [stdout] warning: unused imports: `get_token_ttl`, `policy_queries`, `store_token_in_redis`
[INFO] [stdout]   --> src/routes/twins/twin_usage.rs:14:9
[INFO] [stdout]    |
[INFO] [stdout] 14 |         policy_queries,
[INFO] [stdout]    |         ^^^^^^^^^^^^^^
[INFO] [stdout] ...
[INFO] [stdout] 21 |         redis_helper::{get_token_from_redis, get_token_ttl, store_token_in_redis},
[INFO] [stdout]    |                                              ^^^^^^^^^^^^^  ^^^^^^^^^^^^^^^^^^^^
[INFO] [stdout] 
[INFO] [stdout] 
[INFO] [stdout] warning: unused import: `ResponseDataUser`
[INFO] [stdout]   --> src/routes/users/login.rs:24:13
[INFO] [stdout]    |
[INFO] [stdout] 24 | use super::{ResponseDataUser, ResponseUser};
[INFO] [stdout]    |             ^^^^^^^^^^^^^^^^
[INFO] [stdout] 
[INFO] [stdout] 
[INFO] [stdout] warning: unused import: `crate::database::core_model_component`
[INFO] [stdout]   --> src/utilities/docker_helper.rs:20:5
[INFO] [stdout]    |
[INFO] [stdout] 20 | use crate::database::core_model_component;
[INFO] [stdout]    |     ^^^^^^^^^^^^^^^^^^^^^^^^^^^^^^^^^^^^^
[INFO] [stdout] 
[INFO] [stdout] 
[INFO] [stdout] warning: unused variable: `user`
[INFO] [stdout]   --> src/routes/users/logout.rs:28:15
[INFO] [stdout]    |
[INFO] [stdout] 28 |     Extension(user): Extension<core_user::Model>,
[INFO] [stdout]    |               ^^^^ help: if this is intentional, prefix it with an underscore: `_user`
[INFO] [stdout]    |
[INFO] [stdout]    = note: `#[warn(unused_variables)]` on by default
[INFO] [stdout] 
[INFO] [stdout] 
[INFO] [stdout] warning: unused variable: `response`
[INFO] [stdout]   --> src/helpers/model_mgmt_helpers.rs:96:10
[INFO] [stdout]    |
[INFO] [stdout] 96 |     let (response, twin) =
[INFO] [stdout]    |          ^^^^^^^^ help: if this is intentional, prefix it with an underscore: `_response`
[INFO] [stdout] 
[INFO] [stdout] 
[INFO] [stdout] warning: unused variable: `twin_id`
[INFO] [stdout]    --> src/helpers/model_mgmt_helpers.rs:111:14
[INFO] [stdout]     |
[INFO] [stdout] 111 |         Some(twin_id) => Some(twin.id.unwrap().clone()),
[INFO] [stdout]     |              ^^^^^^^ help: if this is intentional, prefix it with an underscore: `_twin_id`
[INFO] [stdout] 
[INFO] [stdout] 
[INFO] [stdout] warning: unused variable: `user_id`
[INFO] [stdout]   --> src/queries/policy_queries.rs:25:5
[INFO] [stdout]    |
[INFO] [stdout] 25 |     user_id: Uuid,
[INFO] [stdout]    |     ^^^^^^^ help: if this is intentional, prefix it with an underscore: `_user_id`
[INFO] [stdout] 
[INFO] [stdout] 
[INFO] [stdout] warning: unused import: `EntityTrait`
[INFO] [stdout]  --> src/queries/shared_data_queries.rs:3:53
[INFO] [stdout]   |
[INFO] [stdout] 3 | use sea_orm::{ActiveModelTrait, DatabaseConnection, EntityTrait, Set};
[INFO] [stdout]   |                                                     ^^^^^^^^^^^
[INFO] [stdout] 
[INFO] [stdout] 
[INFO] [stdout] warning: function `convert_active_to_model` is never used
[INFO] [stdout]    --> src/queries/user_queries.rs:138:4
[INFO] [stdout]     |
[INFO] [stdout] 138 | fn convert_active_to_model(active_user: core_user::ActiveModel) -> Result<UserModel, AppError> {
[INFO] [stdout]     |    ^^^^^^^^^^^^^^^^^^^^^^^
[INFO] [stdout]     |
[INFO] [stdout]     = note: `#[warn(dead_code)]` on by default
[INFO] [stdout] 
[INFO] [stdout] 
[INFO] [stdout] warning: call to `.clone()` on a reference in this situation does nothing
[INFO] [stdout]   --> src/middleware/require_authentication.rs:40:58
[INFO] [stdout]    |
[INFO] [stdout] 40 |                     println!("Auth value: {}", auth_value.clone());
[INFO] [stdout]    |                                                          ^^^^^^^^ help: remove this redundant call
[INFO] [stdout]    |
[INFO] [stdout]    = note: the type `str` does not implement `Clone`, so calling `clone` on `&str` copies the reference, which does not do anything and can be removed
[INFO] [stdout]    = note: `#[warn(noop_method_call)]` on by default
[INFO] [stdout] 
[INFO] [stdout] 
[INFO] [stdout] warning: 37 warnings emitted
[INFO] [stdout] 
[INFO] [stdout] 
[INFO] [stderr]     Finished test [unoptimized + debuginfo] target(s) in 19.86s
[INFO] running `Command { std: "docker" "inspect" "dc1566badbf2494128b37ef0be78b8b9ce927ee97c7903f80b199633effb4911", kill_on_drop: false }`
[INFO] running `Command { std: "docker" "rm" "-f" "dc1566badbf2494128b37ef0be78b8b9ce927ee97c7903f80b199633effb4911", kill_on_drop: false }`
[INFO] [stdout] dc1566badbf2494128b37ef0be78b8b9ce927ee97c7903f80b199633effb4911
[INFO] running `Command { std: "docker" "create" "-v" "/var/lib/crater-agent-workspace/builds/worker-0-tc1/target:/opt/rustwide/target:rw,Z" "-v" "/var/lib/crater-agent-workspace/builds/worker-0-tc1/source:/opt/rustwide/workdir:ro,Z" "-v" "/var/lib/crater-agent-workspace/cargo-home:/opt/rustwide/cargo-home:ro,Z" "-v" "/var/lib/crater-agent-workspace/rustup-home:/opt/rustwide/rustup-home:ro,Z" "-e" "SOURCE_DIR=/opt/rustwide/workdir" "-e" "CARGO_TARGET_DIR=/opt/rustwide/target" "-e" "CARGO_INCREMENTAL=0" "-e" "RUST_BACKTRACE=full" "-e" "RUSTFLAGS=--cap-lints=warn" "-e" "RUSTDOCFLAGS=--cap-lints=warn" "-e" "CARGO_HOME=/opt/rustwide/cargo-home" "-e" "RUSTUP_HOME=/opt/rustwide/rustup-home" "-w" "/opt/rustwide/workdir" "-m" "1610612736" "--user" "0:0" "--network" "none" "ghcr.io/rust-lang/crates-build-env/linux@sha256:2788e3201cd34a07e3172128adcd8b3090168a8e3bcc40d7c032b9dda1df7d1c" "/opt/rustwide/cargo-home/bin/cargo" "+1.75.0" "test" "--frozen", kill_on_drop: false }`
[INFO] [stdout] 8757d2985b5f3231ff70ca3b16762208d2b586457ae73558d077ae837c10fc17
[INFO] running `Command { std: "docker" "start" "-a" "8757d2985b5f3231ff70ca3b16762208d2b586457ae73558d077ae837c10fc17", kill_on_drop: false }`
[INFO] [stderr] warning: digital_twin_mw v0.1.0 (/opt/rustwide/workdir) ignoring invalid dependency `cargo-watch` which is missing a lib target
[INFO] [stderr] warning: unused import: `super::core_action_reset_frequency::Entity as CoreActionResetFrequency`
[INFO] [stderr]  --> src/database/prelude.rs:3:9
[INFO] [stderr]   |
[INFO] [stderr] 3 | pub use super::core_action_reset_frequency::Entity as CoreActionResetFrequency;
[INFO] [stderr]   |         ^^^^^^^^^^^^^^^^^^^^^^^^^^^^^^^^^^^^^^^^^^^^^^^^^^^^^^^^^^^^^^^^^^^^^^
[INFO] [stderr]   |
[INFO] [stderr]   = note: `#[warn(unused_imports)]` on by default
[INFO] [stderr] 
[INFO] [stderr] warning: unused import: `super::core_model::Entity as CoreModel`
[INFO] [stderr]  --> src/database/prelude.rs:4:9
[INFO] [stderr]   |
[INFO] [stderr] 4 | pub use super::core_model::Entity as CoreModel;
[INFO] [stderr]   |         ^^^^^^^^^^^^^^^^^^^^^^^^^^^^^^^^^^^^^^
[INFO] [stderr] 
[INFO] [stderr] warning: unused import: `super::core_model_component::Entity as CoreModelComponent`
[INFO] [stderr]  --> src/database/prelude.rs:5:9
[INFO] [stderr]   |
[INFO] [stderr] 5 | pub use super::core_model_component::Entity as CoreModelComponent;
[INFO] [stderr]   |         ^^^^^^^^^^^^^^^^^^^^^^^^^^^^^^^^^^^^^^^^^^^^^^^^^^^^^^^^^
[INFO] [stderr] 
[INFO] [stderr] warning: unused import: `super::core_model_type::Entity as CoreModelType`
[INFO] [stderr]  --> src/database/prelude.rs:6:9
[INFO] [stderr]   |
[INFO] [stderr] 6 | pub use super::core_model_type::Entity as CoreModelType;
[INFO] [stderr]   |         ^^^^^^^^^^^^^^^^^^^^^^^^^^^^^^^^^^^^^^^^^^^^^^^
[INFO] [stderr] 
[INFO] [stderr] warning: unused import: `super::core_policy::Entity as CorePolicy`
[INFO] [stderr]  --> src/database/prelude.rs:7:9
[INFO] [stderr]   |
[INFO] [stderr] 7 | pub use super::core_policy::Entity as CorePolicy;
[INFO] [stderr]   |         ^^^^^^^^^^^^^^^^^^^^^^^^^^^^^^^^^^^^^^^^
[INFO] [stderr] 
[INFO] [stderr] warning: unused import: `super::core_policy_action::Entity as CorePolicyAction`
[INFO] [stderr]  --> src/database/prelude.rs:8:9
[INFO] [stderr]   |
[INFO] [stderr] 8 | pub use super::core_policy_action::Entity as CorePolicyAction;
[INFO] [stderr]   |         ^^^^^^^^^^^^^^^^^^^^^^^^^^^^^^^^^^^^^^^^^^^^^^^^^^^^^
[INFO] [stderr] 
[INFO] [stderr] warning: unused import: `super::core_policy_violation::Entity as CorePolicyViolation`
[INFO] [stderr]  --> src/database/prelude.rs:9:9
[INFO] [stderr]   |
[INFO] [stderr] 9 | pub use super::core_policy_violation::Entity as CorePolicyViolation;
[INFO] [stderr]   |         ^^^^^^^^^^^^^^^^^^^^^^^^^^^^^^^^^^^^^^^^^^^^^^^^^^^^^^^^^^^
[INFO] [stderr] 
[INFO] [stderr] warning: unused import: `super::core_role::Entity as CoreRole`
[INFO] [stderr]   --> src/database/prelude.rs:10:9
[INFO] [stderr]    |
[INFO] [stderr] 10 | pub use super::core_role::Entity as CoreRole;
[INFO] [stderr]    |         ^^^^^^^^^^^^^^^^^^^^^^^^^^^^^^^^^^^^
[INFO] [stderr] 
[INFO] [stderr] warning: unused import: `super::core_shared_model_data::Entity as CoreSharedModelData`
[INFO] [stderr]   --> src/database/prelude.rs:11:9
[INFO] [stderr]    |
[INFO] [stderr] 11 | pub use super::core_shared_model_data::Entity as CoreSharedModelData;
[INFO] [stderr]    |         ^^^^^^^^^^^^^^^^^^^^^^^^^^^^^^^^^^^^^^^^^^^^^^^^^^^^^^^^^^^^
[INFO] [stderr] 
[INFO] [stderr] warning: unused import: `super::core_twin::Entity as CoreTwin`
[INFO] [stderr]   --> src/database/prelude.rs:12:9
[INFO] [stderr]    |
[INFO] [stderr] 12 | pub use super::core_twin::Entity as CoreTwin;
[INFO] [stderr]    |         ^^^^^^^^^^^^^^^^^^^^^^^^^^^^^^^^^^^^
[INFO] [stderr] 
[INFO] [stderr] warning: unused import: `super::core_twin_component::Entity as CoreTwinComponent`
[INFO] [stderr]   --> src/database/prelude.rs:13:9
[INFO] [stderr]    |
[INFO] [stderr] 13 | pub use super::core_twin_component::Entity as CoreTwinComponent;
[INFO] [stderr]    |         ^^^^^^^^^^^^^^^^^^^^^^^^^^^^^^^^^^^^^^^^^^^^^^^^^^^^^^^
[INFO] [stderr] 
[INFO] [stderr] warning: unused import: `super::core_twin_status::Entity as CoreTwinStatus`
[INFO] [stderr]   --> src/database/prelude.rs:14:9
[INFO] [stderr]    |
[INFO] [stderr] 14 | pub use super::core_twin_status::Entity as CoreTwinStatus;
[INFO] [stderr]    |         ^^^^^^^^^^^^^^^^^^^^^^^^^^^^^^^^^^^^^^^^^^^^^^^^^
[INFO] [stderr] 
[INFO] [stderr] warning: unused import: `super::core_user::Entity as CoreUser`
[INFO] [stderr]   --> src/database/prelude.rs:15:9
[INFO] [stderr]    |
[INFO] [stderr] 15 | pub use super::core_user::Entity as CoreUser;
[INFO] [stderr]    |         ^^^^^^^^^^^^^^^^^^^^^^^^^^^^^^^^^^^^
[INFO] [stderr] 
[INFO] [stderr] warning: unused import: `super::core_user_subscription::Entity as CoreUserSubscription`
[INFO] [stderr]   --> src/database/prelude.rs:16:9
[INFO] [stderr]    |
[INFO] [stderr] 16 | pub use super::core_user_subscription::Entity as CoreUserSubscription;
[INFO] [stderr]    |         ^^^^^^^^^^^^^^^^^^^^^^^^^^^^^^^^^^^^^^^^^^^^^^^^^^^^^^^^^^^^^
[INFO] [stderr] 
[INFO] [stderr] warning: unused import: `stop_docker_model`
[INFO] [stderr]   --> src/helpers/model_mgmt_helpers.rs:11:67
[INFO] [stderr]    |
[INFO] [stderr] 11 |         docker_helper::{create_docker_model, remove_docker_model, stop_docker_model},
[INFO] [stderr]    |                                                                   ^^^^^^^^^^^^^^^^^
[INFO] [stderr] 
[INFO] [stderr] warning: unused imports: `Authorization`, `TypedHeader`, `authorization::Bearer`
[INFO] [stderr]  --> src/middleware/require_authentication.rs:3:15
[INFO] [stderr]   |
[INFO] [stderr] 3 |     headers::{authorization::Bearer, Authorization},
[INFO] [stderr]   |               ^^^^^^^^^^^^^^^^^^^^^  ^^^^^^^^^^^^^
[INFO] [stderr] ...
[INFO] [stderr] 7 |     TypedHeader,
[INFO] [stderr]   |     ^^^^^^^^^^^
[INFO] [stderr] 
[INFO] [stderr] warning: unused import: `routes::users::ResponseUser`
[INFO] [stderr]   --> src/middleware/require_authentication.rs:13:5
[INFO] [stderr]    |
[INFO] [stderr] 13 |     routes::users::ResponseUser,
[INFO] [stderr]    |     ^^^^^^^^^^^^^^^^^^^^^^^^^^^
[INFO] [stderr] 
[INFO] [stderr] warning: unused imports: `ActiveModel`, `routes::models::RequestModelValidated`
[INFO] [stderr]   --> src/queries/policy_queries.rs:12:35
[INFO] [stderr]    |
[INFO] [stderr] 12 |     database::core_policy::{self, ActiveModel, Entity as Models, Model as CorePolicy},
[INFO] [stderr]    |                                   ^^^^^^^^^^^
[INFO] [stderr] ...
[INFO] [stderr] 18 |     routes::models::RequestModelValidated,
[INFO] [stderr]    |     ^^^^^^^^^^^^^^^^^^^^^^^^^^^^^^^^^^^^^
[INFO] [stderr] 
[INFO] [stderr] warning: unused imports: `ActiveModelTrait`, `Set`, `TryIntoModel`
[INFO] [stderr]  --> src/queries/role_queries.rs:3:5
[INFO] [stderr]   |
[INFO] [stderr] 3 |     ActiveModelTrait, ColumnTrait, DatabaseConnection, EntityTrait, QueryFilter, Set, TryIntoModel,
[INFO] [stderr]   |     ^^^^^^^^^^^^^^^^                                                             ^^^  ^^^^^^^^^^^^
[INFO] [stderr] 
[INFO] [stderr] warning: unused import: `self`
[INFO] [stderr]  --> src/queries/shared_data_queries.rs:1:23
[INFO] [stderr]   |
[INFO] [stderr] 1 | use crate::database::{self, core_shared_model_data};
[INFO] [stderr]   |                       ^^^^
[INFO] [stderr] 
[INFO] [stderr] warning: unused imports: `ActiveModel as StatActiveModel`, `Model as CoreTwinStatModel`
[INFO] [stderr]   --> src/queries/twin_queries.rs:19:15
[INFO] [stderr]    |
[INFO] [stderr] 19 |         self, ActiveModel as StatActiveModel, Entity as TwinStats, Model as CoreTwinStatModel,
[INFO] [stderr]    |               ^^^^^^^^^^^^^^^^^^^^^^^^^^^^^^                       ^^^^^^^^^^^^^^^^^^^^^^^^^^
[INFO] [stderr] 
[INFO] [stderr] warning: unused imports: `create_model_component_extractor::ValidateCreateModelComponent`, `create_model_extractor::ValidateCreateModel`
[INFO] [stderr]  --> src/routes/models/create_model.rs:7:5
[INFO] [stderr]   |
[INFO] [stderr] 7 |     create_model_component_extractor::ValidateCreateModelComponent,
[INFO] [stderr]   |     ^^^^^^^^^^^^^^^^^^^^^^^^^^^^^^^^^^^^^^^^^^^^^^^^^^^^^^^^^^^^^^
[INFO] [stderr] 8 |     create_model_extractor::ValidateCreateModel, RequestModelValidated, ResponseModel,
[INFO] [stderr]   |     ^^^^^^^^^^^^^^^^^^^^^^^^^^^^^^^^^^^^^^^^^^^
[INFO] [stderr] 
[INFO] [stderr] warning: unused import: `ResponsePolicyAction`
[INFO] [stderr]   --> src/routes/policys/get_latest_policy.rs:11:29
[INFO] [stderr]    |
[INFO] [stderr] 11 | use super::{ResponsePolicy, ResponsePolicyAction};
[INFO] [stderr]    |                             ^^^^^^^^^^^^^^^^^^^^
[INFO] [stderr] 
[INFO] [stderr] warning: unused import: `Json`
[INFO] [stderr]  --> src/routes/twins/delete_twin.rs:4:16
[INFO] [stderr]   |
[INFO] [stderr] 4 |     Extension, Json,
[INFO] [stderr]   |                ^^^^
[INFO] [stderr] 
[INFO] [stderr] warning: unused import: `redis_connection_wrapper::RedisConnWrapper`
[INFO] [stderr]  --> src/routes/twins/twin_operations.rs:9:45
[INFO] [stderr]   |
[INFO] [stderr] 9 | use crate::utilities::{app_error::AppError, redis_connection_wrapper::RedisConnWrapper};
[INFO] [stderr]   |                                             ^^^^^^^^^^^^^^^^^^^^^^^^^^^^^^^^^^^^^^^^^^
[INFO] [stderr] 
[INFO] [stderr] warning: unused imports: `IntoResponse`, `Json`
[INFO] [stderr]  --> src/routes/twins/twin_usage.rs:3:16
[INFO] [stderr]   |
[INFO] [stderr] 3 |     response::{IntoResponse, Response},
[INFO] [stderr]   |                ^^^^^^^^^^^^
[INFO] [stderr] 4 |     Extension, Json,
[INFO] [stderr]   |                ^^^^
[INFO] [stderr] 
[INFO] [stderr] warning: unused import: `serde_json::Value`
[INFO] [stderr]  --> src/routes/twins/twin_usage.rs:7:5
[INFO] [stderr]   |
[INFO] [stderr] 7 | use serde_json::Value;
[INFO] [stderr]   |     ^^^^^^^^^^^^^^^^^
[INFO] [stderr] 
[INFO] [stderr] warning: unused imports: `get_token_ttl`, `policy_queries`, `store_token_in_redis`
[INFO] [stderr]   --> src/routes/twins/twin_usage.rs:14:9
[INFO] [stderr]    |
[INFO] [stderr] 14 |         policy_queries,
[INFO] [stderr]    |         ^^^^^^^^^^^^^^
[INFO] [stderr] ...
[INFO] [stderr] 21 |         redis_helper::{get_token_from_redis, get_token_ttl, store_token_in_redis},
[INFO] [stderr]    |                                              ^^^^^^^^^^^^^  ^^^^^^^^^^^^^^^^^^^^
[INFO] [stderr] 
[INFO] [stderr] warning: unused import: `ResponseDataUser`
[INFO] [stderr]   --> src/routes/users/login.rs:24:13
[INFO] [stderr]    |
[INFO] [stderr] 24 | use super::{ResponseDataUser, ResponseUser};
[INFO] [stderr]    |             ^^^^^^^^^^^^^^^^
[INFO] [stderr] 
[INFO] [stderr] warning: unused import: `crate::database::core_model_component`
[INFO] [stderr]   --> src/utilities/docker_helper.rs:20:5
[INFO] [stderr]    |
[INFO] [stderr] 20 | use crate::database::core_model_component;
[INFO] [stderr]    |     ^^^^^^^^^^^^^^^^^^^^^^^^^^^^^^^^^^^^^
[INFO] [stderr] 
[INFO] [stderr] warning: unused variable: `user`
[INFO] [stderr]   --> src/routes/users/logout.rs:28:15
[INFO] [stderr]    |
[INFO] [stderr] 28 |     Extension(user): Extension<core_user::Model>,
[INFO] [stderr]    |               ^^^^ help: if this is intentional, prefix it with an underscore: `_user`
[INFO] [stderr]    |
[INFO] [stderr]    = note: `#[warn(unused_variables)]` on by default
[INFO] [stderr] 
[INFO] [stderr] warning: unused variable: `response`
[INFO] [stderr]   --> src/helpers/model_mgmt_helpers.rs:96:10
[INFO] [stderr]    |
[INFO] [stderr] 96 |     let (response, twin) =
[INFO] [stderr]    |          ^^^^^^^^ help: if this is intentional, prefix it with an underscore: `_response`
[INFO] [stderr] 
[INFO] [stderr] warning: unused variable: `twin_id`
[INFO] [stderr]    --> src/helpers/model_mgmt_helpers.rs:111:14
[INFO] [stderr]     |
[INFO] [stderr] 111 |         Some(twin_id) => Some(twin.id.unwrap().clone()),
[INFO] [stderr]     |              ^^^^^^^ help: if this is intentional, prefix it with an underscore: `_twin_id`
[INFO] [stderr] 
[INFO] [stderr] warning: unused variable: `user_id`
[INFO] [stderr]   --> src/queries/policy_queries.rs:25:5
[INFO] [stderr]    |
[INFO] [stderr] 25 |     user_id: Uuid,
[INFO] [stderr]    |     ^^^^^^^ help: if this is intentional, prefix it with an underscore: `_user_id`
[INFO] [stderr] 
[INFO] [stderr] warning: unused import: `EntityTrait`
[INFO] [stderr]  --> src/queries/shared_data_queries.rs:3:53
[INFO] [stderr]   |
[INFO] [stderr] 3 | use sea_orm::{ActiveModelTrait, DatabaseConnection, EntityTrait, Set};
[INFO] [stderr]   |                                                     ^^^^^^^^^^^
[INFO] [stderr] 
[INFO] [stderr] warning: function `convert_active_to_model` is never used
[INFO] [stderr]    --> src/queries/user_queries.rs:138:4
[INFO] [stderr]     |
[INFO] [stderr] 138 | fn convert_active_to_model(active_user: core_user::ActiveModel) -> Result<UserModel, AppError> {
[INFO] [stderr]     |    ^^^^^^^^^^^^^^^^^^^^^^^
[INFO] [stderr]     |
[INFO] [stderr]     = note: `#[warn(dead_code)]` on by default
[INFO] [stderr] 
[INFO] [stderr] warning: call to `.clone()` on a reference in this situation does nothing
[INFO] [stderr]   --> src/middleware/require_authentication.rs:40:58
[INFO] [stderr]    |
[INFO] [stderr] 40 |                     println!("Auth value: {}", auth_value.clone());
[INFO] [stderr]    |                                                          ^^^^^^^^ help: remove this redundant call
[INFO] [stderr]    |
[INFO] [stderr]    = note: the type `str` does not implement `Clone`, so calling `clone` on `&str` copies the reference, which does not do anything and can be removed
[INFO] [stderr]    = note: `#[warn(noop_method_call)]` on by default
[INFO] [stderr] 
[INFO] [stderr] warning: `digital_twin_mw` (lib) generated 37 warnings (run `cargo fix --lib -p digital_twin_mw` to apply 35 suggestions)
[INFO] [stderr] warning: `digital_twin_mw` (lib test) generated 37 warnings (37 duplicates)
[INFO] [stderr]     Finished test [unoptimized + debuginfo] target(s) in 0.72s
[INFO] [stderr]      Running unittests src/lib.rs (/opt/rustwide/target/debug/deps/digital_twin_mw-500c5acb309db898)
[INFO] [stdout] 
[INFO] [stderr]      Running unittests src/main.rs (/opt/rustwide/target/debug/deps/digital_twin_mw-e8cb156f25cbe75f)
[INFO] [stdout] running 0 tests
[INFO] [stdout] 
[INFO] [stdout] test result: ok. 0 passed; 0 failed; 0 ignored; 0 measured; 0 filtered out; finished in 0.00s
[INFO] [stdout] 
[INFO] [stderr]      Running tests/quick_dev.rs (/opt/rustwide/target/debug/deps/quick_dev-bdd1a42c3569066d)
[INFO] [stdout] 
[INFO] [stdout] running 0 tests
[INFO] [stdout] 
[INFO] [stdout] test result: ok. 0 passed; 0 failed; 0 ignored; 0 measured; 0 filtered out; finished in 0.00s
[INFO] [stdout] 
[INFO] [stdout] 
[INFO] [stdout] running 1 test
[INFO] [stdout] test quick_dev ... FAILED
[INFO] [stdout] 
[INFO] [stdout] failures:
[INFO] [stdout] 
[INFO] [stdout] ---- quick_dev stdout ----
[INFO] [stdout] Error: error sending request for url (http://localhost:3000/hello): error trying to connect: tcp connect error: Cannot assign requested address (os error 99)
[INFO] [stdout] 
[INFO] [stdout] Caused by:
[INFO] [stdout]     0: error trying to connect: tcp connect error: Cannot assign requested address (os error 99)
[INFO] [stdout]     1: tcp connect error: Cannot assign requested address (os error 99)
[INFO] [stdout]     2: Cannot assign requested address (os error 99)
[INFO] [stdout] 
[INFO] [stdout] 
[INFO] [stdout] failures:
[INFO] [stdout]     quick_dev
[INFO] [stdout] 
[INFO] [stdout] test result: FAILED. 0 passed; 1 failed; 0 ignored; 0 measured; 0 filtered out; finished in 0.11s
[INFO] [stdout] 
[INFO] [stderr] error: test failed, to rerun pass `--test quick_dev`
[INFO] running `Command { std: "docker" "inspect" "8757d2985b5f3231ff70ca3b16762208d2b586457ae73558d077ae837c10fc17", kill_on_drop: false }`
[INFO] running `Command { std: "docker" "rm" "-f" "8757d2985b5f3231ff70ca3b16762208d2b586457ae73558d077ae837c10fc17", kill_on_drop: false }`
[INFO] [stdout] 8757d2985b5f3231ff70ca3b16762208d2b586457ae73558d077ae837c10fc17
