[INFO] cloning repository https://github.com/csumudu/rust-actix-ssr
[INFO] running `Command { std: "git" "-c" "credential.helper=" "-c" "credential.helper=/workspace/cargo-home/bin/git-credential-null" "clone" "--bare" "https://github.com/csumudu/rust-actix-ssr" "/workspace/cache/git-repos/https%3A%2F%2Fgithub.com%2Fcsumudu%2Frust-actix-ssr", kill_on_drop: false }`
[INFO] [stderr] Cloning into bare repository '/workspace/cache/git-repos/https%3A%2F%2Fgithub.com%2Fcsumudu%2Frust-actix-ssr'...
[INFO] running `Command { std: "git" "rev-parse" "HEAD", kill_on_drop: false }`
[INFO] [stdout] 22259f3f741386f36d51c096f4949b4d6f166464
[INFO] testing csumudu/rust-actix-ssr against 1.75.0 for beta-1.76-1
[INFO] running `Command { std: "git" "clone" "/workspace/cache/git-repos/https%3A%2F%2Fgithub.com%2Fcsumudu%2Frust-actix-ssr" "/workspace/builds/worker-1-tc1/source", kill_on_drop: false }`
[INFO] [stderr] Cloning into '/workspace/builds/worker-1-tc1/source'...
[INFO] [stderr] done.
[INFO] validating manifest of git repo https://github.com/csumudu/rust-actix-ssr on toolchain 1.75.0
[INFO] running `Command { std: CARGO_HOME="/workspace/cargo-home" RUSTUP_HOME="/workspace/rustup-home" "/workspace/cargo-home/bin/cargo" "+1.75.0" "metadata" "--manifest-path" "Cargo.toml" "--no-deps", kill_on_drop: false }`
[INFO] started tweaking git repo https://github.com/csumudu/rust-actix-ssr
[INFO] finished tweaking git repo https://github.com/csumudu/rust-actix-ssr
[INFO] tweaked toml for git repo https://github.com/csumudu/rust-actix-ssr written to /workspace/builds/worker-1-tc1/source/Cargo.toml
[INFO] crate git repo https://github.com/csumudu/rust-actix-ssr already has a lockfile, it will not be regenerated
[INFO] running `Command { std: CARGO_HOME="/workspace/cargo-home" RUSTUP_HOME="/workspace/rustup-home" "/workspace/cargo-home/bin/cargo" "+1.75.0" "fetch" "--manifest-path" "Cargo.toml", kill_on_drop: false }`
[INFO] [stderr]     Updating crates.io index
[INFO] [stderr]  Downloading crates ...
[INFO] [stderr]   Downloaded sanitize-filename v0.2.1
[INFO] [stderr]   Downloaded awmp v0.8.1
[INFO] running `Command { std: "docker" "create" "-v" "/var/lib/crater-agent-workspace/builds/worker-1-tc1/target:/opt/rustwide/target:rw,Z" "-v" "/var/lib/crater-agent-workspace/builds/worker-1-tc1/source:/opt/rustwide/workdir:ro,Z" "-v" "/var/lib/crater-agent-workspace/cargo-home:/opt/rustwide/cargo-home:ro,Z" "-v" "/var/lib/crater-agent-workspace/rustup-home:/opt/rustwide/rustup-home:ro,Z" "-e" "SOURCE_DIR=/opt/rustwide/workdir" "-e" "CARGO_TARGET_DIR=/opt/rustwide/target" "-e" "CARGO_HOME=/opt/rustwide/cargo-home" "-e" "RUSTUP_HOME=/opt/rustwide/rustup-home" "-w" "/opt/rustwide/workdir" "-m" "1610612736" "--user" "0:0" "--network" "none" "ghcr.io/rust-lang/crates-build-env/linux@sha256:2788e3201cd34a07e3172128adcd8b3090168a8e3bcc40d7c032b9dda1df7d1c" "/opt/rustwide/cargo-home/bin/cargo" "+1.75.0" "metadata" "--no-deps" "--format-version=1", kill_on_drop: false }`
[INFO] [stdout] 30bec56f56a54745a19834ee05ad13d437d3fee412a233bce542f9fffa240e26
[INFO] running `Command { std: "docker" "start" "-a" "30bec56f56a54745a19834ee05ad13d437d3fee412a233bce542f9fffa240e26", kill_on_drop: false }`
[INFO] running `Command { std: "docker" "inspect" "30bec56f56a54745a19834ee05ad13d437d3fee412a233bce542f9fffa240e26", kill_on_drop: false }`
[INFO] running `Command { std: "docker" "rm" "-f" "30bec56f56a54745a19834ee05ad13d437d3fee412a233bce542f9fffa240e26", kill_on_drop: false }`
[INFO] [stdout] 30bec56f56a54745a19834ee05ad13d437d3fee412a233bce542f9fffa240e26
[INFO] running `Command { std: "docker" "create" "-v" "/var/lib/crater-agent-workspace/builds/worker-1-tc1/target:/opt/rustwide/target:rw,Z" "-v" "/var/lib/crater-agent-workspace/builds/worker-1-tc1/source:/opt/rustwide/workdir:ro,Z" "-v" "/var/lib/crater-agent-workspace/cargo-home:/opt/rustwide/cargo-home:ro,Z" "-v" "/var/lib/crater-agent-workspace/rustup-home:/opt/rustwide/rustup-home:ro,Z" "-e" "SOURCE_DIR=/opt/rustwide/workdir" "-e" "CARGO_TARGET_DIR=/opt/rustwide/target" "-e" "CARGO_INCREMENTAL=0" "-e" "RUST_BACKTRACE=full" "-e" "RUSTFLAGS=--cap-lints=warn" "-e" "RUSTDOCFLAGS=--cap-lints=warn" "-e" "CARGO_HOME=/opt/rustwide/cargo-home" "-e" "RUSTUP_HOME=/opt/rustwide/rustup-home" "-w" "/opt/rustwide/workdir" "-m" "1610612736" "--user" "0:0" "--network" "none" "ghcr.io/rust-lang/crates-build-env/linux@sha256:2788e3201cd34a07e3172128adcd8b3090168a8e3bcc40d7c032b9dda1df7d1c" "/opt/rustwide/cargo-home/bin/cargo" "+1.75.0" "build" "--frozen" "--message-format=json", kill_on_drop: false }`
[INFO] [stdout] 624d54f5f9a7253a0ffaab63923fec0bea88de46b53e1b7eef1336eeb3632e18
[INFO] running `Command { std: "docker" "start" "-a" "624d54f5f9a7253a0ffaab63923fec0bea88de46b53e1b7eef1336eeb3632e18", kill_on_drop: false }`
[INFO] [stderr]    Compiling cfg-if v1.0.0
[INFO] [stderr]    Compiling proc-macro2 v1.0.51
[INFO] [stderr]    Compiling libc v0.2.139
[INFO] [stderr]    Compiling quote v1.0.23
[INFO] [stderr]    Compiling unicode-ident v1.0.6
[INFO] [stderr]    Compiling syn v1.0.107
[INFO] [stderr]    Compiling version_check v0.9.4
[INFO] [stderr]    Compiling autocfg v1.1.0
[INFO] [stderr]    Compiling memchr v2.5.0
[INFO] [stderr]    Compiling pin-project-lite v0.2.9
[INFO] [stderr]    Compiling log v0.4.17
[INFO] [stderr]    Compiling futures-core v0.3.26
[INFO] [stderr]    Compiling once_cell v1.17.1
[INFO] [stderr]    Compiling parking_lot_core v0.9.7
[INFO] [stderr]    Compiling scopeguard v1.1.0
[INFO] [stderr]    Compiling smallvec v1.10.0
[INFO] [stderr]    Compiling bytes v1.4.0
[INFO] [stderr]    Compiling itoa v1.0.5
[INFO] [stderr]    Compiling futures-sink v0.3.26
[INFO] [stderr]    Compiling futures-channel v0.3.26
[INFO] [stderr]    Compiling futures-task v0.3.26
[INFO] [stderr]    Compiling futures-util v0.3.26
[INFO] [stderr]    Compiling typenum v1.16.0
[INFO] [stderr]    Compiling tracing-core v0.1.30
[INFO] [stderr]    Compiling pkg-config v0.3.26
[INFO] [stderr]    Compiling futures-io v0.3.26
[INFO] [stderr]    Compiling generic-array v0.14.6
[INFO] [stderr]    Compiling lock_api v0.4.9
[INFO] [stderr]    Compiling slab v0.4.8
[INFO] [stderr]    Compiling tokio v1.25.0
[INFO] [stderr]    Compiling serde_derive v1.0.152
[INFO] [stderr]    Compiling bitflags v1.3.2
[INFO] [stderr]    Compiling regex-syntax v0.6.28
[INFO] [stderr]    Compiling pin-utils v0.1.0
[INFO] [stderr]    Compiling serde v1.0.152
[INFO] [stderr]    Compiling fnv v1.0.7
[INFO] [stderr]    Compiling paste v1.0.11
[INFO] [stderr]    Compiling tracing v0.1.37
[INFO] [stderr]    Compiling jobserver v0.1.25
[INFO] [stderr]    Compiling http v0.2.9
[INFO] [stderr]    Compiling percent-encoding v2.2.0
[INFO] [stderr]    Compiling aho-corasick v0.7.20
[INFO] [stderr]    Compiling cc v1.0.79
[INFO] [stderr]    Compiling bytestring v1.2.0
[INFO] [stderr]    Compiling indexmap v1.9.2
[INFO] [stderr]    Compiling alloc-no-stdlib v2.0.4
[INFO] [stderr]    Compiling local-waker v0.1.3
[INFO] [stderr]    Compiling tinyvec_macros v0.1.1
[INFO] [stderr]    Compiling zstd-safe v6.0.4+zstd.1.5.4
[INFO] [stderr]    Compiling crc32fast v1.3.2
[INFO] [stderr]    Compiling alloc-stdlib v0.2.2
[INFO] [stderr]    Compiling tinyvec v1.6.0
[INFO] [stderr]    Compiling ahash v0.7.6
[INFO] [stderr]    Compiling mio v0.8.6
[INFO] [stderr]    Compiling socket2 v0.4.7
[INFO] [stderr]    Compiling signal-hook-registry v1.4.1
[INFO] [stderr]    Compiling parking_lot v0.12.1
[INFO] [stderr]    Compiling getrandom v0.2.8
[INFO] [stderr]    Compiling rand_core v0.6.4
[INFO] [stderr]    Compiling adler v1.0.2
[INFO] [stderr]    Compiling httparse v1.8.0
[INFO] [stderr]    Compiling ryu v1.0.12
[INFO] [stderr]    Compiling hashbrown v0.12.3
[INFO] [stderr]    Compiling ppv-lite86 v0.2.17
[INFO] [stderr]    Compiling serde_json v1.0.93
[INFO] [stderr]    Compiling time-core v0.1.0
[INFO] [stderr]    Compiling regex v1.7.1
[INFO] [stderr]    Compiling time-macros v0.2.7
[INFO] [stderr]    Compiling unicode-normalization v0.1.22
[INFO] [stderr]    Compiling actix-service v2.0.2
[INFO] [stderr]    Compiling zstd-sys v2.0.7+zstd.1.5.4
[INFO] [stderr]    Compiling miniz_oxide v0.6.2
[INFO] [stderr]    Compiling crypto-common v0.1.6
[INFO] [stderr]    Compiling block-buffer v0.10.3
[INFO] [stderr]    Compiling digest v0.10.6
[INFO] [stderr]    Compiling rand_chacha v0.3.1
[INFO] [stderr]    Compiling brotli-decompressor v2.3.4
[INFO] [stderr]    Compiling actix-utils v3.0.1
[INFO] [stderr]    Compiling form_urlencoded v1.1.0
[INFO] [stderr]    Compiling cookie v0.16.2
[INFO] [stderr]    Compiling unicase v2.6.0
[INFO] [stderr]    Compiling io-lifetimes v1.0.5
[INFO] [stderr]    Compiling thiserror v1.0.38
[INFO] [stderr]    Compiling mime v0.3.16
[INFO] [stderr]    Compiling unicode-bidi v0.3.10
[INFO] [stderr]    Compiling convert_case v0.4.0
[INFO] [stderr]    Compiling cpufeatures v0.2.5
[INFO] [stderr]    Compiling sha1 v0.10.5
[INFO] [stderr]    Compiling rand v0.8.5
[INFO] [stderr]    Compiling flate2 v1.0.25
[INFO] [stderr]    Compiling idna v0.3.0
[INFO] [stderr]    Compiling brotli v3.3.4
[INFO] [stderr]    Compiling num_cpus v1.15.0
[INFO] [stderr]    Compiling encoding_rs v0.8.32
[INFO] [stderr]    Compiling rustix v0.36.8
[INFO] [stderr]    Compiling base64 v0.21.0
[INFO] [stderr]    Compiling httpdate v1.0.2
[INFO] [stderr]    Compiling language-tags v0.3.2
[INFO] [stderr]    Compiling url v2.3.1
[INFO] [stderr]    Compiling time v0.3.19
[INFO] [stderr]    Compiling proc-macro-error-attr v1.0.4
[INFO] [stderr]    Compiling linux-raw-sys v0.1.4
[INFO] [stderr]    Compiling ucd-trie v0.1.5
[INFO] [stderr]    Compiling proc-macro-error v1.0.4
[INFO] [stderr]    Compiling pq-sys v0.4.7
[INFO] [stderr]    Compiling mime_guess v2.0.4
[INFO] [stderr]    Compiling unchecked-index v0.2.2
[INFO] [stderr]    Compiling tokio-util v0.7.7
[INFO] [stderr]    Compiling twoway v0.2.2
[INFO] [stderr]    Compiling actix-router v0.5.1
[INFO] [stderr]    Compiling scheduled-thread-pool v0.2.6
[INFO] [stderr]    Compiling same-file v1.0.6
[INFO] [stderr]    Compiling fastrand v1.9.0
[INFO] [stderr]    Compiling lazy_static v1.4.0
[INFO] [stderr]    Compiling sanitize-filename v0.2.1
[INFO] [stderr]    Compiling walkdir v2.3.2
[INFO] [stderr]    Compiling actix-codec v0.5.0
[INFO] [stderr]    Compiling r2d2 v0.8.10
[INFO] [stderr]    Compiling uuid v0.8.2
[INFO] [stderr]    Compiling bytes v0.5.6
[INFO] [stderr]    Compiling byteorder v1.4.3
[INFO] [stderr]    Compiling http-range v0.1.5
[INFO] [stderr]    Compiling askama_escape v0.10.3
[INFO] [stderr]    Compiling humantime v2.1.0
[INFO] [stderr]    Compiling termcolor v1.2.0
[INFO] [stderr]    Compiling tempfile v3.4.0
[INFO] [stderr]    Compiling is-terminal v0.4.4
[INFO] [stderr]    Compiling futures-macro v0.3.26
[INFO] [stderr]    Compiling actix-macros v0.2.3
[INFO] [stderr]    Compiling thiserror-impl v1.0.38
[INFO] [stderr]    Compiling derive_more v0.99.17
[INFO] [stderr]    Compiling actix-web-codegen v4.1.0
[INFO] [stderr]    Compiling diesel_derives v2.0.1
[INFO] [stderr]    Compiling env_logger v0.10.0
[INFO] [stderr]    Compiling actix-rt v2.8.0
[INFO] [stderr]    Compiling pest v2.5.5
[INFO] [stderr]    Compiling pest_meta v2.5.5
[INFO] [stderr]    Compiling pest_generator v2.5.5
[INFO] [stderr]    Compiling diesel v2.0.3
[INFO] [stderr]    Compiling zstd v0.12.3+zstd.1.5.2
[INFO] [stderr]    Compiling h2 v0.3.15
[INFO] [stderr]    Compiling local-channel v0.1.3
[INFO] [stderr]    Compiling actix-server v2.2.0
[INFO] [stderr]    Compiling futures-executor v0.3.26
[INFO] [stderr]    Compiling pest_derive v2.5.5
[INFO] [stderr]    Compiling futures v0.3.26
[INFO] [stderr]    Compiling serde_urlencoded v0.7.1
[INFO] [stderr]    Compiling handlebars v4.3.6
[INFO] [stderr]    Compiling actix-http v3.3.0
[INFO] [stderr]    Compiling actix-web v4.3.0
[INFO] [stderr]    Compiling actix-multipart v0.4.0
[INFO] [stderr]    Compiling actix-cors v0.6.4
[INFO] [stderr]    Compiling actix-files v0.6.2
[INFO] [stderr]    Compiling awmp v0.8.1
[INFO] [stderr]    Compiling actix-web-app v0.1.0 (/opt/rustwide/workdir)
[INFO] [stdout] warning: unused import: `Responder`
[INFO] [stdout]  --> src/api/logos.rs:2:36
[INFO] [stdout]   |
[INFO] [stdout] 2 | use actix_web::{web, HttpResponse, Responder};
[INFO] [stdout]   |                                    ^^^^^^^^^
[INFO] [stdout]   |
[INFO] [stdout]   = note: `#[warn(unused_imports)]` on by default
[INFO] [stdout] 
[INFO] [stdout] 
[INFO] [stdout] warning: unused import: `regex::Regex`
[INFO] [stdout]  --> src/pages/add.rs:7:5
[INFO] [stdout]   |
[INFO] [stdout] 7 | use regex::Regex;
[INFO] [stdout]   |     ^^^^^^^^^^^^
[INFO] [stdout] 
[INFO] [stdout] 
[INFO] [stdout] warning: unused `Result` that must be used
[INFO] [stdout]   --> src/pages/add.rs:45:5
[INFO] [stdout]    |
[INFO] [stdout] 45 | /     web::block(move || {
[INFO] [stdout] 46 | |         diesel::insert_into(rust_logos)
[INFO] [stdout] 47 | |             .values(&draft_logo)
[INFO] [stdout] 48 | |             .execute(&mut con)
[INFO] [stdout] ...  |
[INFO] [stdout] 51 | |     .map_err(|_| HttpResponse::InternalServerError().finish())
[INFO] [stdout] 52 | |     .unwrap();
[INFO] [stdout]    | |_____________^
[INFO] [stdout]    |
[INFO] [stdout]    = note: this `Result` may be an `Err` variant, which should be handled
[INFO] [stdout]    = note: `#[warn(unused_must_use)]` on by default
[INFO] [stdout] help: use `let _ = ...` to ignore the resulting value
[INFO] [stdout]    |
[INFO] [stdout] 45 |     let _ = web::block(move || {
[INFO] [stdout]    |     +++++++
[INFO] [stdout] 
[INFO] [stdout] 
[INFO] [stdout] warning: 3 warnings emitted
[INFO] [stdout] 
[INFO] [stdout] 
[INFO] [stderr]     Finished dev [unoptimized + debuginfo] target(s) in 34.10s
[INFO] running `Command { std: "docker" "inspect" "624d54f5f9a7253a0ffaab63923fec0bea88de46b53e1b7eef1336eeb3632e18", kill_on_drop: false }`
[INFO] running `Command { std: "docker" "rm" "-f" "624d54f5f9a7253a0ffaab63923fec0bea88de46b53e1b7eef1336eeb3632e18", kill_on_drop: false }`
[INFO] [stdout] 624d54f5f9a7253a0ffaab63923fec0bea88de46b53e1b7eef1336eeb3632e18
[INFO] running `Command { std: "docker" "create" "-v" "/var/lib/crater-agent-workspace/builds/worker-1-tc1/target:/opt/rustwide/target:rw,Z" "-v" "/var/lib/crater-agent-workspace/builds/worker-1-tc1/source:/opt/rustwide/workdir:ro,Z" "-v" "/var/lib/crater-agent-workspace/cargo-home:/opt/rustwide/cargo-home:ro,Z" "-v" "/var/lib/crater-agent-workspace/rustup-home:/opt/rustwide/rustup-home:ro,Z" "-e" "SOURCE_DIR=/opt/rustwide/workdir" "-e" "CARGO_TARGET_DIR=/opt/rustwide/target" "-e" "CARGO_INCREMENTAL=0" "-e" "RUST_BACKTRACE=full" "-e" "RUSTFLAGS=--cap-lints=warn" "-e" "RUSTDOCFLAGS=--cap-lints=warn" "-e" "CARGO_HOME=/opt/rustwide/cargo-home" "-e" "RUSTUP_HOME=/opt/rustwide/rustup-home" "-w" "/opt/rustwide/workdir" "-m" "1610612736" "--user" "0:0" "--network" "none" "ghcr.io/rust-lang/crates-build-env/linux@sha256:2788e3201cd34a07e3172128adcd8b3090168a8e3bcc40d7c032b9dda1df7d1c" "/opt/rustwide/cargo-home/bin/cargo" "+1.75.0" "test" "--frozen" "--no-run" "--message-format=json", kill_on_drop: false }`
[INFO] [stdout] 77846357cf939fe94a190c0411094f9dfba6abaafe98d5ab94bec4f0b6edd751
[INFO] running `Command { std: "docker" "start" "-a" "77846357cf939fe94a190c0411094f9dfba6abaafe98d5ab94bec4f0b6edd751", kill_on_drop: false }`
[INFO] [stderr]    Compiling actix-web-app v0.1.0 (/opt/rustwide/workdir)
[INFO] [stdout] warning: unused import: `Responder`
[INFO] [stdout]  --> src/api/logos.rs:2:36
[INFO] [stdout]   |
[INFO] [stdout] 2 | use actix_web::{web, HttpResponse, Responder};
[INFO] [stdout]   |                                    ^^^^^^^^^
[INFO] [stdout]   |
[INFO] [stdout]   = note: `#[warn(unused_imports)]` on by default
[INFO] [stdout] 
[INFO] [stdout] 
[INFO] [stdout] warning: unused import: `regex::Regex`
[INFO] [stdout]  --> src/pages/add.rs:7:5
[INFO] [stdout]   |
[INFO] [stdout] 7 | use regex::Regex;
[INFO] [stdout]   |     ^^^^^^^^^^^^
[INFO] [stdout] 
[INFO] [stdout] 
[INFO] [stdout] warning: unused import: `diesel::prelude`
[INFO] [stdout]   --> src/api/logos.rs:29:9
[INFO] [stdout]    |
[INFO] [stdout] 29 |     use diesel::prelude::*;
[INFO] [stdout]    |         ^^^^^^^^^^^^^^^
[INFO] [stdout] 
[INFO] [stdout] 
[INFO] [stdout] warning: unused implementer of `std::future::Future` that must be used
[INFO] [stdout]   --> src/api/logos.rs:44:9
[INFO] [stdout]    |
[INFO] [stdout] 44 |         insert_test_data(&pool);
[INFO] [stdout]    |         ^^^^^^^^^^^^^^^^^^^^^^^
[INFO] [stdout]    |
[INFO] [stdout]    = note: futures do nothing unless you `.await` or poll them
[INFO] [stdout]    = note: `#[warn(unused_must_use)]` on by default
[INFO] [stdout] 
[INFO] [stdout] 
[INFO] [stdout] warning: unused `Result` that must be used
[INFO] [stdout]   --> src/pages/add.rs:45:5
[INFO] [stdout]    |
[INFO] [stdout] 45 | /     web::block(move || {
[INFO] [stdout] 46 | |         diesel::insert_into(rust_logos)
[INFO] [stdout] 47 | |             .values(&draft_logo)
[INFO] [stdout] 48 | |             .execute(&mut con)
[INFO] [stdout] ...  |
[INFO] [stdout] 51 | |     .map_err(|_| HttpResponse::InternalServerError().finish())
[INFO] [stdout] 52 | |     .unwrap();
[INFO] [stdout]    | |_____________^
[INFO] [stdout]    |
[INFO] [stdout]    = note: this `Result` may be an `Err` variant, which should be handled
[INFO] [stdout] help: use `let _ = ...` to ignore the resulting value
[INFO] [stdout]    |
[INFO] [stdout] 45 |     let _ = web::block(move || {
[INFO] [stdout]    |     +++++++
[INFO] [stdout] 
[INFO] [stdout] 
[INFO] [stdout] warning: 5 warnings emitted
[INFO] [stdout] 
[INFO] [stdout] 
[INFO] [stderr]     Finished test [unoptimized + debuginfo] target(s) in 3.42s
[INFO] running `Command { std: "docker" "inspect" "77846357cf939fe94a190c0411094f9dfba6abaafe98d5ab94bec4f0b6edd751", kill_on_drop: false }`
[INFO] running `Command { std: "docker" "rm" "-f" "77846357cf939fe94a190c0411094f9dfba6abaafe98d5ab94bec4f0b6edd751", kill_on_drop: false }`
[INFO] [stdout] 77846357cf939fe94a190c0411094f9dfba6abaafe98d5ab94bec4f0b6edd751
[INFO] running `Command { std: "docker" "create" "-v" "/var/lib/crater-agent-workspace/builds/worker-1-tc1/target:/opt/rustwide/target:rw,Z" "-v" "/var/lib/crater-agent-workspace/builds/worker-1-tc1/source:/opt/rustwide/workdir:ro,Z" "-v" "/var/lib/crater-agent-workspace/cargo-home:/opt/rustwide/cargo-home:ro,Z" "-v" "/var/lib/crater-agent-workspace/rustup-home:/opt/rustwide/rustup-home:ro,Z" "-e" "SOURCE_DIR=/opt/rustwide/workdir" "-e" "CARGO_TARGET_DIR=/opt/rustwide/target" "-e" "CARGO_INCREMENTAL=0" "-e" "RUST_BACKTRACE=full" "-e" "RUSTFLAGS=--cap-lints=warn" "-e" "RUSTDOCFLAGS=--cap-lints=warn" "-e" "CARGO_HOME=/opt/rustwide/cargo-home" "-e" "RUSTUP_HOME=/opt/rustwide/rustup-home" "-w" "/opt/rustwide/workdir" "-m" "1610612736" "--user" "0:0" "--network" "none" "ghcr.io/rust-lang/crates-build-env/linux@sha256:2788e3201cd34a07e3172128adcd8b3090168a8e3bcc40d7c032b9dda1df7d1c" "/opt/rustwide/cargo-home/bin/cargo" "+1.75.0" "test" "--frozen", kill_on_drop: false }`
[INFO] [stdout] 3f2ebc52cec40b995e81becb37b8622619fd934c617244cc7e51964a50c724a0
[INFO] running `Command { std: "docker" "start" "-a" "3f2ebc52cec40b995e81becb37b8622619fd934c617244cc7e51964a50c724a0", kill_on_drop: false }`
[INFO] [stderr] warning: unused import: `Responder`
[INFO] [stderr]  --> src/api/logos.rs:2:36
[INFO] [stderr]   |
[INFO] [stderr] 2 | use actix_web::{web, HttpResponse, Responder};
[INFO] [stderr]   |                                    ^^^^^^^^^
[INFO] [stderr]   |
[INFO] [stderr]   = note: `#[warn(unused_imports)]` on by default
[INFO] [stderr] 
[INFO] [stderr] warning: unused import: `regex::Regex`
[INFO] [stderr]  --> src/pages/add.rs:7:5
[INFO] [stderr]   |
[INFO] [stderr] 7 | use regex::Regex;
[INFO] [stderr]   |     ^^^^^^^^^^^^
[INFO] [stderr] 
[INFO] [stderr] warning: unused import: `diesel::prelude`
[INFO] [stderr]   --> src/api/logos.rs:29:9
[INFO] [stderr]    |
[INFO] [stderr] 29 |     use diesel::prelude::*;
[INFO] [stderr]    |         ^^^^^^^^^^^^^^^
[INFO] [stderr] 
[INFO] [stderr] warning: unused implementer of `std::future::Future` that must be used
[INFO] [stderr]   --> src/api/logos.rs:44:9
[INFO] [stderr]    |
[INFO] [stderr] 44 |         insert_test_data(&pool);
[INFO] [stderr]    |         ^^^^^^^^^^^^^^^^^^^^^^^
[INFO] [stderr]    |
[INFO] [stderr]    = note: futures do nothing unless you `.await` or poll them
[INFO] [stderr]    = note: `#[warn(unused_must_use)]` on by default
[INFO] [stderr] 
[INFO] [stderr] warning: unused `Result` that must be used
[INFO] [stderr]   --> src/pages/add.rs:45:5
[INFO] [stderr]    |
[INFO] [stderr] 45 | /     web::block(move || {
[INFO] [stderr] 46 | |         diesel::insert_into(rust_logos)
[INFO] [stderr] 47 | |             .values(&draft_logo)
[INFO] [stderr] 48 | |             .execute(&mut con)
[INFO] [stderr] ...  |
[INFO] [stderr] 51 | |     .map_err(|_| HttpResponse::InternalServerError().finish())
[INFO] [stderr] 52 | |     .unwrap();
[INFO] [stderr]    | |_____________^
[INFO] [stderr]    |
[INFO] [stderr]    = note: this `Result` may be an `Err` variant, which should be handled
[INFO] [stderr] help: use `let _ = ...` to ignore the resulting value
[INFO] [stderr]    |
[INFO] [stderr] 45 |     let _ = web::block(move || {
[INFO] [stderr]    |     +++++++
[INFO] [stderr] 
[INFO] [stderr] warning: `actix-web-app` (bin "actix-web-app" test) generated 5 warnings (run `cargo fix --bin "actix-web-app" --tests` to apply 2 suggestions)
[INFO] [stderr]     Finished test [unoptimized + debuginfo] target(s) in 0.11s
[INFO] [stderr]      Running unittests src/main.rs (/opt/rustwide/target/debug/deps/actix_web_app-9571313abad348fb)
[INFO] [stdout] 
[INFO] [stdout] running 1 test
[INFO] [stdout] test api::logos::tests::test_get_all_logos ... FAILED
[INFO] [stdout] 
[INFO] [stdout] failures:
[INFO] [stdout] 
[INFO] [stdout] ---- api::logos::tests::test_get_all_logos stdout ----
[INFO] [stdout] thread 'api::logos::tests::test_get_all_logos' panicked at src/util/db_util.rs:9:43:
[INFO] [stdout] DATABASE_URL must be set: NotPresent
[INFO] [stdout] stack backtrace:
[INFO] [stdout]    0:     0x5618bb44becc - std::backtrace_rs::backtrace::libunwind::trace::ha637c64ce894333a
[INFO] [stdout]                                at /rustc/82e1608dfa6e0b5569232559e3d385fea5a93112/library/std/src/../../backtrace/src/backtrace/libunwind.rs:104:5
[INFO] [stdout]    1:     0x5618bb44becc - std::backtrace_rs::backtrace::trace_unsynchronized::h47f62dea28e0c88d
[INFO] [stdout]                                at /rustc/82e1608dfa6e0b5569232559e3d385fea5a93112/library/std/src/../../backtrace/src/backtrace/mod.rs:66:5
[INFO] [stdout]    2:     0x5618bb44becc - std::sys_common::backtrace::_print_fmt::h9eef0abe20ede486
[INFO] [stdout]                                at /rustc/82e1608dfa6e0b5569232559e3d385fea5a93112/library/std/src/sys_common/backtrace.rs:67:5
[INFO] [stdout]    3:     0x5618bb44becc - <std::sys_common::backtrace::_print::DisplayBacktrace as core::fmt::Display>::fmt::hed7f999df88cc644
[INFO] [stdout]                                at /rustc/82e1608dfa6e0b5569232559e3d385fea5a93112/library/std/src/sys_common/backtrace.rs:44:22
[INFO] [stdout]    4:     0x5618bb4776e0 - core::fmt::rt::Argument::fmt::h1539a9308b8d058d
[INFO] [stdout]                                at /rustc/82e1608dfa6e0b5569232559e3d385fea5a93112/library/core/src/fmt/rt.rs:142:9
[INFO] [stdout]    5:     0x5618bb4776e0 - core::fmt::write::h3a39390d8560d9c9
[INFO] [stdout]                                at /rustc/82e1608dfa6e0b5569232559e3d385fea5a93112/library/core/src/fmt/mod.rs:1120:17
[INFO] [stdout]    6:     0x5618bb44975f - std::io::Write::write_fmt::h040b369f3a0f9cbc
[INFO] [stdout]                                at /rustc/82e1608dfa6e0b5569232559e3d385fea5a93112/library/std/src/io/mod.rs:1762:15
[INFO] [stdout]    7:     0x5618bb44bcb4 - std::sys_common::backtrace::_print::h894006fb5c6f3d45
[INFO] [stdout]                                at /rustc/82e1608dfa6e0b5569232559e3d385fea5a93112/library/std/src/sys_common/backtrace.rs:47:5
[INFO] [stdout]    8:     0x5618bb44bcb4 - std::sys_common::backtrace::print::h23a2d212c6fff936
[INFO] [stdout]                                at /rustc/82e1608dfa6e0b5569232559e3d385fea5a93112/library/std/src/sys_common/backtrace.rs:34:9
[INFO] [stdout]    9:     0x5618bb44d977 - std::panicking::default_hook::{{closure}}::h8a1d2ee00185001a
[INFO] [stdout]   10:     0x5618bb44d663 - std::panicking::default_hook::h6038f2eba384e475
[INFO] [stdout]                                at /rustc/82e1608dfa6e0b5569232559e3d385fea5a93112/library/std/src/panicking.rs:289:9
[INFO] [stdout]   11:     0x5618bb0c9f07 - <alloc::boxed::Box<F,A> as core::ops::function::Fn<Args>>::call::h0ad024c9bdc6d768
[INFO] [stdout]                                at /rustc/82e1608dfa6e0b5569232559e3d385fea5a93112/library/alloc/src/boxed.rs:2021:9
[INFO] [stdout]   12:     0x5618bb0c9f07 - test::test_main::{{closure}}::h7500b54257359db6
[INFO] [stdout]                                at /rustc/82e1608dfa6e0b5569232559e3d385fea5a93112/library/test/src/lib.rs:138:21
[INFO] [stdout]   13:     0x5618bb44df88 - <alloc::boxed::Box<F,A> as core::ops::function::Fn<Args>>::call::h1f8f335eaa9cfaee
[INFO] [stdout]                                at /rustc/82e1608dfa6e0b5569232559e3d385fea5a93112/library/alloc/src/boxed.rs:2021:9
[INFO] [stdout]   14:     0x5618bb44df88 - std::panicking::rust_panic_with_hook::h2b5517d590cab22e
[INFO] [stdout]                                at /rustc/82e1608dfa6e0b5569232559e3d385fea5a93112/library/std/src/panicking.rs:783:13
[INFO] [stdout]   15:     0x5618bb44dcde - std::panicking::begin_panic_handler::{{closure}}::h233112c06e0ef43e
[INFO] [stdout]                                at /rustc/82e1608dfa6e0b5569232559e3d385fea5a93112/library/std/src/panicking.rs:657:13
[INFO] [stdout]   16:     0x5618bb44c396 - std::sys_common::backtrace::__rust_end_short_backtrace::h6e893f24d7ebbff8
[INFO] [stdout]                                at /rustc/82e1608dfa6e0b5569232559e3d385fea5a93112/library/std/src/sys_common/backtrace.rs:170:18
[INFO] [stdout]   17:     0x5618bb44da42 - rust_begin_unwind
[INFO] [stdout]                                at /rustc/82e1608dfa6e0b5569232559e3d385fea5a93112/library/std/src/panicking.rs:645:5
[INFO] [stdout]   18:     0x5618bb0402a5 - core::panicking::panic_fmt::hbf0e066aabfa482c
[INFO] [stdout]                                at /rustc/82e1608dfa6e0b5569232559e3d385fea5a93112/library/core/src/panicking.rs:72:14
[INFO] [stdout]   19:     0x5618bb040873 - core::result::unwrap_failed::hddb4fea594200c52
[INFO] [stdout]                                at /rustc/82e1608dfa6e0b5569232559e3d385fea5a93112/library/core/src/result.rs:1653:5
[INFO] [stdout]   20:     0x5618bb05db86 - core::result::Result<T,E>::expect::h93f6aabf098392fd
[INFO] [stdout]                                at /rustc/82e1608dfa6e0b5569232559e3d385fea5a93112/library/core/src/result.rs:1034:23
[INFO] [stdout]   21:     0x5618bb068380 - actix_web_app::util::db_util::get_pool::heb6a7e309d02e96f
[INFO] [stdout]                                at /opt/rustwide/workdir/src/util/db_util.rs:9:18
[INFO] [stdout]   22:     0x5618bb078bd3 - actix_web_app::api::logos::tests::test_get_all_logos::{{closure}}::h3a4f570bded1eb71
[INFO] [stdout]                                at /opt/rustwide/workdir/src/api/logos.rs:42:20
[INFO] [stdout]   23:     0x5618bb05b527 - <tokio::task::local::RunUntil<T> as core::future::future::Future>::poll::{{closure}}::he0569def7174961f
[INFO] [stdout]                                at /opt/rustwide/cargo-home/registry/src/index.crates.io-6f17d22bba15001f/tokio-1.25.0/src/task/local.rs:923:42
[INFO] [stdout]   24:     0x5618bb0597e1 - tokio::task::local::LocalSet::with::{{closure}}::h9492c1d36977ad8a
[INFO] [stdout]                                at /opt/rustwide/cargo-home/registry/src/index.crates.io-6f17d22bba15001f/tokio-1.25.0/src/task/local.rs:684:13
[INFO] [stdout]   25:     0x5618bb0902a4 - std::thread::local::LocalKey<T>::try_with::hb2f94360f1d94e17
[INFO] [stdout]                                at /rustc/82e1608dfa6e0b5569232559e3d385fea5a93112/library/std/src/thread/local.rs:270:16
[INFO] [stdout]   26:     0x5618bb08fd2a - std::thread::local::LocalKey<T>::with::h4a3e4f760ea9ecde
[INFO] [stdout]                                at /rustc/82e1608dfa6e0b5569232559e3d385fea5a93112/library/std/src/thread/local.rs:246:9
[INFO] [stdout]   27:     0x5618bb05970b - tokio::task::local::LocalSet::with::h2e64e4484b34c1c0
[INFO] [stdout]                                at /opt/rustwide/cargo-home/registry/src/index.crates.io-6f17d22bba15001f/tokio-1.25.0/src/task/local.rs:667:9
[INFO] [stdout]   28:     0x5618bb05b48a - <tokio::task::local::RunUntil<T> as core::future::future::Future>::poll::h9d3ac92a9b28ad05
[INFO] [stdout]                                at /opt/rustwide/cargo-home/registry/src/index.crates.io-6f17d22bba15001f/tokio-1.25.0/src/task/local.rs:913:9
[INFO] [stdout]   29:     0x5618bb059ad5 - tokio::task::local::LocalSet::run_until::{{closure}}::h517244c58b0ba7f5
[INFO] [stdout]                                at /opt/rustwide/cargo-home/registry/src/index.crates.io-6f17d22bba15001f/tokio-1.25.0/src/task/local.rs:573:19
[INFO] [stdout]   30:     0x5618bb063a0b - <core::pin::Pin<P> as core::future::future::Future>::poll::h8e4e6d40ffbe13bd
[INFO] [stdout]                                at /rustc/82e1608dfa6e0b5569232559e3d385fea5a93112/library/core/src/future/future.rs:125:9
[INFO] [stdout]   31:     0x5618bb093394 - tokio::runtime::scheduler::current_thread::CoreGuard::block_on::{{closure}}::{{closure}}::{{closure}}::h543c414669690766
[INFO] [stdout]                                at /opt/rustwide/cargo-home/registry/src/index.crates.io-6f17d22bba15001f/tokio-1.25.0/src/runtime/scheduler/current_thread.rs:541:57
[INFO] [stdout]   32:     0x5618bb0932ca - tokio::runtime::coop::with_budget::h9a935df0a5c9b3fa
[INFO] [stdout]                                at /opt/rustwide/cargo-home/registry/src/index.crates.io-6f17d22bba15001f/tokio-1.25.0/src/runtime/coop.rs:102:5
[INFO] [stdout]   33:     0x5618bb0932ca - tokio::runtime::coop::budget::h17fc639d7183396c
[INFO] [stdout]                                at /opt/rustwide/cargo-home/registry/src/index.crates.io-6f17d22bba15001f/tokio-1.25.0/src/runtime/coop.rs:68:5
[INFO] [stdout]   34:     0x5618bb0932ca - tokio::runtime::scheduler::current_thread::CoreGuard::block_on::{{closure}}::{{closure}}::hd1dcd5ddc638b249
[INFO] [stdout]                                at /opt/rustwide/cargo-home/registry/src/index.crates.io-6f17d22bba15001f/tokio-1.25.0/src/runtime/scheduler/current_thread.rs:541:25
[INFO] [stdout]   35:     0x5618bb091a8c - tokio::runtime::scheduler::current_thread::Context::enter::h555356b6c30a930f
[INFO] [stdout]                                at /opt/rustwide/cargo-home/registry/src/index.crates.io-6f17d22bba15001f/tokio-1.25.0/src/runtime/scheduler/current_thread.rs:350:19
[INFO] [stdout]   36:     0x5618bb092872 - tokio::runtime::scheduler::current_thread::CoreGuard::block_on::{{closure}}::h752a812ff16ca72c
[INFO] [stdout]                                at /opt/rustwide/cargo-home/registry/src/index.crates.io-6f17d22bba15001f/tokio-1.25.0/src/runtime/scheduler/current_thread.rs:540:36
[INFO] [stdout]   37:     0x5618bb09258b - tokio::runtime::scheduler::current_thread::CoreGuard::enter::{{closure}}::h17ef1a406fc7a03a
[INFO] [stdout]                                at /opt/rustwide/cargo-home/registry/src/index.crates.io-6f17d22bba15001f/tokio-1.25.0/src/runtime/scheduler/current_thread.rs:615:57
[INFO] [stdout]   38:     0x5618bb05f4cd - tokio::macros::scoped_tls::ScopedKey<T>::set::hd9f8c409a8fd6667
[INFO] [stdout]                                at /opt/rustwide/cargo-home/registry/src/index.crates.io-6f17d22bba15001f/tokio-1.25.0/src/macros/scoped_tls.rs:61:9
[INFO] [stdout]   39:     0x5618bb09231f - tokio::runtime::scheduler::current_thread::CoreGuard::enter::h8f31b0deaf6a601e
[INFO] [stdout]                                at /opt/rustwide/cargo-home/registry/src/index.crates.io-6f17d22bba15001f/tokio-1.25.0/src/runtime/scheduler/current_thread.rs:615:27
[INFO] [stdout]   40:     0x5618bb0925bc - tokio::runtime::scheduler::current_thread::CoreGuard::block_on::ha31f8f7121eeed74
[INFO] [stdout]                                at /opt/rustwide/cargo-home/registry/src/index.crates.io-6f17d22bba15001f/tokio-1.25.0/src/runtime/scheduler/current_thread.rs:530:19
[INFO] [stdout]   41:     0x5618bb09151b - tokio::runtime::scheduler::current_thread::CurrentThread::block_on::hf57a89a0f31dec0e
[INFO] [stdout]                                at /opt/rustwide/cargo-home/registry/src/index.crates.io-6f17d22bba15001f/tokio-1.25.0/src/runtime/scheduler/current_thread.rs:154:24
[INFO] [stdout]   42:     0x5618bb04ed5f - tokio::runtime::runtime::Runtime::block_on::hf01dc7244f204e03
[INFO] [stdout]                                at /opt/rustwide/cargo-home/registry/src/index.crates.io-6f17d22bba15001f/tokio-1.25.0/src/runtime/runtime.rs:282:47
[INFO] [stdout]   43:     0x5618bb059893 - tokio::task::local::LocalSet::block_on::h78595643c1727487
[INFO] [stdout]                                at /opt/rustwide/cargo-home/registry/src/index.crates.io-6f17d22bba15001f/tokio-1.25.0/src/task/local.rs:534:9
[INFO] [stdout]   44:     0x5618bb093e67 - actix_rt::runtime::Runtime::block_on::hf164c877ca2fb6c8
[INFO] [stdout]                                at /opt/rustwide/cargo-home/registry/src/index.crates.io-6f17d22bba15001f/actix-rt-2.8.0/src/runtime.rs:82:9
[INFO] [stdout]   45:     0x5618bb04d0aa - actix_rt::system::SystemRunner::block_on::h3d0de7a13acb6804
[INFO] [stdout]                                at /opt/rustwide/cargo-home/registry/src/index.crates.io-6f17d22bba15001f/actix-rt-2.8.0/src/system.rs:210:9
[INFO] [stdout]   46:     0x5618bb078ae6 - actix_web_app::api::logos::tests::test_get_all_logos::h745f347b1ae6096e
[INFO] [stdout]                                at /opt/rustwide/workdir/src/api/logos.rs:40:5
[INFO] [stdout]   47:     0x5618bb078a97 - actix_web_app::api::logos::tests::test_get_all_logos::{{closure}}::hd58101f9842b994c
[INFO] [stdout]                                at /opt/rustwide/workdir/src/api/logos.rs:41:34
[INFO] [stdout]   48:     0x5618bb073316 - core::ops::function::FnOnce::call_once::h110ec36197a190b5
[INFO] [stdout]                                at /rustc/82e1608dfa6e0b5569232559e3d385fea5a93112/library/core/src/ops/function.rs:250:5
[INFO] [stdout]   49:     0x5618bb0cf55f - core::ops::function::FnOnce::call_once::h2b5d431d5046312d
[INFO] [stdout]                                at /rustc/82e1608dfa6e0b5569232559e3d385fea5a93112/library/core/src/ops/function.rs:250:5
[INFO] [stdout]   50:     0x5618bb0cf55f - test::__rust_begin_short_backtrace::h7714669af176e207
[INFO] [stdout]                                at /rustc/82e1608dfa6e0b5569232559e3d385fea5a93112/library/test/src/lib.rs:628:18
[INFO] [stdout]   51:     0x5618bb0ce575 - test::run_test_in_process::{{closure}}::h85218797dcbcec12
[INFO] [stdout]                                at /rustc/82e1608dfa6e0b5569232559e3d385fea5a93112/library/test/src/lib.rs:651:60
[INFO] [stdout]   52:     0x5618bb0ce575 - <core::panic::unwind_safe::AssertUnwindSafe<F> as core::ops::function::FnOnce<()>>::call_once::h76c106ea31c14d7b
[INFO] [stdout]                                at /rustc/82e1608dfa6e0b5569232559e3d385fea5a93112/library/core/src/panic/unwind_safe.rs:272:9
[INFO] [stdout]   53:     0x5618bb0ce575 - std::panicking::try::do_call::h3bd5d0f6620ee946
[INFO] [stdout]                                at /rustc/82e1608dfa6e0b5569232559e3d385fea5a93112/library/std/src/panicking.rs:552:40
[INFO] [stdout]   54:     0x5618bb0ce575 - std::panicking::try::h232e535e4744fe31
[INFO] [stdout]                                at /rustc/82e1608dfa6e0b5569232559e3d385fea5a93112/library/std/src/panicking.rs:516:19
[INFO] [stdout]   55:     0x5618bb0ce575 - std::panic::catch_unwind::h3ce3bd6ca8dbac68
[INFO] [stdout]                                at /rustc/82e1608dfa6e0b5569232559e3d385fea5a93112/library/std/src/panic.rs:142:14
[INFO] [stdout]   56:     0x5618bb0ce575 - test::run_test_in_process::hc97b257c9621286a
[INFO] [stdout]                                at /rustc/82e1608dfa6e0b5569232559e3d385fea5a93112/library/test/src/lib.rs:651:27
[INFO] [stdout]   57:     0x5618bb0ce575 - test::run_test::{{closure}}::h2aa798823a438d38
[INFO] [stdout]                                at /rustc/82e1608dfa6e0b5569232559e3d385fea5a93112/library/test/src/lib.rs:574:43
[INFO] [stdout]   58:     0x5618bb096836 - test::run_test::{{closure}}::h87d231c78fb59832
[INFO] [stdout]                                at /rustc/82e1608dfa6e0b5569232559e3d385fea5a93112/library/test/src/lib.rs:602:41
[INFO] [stdout]   59:     0x5618bb096836 - std::sys_common::backtrace::__rust_begin_short_backtrace::he6df152596625789
[INFO] [stdout]                                at /rustc/82e1608dfa6e0b5569232559e3d385fea5a93112/library/std/src/sys_common/backtrace.rs:154:18
[INFO] [stdout]   60:     0x5618bb09b8e7 - std::thread::Builder::spawn_unchecked_::{{closure}}::{{closure}}::ha94be15d1e0acf36
[INFO] [stdout]                                at /rustc/82e1608dfa6e0b5569232559e3d385fea5a93112/library/std/src/thread/mod.rs:529:17
[INFO] [stdout]   61:     0x5618bb09b8e7 - <core::panic::unwind_safe::AssertUnwindSafe<F> as core::ops::function::FnOnce<()>>::call_once::h9dc6bd6372f16606
[INFO] [stdout]                                at /rustc/82e1608dfa6e0b5569232559e3d385fea5a93112/library/core/src/panic/unwind_safe.rs:272:9
[INFO] [stdout]   62:     0x5618bb09b8e7 - std::panicking::try::do_call::h9057517f80303cd4
[INFO] [stdout]                                at /rustc/82e1608dfa6e0b5569232559e3d385fea5a93112/library/std/src/panicking.rs:552:40
[INFO] [stdout]   63:     0x5618bb09b8e7 - std::panicking::try::he3a30b11ee45340c
[INFO] [stdout]                                at /rustc/82e1608dfa6e0b5569232559e3d385fea5a93112/library/std/src/panicking.rs:516:19
[INFO] [stdout]   64:     0x5618bb09b8e7 - std::panic::catch_unwind::h410458cfd3528b8b
[INFO] [stdout]                                at /rustc/82e1608dfa6e0b5569232559e3d385fea5a93112/library/std/src/panic.rs:142:14
[INFO] [stdout]   65:     0x5618bb09b8e7 - std::thread::Builder::spawn_unchecked_::{{closure}}::h72ac3bdb567b737b
[INFO] [stdout]                                at /rustc/82e1608dfa6e0b5569232559e3d385fea5a93112/library/std/src/thread/mod.rs:528:30
[INFO] [stdout]   66:     0x5618bb09b8e7 - core::ops::function::FnOnce::call_once{{vtable.shim}}::h38f34da3654a8344
[INFO] [stdout]                                at /rustc/82e1608dfa6e0b5569232559e3d385fea5a93112/library/core/src/ops/function.rs:250:5
[INFO] [stdout]   67:     0x5618bb452b65 - <alloc::boxed::Box<F,A> as core::ops::function::FnOnce<Args>>::call_once::hc7eafaff61e32df9
[INFO] [stdout]                                at /rustc/82e1608dfa6e0b5569232559e3d385fea5a93112/library/alloc/src/boxed.rs:2007:9
[INFO] [stdout]   68:     0x5618bb452b65 - <alloc::boxed::Box<F,A> as core::ops::function::FnOnce<Args>>::call_once::h6ba4a5de48dd2304
[INFO] [stdout]                                at /rustc/82e1608dfa6e0b5569232559e3d385fea5a93112/library/alloc/src/boxed.rs:2007:9
[INFO] [stdout]   69:     0x5618bb452b65 - std::sys::unix::thread::Thread::new::thread_start::he469335aef763e45
[INFO] [stdout]                                at /rustc/82e1608dfa6e0b5569232559e3d385fea5a93112/library/std/src/sys/unix/thread.rs:108:17
[INFO] [stdout]   70:     0x7f39cb825ac3 - <unknown>
[INFO] [stdout]   71:     0x7f39cb8b6bf4 - __clone
[INFO] [stdout]   72:                0x0 - <unknown>
[INFO] [stdout] 
[INFO] [stdout] 
[INFO] [stdout] failures:
[INFO] [stdout]     api::logos::tests::test_get_all_logos
[INFO] [stdout] 
[INFO] [stdout] test result: FAILED. 0 passed; 1 failed; 0 ignored; 0 measured; 0 filtered out; finished in 0.06s
[INFO] [stdout] 
[INFO] [stderr] error: test failed, to rerun pass `--bin actix-web-app`
[INFO] running `Command { std: "docker" "inspect" "3f2ebc52cec40b995e81becb37b8622619fd934c617244cc7e51964a50c724a0", kill_on_drop: false }`
[INFO] running `Command { std: "docker" "rm" "-f" "3f2ebc52cec40b995e81becb37b8622619fd934c617244cc7e51964a50c724a0", kill_on_drop: false }`
[INFO] [stdout] 3f2ebc52cec40b995e81becb37b8622619fd934c617244cc7e51964a50c724a0
[INFO] testing csumudu/rust-actix-ssr against beta-2023-12-22 for beta-1.76-1
[INFO] running `Command { std: "git" "clone" "/workspace/cache/git-repos/https%3A%2F%2Fgithub.com%2Fcsumudu%2Frust-actix-ssr" "/workspace/builds/worker-1-tc2/source", kill_on_drop: false }`
[INFO] [stderr] Cloning into '/workspace/builds/worker-1-tc2/source'...
[INFO] [stderr] done.
[INFO] validating manifest of git repo https://github.com/csumudu/rust-actix-ssr on toolchain beta-2023-12-22
[INFO] running `Command { std: CARGO_HOME="/workspace/cargo-home" RUSTUP_HOME="/workspace/rustup-home" "/workspace/cargo-home/bin/cargo" "+beta-2023-12-22" "metadata" "--manifest-path" "Cargo.toml" "--no-deps", kill_on_drop: false }`
[INFO] started tweaking git repo https://github.com/csumudu/rust-actix-ssr
[INFO] finished tweaking git repo https://github.com/csumudu/rust-actix-ssr
[INFO] tweaked toml for git repo https://github.com/csumudu/rust-actix-ssr written to /workspace/builds/worker-1-tc2/source/Cargo.toml
[INFO] crate git repo https://github.com/csumudu/rust-actix-ssr already has a lockfile, it will not be regenerated
[INFO] running `Command { std: CARGO_HOME="/workspace/cargo-home" RUSTUP_HOME="/workspace/rustup-home" "/workspace/cargo-home/bin/cargo" "+beta-2023-12-22" "fetch" "--manifest-path" "Cargo.toml", kill_on_drop: false }`
[INFO] running `Command { std: "docker" "create" "-v" "/var/lib/crater-agent-workspace/builds/worker-1-tc2/target:/opt/rustwide/target:rw,Z" "-v" "/var/lib/crater-agent-workspace/builds/worker-1-tc2/source:/opt/rustwide/workdir:ro,Z" "-v" "/var/lib/crater-agent-workspace/cargo-home:/opt/rustwide/cargo-home:ro,Z" "-v" "/var/lib/crater-agent-workspace/rustup-home:/opt/rustwide/rustup-home:ro,Z" "-e" "SOURCE_DIR=/opt/rustwide/workdir" "-e" "CARGO_TARGET_DIR=/opt/rustwide/target" "-e" "CARGO_HOME=/opt/rustwide/cargo-home" "-e" "RUSTUP_HOME=/opt/rustwide/rustup-home" "-w" "/opt/rustwide/workdir" "-m" "1610612736" "--user" "0:0" "--network" "none" "ghcr.io/rust-lang/crates-build-env/linux@sha256:2788e3201cd34a07e3172128adcd8b3090168a8e3bcc40d7c032b9dda1df7d1c" "/opt/rustwide/cargo-home/bin/cargo" "+beta-2023-12-22" "metadata" "--no-deps" "--format-version=1", kill_on_drop: false }`
[INFO] [stdout] 84c3eb3f1ce4dd1a4ac19d9332a515e0b277ce0a2e11fe3a606e8f90f54f94b9
[INFO] running `Command { std: "docker" "start" "-a" "84c3eb3f1ce4dd1a4ac19d9332a515e0b277ce0a2e11fe3a606e8f90f54f94b9", kill_on_drop: false }`
[INFO] running `Command { std: "docker" "inspect" "84c3eb3f1ce4dd1a4ac19d9332a515e0b277ce0a2e11fe3a606e8f90f54f94b9", kill_on_drop: false }`
[INFO] running `Command { std: "docker" "rm" "-f" "84c3eb3f1ce4dd1a4ac19d9332a515e0b277ce0a2e11fe3a606e8f90f54f94b9", kill_on_drop: false }`
[INFO] [stdout] 84c3eb3f1ce4dd1a4ac19d9332a515e0b277ce0a2e11fe3a606e8f90f54f94b9
[INFO] running `Command { std: "docker" "create" "-v" "/var/lib/crater-agent-workspace/builds/worker-1-tc2/target:/opt/rustwide/target:rw,Z" "-v" "/var/lib/crater-agent-workspace/builds/worker-1-tc2/source:/opt/rustwide/workdir:ro,Z" "-v" "/var/lib/crater-agent-workspace/cargo-home:/opt/rustwide/cargo-home:ro,Z" "-v" "/var/lib/crater-agent-workspace/rustup-home:/opt/rustwide/rustup-home:ro,Z" "-e" "SOURCE_DIR=/opt/rustwide/workdir" "-e" "CARGO_TARGET_DIR=/opt/rustwide/target" "-e" "CARGO_INCREMENTAL=0" "-e" "RUST_BACKTRACE=full" "-e" "RUSTFLAGS=--cap-lints=warn" "-e" "RUSTDOCFLAGS=--cap-lints=warn" "-e" "CARGO_HOME=/opt/rustwide/cargo-home" "-e" "RUSTUP_HOME=/opt/rustwide/rustup-home" "-w" "/opt/rustwide/workdir" "-m" "1610612736" "--user" "0:0" "--network" "none" "ghcr.io/rust-lang/crates-build-env/linux@sha256:2788e3201cd34a07e3172128adcd8b3090168a8e3bcc40d7c032b9dda1df7d1c" "/opt/rustwide/cargo-home/bin/cargo" "+beta-2023-12-22" "build" "--frozen" "--message-format=json", kill_on_drop: false }`
[INFO] [stdout] 5a72a1ba651c706834ccbdab0b8e6c02a8a47f674a35f7a791adaec04b702fb4
[INFO] running `Command { std: "docker" "start" "-a" "5a72a1ba651c706834ccbdab0b8e6c02a8a47f674a35f7a791adaec04b702fb4", kill_on_drop: false }`
[INFO] [stderr]    Compiling cfg-if v1.0.0
[INFO] [stderr]    Compiling libc v0.2.139
[INFO] [stderr]    Compiling proc-macro2 v1.0.51
[INFO] [stderr]    Compiling unicode-ident v1.0.6
[INFO] [stderr]    Compiling quote v1.0.23
[INFO] [stderr]    Compiling syn v1.0.107
[INFO] [stderr]    Compiling version_check v0.9.4
[INFO] [stderr]    Compiling autocfg v1.1.0
[INFO] [stderr]    Compiling memchr v2.5.0
[INFO] [stderr]    Compiling pin-project-lite v0.2.9
[INFO] [stderr]    Compiling log v0.4.17
[INFO] [stderr]    Compiling futures-core v0.3.26
[INFO] [stderr]    Compiling once_cell v1.17.1
[INFO] [stderr]    Compiling parking_lot_core v0.9.7
[INFO] [stderr]    Compiling smallvec v1.10.0
[INFO] [stderr]    Compiling itoa v1.0.5
[INFO] [stderr]    Compiling scopeguard v1.1.0
[INFO] [stderr]    Compiling bytes v1.4.0
[INFO] [stderr]    Compiling futures-sink v0.3.26
[INFO] [stderr]    Compiling futures-channel v0.3.26
[INFO] [stderr]    Compiling futures-task v0.3.26
[INFO] [stderr]    Compiling typenum v1.16.0
[INFO] [stderr]    Compiling futures-util v0.3.26
[INFO] [stderr]    Compiling tracing-core v0.1.30
[INFO] [stderr]    Compiling bitflags v1.3.2
[INFO] [stderr]    Compiling generic-array v0.14.6
[INFO] [stderr]    Compiling lock_api v0.4.9
[INFO] [stderr]    Compiling slab v0.4.8
[INFO] [stderr]    Compiling tokio v1.25.0
[INFO] [stderr]    Compiling futures-io v0.3.26
[INFO] [stderr]    Compiling regex-syntax v0.6.28
[INFO] [stderr]    Compiling pin-utils v0.1.0
[INFO] [stderr]    Compiling serde_derive v1.0.152
[INFO] [stderr]    Compiling pkg-config v0.3.26
[INFO] [stderr]    Compiling fnv v1.0.7
[INFO] [stderr]    Compiling serde v1.0.152
[INFO] [stderr]    Compiling tracing v0.1.37
[INFO] [stderr]    Compiling http v0.2.9
[INFO] [stderr]    Compiling paste v1.0.11
[INFO] [stderr]    Compiling jobserver v0.1.25
[INFO] [stderr]    Compiling percent-encoding v2.2.0
[INFO] [stderr]    Compiling aho-corasick v0.7.20
[INFO] [stderr]    Compiling bytestring v1.2.0
[INFO] [stderr]    Compiling cc v1.0.79
[INFO] [stderr]    Compiling indexmap v1.9.2
[INFO] [stderr]    Compiling crc32fast v1.3.2
[INFO] [stderr]    Compiling alloc-no-stdlib v2.0.4
[INFO] [stderr]    Compiling zstd-safe v6.0.4+zstd.1.5.4
[INFO] [stderr]    Compiling local-waker v0.1.3
[INFO] [stderr]    Compiling tinyvec_macros v0.1.1
[INFO] [stderr]    Compiling tinyvec v1.6.0
[INFO] [stderr]    Compiling alloc-stdlib v0.2.2
[INFO] [stderr]    Compiling ahash v0.7.6
[INFO] [stderr]    Compiling httparse v1.8.0
[INFO] [stderr]    Compiling mio v0.8.6
[INFO] [stderr]    Compiling socket2 v0.4.7
[INFO] [stderr]    Compiling signal-hook-registry v1.4.1
[INFO] [stderr]    Compiling getrandom v0.2.8
[INFO] [stderr]    Compiling parking_lot v0.12.1
[INFO] [stderr]    Compiling rand_core v0.6.4
[INFO] [stderr]    Compiling serde_json v1.0.93
[INFO] [stderr]    Compiling ryu v1.0.12
[INFO] [stderr]    Compiling hashbrown v0.12.3
[INFO] [stderr]    Compiling ppv-lite86 v0.2.17
[INFO] [stderr]    Compiling time-core v0.1.0
[INFO] [stderr]    Compiling adler v1.0.2
[INFO] [stderr]    Compiling block-buffer v0.10.3
[INFO] [stderr]    Compiling crypto-common v0.1.6
[INFO] [stderr]    Compiling regex v1.7.1
[INFO] [stderr]    Compiling miniz_oxide v0.6.2
[INFO] [stderr]    Compiling time-macros v0.2.7
[INFO] [stderr]    Compiling unicode-normalization v0.1.22
[INFO] [stderr]    Compiling digest v0.10.6
[INFO] [stderr]    Compiling actix-service v2.0.2
[INFO] [stderr]    Compiling zstd-sys v2.0.7+zstd.1.5.4
[INFO] [stderr]    Compiling rand_chacha v0.3.1
[INFO] [stderr]    Compiling brotli-decompressor v2.3.4
[INFO] [stderr]    Compiling actix-utils v3.0.1
[INFO] [stderr]    Compiling form_urlencoded v1.1.0
[INFO] [stderr]    Compiling cookie v0.16.2
[INFO] [stderr]    Compiling unicase v2.6.0
[INFO] [stderr]    Compiling io-lifetimes v1.0.5
[INFO] [stderr]    Compiling convert_case v0.4.0
[INFO] [stderr]    Compiling cpufeatures v0.2.5
[INFO] [stderr]    Compiling mime v0.3.16
[INFO] [stderr]    Compiling unicode-bidi v0.3.10
[INFO] [stderr]    Compiling thiserror v1.0.38
[INFO] [stderr]    Compiling sha1 v0.10.5
[INFO] [stderr]    Compiling flate2 v1.0.25
[INFO] [stderr]    Compiling rand v0.8.5
[INFO] [stderr]    Compiling idna v0.3.0
[INFO] [stderr]    Compiling num_cpus v1.15.0
[INFO] [stderr]    Compiling brotli v3.3.4
[INFO] [stderr]    Compiling encoding_rs v0.8.32
[INFO] [stderr]    Compiling rustix v0.36.8
[INFO] [stderr]    Compiling base64 v0.21.0
[INFO] [stderr]    Compiling httpdate v1.0.2
[INFO] [stderr]    Compiling language-tags v0.3.2
[INFO] [stderr]    Compiling url v2.3.1
[INFO] [stderr]    Compiling time v0.3.19
[INFO] [stderr]    Compiling proc-macro-error-attr v1.0.4
[INFO] [stderr]    Compiling ucd-trie v0.1.5
[INFO] [stderr]    Compiling linux-raw-sys v0.1.4
[INFO] [stderr]    Compiling proc-macro-error v1.0.4
[INFO] [stderr]    Compiling mime_guess v2.0.4
[INFO] [stderr]    Compiling unchecked-index v0.2.2
[INFO] [stderr]    Compiling pq-sys v0.4.7
[INFO] [stderr]    Compiling twoway v0.2.2
[INFO] [stderr]    Compiling actix-router v0.5.1
[INFO] [stderr]    Compiling scheduled-thread-pool v0.2.6
[INFO] [stderr]    Compiling same-file v1.0.6
[INFO] [stderr]    Compiling tokio-util v0.7.7
[INFO] [stderr]    Compiling fastrand v1.9.0
[INFO] [stderr]    Compiling lazy_static v1.4.0
[INFO] [stderr]    Compiling walkdir v2.3.2
[INFO] [stderr]    Compiling sanitize-filename v0.2.1
[INFO] [stderr]    Compiling r2d2 v0.8.10
[INFO] [stderr]    Compiling uuid v0.8.2
[INFO] [stderr]    Compiling byteorder v1.4.3
[INFO] [stderr]    Compiling actix-codec v0.5.0
[INFO] [stderr]    Compiling humantime v2.1.0
[INFO] [stderr]    Compiling http-range v0.1.5
[INFO] [stderr]    Compiling askama_escape v0.10.3
[INFO] [stderr]    Compiling termcolor v1.2.0
[INFO] [stderr]    Compiling bytes v0.5.6
[INFO] [stderr]    Compiling tempfile v3.4.0
[INFO] [stderr]    Compiling is-terminal v0.4.4
[INFO] [stderr]    Compiling env_logger v0.10.0
[INFO] [stderr]    Compiling futures-macro v0.3.26
[INFO] [stderr]    Compiling actix-macros v0.2.3
[INFO] [stderr]    Compiling thiserror-impl v1.0.38
[INFO] [stderr]    Compiling derive_more v0.99.17
[INFO] [stderr]    Compiling actix-web-codegen v4.1.0
[INFO] [stderr]    Compiling diesel_derives v2.0.1
[INFO] [stderr]    Compiling actix-rt v2.8.0
[INFO] [stderr]    Compiling pest v2.5.5
[INFO] [stderr]    Compiling pest_meta v2.5.5
[INFO] [stderr]    Compiling zstd v0.12.3+zstd.1.5.2
[INFO] [stderr]    Compiling pest_generator v2.5.5
[INFO] [stderr]    Compiling diesel v2.0.3
[INFO] [stderr]    Compiling h2 v0.3.15
[INFO] [stderr]    Compiling local-channel v0.1.3
[INFO] [stderr]    Compiling actix-server v2.2.0
[INFO] [stderr]    Compiling futures-executor v0.3.26
[INFO] [stderr]    Compiling futures v0.3.26
[INFO] [stderr]    Compiling pest_derive v2.5.5
[INFO] [stderr]    Compiling serde_urlencoded v0.7.1
[INFO] [stderr]    Compiling handlebars v4.3.6
[INFO] [stderr]    Compiling actix-http v3.3.0
[INFO] [stderr]    Compiling actix-web v4.3.0
[INFO] [stderr]    Compiling actix-multipart v0.4.0
[INFO] [stderr]    Compiling actix-cors v0.6.4
[INFO] [stderr]    Compiling actix-files v0.6.2
[INFO] [stderr]    Compiling awmp v0.8.1
[INFO] [stderr]    Compiling actix-web-app v0.1.0 (/opt/rustwide/workdir)
[INFO] [stdout] warning: unused import: `Responder`
[INFO] [stdout]  --> src/api/logos.rs:2:36
[INFO] [stdout]   |
[INFO] [stdout] 2 | use actix_web::{web, HttpResponse, Responder};
[INFO] [stdout]   |                                    ^^^^^^^^^
[INFO] [stdout]   |
[INFO] [stdout]   = note: `#[warn(unused_imports)]` on by default
[INFO] [stdout] 
[INFO] [stdout] 
[INFO] [stdout] warning: unused import: `regex::Regex`
[INFO] [stdout]  --> src/pages/add.rs:7:5
[INFO] [stdout]   |
[INFO] [stdout] 7 | use regex::Regex;
[INFO] [stdout]   |     ^^^^^^^^^^^^
[INFO] [stdout] 
[INFO] [stdout] 
[INFO] [stdout] warning: unused `Result` that must be used
[INFO] [stdout]   --> src/pages/add.rs:45:5
[INFO] [stdout]    |
[INFO] [stdout] 45 | /     web::block(move || {
[INFO] [stdout] 46 | |         diesel::insert_into(rust_logos)
[INFO] [stdout] 47 | |             .values(&draft_logo)
[INFO] [stdout] 48 | |             .execute(&mut con)
[INFO] [stdout] ...  |
[INFO] [stdout] 51 | |     .map_err(|_| HttpResponse::InternalServerError().finish())
[INFO] [stdout] 52 | |     .unwrap();
[INFO] [stdout]    | |_____________^
[INFO] [stdout]    |
[INFO] [stdout]    = note: this `Result` may be an `Err` variant, which should be handled
[INFO] [stdout]    = note: `#[warn(unused_must_use)]` on by default
[INFO] [stdout] help: use `let _ = ...` to ignore the resulting value
[INFO] [stdout]    |
[INFO] [stdout] 45 |     let _ = web::block(move || {
[INFO] [stdout]    |     +++++++
[INFO] [stdout] 
[INFO] [stdout] 
[INFO] [stdout] warning: 3 warnings emitted
[INFO] [stdout] 
[INFO] [stdout] 
[INFO] [stderr]     Finished dev [unoptimized + debuginfo] target(s) in 42.28s
[INFO] running `Command { std: "docker" "inspect" "5a72a1ba651c706834ccbdab0b8e6c02a8a47f674a35f7a791adaec04b702fb4", kill_on_drop: false }`
[INFO] running `Command { std: "docker" "rm" "-f" "5a72a1ba651c706834ccbdab0b8e6c02a8a47f674a35f7a791adaec04b702fb4", kill_on_drop: false }`
[INFO] [stdout] 5a72a1ba651c706834ccbdab0b8e6c02a8a47f674a35f7a791adaec04b702fb4
[INFO] running `Command { std: "docker" "create" "-v" "/var/lib/crater-agent-workspace/builds/worker-1-tc2/target:/opt/rustwide/target:rw,Z" "-v" "/var/lib/crater-agent-workspace/builds/worker-1-tc2/source:/opt/rustwide/workdir:ro,Z" "-v" "/var/lib/crater-agent-workspace/cargo-home:/opt/rustwide/cargo-home:ro,Z" "-v" "/var/lib/crater-agent-workspace/rustup-home:/opt/rustwide/rustup-home:ro,Z" "-e" "SOURCE_DIR=/opt/rustwide/workdir" "-e" "CARGO_TARGET_DIR=/opt/rustwide/target" "-e" "CARGO_INCREMENTAL=0" "-e" "RUST_BACKTRACE=full" "-e" "RUSTFLAGS=--cap-lints=warn" "-e" "RUSTDOCFLAGS=--cap-lints=warn" "-e" "CARGO_HOME=/opt/rustwide/cargo-home" "-e" "RUSTUP_HOME=/opt/rustwide/rustup-home" "-w" "/opt/rustwide/workdir" "-m" "1610612736" "--user" "0:0" "--network" "none" "ghcr.io/rust-lang/crates-build-env/linux@sha256:2788e3201cd34a07e3172128adcd8b3090168a8e3bcc40d7c032b9dda1df7d1c" "/opt/rustwide/cargo-home/bin/cargo" "+beta-2023-12-22" "test" "--frozen" "--no-run" "--message-format=json", kill_on_drop: false }`
[INFO] [stdout] 5276c6df076733872207e17c1135b1c059f9a79181da7f62448842c2454a8708
[INFO] running `Command { std: "docker" "start" "-a" "5276c6df076733872207e17c1135b1c059f9a79181da7f62448842c2454a8708", kill_on_drop: false }`
[INFO] [stderr]    Compiling actix-web-app v0.1.0 (/opt/rustwide/workdir)
[INFO] [stdout] warning: unused import: `Responder`
[INFO] [stdout]  --> src/api/logos.rs:2:36
[INFO] [stdout]   |
[INFO] [stdout] 2 | use actix_web::{web, HttpResponse, Responder};
[INFO] [stdout]   |                                    ^^^^^^^^^
[INFO] [stdout]   |
[INFO] [stdout]   = note: `#[warn(unused_imports)]` on by default
[INFO] [stdout] 
[INFO] [stdout] 
[INFO] [stdout] warning: unused import: `regex::Regex`
[INFO] [stdout]  --> src/pages/add.rs:7:5
[INFO] [stdout]   |
[INFO] [stdout] 7 | use regex::Regex;
[INFO] [stdout]   |     ^^^^^^^^^^^^
[INFO] [stdout] 
[INFO] [stdout] 
[INFO] [stdout] warning: unused import: `diesel::prelude`
[INFO] [stdout]   --> src/api/logos.rs:29:9
[INFO] [stdout]    |
[INFO] [stdout] 29 |     use diesel::prelude::*;
[INFO] [stdout]    |         ^^^^^^^^^^^^^^^
[INFO] [stdout] 
[INFO] [stdout] 
[INFO] [stdout] warning: unused implementer of `std::future::Future` that must be used
[INFO] [stdout]   --> src/api/logos.rs:44:9
[INFO] [stdout]    |
[INFO] [stdout] 44 |         insert_test_data(&pool);
[INFO] [stdout]    |         ^^^^^^^^^^^^^^^^^^^^^^^
[INFO] [stdout]    |
[INFO] [stdout]    = note: futures do nothing unless you `.await` or poll them
[INFO] [stdout]    = note: `#[warn(unused_must_use)]` on by default
[INFO] [stdout] 
[INFO] [stdout] 
[INFO] [stdout] warning: unused `Result` that must be used
[INFO] [stdout]   --> src/pages/add.rs:45:5
[INFO] [stdout]    |
[INFO] [stdout] 45 | /     web::block(move || {
[INFO] [stdout] 46 | |         diesel::insert_into(rust_logos)
[INFO] [stdout] 47 | |             .values(&draft_logo)
[INFO] [stdout] 48 | |             .execute(&mut con)
[INFO] [stdout] ...  |
[INFO] [stdout] 51 | |     .map_err(|_| HttpResponse::InternalServerError().finish())
[INFO] [stdout] 52 | |     .unwrap();
[INFO] [stdout]    | |_____________^
[INFO] [stdout]    |
[INFO] [stdout]    = note: this `Result` may be an `Err` variant, which should be handled
[INFO] [stdout] help: use `let _ = ...` to ignore the resulting value
[INFO] [stdout]    |
[INFO] [stdout] 45 |     let _ = web::block(move || {
[INFO] [stdout]    |     +++++++
[INFO] [stdout] 
[INFO] [stdout] 
[INFO] [stdout] warning: 5 warnings emitted
[INFO] [stdout] 
[INFO] [stdout] 
[INFO] [stderr]     Finished test [unoptimized + debuginfo] target(s) in 3.56s
[INFO] running `Command { std: "docker" "inspect" "5276c6df076733872207e17c1135b1c059f9a79181da7f62448842c2454a8708", kill_on_drop: false }`
[INFO] running `Command { std: "docker" "rm" "-f" "5276c6df076733872207e17c1135b1c059f9a79181da7f62448842c2454a8708", kill_on_drop: false }`
[INFO] [stdout] 5276c6df076733872207e17c1135b1c059f9a79181da7f62448842c2454a8708
[INFO] running `Command { std: "docker" "create" "-v" "/var/lib/crater-agent-workspace/builds/worker-1-tc2/target:/opt/rustwide/target:rw,Z" "-v" "/var/lib/crater-agent-workspace/builds/worker-1-tc2/source:/opt/rustwide/workdir:ro,Z" "-v" "/var/lib/crater-agent-workspace/cargo-home:/opt/rustwide/cargo-home:ro,Z" "-v" "/var/lib/crater-agent-workspace/rustup-home:/opt/rustwide/rustup-home:ro,Z" "-e" "SOURCE_DIR=/opt/rustwide/workdir" "-e" "CARGO_TARGET_DIR=/opt/rustwide/target" "-e" "CARGO_INCREMENTAL=0" "-e" "RUST_BACKTRACE=full" "-e" "RUSTFLAGS=--cap-lints=warn" "-e" "RUSTDOCFLAGS=--cap-lints=warn" "-e" "CARGO_HOME=/opt/rustwide/cargo-home" "-e" "RUSTUP_HOME=/opt/rustwide/rustup-home" "-w" "/opt/rustwide/workdir" "-m" "1610612736" "--user" "0:0" "--network" "none" "ghcr.io/rust-lang/crates-build-env/linux@sha256:2788e3201cd34a07e3172128adcd8b3090168a8e3bcc40d7c032b9dda1df7d1c" "/opt/rustwide/cargo-home/bin/cargo" "+beta-2023-12-22" "test" "--frozen", kill_on_drop: false }`
[INFO] [stdout] 01f4b0b882e56255eb06145a357d1c22e49f71678dfc37e2ea6e84bf624c4868
[INFO] running `Command { std: "docker" "start" "-a" "01f4b0b882e56255eb06145a357d1c22e49f71678dfc37e2ea6e84bf624c4868", kill_on_drop: false }`
[INFO] [stderr] warning: unused import: `Responder`
[INFO] [stderr]  --> src/api/logos.rs:2:36
[INFO] [stderr]   |
[INFO] [stderr] 2 | use actix_web::{web, HttpResponse, Responder};
[INFO] [stderr]   |                                    ^^^^^^^^^
[INFO] [stderr]   |
[INFO] [stderr]   = note: `#[warn(unused_imports)]` on by default
[INFO] [stderr] 
[INFO] [stderr] warning: unused import: `regex::Regex`
[INFO] [stderr]  --> src/pages/add.rs:7:5
[INFO] [stderr]   |
[INFO] [stderr] 7 | use regex::Regex;
[INFO] [stderr]   |     ^^^^^^^^^^^^
[INFO] [stderr] 
[INFO] [stderr] warning: unused import: `diesel::prelude`
[INFO] [stderr]   --> src/api/logos.rs:29:9
[INFO] [stderr]    |
[INFO] [stderr] 29 |     use diesel::prelude::*;
[INFO] [stderr]    |         ^^^^^^^^^^^^^^^
[INFO] [stderr] 
[INFO] [stderr] warning: unused implementer of `std::future::Future` that must be used
[INFO] [stderr]   --> src/api/logos.rs:44:9
[INFO] [stderr]    |
[INFO] [stderr] 44 |         insert_test_data(&pool);
[INFO] [stderr]    |         ^^^^^^^^^^^^^^^^^^^^^^^
[INFO] [stderr]    |
[INFO] [stderr]    = note: futures do nothing unless you `.await` or poll them
[INFO] [stderr]    = note: `#[warn(unused_must_use)]` on by default
[INFO] [stderr] 
[INFO] [stderr] warning: unused `Result` that must be used
[INFO] [stderr]   --> src/pages/add.rs:45:5
[INFO] [stderr]    |
[INFO] [stderr] 45 | /     web::block(move || {
[INFO] [stderr] 46 | |         diesel::insert_into(rust_logos)
[INFO] [stderr] 47 | |             .values(&draft_logo)
[INFO] [stderr] 48 | |             .execute(&mut con)
[INFO] [stderr] ...  |
[INFO] [stderr] 51 | |     .map_err(|_| HttpResponse::InternalServerError().finish())
[INFO] [stderr] 52 | |     .unwrap();
[INFO] [stderr]    | |_____________^
[INFO] [stderr]    |
[INFO] [stderr]    = note: this `Result` may be an `Err` variant, which should be handled
[INFO] [stderr] help: use `let _ = ...` to ignore the resulting value
[INFO] [stderr]    |
[INFO] [stderr] 45 |     let _ = web::block(move || {
[INFO] [stderr]    |     +++++++
[INFO] [stderr] 
[INFO] [stderr] warning: `actix-web-app` (bin "actix-web-app" test) generated 5 warnings (run `cargo fix --bin "actix-web-app" --tests` to apply 2 suggestions)
[INFO] [stderr]     Finished test [unoptimized + debuginfo] target(s) in 0.10s
[INFO] [stderr]      Running unittests src/main.rs (/opt/rustwide/target/debug/deps/actix_web_app-4055b0bd91010f22)
[INFO] [stdout] 
[INFO] [stdout] running 1 test
[INFO] [stdout] test api::logos::tests::test_get_all_logos ... FAILED
[INFO] [stdout] 
[INFO] [stdout] failures:
[INFO] [stdout] 
[INFO] [stdout] ---- api::logos::tests::test_get_all_logos stdout ----
[INFO] [stdout] thread 'api::logos::tests::test_get_all_logos' panicked at src/util/db_util.rs:9:43:
[INFO] [stdout] DATABASE_URL must be set: NotPresent
[INFO] [stdout] stack backtrace:
[INFO] [stdout]    0:     0x55ecc42163d6 - std::backtrace_rs::backtrace::libunwind::trace::h261606ad26a499c1
[INFO] [stdout]                                at /rustc/0e09125c6c3c2fd70d7de961bcf0e51575235fad/library/std/src/../../backtrace/src/backtrace/libunwind.rs:104:5
[INFO] [stdout]    1:     0x55ecc42163d6 - std::backtrace_rs::backtrace::trace_unsynchronized::hd183f0625477fb28
[INFO] [stdout]                                at /rustc/0e09125c6c3c2fd70d7de961bcf0e51575235fad/library/std/src/../../backtrace/src/backtrace/mod.rs:66:5
[INFO] [stdout]    2:     0x55ecc42163d6 - std::sys_common::backtrace::_print_fmt::hd7f8fef21b4eda67
[INFO] [stdout]                                at /rustc/0e09125c6c3c2fd70d7de961bcf0e51575235fad/library/std/src/sys_common/backtrace.rs:68:5
[INFO] [stdout]    3:     0x55ecc42163d6 - <std::sys_common::backtrace::_print::DisplayBacktrace as core::fmt::Display>::fmt::h623d9b51f2f453f1
[INFO] [stdout]                                at /rustc/0e09125c6c3c2fd70d7de961bcf0e51575235fad/library/std/src/sys_common/backtrace.rs:44:22
[INFO] [stdout]    4:     0x55ecc4240ec0 - core::fmt::rt::Argument::fmt::h9f417ac76a86f368
[INFO] [stdout]                                at /rustc/0e09125c6c3c2fd70d7de961bcf0e51575235fad/library/core/src/fmt/rt.rs:142:9
[INFO] [stdout]    5:     0x55ecc4240ec0 - core::fmt::write::hc9b6faf4ac2aeff7
[INFO] [stdout]                                at /rustc/0e09125c6c3c2fd70d7de961bcf0e51575235fad/library/core/src/fmt/mod.rs:1120:17
[INFO] [stdout]    6:     0x55ecc4213d1f - std::io::Write::write_fmt::he04625a3a989fec3
[INFO] [stdout]                                at /rustc/0e09125c6c3c2fd70d7de961bcf0e51575235fad/library/std/src/io/mod.rs:1810:15
[INFO] [stdout]    7:     0x55ecc42161b4 - std::sys_common::backtrace::_print::hd5d66399c7df88a2
[INFO] [stdout]                                at /rustc/0e09125c6c3c2fd70d7de961bcf0e51575235fad/library/std/src/sys_common/backtrace.rs:47:5
[INFO] [stdout]    8:     0x55ecc42161b4 - std::sys_common::backtrace::print::he81ed2da642d37e5
[INFO] [stdout]                                at /rustc/0e09125c6c3c2fd70d7de961bcf0e51575235fad/library/std/src/sys_common/backtrace.rs:34:9
[INFO] [stdout]    9:     0x55ecc4217f27 - std::panicking::default_hook::{{closure}}::h85773f4fa117163d
[INFO] [stdout]   10:     0x55ecc4217c0d - std::panicking::default_hook::h6a1694a91d09b278
[INFO] [stdout]                                at /rustc/0e09125c6c3c2fd70d7de961bcf0e51575235fad/library/std/src/panicking.rs:289:9
[INFO] [stdout]   11:     0x55ecc3e96e87 - <alloc::boxed::Box<F,A> as core::ops::function::Fn<Args>>::call::h616ac37fa3cd6c8f
[INFO] [stdout]                                at /rustc/0e09125c6c3c2fd70d7de961bcf0e51575235fad/library/alloc/src/boxed.rs:2029:9
[INFO] [stdout]   12:     0x55ecc3e96e87 - test::test_main::{{closure}}::h00d84697cefdcbb6
[INFO] [stdout]                                at /rustc/0e09125c6c3c2fd70d7de961bcf0e51575235fad/library/test/src/lib.rs:138:21
[INFO] [stdout]   13:     0x55ecc4218546 - <alloc::boxed::Box<F,A> as core::ops::function::Fn<Args>>::call::hcb3fe3b9bb537ba8
[INFO] [stdout]                                at /rustc/0e09125c6c3c2fd70d7de961bcf0e51575235fad/library/alloc/src/boxed.rs:2029:9
[INFO] [stdout]   14:     0x55ecc4218546 - std::panicking::rust_panic_with_hook::h0a7ad96e90f7145b
[INFO] [stdout]                                at /rustc/0e09125c6c3c2fd70d7de961bcf0e51575235fad/library/std/src/panicking.rs:783:13
[INFO] [stdout]   15:     0x55ecc4218292 - std::panicking::begin_panic_handler::{{closure}}::h7919090525c6485e
[INFO] [stdout]                                at /rustc/0e09125c6c3c2fd70d7de961bcf0e51575235fad/library/std/src/panicking.rs:657:13
[INFO] [stdout]   16:     0x55ecc42168d6 - std::sys_common::backtrace::__rust_end_short_backtrace::hf3289479464f7dfe
[INFO] [stdout]                                at /rustc/0e09125c6c3c2fd70d7de961bcf0e51575235fad/library/std/src/sys_common/backtrace.rs:171:18
[INFO] [stdout]   17:     0x55ecc4217ff0 - rust_begin_unwind
[INFO] [stdout]                                at /rustc/0e09125c6c3c2fd70d7de961bcf0e51575235fad/library/std/src/panicking.rs:645:5
[INFO] [stdout]   18:     0x55ecc3e0a285 - core::panicking::panic_fmt::hcc9f77c5c132af55
[INFO] [stdout]                                at /rustc/0e09125c6c3c2fd70d7de961bcf0e51575235fad/library/core/src/panicking.rs:72:14
[INFO] [stdout]   19:     0x55ecc3e0a863 - core::result::unwrap_failed::hbe14f498be1452f9
[INFO] [stdout]                                at /rustc/0e09125c6c3c2fd70d7de961bcf0e51575235fad/library/core/src/result.rs:1649:5
[INFO] [stdout]   20:     0x55ecc3e594d6 - core::result::Result<T,E>::expect::h4f2c1b3f844d39dd
[INFO] [stdout]                                at /rustc/0e09125c6c3c2fd70d7de961bcf0e51575235fad/library/core/src/result.rs:1030:23
[INFO] [stdout]   21:     0x55ecc3e3a84d - actix_web_app::util::db_util::get_pool::hb0cc660157892bc1
[INFO] [stdout]                                at /opt/rustwide/workdir/src/util/db_util.rs:9:18
[INFO] [stdout]   22:     0x55ecc3e24593 - actix_web_app::api::logos::tests::test_get_all_logos::{{closure}}::h4a581386fe830e6f
[INFO] [stdout]                                at /opt/rustwide/workdir/src/api/logos.rs:42:20
[INFO] [stdout]   23:     0x55ecc3e3cee7 - <tokio::task::local::RunUntil<T> as core::future::future::Future>::poll::{{closure}}::h249f02180f342dde
[INFO] [stdout]                                at /opt/rustwide/cargo-home/registry/src/index.crates.io-6f17d22bba15001f/tokio-1.25.0/src/task/local.rs:923:42
[INFO] [stdout]   24:     0x55ecc3e3c381 - tokio::task::local::LocalSet::with::{{closure}}::h4dbe04264995bd05
[INFO] [stdout]                                at /opt/rustwide/cargo-home/registry/src/index.crates.io-6f17d22bba15001f/tokio-1.25.0/src/task/local.rs:684:13
[INFO] [stdout]   25:     0x55ecc3e3e904 - std::thread::local::LocalKey<T>::try_with::h481f9b43a101d134
[INFO] [stdout]                                at /rustc/0e09125c6c3c2fd70d7de961bcf0e51575235fad/library/std/src/thread/local.rs:270:16
[INFO] [stdout]   26:     0x55ecc3e3e4da - std::thread::local::LocalKey<T>::with::h9a1e24e6a8198484
[INFO] [stdout]                                at /rustc/0e09125c6c3c2fd70d7de961bcf0e51575235fad/library/std/src/thread/local.rs:246:9
[INFO] [stdout]   27:     0x55ecc3e3c2ab - tokio::task::local::LocalSet::with::hdce75fd8a14210b6
[INFO] [stdout]                                at /opt/rustwide/cargo-home/registry/src/index.crates.io-6f17d22bba15001f/tokio-1.25.0/src/task/local.rs:667:9
[INFO] [stdout]   28:     0x55ecc3e3ce4a - <tokio::task::local::RunUntil<T> as core::future::future::Future>::poll::hab2a967ca026934e
[INFO] [stdout]                                at /opt/rustwide/cargo-home/registry/src/index.crates.io-6f17d22bba15001f/tokio-1.25.0/src/task/local.rs:913:9
[INFO] [stdout]   29:     0x55ecc3e3c65f - tokio::task::local::LocalSet::run_until::{{closure}}::hdb58d256fcfb08ae
[INFO] [stdout]                                at /opt/rustwide/cargo-home/registry/src/index.crates.io-6f17d22bba15001f/tokio-1.25.0/src/task/local.rs:573:19
[INFO] [stdout]   30:     0x55ecc3e3cbcb - <core::pin::Pin<P> as core::future::future::Future>::poll::h817ef0f66d4809c2
[INFO] [stdout]                                at /rustc/0e09125c6c3c2fd70d7de961bcf0e51575235fad/library/core/src/future/future.rs:124:9
[INFO] [stdout]   31:     0x55ecc3e48404 - tokio::runtime::scheduler::current_thread::CoreGuard::block_on::{{closure}}::{{closure}}::{{closure}}::h9015c64d01921f65
[INFO] [stdout]                                at /opt/rustwide/cargo-home/registry/src/index.crates.io-6f17d22bba15001f/tokio-1.25.0/src/runtime/scheduler/current_thread.rs:541:57
[INFO] [stdout]   32:     0x55ecc3e4833a - tokio::runtime::coop::with_budget::h09fd45ac2d3c4b31
[INFO] [stdout]                                at /opt/rustwide/cargo-home/registry/src/index.crates.io-6f17d22bba15001f/tokio-1.25.0/src/runtime/coop.rs:102:5
[INFO] [stdout]   33:     0x55ecc3e4833a - tokio::runtime::coop::budget::h110662d6085201cd
[INFO] [stdout]                                at /opt/rustwide/cargo-home/registry/src/index.crates.io-6f17d22bba15001f/tokio-1.25.0/src/runtime/coop.rs:68:5
[INFO] [stdout]   34:     0x55ecc3e4833a - tokio::runtime::scheduler::current_thread::CoreGuard::block_on::{{closure}}::{{closure}}::ha7e13a0fa952f994
[INFO] [stdout]                                at /opt/rustwide/cargo-home/registry/src/index.crates.io-6f17d22bba15001f/tokio-1.25.0/src/runtime/scheduler/current_thread.rs:541:25
[INFO] [stdout]   35:     0x55ecc3e46e1c - tokio::runtime::scheduler::current_thread::Context::enter::h93f7d11c02d33edb
[INFO] [stdout]                                at /opt/rustwide/cargo-home/registry/src/index.crates.io-6f17d22bba15001f/tokio-1.25.0/src/runtime/scheduler/current_thread.rs:350:19
[INFO] [stdout]   36:     0x55ecc3e478f2 - tokio::runtime::scheduler::current_thread::CoreGuard::block_on::{{closure}}::h26066cd95b7c3e8d
[INFO] [stdout]                                at /opt/rustwide/cargo-home/registry/src/index.crates.io-6f17d22bba15001f/tokio-1.25.0/src/runtime/scheduler/current_thread.rs:540:36
[INFO] [stdout]   37:     0x55ecc3e4761b - tokio::runtime::scheduler::current_thread::CoreGuard::enter::{{closure}}::h04135012d2c98238
[INFO] [stdout]                                at /opt/rustwide/cargo-home/registry/src/index.crates.io-6f17d22bba15001f/tokio-1.25.0/src/runtime/scheduler/current_thread.rs:615:57
[INFO] [stdout]   38:     0x55ecc3e4ea9d - tokio::macros::scoped_tls::ScopedKey<T>::set::h8f0df7245ebd544d
[INFO] [stdout]                                at /opt/rustwide/cargo-home/registry/src/index.crates.io-6f17d22bba15001f/tokio-1.25.0/src/macros/scoped_tls.rs:61:9
[INFO] [stdout]   39:     0x55ecc3e473af - tokio::runtime::scheduler::current_thread::CoreGuard::enter::h3d4007b7cd081e16
[INFO] [stdout]                                at /opt/rustwide/cargo-home/registry/src/index.crates.io-6f17d22bba15001f/tokio-1.25.0/src/runtime/scheduler/current_thread.rs:615:27
[INFO] [stdout]   40:     0x55ecc3e4764c - tokio::runtime::scheduler::current_thread::CoreGuard::block_on::hb87cbed59a6d4fda
[INFO] [stdout]                                at /opt/rustwide/cargo-home/registry/src/index.crates.io-6f17d22bba15001f/tokio-1.25.0/src/runtime/scheduler/current_thread.rs:530:19
[INFO] [stdout]   41:     0x55ecc3e465ab - tokio::runtime::scheduler::current_thread::CurrentThread::block_on::hf0bc0f003170f930
[INFO] [stdout]                                at /opt/rustwide/cargo-home/registry/src/index.crates.io-6f17d22bba15001f/tokio-1.25.0/src/runtime/scheduler/current_thread.rs:154:24
[INFO] [stdout]   42:     0x55ecc3e2356f - tokio::runtime::runtime::Runtime::block_on::hf50ff3f50901ae54
[INFO] [stdout]                                at /opt/rustwide/cargo-home/registry/src/index.crates.io-6f17d22bba15001f/tokio-1.25.0/src/runtime/runtime.rs:282:47
[INFO] [stdout]   43:     0x55ecc3e3c423 - tokio::task::local::LocalSet::block_on::hafe9c1b21cc3b826
[INFO] [stdout]                                at /opt/rustwide/cargo-home/registry/src/index.crates.io-6f17d22bba15001f/tokio-1.25.0/src/task/local.rs:534:9
[INFO] [stdout]   44:     0x55ecc3e29347 - actix_rt::runtime::Runtime::block_on::h16254203d11536c3
[INFO] [stdout]                                at /opt/rustwide/cargo-home/registry/src/index.crates.io-6f17d22bba15001f/actix-rt-2.8.0/src/runtime.rs:82:9
[INFO] [stdout]   45:     0x55ecc3e491da - actix_rt::system::SystemRunner::block_on::h6e3e2d057452b0a6
[INFO] [stdout]                                at /opt/rustwide/cargo-home/registry/src/index.crates.io-6f17d22bba15001f/actix-rt-2.8.0/src/system.rs:210:9
[INFO] [stdout]   46:     0x55ecc3e244a6 - actix_web_app::api::logos::tests::test_get_all_logos::h841daecb6e446ef6
[INFO] [stdout]                                at /opt/rustwide/workdir/src/api/logos.rs:40:5
[INFO] [stdout]   47:     0x55ecc3e24457 - actix_web_app::api::logos::tests::test_get_all_logos::{{closure}}::heb57b969abd1edb1
[INFO] [stdout]                                at /opt/rustwide/workdir/src/api/logos.rs:41:34
[INFO] [stdout]   48:     0x55ecc3e343d6 - core::ops::function::FnOnce::call_once::h6063e32ae1ecfb3a
[INFO] [stdout]                                at /rustc/0e09125c6c3c2fd70d7de961bcf0e51575235fad/library/core/src/ops/function.rs:250:5
[INFO] [stdout]   49:     0x55ecc3e9c75f - core::ops::function::FnOnce::call_once::hd64d26f405258157
[INFO] [stdout]                                at /rustc/0e09125c6c3c2fd70d7de961bcf0e51575235fad/library/core/src/ops/function.rs:250:5
[INFO] [stdout]   50:     0x55ecc3e9c75f - test::__rust_begin_short_backtrace::he21b0b7a6d731bf9
[INFO] [stdout]                                at /rustc/0e09125c6c3c2fd70d7de961bcf0e51575235fad/library/test/src/lib.rs:627:18
[INFO] [stdout]   51:     0x55ecc3e9b4e1 - test::run_test_in_process::{{closure}}::hf5c73986d7bdfde2
[INFO] [stdout]                                at /rustc/0e09125c6c3c2fd70d7de961bcf0e51575235fad/library/test/src/lib.rs:650:60
[INFO] [stdout]   52:     0x55ecc3e9b4e1 - <core::panic::unwind_safe::AssertUnwindSafe<F> as core::ops::function::FnOnce<()>>::call_once::h330011ad032aadc0
[INFO] [stdout]                                at /rustc/0e09125c6c3c2fd70d7de961bcf0e51575235fad/library/core/src/panic/unwind_safe.rs:272:9
[INFO] [stdout]   53:     0x55ecc3e9b4e1 - std::panicking::try::do_call::he61b0a958b795a41
[INFO] [stdout]                                at /rustc/0e09125c6c3c2fd70d7de961bcf0e51575235fad/library/std/src/panicking.rs:552:40
[INFO] [stdout]   54:     0x55ecc3e9b4e1 - std::panicking::try::h7309da130f906eb7
[INFO] [stdout]                                at /rustc/0e09125c6c3c2fd70d7de961bcf0e51575235fad/library/std/src/panicking.rs:516:19
[INFO] [stdout]   55:     0x55ecc3e9b4e1 - std::panic::catch_unwind::hc5c3a06fdaf0a92a
[INFO] [stdout]                                at /rustc/0e09125c6c3c2fd70d7de961bcf0e51575235fad/library/std/src/panic.rs:142:14
[INFO] [stdout]   56:     0x55ecc3e9b4e1 - test::run_test_in_process::h7e7b7c71c3324e0f
[INFO] [stdout]                                at /rustc/0e09125c6c3c2fd70d7de961bcf0e51575235fad/library/test/src/lib.rs:650:27
[INFO] [stdout]   57:     0x55ecc3e9b4e1 - test::run_test::{{closure}}::h1f509f28f5cf20b1
[INFO] [stdout]                                at /rustc/0e09125c6c3c2fd70d7de961bcf0e51575235fad/library/test/src/lib.rs:573:43
[INFO] [stdout]   58:     0x55ecc3e62816 - test::run_test::{{closure}}::h1754218abf443f6d
[INFO] [stdout]                                at /rustc/0e09125c6c3c2fd70d7de961bcf0e51575235fad/library/test/src/lib.rs:601:41
[INFO] [stdout]   59:     0x55ecc3e62816 - std::sys_common::backtrace::__rust_begin_short_backtrace::h2ee174b9d5954948
[INFO] [stdout]                                at /rustc/0e09125c6c3c2fd70d7de961bcf0e51575235fad/library/std/src/sys_common/backtrace.rs:155:18
[INFO] [stdout]   60:     0x55ecc3e67877 - std::thread::Builder::spawn_unchecked_::{{closure}}::{{closure}}::hf60bee9c1a17ef09
[INFO] [stdout]                                at /rustc/0e09125c6c3c2fd70d7de961bcf0e51575235fad/library/std/src/thread/mod.rs:529:17
[INFO] [stdout]   61:     0x55ecc3e67877 - <core::panic::unwind_safe::AssertUnwindSafe<F> as core::ops::function::FnOnce<()>>::call_once::h33d0dddec5216160
[INFO] [stdout]                                at /rustc/0e09125c6c3c2fd70d7de961bcf0e51575235fad/library/core/src/panic/unwind_safe.rs:272:9
[INFO] [stdout]   62:     0x55ecc3e67877 - std::panicking::try::do_call::h144b3048b546f835
[INFO] [stdout]                                at /rustc/0e09125c6c3c2fd70d7de961bcf0e51575235fad/library/std/src/panicking.rs:552:40
[INFO] [stdout]   63:     0x55ecc3e67877 - std::panicking::try::h978244d04646189f
[INFO] [stdout]                                at /rustc/0e09125c6c3c2fd70d7de961bcf0e51575235fad/library/std/src/panicking.rs:516:19
[INFO] [stdout]   64:     0x55ecc3e67877 - std::panic::catch_unwind::hdf436369d188fe86
[INFO] [stdout]                                at /rustc/0e09125c6c3c2fd70d7de961bcf0e51575235fad/library/std/src/panic.rs:142:14
[INFO] [stdout]   65:     0x55ecc3e67877 - std::thread::Builder::spawn_unchecked_::{{closure}}::h87329cbdd33c79ec
[INFO] [stdout]                                at /rustc/0e09125c6c3c2fd70d7de961bcf0e51575235fad/library/std/src/thread/mod.rs:528:30
[INFO] [stdout]   66:     0x55ecc3e67877 - core::ops::function::FnOnce::call_once{{vtable.shim}}::h401abbe67897d450
[INFO] [stdout]                                at /rustc/0e09125c6c3c2fd70d7de961bcf0e51575235fad/library/core/src/ops/function.rs:250:5
[INFO] [stdout]   67:     0x55ecc421d145 - <alloc::boxed::Box<F,A> as core::ops::function::FnOnce<Args>>::call_once::h5d7c8f150ab9c84c
[INFO] [stdout]                                at /rustc/0e09125c6c3c2fd70d7de961bcf0e51575235fad/library/alloc/src/boxed.rs:2015:9
[INFO] [stdout]   68:     0x55ecc421d145 - <alloc::boxed::Box<F,A> as core::ops::function::FnOnce<Args>>::call_once::h570d5b005c242c15
[INFO] [stdout]                                at /rustc/0e09125c6c3c2fd70d7de961bcf0e51575235fad/library/alloc/src/boxed.rs:2015:9
[INFO] [stdout]   69:     0x55ecc421d145 - std::sys::unix::thread::Thread::new::thread_start::h36b0a20c0b2361ad
[INFO] [stdout]                                at /rustc/0e09125c6c3c2fd70d7de961bcf0e51575235fad/library/std/src/sys/unix/thread.rs:108:17
[INFO] [stdout]   70:     0x7fc18e223ac3 - <unknown>
[INFO] [stdout]   71:     0x7fc18e2b4bf4 - __clone
[INFO] [stdout]   72:                0x0 - <unknown>
[INFO] [stdout] 
[INFO] [stdout] 
[INFO] [stdout] failures:
[INFO] [stdout]     api::logos::tests::test_get_all_logos
[INFO] [stdout] 
[INFO] [stdout] test result: FAILED. 0 passed; 1 failed; 0 ignored; 0 measured; 0 filtered out; finished in 0.07s
[INFO] [stdout] 
[INFO] [stderr] error: test failed, to rerun pass `--bin actix-web-app`
[INFO] running `Command { std: "docker" "inspect" "01f4b0b882e56255eb06145a357d1c22e49f71678dfc37e2ea6e84bf624c4868", kill_on_drop: false }`
[INFO] running `Command { std: "docker" "rm" "-f" "01f4b0b882e56255eb06145a357d1c22e49f71678dfc37e2ea6e84bf624c4868", kill_on_drop: false }`
[INFO] [stdout] 01f4b0b882e56255eb06145a357d1c22e49f71678dfc37e2ea6e84bf624c4868
