[INFO] cloning repository https://github.com/cptpcrd/capctl
[INFO] running `Command { std: "git" "-c" "credential.helper=" "-c" "credential.helper=/workspace/cargo-home/bin/git-credential-null" "clone" "--bare" "https://github.com/cptpcrd/capctl" "/workspace/cache/git-repos/https%3A%2F%2Fgithub.com%2Fcptpcrd%2Fcapctl", kill_on_drop: false }`
[INFO] [stderr] Cloning into bare repository '/workspace/cache/git-repos/https%3A%2F%2Fgithub.com%2Fcptpcrd%2Fcapctl'...
[INFO] running `Command { std: "git" "rev-parse" "HEAD", kill_on_drop: false }`
[INFO] [stdout] 4b9ec47b48c6d6669c1d52f73831ad1633562a05
[INFO] testing cptpcrd/capctl against 1.75.0 for beta-1.76-1
[INFO] running `Command { std: "git" "clone" "/workspace/cache/git-repos/https%3A%2F%2Fgithub.com%2Fcptpcrd%2Fcapctl" "/workspace/builds/worker-1-tc1/source", kill_on_drop: false }`
[INFO] [stderr] Cloning into '/workspace/builds/worker-1-tc1/source'...
[INFO] [stderr] done.
[INFO] validating manifest of git repo https://github.com/cptpcrd/capctl on toolchain 1.75.0
[INFO] running `Command { std: CARGO_HOME="/workspace/cargo-home" RUSTUP_HOME="/workspace/rustup-home" "/workspace/cargo-home/bin/cargo" "+1.75.0" "metadata" "--manifest-path" "Cargo.toml" "--no-deps", kill_on_drop: false }`
[INFO] started tweaking git repo https://github.com/cptpcrd/capctl
[INFO] finished tweaking git repo https://github.com/cptpcrd/capctl
[INFO] tweaked toml for git repo https://github.com/cptpcrd/capctl written to /workspace/builds/worker-1-tc1/source/Cargo.toml
[INFO] running `Command { std: CARGO_HOME="/workspace/cargo-home" RUSTUP_HOME="/workspace/rustup-home" "/workspace/cargo-home/bin/cargo" "+1.75.0" "generate-lockfile" "--manifest-path" "Cargo.toml", kill_on_drop: false }`
[INFO] [stderr]     Updating crates.io index
[INFO] running `Command { std: CARGO_HOME="/workspace/cargo-home" RUSTUP_HOME="/workspace/rustup-home" "/workspace/cargo-home/bin/cargo" "+1.75.0" "fetch" "--manifest-path" "Cargo.toml", kill_on_drop: false }`
[INFO] running `Command { std: "docker" "create" "-v" "/var/lib/crater-agent-workspace/builds/worker-1-tc1/target:/opt/rustwide/target:rw,Z" "-v" "/var/lib/crater-agent-workspace/builds/worker-1-tc1/source:/opt/rustwide/workdir:ro,Z" "-v" "/var/lib/crater-agent-workspace/cargo-home:/opt/rustwide/cargo-home:ro,Z" "-v" "/var/lib/crater-agent-workspace/rustup-home:/opt/rustwide/rustup-home:ro,Z" "-e" "SOURCE_DIR=/opt/rustwide/workdir" "-e" "CARGO_TARGET_DIR=/opt/rustwide/target" "-e" "CARGO_HOME=/opt/rustwide/cargo-home" "-e" "RUSTUP_HOME=/opt/rustwide/rustup-home" "-w" "/opt/rustwide/workdir" "-m" "1610612736" "--user" "0:0" "--network" "none" "ghcr.io/rust-lang/crates-build-env/linux@sha256:2788e3201cd34a07e3172128adcd8b3090168a8e3bcc40d7c032b9dda1df7d1c" "/opt/rustwide/cargo-home/bin/cargo" "+1.75.0" "metadata" "--no-deps" "--format-version=1", kill_on_drop: false }`
[INFO] [stdout] fc755157df6e5710a2046869f36696e125cd8258492e605c5042259594618f6a
[INFO] running `Command { std: "docker" "start" "-a" "fc755157df6e5710a2046869f36696e125cd8258492e605c5042259594618f6a", kill_on_drop: false }`
[INFO] running `Command { std: "docker" "inspect" "fc755157df6e5710a2046869f36696e125cd8258492e605c5042259594618f6a", kill_on_drop: false }`
[INFO] running `Command { std: "docker" "rm" "-f" "fc755157df6e5710a2046869f36696e125cd8258492e605c5042259594618f6a", kill_on_drop: false }`
[INFO] [stdout] fc755157df6e5710a2046869f36696e125cd8258492e605c5042259594618f6a
[INFO] running `Command { std: "docker" "create" "-v" "/var/lib/crater-agent-workspace/builds/worker-1-tc1/target:/opt/rustwide/target:rw,Z" "-v" "/var/lib/crater-agent-workspace/builds/worker-1-tc1/source:/opt/rustwide/workdir:ro,Z" "-v" "/var/lib/crater-agent-workspace/cargo-home:/opt/rustwide/cargo-home:ro,Z" "-v" "/var/lib/crater-agent-workspace/rustup-home:/opt/rustwide/rustup-home:ro,Z" "-e" "SOURCE_DIR=/opt/rustwide/workdir" "-e" "CARGO_TARGET_DIR=/opt/rustwide/target" "-e" "CARGO_INCREMENTAL=0" "-e" "RUST_BACKTRACE=full" "-e" "RUSTFLAGS=--cap-lints=warn" "-e" "RUSTDOCFLAGS=--cap-lints=warn" "-e" "CARGO_HOME=/opt/rustwide/cargo-home" "-e" "RUSTUP_HOME=/opt/rustwide/rustup-home" "-w" "/opt/rustwide/workdir" "-m" "1610612736" "--user" "0:0" "--network" "none" "ghcr.io/rust-lang/crates-build-env/linux@sha256:2788e3201cd34a07e3172128adcd8b3090168a8e3bcc40d7c032b9dda1df7d1c" "/opt/rustwide/cargo-home/bin/cargo" "+1.75.0" "build" "--frozen" "--message-format=json", kill_on_drop: false }`
[INFO] [stdout] 7451f02f5ff45189956b32aa03c1ad3803447b0d36a6d874596a332080ba0f0b
[INFO] running `Command { std: "docker" "start" "-a" "7451f02f5ff45189956b32aa03c1ad3803447b0d36a6d874596a332080ba0f0b", kill_on_drop: false }`
[INFO] [stderr]    Compiling libc v0.2.151
[INFO] [stderr]    Compiling capctl v0.2.3 (/opt/rustwide/workdir)
[INFO] [stderr]     Finished dev [unoptimized + debuginfo] target(s) in 0.89s
[INFO] running `Command { std: "docker" "inspect" "7451f02f5ff45189956b32aa03c1ad3803447b0d36a6d874596a332080ba0f0b", kill_on_drop: false }`
[INFO] running `Command { std: "docker" "rm" "-f" "7451f02f5ff45189956b32aa03c1ad3803447b0d36a6d874596a332080ba0f0b", kill_on_drop: false }`
[INFO] [stdout] 7451f02f5ff45189956b32aa03c1ad3803447b0d36a6d874596a332080ba0f0b
[INFO] running `Command { std: "docker" "create" "-v" "/var/lib/crater-agent-workspace/builds/worker-1-tc1/target:/opt/rustwide/target:rw,Z" "-v" "/var/lib/crater-agent-workspace/builds/worker-1-tc1/source:/opt/rustwide/workdir:ro,Z" "-v" "/var/lib/crater-agent-workspace/cargo-home:/opt/rustwide/cargo-home:ro,Z" "-v" "/var/lib/crater-agent-workspace/rustup-home:/opt/rustwide/rustup-home:ro,Z" "-e" "SOURCE_DIR=/opt/rustwide/workdir" "-e" "CARGO_TARGET_DIR=/opt/rustwide/target" "-e" "CARGO_INCREMENTAL=0" "-e" "RUST_BACKTRACE=full" "-e" "RUSTFLAGS=--cap-lints=warn" "-e" "RUSTDOCFLAGS=--cap-lints=warn" "-e" "CARGO_HOME=/opt/rustwide/cargo-home" "-e" "RUSTUP_HOME=/opt/rustwide/rustup-home" "-w" "/opt/rustwide/workdir" "-m" "1610612736" "--user" "0:0" "--network" "none" "ghcr.io/rust-lang/crates-build-env/linux@sha256:2788e3201cd34a07e3172128adcd8b3090168a8e3bcc40d7c032b9dda1df7d1c" "/opt/rustwide/cargo-home/bin/cargo" "+1.75.0" "test" "--frozen" "--no-run" "--message-format=json", kill_on_drop: false }`
[INFO] [stdout] c997e799f21b43e912974f4d004644a83eb72d08dea42d841b448b8a1686ce81
[INFO] running `Command { std: "docker" "start" "-a" "c997e799f21b43e912974f4d004644a83eb72d08dea42d841b448b8a1686ce81", kill_on_drop: false }`
[INFO] [stderr]    Compiling serde v1.0.194
[INFO] [stderr]    Compiling serde_test v1.0.176
[INFO] [stderr]    Compiling capctl v0.2.3 (/opt/rustwide/workdir)
[INFO] [stderr]     Finished test [unoptimized + debuginfo] target(s) in 3.12s
[INFO] running `Command { std: "docker" "inspect" "c997e799f21b43e912974f4d004644a83eb72d08dea42d841b448b8a1686ce81", kill_on_drop: false }`
[INFO] running `Command { std: "docker" "rm" "-f" "c997e799f21b43e912974f4d004644a83eb72d08dea42d841b448b8a1686ce81", kill_on_drop: false }`
[INFO] [stdout] c997e799f21b43e912974f4d004644a83eb72d08dea42d841b448b8a1686ce81
[INFO] running `Command { std: "docker" "create" "-v" "/var/lib/crater-agent-workspace/builds/worker-1-tc1/target:/opt/rustwide/target:rw,Z" "-v" "/var/lib/crater-agent-workspace/builds/worker-1-tc1/source:/opt/rustwide/workdir:ro,Z" "-v" "/var/lib/crater-agent-workspace/cargo-home:/opt/rustwide/cargo-home:ro,Z" "-v" "/var/lib/crater-agent-workspace/rustup-home:/opt/rustwide/rustup-home:ro,Z" "-e" "SOURCE_DIR=/opt/rustwide/workdir" "-e" "CARGO_TARGET_DIR=/opt/rustwide/target" "-e" "CARGO_INCREMENTAL=0" "-e" "RUST_BACKTRACE=full" "-e" "RUSTFLAGS=--cap-lints=warn" "-e" "RUSTDOCFLAGS=--cap-lints=warn" "-e" "CARGO_HOME=/opt/rustwide/cargo-home" "-e" "RUSTUP_HOME=/opt/rustwide/rustup-home" "-w" "/opt/rustwide/workdir" "-m" "1610612736" "--user" "0:0" "--network" "none" "ghcr.io/rust-lang/crates-build-env/linux@sha256:2788e3201cd34a07e3172128adcd8b3090168a8e3bcc40d7c032b9dda1df7d1c" "/opt/rustwide/cargo-home/bin/cargo" "+1.75.0" "test" "--frozen", kill_on_drop: false }`
[INFO] [stdout] e62f83c419f04799abaf6c02b27231bc8d0607ccf970903a82ec79d206ce7029
[INFO] running `Command { std: "docker" "start" "-a" "e62f83c419f04799abaf6c02b27231bc8d0607ccf970903a82ec79d206ce7029", kill_on_drop: false }`
[INFO] [stderr]     Finished test [unoptimized + debuginfo] target(s) in 0.01s
[INFO] [stderr]      Running unittests src/lib.rs (/opt/rustwide/target/debug/deps/capctl-e60da3ffb01fc6fd)
[INFO] [stdout] 
[INFO] [stdout] running 75 tests
[INFO] [stdout] test caps::bounding::tests::test_bounding_drop ... ok
[INFO] [stdout] test caps::bounding::tests::test_bounding ... ok
[INFO] [stdout] test caps::ambient::tests::test_ambient_supported ... ok
[INFO] [stdout] test caps::bounding::tests::test_clear ... ok
[INFO] [stdout] test caps::bounding::tests::test_clear_unknown ... ok
[INFO] [stdout] test caps::cap_text::tests::test_parse_capset ... ok
[INFO] [stdout] test caps::cap_text::tests::test_parse_capstate ... ok
[INFO] [stdout] test caps::capset::tests::test_capset_add_drop ... ok
[INFO] [stdout] test caps::capset::tests::test_capset_add_drop_all ... ok
[INFO] [stdout] test caps::capset::tests::test_capset_bitand ... ok
[INFO] [stdout] test caps::capset::tests::test_capset_bitor ... ok
[INFO] [stdout] test caps::capset::tests::test_capset_bitxor ... ok
[INFO] [stdout] test caps::capset::tests::test_capset_empty ... ok
[INFO] [stdout] test caps::capset::tests::test_capset_fmt ... ok
[INFO] [stdout] test caps::capset::tests::test_capset_from_iter ... ok
[INFO] [stdout] test caps::capset::tests::test_capset_full ... ok
[INFO] [stdout] test caps::capset::tests::test_capset_intersection ... ok
[INFO] [stdout] test caps::capset::tests::test_capset_iter_count ... ok
[INFO] [stdout] test caps::capset::tests::test_capset_iter_full ... ok
[INFO] [stdout] test caps::capset::tests::test_capset_iter_last ... ok
[INFO] [stdout] test caps::capset::tests::test_capset_macro ... ok
[INFO] [stdout] test caps::capset::tests::test_capset_not ... ok
[INFO] [stdout] test caps::capset::tests::test_capset_sub ... ok
[INFO] [stdout] test caps::capset::tests::test_capset_superset ... ok
[INFO] [stdout] test caps::capset::tests::test_capset_union ... ok
[INFO] [stdout] test caps::capset::tests::test_capset_subset ... ok
[INFO] [stdout] test caps::capstate::tests::test_capstate_empty ... ok
[INFO] [stdout] test caps::capstate::tests::test_capstate_get_bad_pid ... ok
[INFO] [stdout] test caps::capstate::tests::test_capstate_display ... ok
[INFO] [stdout] test caps::capstate::tests::test_capstate_getset_current ... ok
[INFO] [stdout] test caps::capstate::tests::test_capstate_display_names ... ok
[INFO] [stdout] test caps::capstate::tests::test_capstate_parse ... ok
[INFO] [stdout] test caps::file::tests::test_filecaps_display ... ok
[INFO] [stdout] test caps::file::tests::test_filecaps_get ... ok
[INFO] [stdout] test caps::file::tests::test_filecaps_pack_unpack ... ok
[INFO] [stdout] test caps::file::tests::test_filecaps_parse ... ok
[INFO] [stdout] test caps::file::tests::test_filecaps_empty ... ok
[INFO] [stdout] test caps::file::tests::test_filecaps_remove_error ... ok
[INFO] [stdout] test caps::fullcapstate::tests::test_get_invalid_pid ... ok
[INFO] [stdout] test caps::helpers::tests::test_set_ids_none ... ok
[INFO] [stdout] test caps::file::tests::test_filecaps_set_error ... ok
[INFO] [stdout] test caps::fullcapstate::tests::test_get_current_proc ... ok
[INFO] [stdout] test caps::helpers::tests::test_set_ids_some ... ok
[INFO] [stdout] test caps::tests::test_cap_iter_count ... ok
[INFO] [stdout] test caps::tests::test_cap_iter_fused ... ok
[INFO] [stdout] test caps::fullcapstate::tests::test_pid_1_match ... ok
[INFO] [stdout] test caps::tests::test_cap_iter_last ... ok
[INFO] [stdout] test caps::tests::test_cap_bits ... ok
[INFO] [stdout] test caps::tests::test_cap_iter_nth ... ok
[INFO] [stdout] test caps::tests::test_cap_string_error ... ok
[INFO] [stdout] test caps::tests::test_cap_u8 ... ok
[INFO] [stdout] test caps::tests::test_last_path ... ok
[INFO] [stdout] test caps::tests::test_supported_caps ... ok
[INFO] [stdout] test err::tests::test_code ... ok
[INFO] [stdout] test caps::tests::test_cap_string ... ok
[INFO] [stdout] test err::tests::test_debug ... ok
[INFO] [stdout] test err::tests::test_last ... ok
[INFO] [stdout] test err::tests::test_from_error ... ok
[INFO] [stdout] test err::tests::test_display ... ok
[INFO] [stdout] test prctl::tests::test_dumpable ... ok
[INFO] [stdout] test err::tests::test_strerror ... ok
[INFO] [stdout] test prctl::tests::test_get_seccomp ... ok
[INFO] [stdout] test prctl::tests::test_get_tid_address ... ok
[INFO] [stdout] test prctl::tests::test_keepcaps ... ok
[INFO] [stdout] test prctl::tests::test_mce_kill ... ok
[INFO] [stdout] test prctl::tests::test_name ... ok
[INFO] [stdout] test prctl::tests::test_pdeathsig ... ok
[INFO] [stdout] test prctl::tests::test_securebits ... ok
[INFO] [stdout] test prctl::tests::test_subreaper ... ok
[INFO] [stdout] test prctl::tests::test_nnp ... ok
[INFO] [stdout] test prctl::tests::test_ptracer ... ok
[INFO] [stdout] test prctl::tests::test_thp_disable ... ok
[INFO] [stdout] test prctl::tests::test_timerslack ... ok
[INFO] [stdout] test prctl::tests::test_mdwe ... FAILED
[INFO] [stdout] test prctl::tests::test_set_seccomp_strict has been running for over 60 seconds
[ERROR] error running command: no output for 300 seconds
[INFO] running `Command { std: "docker" "inspect" "e62f83c419f04799abaf6c02b27231bc8d0607ccf970903a82ec79d206ce7029", kill_on_drop: false }`
[INFO] running `Command { std: "docker" "rm" "-f" "e62f83c419f04799abaf6c02b27231bc8d0607ccf970903a82ec79d206ce7029", kill_on_drop: false }`
[INFO] [stdout] e62f83c419f04799abaf6c02b27231bc8d0607ccf970903a82ec79d206ce7029
[INFO] testing cptpcrd/capctl against beta-2023-12-22 for beta-1.76-1
[INFO] running `Command { std: "git" "clone" "/workspace/cache/git-repos/https%3A%2F%2Fgithub.com%2Fcptpcrd%2Fcapctl" "/workspace/builds/worker-1-tc2/source", kill_on_drop: false }`
[INFO] [stderr] Cloning into '/workspace/builds/worker-1-tc2/source'...
[INFO] [stderr] done.
[INFO] validating manifest of git repo https://github.com/cptpcrd/capctl on toolchain beta-2023-12-22
[INFO] running `Command { std: CARGO_HOME="/workspace/cargo-home" RUSTUP_HOME="/workspace/rustup-home" "/workspace/cargo-home/bin/cargo" "+beta-2023-12-22" "metadata" "--manifest-path" "Cargo.toml" "--no-deps", kill_on_drop: false }`
[INFO] started tweaking git repo https://github.com/cptpcrd/capctl
[INFO] finished tweaking git repo https://github.com/cptpcrd/capctl
[INFO] tweaked toml for git repo https://github.com/cptpcrd/capctl written to /workspace/builds/worker-1-tc2/source/Cargo.toml
[INFO] running `Command { std: CARGO_HOME="/workspace/cargo-home" RUSTUP_HOME="/workspace/rustup-home" "/workspace/cargo-home/bin/cargo" "+beta-2023-12-22" "generate-lockfile" "--manifest-path" "Cargo.toml", kill_on_drop: false }`
[INFO] [stderr]     Updating crates.io index
[INFO] running `Command { std: CARGO_HOME="/workspace/cargo-home" RUSTUP_HOME="/workspace/rustup-home" "/workspace/cargo-home/bin/cargo" "+beta-2023-12-22" "fetch" "--manifest-path" "Cargo.toml", kill_on_drop: false }`
[INFO] running `Command { std: "docker" "create" "-v" "/var/lib/crater-agent-workspace/builds/worker-1-tc2/target:/opt/rustwide/target:rw,Z" "-v" "/var/lib/crater-agent-workspace/builds/worker-1-tc2/source:/opt/rustwide/workdir:ro,Z" "-v" "/var/lib/crater-agent-workspace/cargo-home:/opt/rustwide/cargo-home:ro,Z" "-v" "/var/lib/crater-agent-workspace/rustup-home:/opt/rustwide/rustup-home:ro,Z" "-e" "SOURCE_DIR=/opt/rustwide/workdir" "-e" "CARGO_TARGET_DIR=/opt/rustwide/target" "-e" "CARGO_HOME=/opt/rustwide/cargo-home" "-e" "RUSTUP_HOME=/opt/rustwide/rustup-home" "-w" "/opt/rustwide/workdir" "-m" "1610612736" "--user" "0:0" "--network" "none" "ghcr.io/rust-lang/crates-build-env/linux@sha256:2788e3201cd34a07e3172128adcd8b3090168a8e3bcc40d7c032b9dda1df7d1c" "/opt/rustwide/cargo-home/bin/cargo" "+beta-2023-12-22" "metadata" "--no-deps" "--format-version=1", kill_on_drop: false }`
[INFO] [stdout] 510822c625f2f67a30c30c11b0f09bb49b926de521bda0d38b3f28394f020264
[INFO] running `Command { std: "docker" "start" "-a" "510822c625f2f67a30c30c11b0f09bb49b926de521bda0d38b3f28394f020264", kill_on_drop: false }`
[INFO] running `Command { std: "docker" "inspect" "510822c625f2f67a30c30c11b0f09bb49b926de521bda0d38b3f28394f020264", kill_on_drop: false }`
[INFO] running `Command { std: "docker" "rm" "-f" "510822c625f2f67a30c30c11b0f09bb49b926de521bda0d38b3f28394f020264", kill_on_drop: false }`
[INFO] [stdout] 510822c625f2f67a30c30c11b0f09bb49b926de521bda0d38b3f28394f020264
[INFO] running `Command { std: "docker" "create" "-v" "/var/lib/crater-agent-workspace/builds/worker-1-tc2/target:/opt/rustwide/target:rw,Z" "-v" "/var/lib/crater-agent-workspace/builds/worker-1-tc2/source:/opt/rustwide/workdir:ro,Z" "-v" "/var/lib/crater-agent-workspace/cargo-home:/opt/rustwide/cargo-home:ro,Z" "-v" "/var/lib/crater-agent-workspace/rustup-home:/opt/rustwide/rustup-home:ro,Z" "-e" "SOURCE_DIR=/opt/rustwide/workdir" "-e" "CARGO_TARGET_DIR=/opt/rustwide/target" "-e" "CARGO_INCREMENTAL=0" "-e" "RUST_BACKTRACE=full" "-e" "RUSTFLAGS=--cap-lints=warn" "-e" "RUSTDOCFLAGS=--cap-lints=warn" "-e" "CARGO_HOME=/opt/rustwide/cargo-home" "-e" "RUSTUP_HOME=/opt/rustwide/rustup-home" "-w" "/opt/rustwide/workdir" "-m" "1610612736" "--user" "0:0" "--network" "none" "ghcr.io/rust-lang/crates-build-env/linux@sha256:2788e3201cd34a07e3172128adcd8b3090168a8e3bcc40d7c032b9dda1df7d1c" "/opt/rustwide/cargo-home/bin/cargo" "+beta-2023-12-22" "build" "--frozen" "--message-format=json", kill_on_drop: false }`
[INFO] [stdout] 6987a03e47b57eec774e405f1cf135fca7f4eaa4731b7450bb4bac2b2a3d0cce
[INFO] running `Command { std: "docker" "start" "-a" "6987a03e47b57eec774e405f1cf135fca7f4eaa4731b7450bb4bac2b2a3d0cce", kill_on_drop: false }`
[INFO] [stderr]    Compiling libc v0.2.151
[INFO] [stderr]    Compiling capctl v0.2.3 (/opt/rustwide/workdir)
[INFO] [stderr]     Finished dev [unoptimized + debuginfo] target(s) in 0.91s
[INFO] running `Command { std: "docker" "inspect" "6987a03e47b57eec774e405f1cf135fca7f4eaa4731b7450bb4bac2b2a3d0cce", kill_on_drop: false }`
[INFO] running `Command { std: "docker" "rm" "-f" "6987a03e47b57eec774e405f1cf135fca7f4eaa4731b7450bb4bac2b2a3d0cce", kill_on_drop: false }`
[INFO] [stdout] 6987a03e47b57eec774e405f1cf135fca7f4eaa4731b7450bb4bac2b2a3d0cce
[INFO] running `Command { std: "docker" "create" "-v" "/var/lib/crater-agent-workspace/builds/worker-1-tc2/target:/opt/rustwide/target:rw,Z" "-v" "/var/lib/crater-agent-workspace/builds/worker-1-tc2/source:/opt/rustwide/workdir:ro,Z" "-v" "/var/lib/crater-agent-workspace/cargo-home:/opt/rustwide/cargo-home:ro,Z" "-v" "/var/lib/crater-agent-workspace/rustup-home:/opt/rustwide/rustup-home:ro,Z" "-e" "SOURCE_DIR=/opt/rustwide/workdir" "-e" "CARGO_TARGET_DIR=/opt/rustwide/target" "-e" "CARGO_INCREMENTAL=0" "-e" "RUST_BACKTRACE=full" "-e" "RUSTFLAGS=--cap-lints=warn" "-e" "RUSTDOCFLAGS=--cap-lints=warn" "-e" "CARGO_HOME=/opt/rustwide/cargo-home" "-e" "RUSTUP_HOME=/opt/rustwide/rustup-home" "-w" "/opt/rustwide/workdir" "-m" "1610612736" "--user" "0:0" "--network" "none" "ghcr.io/rust-lang/crates-build-env/linux@sha256:2788e3201cd34a07e3172128adcd8b3090168a8e3bcc40d7c032b9dda1df7d1c" "/opt/rustwide/cargo-home/bin/cargo" "+beta-2023-12-22" "test" "--frozen" "--no-run" "--message-format=json", kill_on_drop: false }`
[INFO] [stdout] e0ca51f012fa9b884ac4b7457b5ff4af658813413f16cf9fbff8b05476709169
[INFO] running `Command { std: "docker" "start" "-a" "e0ca51f012fa9b884ac4b7457b5ff4af658813413f16cf9fbff8b05476709169", kill_on_drop: false }`
[INFO] [stderr]    Compiling serde v1.0.194
[INFO] [stderr]    Compiling serde_test v1.0.176
[INFO] [stderr]    Compiling capctl v0.2.3 (/opt/rustwide/workdir)
[INFO] [stderr]     Finished test [unoptimized + debuginfo] target(s) in 3.10s
[INFO] running `Command { std: "docker" "inspect" "e0ca51f012fa9b884ac4b7457b5ff4af658813413f16cf9fbff8b05476709169", kill_on_drop: false }`
[INFO] running `Command { std: "docker" "rm" "-f" "e0ca51f012fa9b884ac4b7457b5ff4af658813413f16cf9fbff8b05476709169", kill_on_drop: false }`
[INFO] [stdout] e0ca51f012fa9b884ac4b7457b5ff4af658813413f16cf9fbff8b05476709169
[INFO] running `Command { std: "docker" "create" "-v" "/var/lib/crater-agent-workspace/builds/worker-1-tc2/target:/opt/rustwide/target:rw,Z" "-v" "/var/lib/crater-agent-workspace/builds/worker-1-tc2/source:/opt/rustwide/workdir:ro,Z" "-v" "/var/lib/crater-agent-workspace/cargo-home:/opt/rustwide/cargo-home:ro,Z" "-v" "/var/lib/crater-agent-workspace/rustup-home:/opt/rustwide/rustup-home:ro,Z" "-e" "SOURCE_DIR=/opt/rustwide/workdir" "-e" "CARGO_TARGET_DIR=/opt/rustwide/target" "-e" "CARGO_INCREMENTAL=0" "-e" "RUST_BACKTRACE=full" "-e" "RUSTFLAGS=--cap-lints=warn" "-e" "RUSTDOCFLAGS=--cap-lints=warn" "-e" "CARGO_HOME=/opt/rustwide/cargo-home" "-e" "RUSTUP_HOME=/opt/rustwide/rustup-home" "-w" "/opt/rustwide/workdir" "-m" "1610612736" "--user" "0:0" "--network" "none" "ghcr.io/rust-lang/crates-build-env/linux@sha256:2788e3201cd34a07e3172128adcd8b3090168a8e3bcc40d7c032b9dda1df7d1c" "/opt/rustwide/cargo-home/bin/cargo" "+beta-2023-12-22" "test" "--frozen", kill_on_drop: false }`
[INFO] [stdout] 33e68c220aeb559a9d51f6c9f0f97af7cfd7f5c8df2fd65ef37886a526e94043
[INFO] running `Command { std: "docker" "start" "-a" "33e68c220aeb559a9d51f6c9f0f97af7cfd7f5c8df2fd65ef37886a526e94043", kill_on_drop: false }`
[INFO] [stderr]     Finished test [unoptimized + debuginfo] target(s) in 0.01s
[INFO] [stderr]      Running unittests src/lib.rs (/opt/rustwide/target/debug/deps/capctl-d0a172ca582bb62e)
[INFO] [stdout] 
[INFO] [stdout] running 75 tests
[INFO] [stdout] test caps::bounding::tests::test_bounding_drop ... ok
[INFO] [stdout] test caps::bounding::tests::test_bounding ... ok
[INFO] [stdout] test caps::ambient::tests::test_ambient_supported ... ok
[INFO] [stdout] test caps::bounding::tests::test_clear ... ok
[INFO] [stdout] test caps::bounding::tests::test_clear_unknown ... ok
[INFO] [stdout] test caps::cap_text::tests::test_parse_capset ... ok
[INFO] [stdout] test caps::cap_text::tests::test_parse_capstate ... ok
[INFO] [stdout] test caps::capset::tests::test_capset_add_drop ... ok
[INFO] [stdout] test caps::capset::tests::test_capset_add_drop_all ... ok
[INFO] [stdout] test caps::capset::tests::test_capset_bitand ... ok
[INFO] [stdout] test caps::capset::tests::test_capset_bitor ... ok
[INFO] [stdout] test caps::capset::tests::test_capset_bitxor ... ok
[INFO] [stdout] test caps::capset::tests::test_capset_empty ... ok
[INFO] [stdout] test caps::capset::tests::test_capset_fmt ... ok
[INFO] [stdout] test caps::capset::tests::test_capset_from_iter ... ok
[INFO] [stdout] test caps::capset::tests::test_capset_full ... ok
[INFO] [stdout] test caps::capset::tests::test_capset_intersection ... ok
[INFO] [stdout] test caps::capset::tests::test_capset_iter_count ... ok
[INFO] [stdout] test caps::capset::tests::test_capset_macro ... ok
[INFO] [stdout] test caps::capset::tests::test_capset_iter_full ... ok
[INFO] [stdout] test caps::capset::tests::test_capset_not ... ok
[INFO] [stdout] test caps::capset::tests::test_capset_sub ... ok
[INFO] [stdout] test caps::capset::tests::test_capset_subset ... ok
[INFO] [stdout] test caps::capset::tests::test_capset_iter_last ... ok
[INFO] [stdout] test caps::capset::tests::test_capset_superset ... ok
[INFO] [stdout] test caps::capset::tests::test_capset_union ... ok
[INFO] [stdout] test caps::capstate::tests::test_capstate_parse ... ok
[INFO] [stdout] test caps::capstate::tests::test_capstate_empty ... ok
[INFO] [stdout] test caps::file::tests::test_filecaps_display ... ok
[INFO] [stdout] test caps::capstate::tests::test_capstate_getset_current ... ok
[INFO] [stdout] test caps::capstate::tests::test_capstate_display ... ok
[INFO] [stdout] test caps::capstate::tests::test_capstate_get_bad_pid ... ok
[INFO] [stdout] test caps::file::tests::test_filecaps_empty ... ok
[INFO] [stdout] test caps::file::tests::test_filecaps_pack_unpack ... ok
[INFO] [stdout] test caps::capstate::tests::test_capstate_display_names ... ok
[INFO] [stdout] test caps::file::tests::test_filecaps_get ... ok
[INFO] [stdout] test caps::file::tests::test_filecaps_parse ... ok
[INFO] [stdout] test caps::file::tests::test_filecaps_set_error ... ok
[INFO] [stdout] test caps::fullcapstate::tests::test_get_invalid_pid ... ok
[INFO] [stdout] test caps::helpers::tests::test_set_ids_none ... ok
[INFO] [stdout] test caps::file::tests::test_filecaps_remove_error ... ok
[INFO] [stdout] test caps::tests::test_cap_bits ... ok
[INFO] [stdout] test caps::tests::test_cap_iter_count ... ok
[INFO] [stdout] test caps::fullcapstate::tests::test_pid_1_match ... ok
[INFO] [stdout] test caps::helpers::tests::test_set_ids_some ... ok
[INFO] [stdout] test caps::tests::test_cap_iter_fused ... ok
[INFO] [stdout] test caps::fullcapstate::tests::test_get_current_proc ... ok
[INFO] [stdout] test caps::tests::test_cap_iter_last ... ok
[INFO] [stdout] test caps::tests::test_cap_iter_nth ... ok
[INFO] [stdout] test caps::tests::test_cap_string_error ... ok
[INFO] [stdout] test caps::tests::test_cap_u8 ... ok
[INFO] [stdout] test caps::tests::test_last_path ... ok
[INFO] [stdout] test err::tests::test_code ... ok
[INFO] [stdout] test caps::tests::test_supported_caps ... ok
[INFO] [stdout] test caps::tests::test_cap_string ... ok
[INFO] [stdout] test err::tests::test_debug ... ok
[INFO] [stdout] test err::tests::test_display ... ok
[INFO] [stdout] test err::tests::test_last ... ok
[INFO] [stdout] test err::tests::test_from_error ... ok
[INFO] [stdout] test prctl::tests::test_get_seccomp ... ok
[INFO] [stdout] test prctl::tests::test_get_tid_address ... ok
[INFO] [stdout] test prctl::tests::test_mce_kill ... ok
[INFO] [stdout] test err::tests::test_strerror ... ok
[INFO] [stdout] test prctl::tests::test_keepcaps ... ok
[INFO] [stdout] test prctl::tests::test_dumpable ... ok
[INFO] [stdout] test prctl::tests::test_securebits ... ok
[INFO] [stdout] test prctl::tests::test_nnp ... ok
[INFO] [stdout] test prctl::tests::test_pdeathsig ... ok
[INFO] [stdout] test prctl::tests::test_name ... ok
[INFO] [stdout] test prctl::tests::test_ptracer ... ok
[INFO] [stdout] test prctl::tests::test_subreaper ... ok
[INFO] [stdout] test prctl::tests::test_thp_disable ... ok
[INFO] [stdout] test prctl::tests::test_timerslack ... ok
[INFO] [stdout] test prctl::tests::test_mdwe ... FAILED
[INFO] [stdout] test prctl::tests::test_set_seccomp_strict ... ok
[INFO] [stdout] 
[INFO] [stdout] failures:
[INFO] [stdout] 
[INFO] [stdout] ---- prctl::tests::test_mdwe stdout ----
[INFO] [stdout] thread 'prctl::tests::test_mdwe' panicked at src/prctl.rs:1016:17:
[INFO] [stdout] assertion `left == right` failed
[INFO] [stdout]   left: 22
[INFO] [stdout]  right: 1
[INFO] [stdout] stack backtrace:
[INFO] [stdout]    0:     0x562d7fa791d6 - std::backtrace_rs::backtrace::libunwind::trace::h261606ad26a499c1
[INFO] [stdout]                                at /rustc/0e09125c6c3c2fd70d7de961bcf0e51575235fad/library/std/src/../../backtrace/src/backtrace/libunwind.rs:104:5
[INFO] [stdout]    1:     0x562d7fa791d6 - std::backtrace_rs::backtrace::trace_unsynchronized::hd183f0625477fb28
[INFO] [stdout]                                at /rustc/0e09125c6c3c2fd70d7de961bcf0e51575235fad/library/std/src/../../backtrace/src/backtrace/mod.rs:66:5
[INFO] [stdout]    2:     0x562d7fa791d6 - std::sys_common::backtrace::_print_fmt::hd7f8fef21b4eda67
[INFO] [stdout]                                at /rustc/0e09125c6c3c2fd70d7de961bcf0e51575235fad/library/std/src/sys_common/backtrace.rs:68:5
[INFO] [stdout]    3:     0x562d7fa791d6 - <std::sys_common::backtrace::_print::DisplayBacktrace as core::fmt::Display>::fmt::h623d9b51f2f453f1
[INFO] [stdout]                                at /rustc/0e09125c6c3c2fd70d7de961bcf0e51575235fad/library/std/src/sys_common/backtrace.rs:44:22
[INFO] [stdout]    4:     0x562d7faa2d40 - core::fmt::rt::Argument::fmt::h9f417ac76a86f368
[INFO] [stdout]                                at /rustc/0e09125c6c3c2fd70d7de961bcf0e51575235fad/library/core/src/fmt/rt.rs:142:9
[INFO] [stdout]    5:     0x562d7faa2d40 - core::fmt::write::hc9b6faf4ac2aeff7
[INFO] [stdout]                                at /rustc/0e09125c6c3c2fd70d7de961bcf0e51575235fad/library/core/src/fmt/mod.rs:1120:17
[INFO] [stdout]    6:     0x562d7fa76abf - std::io::Write::write_fmt::he04625a3a989fec3
[INFO] [stdout]                                at /rustc/0e09125c6c3c2fd70d7de961bcf0e51575235fad/library/std/src/io/mod.rs:1810:15
[INFO] [stdout]    7:     0x562d7fa78fb4 - std::sys_common::backtrace::_print::hd5d66399c7df88a2
[INFO] [stdout]                                at /rustc/0e09125c6c3c2fd70d7de961bcf0e51575235fad/library/std/src/sys_common/backtrace.rs:47:5
[INFO] [stdout]    8:     0x562d7fa78fb4 - std::sys_common::backtrace::print::he81ed2da642d37e5
[INFO] [stdout]                                at /rustc/0e09125c6c3c2fd70d7de961bcf0e51575235fad/library/std/src/sys_common/backtrace.rs:34:9
[INFO] [stdout]    9:     0x562d7fa7ad27 - std::panicking::default_hook::{{closure}}::h85773f4fa117163d
[INFO] [stdout]   10:     0x562d7fa7aa0d - std::panicking::default_hook::h6a1694a91d09b278
[INFO] [stdout]                                at /rustc/0e09125c6c3c2fd70d7de961bcf0e51575235fad/library/std/src/panicking.rs:289:9
[INFO] [stdout]   11:     0x562d7fa4aa37 - <alloc::boxed::Box<F,A> as core::ops::function::Fn<Args>>::call::h616ac37fa3cd6c8f
[INFO] [stdout]                                at /rustc/0e09125c6c3c2fd70d7de961bcf0e51575235fad/library/alloc/src/boxed.rs:2029:9
[INFO] [stdout]   12:     0x562d7fa4aa37 - test::test_main::{{closure}}::h00d84697cefdcbb6
[INFO] [stdout]                                at /rustc/0e09125c6c3c2fd70d7de961bcf0e51575235fad/library/test/src/lib.rs:138:21
[INFO] [stdout]   13:     0x562d7fa7b346 - <alloc::boxed::Box<F,A> as core::ops::function::Fn<Args>>::call::hcb3fe3b9bb537ba8
[INFO] [stdout]                                at /rustc/0e09125c6c3c2fd70d7de961bcf0e51575235fad/library/alloc/src/boxed.rs:2029:9
[INFO] [stdout]   14:     0x562d7fa7b346 - std::panicking::rust_panic_with_hook::h0a7ad96e90f7145b
[INFO] [stdout]                                at /rustc/0e09125c6c3c2fd70d7de961bcf0e51575235fad/library/std/src/panicking.rs:783:13
[INFO] [stdout]   15:     0x562d7fa7b092 - std::panicking::begin_panic_handler::{{closure}}::h7919090525c6485e
[INFO] [stdout]                                at /rustc/0e09125c6c3c2fd70d7de961bcf0e51575235fad/library/std/src/panicking.rs:657:13
[INFO] [stdout]   16:     0x562d7fa796d6 - std::sys_common::backtrace::__rust_end_short_backtrace::hf3289479464f7dfe
[INFO] [stdout]                                at /rustc/0e09125c6c3c2fd70d7de961bcf0e51575235fad/library/std/src/sys_common/backtrace.rs:171:18
[INFO] [stdout]   17:     0x562d7fa7adf0 - rust_begin_unwind
[INFO] [stdout]                                at /rustc/0e09125c6c3c2fd70d7de961bcf0e51575235fad/library/std/src/panicking.rs:645:5
[INFO] [stdout]   18:     0x562d7f9dccd5 - core::panicking::panic_fmt::hcc9f77c5c132af55
[INFO] [stdout]                                at /rustc/0e09125c6c3c2fd70d7de961bcf0e51575235fad/library/core/src/panicking.rs:72:14
[INFO] [stdout]   19:     0x562d7f9dd14b - core::panicking::assert_failed_inner::h9f13e27dd63c3a08
[INFO] [stdout]                                at /rustc/0e09125c6c3c2fd70d7de961bcf0e51575235fad/library/core/src/panicking.rs:342:17
[INFO] [stdout]   20:     0x562d7fa0926e - core::panicking::assert_failed::h4cc212f59b3c71b2
[INFO] [stdout]                                at /rustc/0e09125c6c3c2fd70d7de961bcf0e51575235fad/library/core/src/panicking.rs:297:5
[INFO] [stdout]   21:     0x562d7fa0fde1 - capctl::prctl::tests::test_mdwe::h78ed305ee4c8c817
[INFO] [stdout]                                at /opt/rustwide/workdir/src/prctl.rs:1016:17
[INFO] [stdout]   22:     0x562d7fa0fbc7 - capctl::prctl::tests::test_mdwe::{{closure}}::ha79731bda7899c8e
[INFO] [stdout]                                at /opt/rustwide/workdir/src/prctl.rs:1009:19
[INFO] [stdout]   23:     0x562d7f9e6096 - core::ops::function::FnOnce::call_once::h1376157852b7b8f6
[INFO] [stdout]                                at /rustc/0e09125c6c3c2fd70d7de961bcf0e51575235fad/library/core/src/ops/function.rs:250:5
[INFO] [stdout]   24:     0x562d7fa5030f - core::ops::function::FnOnce::call_once::hd64d26f405258157
[INFO] [stdout]                                at /rustc/0e09125c6c3c2fd70d7de961bcf0e51575235fad/library/core/src/ops/function.rs:250:5
[INFO] [stdout]   25:     0x562d7fa5030f - test::__rust_begin_short_backtrace::he21b0b7a6d731bf9
[INFO] [stdout]                                at /rustc/0e09125c6c3c2fd70d7de961bcf0e51575235fad/library/test/src/lib.rs:627:18
[INFO] [stdout]   26:     0x562d7fa4f091 - test::run_test_in_process::{{closure}}::hf5c73986d7bdfde2
[INFO] [stdout]                                at /rustc/0e09125c6c3c2fd70d7de961bcf0e51575235fad/library/test/src/lib.rs:650:60
[INFO] [stdout]   27:     0x562d7fa4f091 - <core::panic::unwind_safe::AssertUnwindSafe<F> as core::ops::function::FnOnce<()>>::call_once::h330011ad032aadc0
[INFO] [stdout]                                at /rustc/0e09125c6c3c2fd70d7de961bcf0e51575235fad/library/core/src/panic/unwind_safe.rs:272:9
[INFO] [stdout]   28:     0x562d7fa4f091 - std::panicking::try::do_call::he61b0a958b795a41
[INFO] [stdout]                                at /rustc/0e09125c6c3c2fd70d7de961bcf0e51575235fad/library/std/src/panicking.rs:552:40
[INFO] [stdout]   29:     0x562d7fa4f091 - std::panicking::try::h7309da130f906eb7
[INFO] [stdout]                                at /rustc/0e09125c6c3c2fd70d7de961bcf0e51575235fad/library/std/src/panicking.rs:516:19
[INFO] [stdout]   30:     0x562d7fa4f091 - std::panic::catch_unwind::hc5c3a06fdaf0a92a
[INFO] [stdout]                                at /rustc/0e09125c6c3c2fd70d7de961bcf0e51575235fad/library/std/src/panic.rs:142:14
[INFO] [stdout]   31:     0x562d7fa4f091 - test::run_test_in_process::h7e7b7c71c3324e0f
[INFO] [stdout]                                at /rustc/0e09125c6c3c2fd70d7de961bcf0e51575235fad/library/test/src/lib.rs:650:27
[INFO] [stdout]   32:     0x562d7fa4f091 - test::run_test::{{closure}}::h1f509f28f5cf20b1
[INFO] [stdout]                                at /rustc/0e09125c6c3c2fd70d7de961bcf0e51575235fad/library/test/src/lib.rs:573:43
[INFO] [stdout]   33:     0x562d7fa163c6 - test::run_test::{{closure}}::h1754218abf443f6d
[INFO] [stdout]                                at /rustc/0e09125c6c3c2fd70d7de961bcf0e51575235fad/library/test/src/lib.rs:601:41
[INFO] [stdout]   34:     0x562d7fa163c6 - std::sys_common::backtrace::__rust_begin_short_backtrace::h2ee174b9d5954948
[INFO] [stdout]                                at /rustc/0e09125c6c3c2fd70d7de961bcf0e51575235fad/library/std/src/sys_common/backtrace.rs:155:18
[INFO] [stdout]   35:     0x562d7fa1b427 - std::thread::Builder::spawn_unchecked_::{{closure}}::{{closure}}::hf60bee9c1a17ef09
[INFO] [stdout]                                at /rustc/0e09125c6c3c2fd70d7de961bcf0e51575235fad/library/std/src/thread/mod.rs:529:17
[INFO] [stdout]   36:     0x562d7fa1b427 - <core::panic::unwind_safe::AssertUnwindSafe<F> as core::ops::function::FnOnce<()>>::call_once::h33d0dddec5216160
[INFO] [stdout]                                at /rustc/0e09125c6c3c2fd70d7de961bcf0e51575235fad/library/core/src/panic/unwind_safe.rs:272:9
[INFO] [stdout]   37:     0x562d7fa1b427 - std::panicking::try::do_call::h144b3048b546f835
[INFO] [stdout]                                at /rustc/0e09125c6c3c2fd70d7de961bcf0e51575235fad/library/std/src/panicking.rs:552:40
[INFO] [stdout]   38:     0x562d7fa1b427 - std::panicking::try::h978244d04646189f
[INFO] [stdout]                                at /rustc/0e09125c6c3c2fd70d7de961bcf0e51575235fad/library/std/src/panicking.rs:516:19
[INFO] [stdout]   39:     0x562d7fa1b427 - std::panic::catch_unwind::hdf436369d188fe86
[INFO] [stdout]                                at /rustc/0e09125c6c3c2fd70d7de961bcf0e51575235fad/library/std/src/panic.rs:142:14
[INFO] [stdout]   40:     0x562d7fa1b427 - std::thread::Builder::spawn_unchecked_::{{closure}}::h87329cbdd33c79ec
[INFO] [stdout]                                at /rustc/0e09125c6c3c2fd70d7de961bcf0e51575235fad/library/std/src/thread/mod.rs:528:30
[INFO] [stdout]   41:     0x562d7fa1b427 - core::ops::function::FnOnce::call_once{{vtable.shim}}::h401abbe67897d450
[INFO] [stdout]                                at /rustc/0e09125c6c3c2fd70d7de961bcf0e51575235fad/library/core/src/ops/function.rs:250:5
[INFO] [stdout]   42:     0x562d7fa7fe35 - <alloc::boxed::Box<F,A> as core::ops::function::FnOnce<Args>>::call_once::h5d7c8f150ab9c84c
[INFO] [stdout]                                at /rustc/0e09125c6c3c2fd70d7de961bcf0e51575235fad/library/alloc/src/boxed.rs:2015:9
[INFO] [stdout]   43:     0x562d7fa7fe35 - <alloc::boxed::Box<F,A> as core::ops::function::FnOnce<Args>>::call_once::h570d5b005c242c15
[INFO] [stdout]                                at /rustc/0e09125c6c3c2fd70d7de961bcf0e51575235fad/library/alloc/src/boxed.rs:2015:9
[INFO] [stdout]   44:     0x562d7fa7fe35 - std::sys::unix::thread::Thread::new::thread_start::h36b0a20c0b2361ad
[INFO] [stdout]                                at /rustc/0e09125c6c3c2fd70d7de961bcf0e51575235fad/library/std/src/sys/unix/thread.rs:108:17
[INFO] [stdout]   45:     0x7f0fe721cac3 - <unknown>
[INFO] [stdout]   46:     0x7f0fe72adbf4 - __clone
[INFO] [stdout]   47:                0x0 - <unknown>
[INFO] [stdout] 
[INFO] [stdout] 
[INFO] [stdout] failures:
[INFO] [stdout]     prctl::tests::test_mdwe
[INFO] [stdout] 
[INFO] [stdout] test result: FAILED. 74 passed; 1 failed; 0 ignored; 0 measured; 0 filtered out; finished in 0.02s
[INFO] [stdout] 
[INFO] [stderr] error: test failed, to rerun pass `--lib`
[INFO] running `Command { std: "docker" "inspect" "33e68c220aeb559a9d51f6c9f0f97af7cfd7f5c8df2fd65ef37886a526e94043", kill_on_drop: false }`
[INFO] running `Command { std: "docker" "rm" "-f" "33e68c220aeb559a9d51f6c9f0f97af7cfd7f5c8df2fd65ef37886a526e94043", kill_on_drop: false }`
[INFO] [stdout] 33e68c220aeb559a9d51f6c9f0f97af7cfd7f5c8df2fd65ef37886a526e94043
