[INFO] cloning repository https://github.com/cowuake/schemus
[INFO] running `Command { std: "git" "-c" "credential.helper=" "-c" "credential.helper=/workspace/cargo-home/bin/git-credential-null" "clone" "--bare" "https://github.com/cowuake/schemus" "/workspace/cache/git-repos/https%3A%2F%2Fgithub.com%2Fcowuake%2Fschemus", kill_on_drop: false }`
[INFO] [stderr] Cloning into bare repository '/workspace/cache/git-repos/https%3A%2F%2Fgithub.com%2Fcowuake%2Fschemus'...
[INFO] running `Command { std: "git" "rev-parse" "HEAD", kill_on_drop: false }`
[INFO] [stdout] 0ca969f8a5eab37e7c0af1d470ab6b49c872dbbc
[INFO] testing cowuake/schemus against 1.75.0 for beta-1.76-1
[INFO] running `Command { std: "git" "clone" "/workspace/cache/git-repos/https%3A%2F%2Fgithub.com%2Fcowuake%2Fschemus" "/workspace/builds/worker-5-tc1/source", kill_on_drop: false }`
[INFO] [stderr] Cloning into '/workspace/builds/worker-5-tc1/source'...
[INFO] [stderr] done.
[INFO] validating manifest of git repo https://github.com/cowuake/schemus on toolchain 1.75.0
[INFO] running `Command { std: CARGO_HOME="/workspace/cargo-home" RUSTUP_HOME="/workspace/rustup-home" "/workspace/cargo-home/bin/cargo" "+1.75.0" "metadata" "--manifest-path" "Cargo.toml" "--no-deps", kill_on_drop: false }`
[INFO] started tweaking git repo https://github.com/cowuake/schemus
[INFO] finished tweaking git repo https://github.com/cowuake/schemus
[INFO] tweaked toml for git repo https://github.com/cowuake/schemus written to /workspace/builds/worker-5-tc1/source/Cargo.toml
[INFO] crate git repo https://github.com/cowuake/schemus already has a lockfile, it will not be regenerated
[INFO] running `Command { std: CARGO_HOME="/workspace/cargo-home" RUSTUP_HOME="/workspace/rustup-home" "/workspace/cargo-home/bin/cargo" "+1.75.0" "fetch" "--manifest-path" "Cargo.toml", kill_on_drop: false }`
[INFO] [stderr] warning: profiles for the non root package will be ignored, specify profiles at the workspace root:
[INFO] [stderr] package:   /workspace/builds/worker-5-tc1/source/schemius/Cargo.toml
[INFO] [stderr] workspace: /workspace/builds/worker-5-tc1/source/Cargo.toml
[INFO] [stderr] warning: virtual workspace defaulting to `resolver = "1"` despite one or more workspace members being on edition 2021 which implies `resolver = "2"`
[INFO] [stderr] note: to keep the current resolver, specify `workspace.resolver = "1"` in the workspace root's manifest
[INFO] [stderr] note: to use the edition 2021 resolver, specify `workspace.resolver = "2"` in the workspace root's manifest
[INFO] [stderr] note: for more details see https://doc.rust-lang.org/cargo/reference/resolver.html#resolver-versions
[INFO] running `Command { std: "docker" "create" "-v" "/var/lib/crater-agent-workspace/builds/worker-5-tc1/target:/opt/rustwide/target:rw,Z" "-v" "/var/lib/crater-agent-workspace/builds/worker-5-tc1/source:/opt/rustwide/workdir:ro,Z" "-v" "/var/lib/crater-agent-workspace/cargo-home:/opt/rustwide/cargo-home:ro,Z" "-v" "/var/lib/crater-agent-workspace/rustup-home:/opt/rustwide/rustup-home:ro,Z" "-e" "SOURCE_DIR=/opt/rustwide/workdir" "-e" "CARGO_TARGET_DIR=/opt/rustwide/target" "-e" "CARGO_HOME=/opt/rustwide/cargo-home" "-e" "RUSTUP_HOME=/opt/rustwide/rustup-home" "-w" "/opt/rustwide/workdir" "-m" "1610612736" "--user" "0:0" "--network" "none" "ghcr.io/rust-lang/crates-build-env/linux@sha256:2788e3201cd34a07e3172128adcd8b3090168a8e3bcc40d7c032b9dda1df7d1c" "/opt/rustwide/cargo-home/bin/cargo" "+1.75.0" "metadata" "--no-deps" "--format-version=1", kill_on_drop: false }`
[INFO] [stdout] 739c13331a5598738d295133fec50740a275aa290f7dd358392693b644c9f8fc
[INFO] running `Command { std: "docker" "start" "-a" "739c13331a5598738d295133fec50740a275aa290f7dd358392693b644c9f8fc", kill_on_drop: false }`
[INFO] running `Command { std: "docker" "inspect" "739c13331a5598738d295133fec50740a275aa290f7dd358392693b644c9f8fc", kill_on_drop: false }`
[INFO] running `Command { std: "docker" "rm" "-f" "739c13331a5598738d295133fec50740a275aa290f7dd358392693b644c9f8fc", kill_on_drop: false }`
[INFO] [stdout] 739c13331a5598738d295133fec50740a275aa290f7dd358392693b644c9f8fc
[INFO] running `Command { std: "docker" "create" "-v" "/var/lib/crater-agent-workspace/builds/worker-5-tc1/target:/opt/rustwide/target:rw,Z" "-v" "/var/lib/crater-agent-workspace/builds/worker-5-tc1/source:/opt/rustwide/workdir:ro,Z" "-v" "/var/lib/crater-agent-workspace/cargo-home:/opt/rustwide/cargo-home:ro,Z" "-v" "/var/lib/crater-agent-workspace/rustup-home:/opt/rustwide/rustup-home:ro,Z" "-e" "SOURCE_DIR=/opt/rustwide/workdir" "-e" "CARGO_TARGET_DIR=/opt/rustwide/target" "-e" "CARGO_INCREMENTAL=0" "-e" "RUST_BACKTRACE=full" "-e" "RUSTFLAGS=--cap-lints=warn" "-e" "RUSTDOCFLAGS=--cap-lints=warn" "-e" "CARGO_HOME=/opt/rustwide/cargo-home" "-e" "RUSTUP_HOME=/opt/rustwide/rustup-home" "-w" "/opt/rustwide/workdir" "-m" "1610612736" "--user" "0:0" "--network" "none" "ghcr.io/rust-lang/crates-build-env/linux@sha256:2788e3201cd34a07e3172128adcd8b3090168a8e3bcc40d7c032b9dda1df7d1c" "/opt/rustwide/cargo-home/bin/cargo" "+1.75.0" "build" "--frozen" "--message-format=json", kill_on_drop: false }`
[INFO] [stdout] 2c516a407b9b7db91171c8e464c2772df6ec7175815f1a60ac0ed6d95873fc63
[INFO] running `Command { std: "docker" "start" "-a" "2c516a407b9b7db91171c8e464c2772df6ec7175815f1a60ac0ed6d95873fc63", kill_on_drop: false }`
[INFO] [stderr] warning: profiles for the non root package will be ignored, specify profiles at the workspace root:
[INFO] [stderr] package:   /opt/rustwide/workdir/schemius/Cargo.toml
[INFO] [stderr] workspace: /opt/rustwide/workdir/Cargo.toml
[INFO] [stderr] warning: virtual workspace defaulting to `resolver = "1"` despite one or more workspace members being on edition 2021 which implies `resolver = "2"`
[INFO] [stderr] note: to keep the current resolver, specify `workspace.resolver = "1"` in the workspace root's manifest
[INFO] [stderr] note: to use the edition 2021 resolver, specify `workspace.resolver = "2"` in the workspace root's manifest
[INFO] [stderr] note: for more details see https://doc.rust-lang.org/cargo/reference/resolver.html#resolver-versions
[INFO] [stderr]    Compiling autocfg v1.1.0
[INFO] [stderr]    Compiling proc-macro2 v1.0.69
[INFO] [stderr]    Compiling unicode-ident v1.0.12
[INFO] [stderr]    Compiling wasm-bindgen-shared v0.2.88
[INFO] [stderr]    Compiling memchr v2.6.4
[INFO] [stderr]    Compiling log v0.4.20
[INFO] [stderr]    Compiling bumpalo v3.14.0
[INFO] [stderr]    Compiling once_cell v1.18.0
[INFO] [stderr]    Compiling regex-syntax v0.8.2
[INFO] [stderr]    Compiling utf8parse v0.2.1
[INFO] [stderr]    Compiling colorchoice v1.0.0
[INFO] [stderr]    Compiling anstyle v1.0.4
[INFO] [stderr]    Compiling anstyle-query v1.0.0
[INFO] [stderr]    Compiling heck v0.4.1
[INFO] [stderr]    Compiling lazy_static v1.4.0
[INFO] [stderr]    Compiling strsim v0.10.0
[INFO] [stderr]    Compiling clap_lex v0.6.0
[INFO] [stderr]    Compiling wasm-bindgen v0.2.88
[INFO] [stderr]    Compiling anstyle-parse v0.2.2
[INFO] [stderr]    Compiling cfg-if v1.0.0
[INFO] [stderr]    Compiling num-traits v0.2.17
[INFO] [stderr]    Compiling num-integer v0.1.45
[INFO] [stderr]    Compiling num-bigint v0.4.4
[INFO] [stderr]    Compiling num-rational v0.4.1
[INFO] [stderr]    Compiling num-iter v0.1.43
[INFO] [stderr]    Compiling anstream v0.6.4
[INFO] [stderr]    Compiling clap_builder v4.4.8
[INFO] [stderr]    Compiling aho-corasick v1.1.2
[INFO] [stderr]    Compiling quote v1.0.33
[INFO] [stderr]    Compiling syn v2.0.39
[INFO] [stderr]    Compiling num-complex v0.4.4
[INFO] [stderr]    Compiling regex-automata v0.4.3
[INFO] [stderr]    Compiling wasm-bindgen-backend v0.2.88
[INFO] [stderr]    Compiling num v0.4.1
[INFO] [stderr]    Compiling regex v1.10.2
[INFO] [stderr]    Compiling schemius v0.1.0 (/opt/rustwide/workdir/schemius)
[INFO] [stdout] warning: unused macro definition: `integration_subtest_eval_to`
[INFO] [stdout]  --> schemius/src/core/tests.rs:4:14
[INFO] [stdout]   |
[INFO] [stdout] 4 | macro_rules! integration_subtest_eval_to {
[INFO] [stdout]   |              ^^^^^^^^^^^^^^^^^^^^^^^^^^^
[INFO] [stdout]   |
[INFO] [stdout]   = note: `#[warn(unused_macros)]` on by default
[INFO] [stdout] 
[INFO] [stdout] 
[INFO] [stdout] warning: unused macro definition: `integration_subtest_is_err`
[INFO] [stdout]   --> schemius/src/core/tests.rs:17:14
[INFO] [stdout]    |
[INFO] [stdout] 17 | macro_rules! integration_subtest_is_err {
[INFO] [stdout]    |              ^^^^^^^^^^^^^^^^^^^^^^^^^^
[INFO] [stdout] 
[INFO] [stdout] 
[INFO] [stderr]    Compiling clap_derive v4.4.7
[INFO] [stdout] warning: unreachable pattern
[INFO] [stdout]    --> schemius/src/core/builtins.rs:673:17
[INFO] [stdout]     |
[INFO] [stdout] 673 |                   _ => Err(String::from("???")),
[INFO] [stdout]     |                   ^
[INFO] [stdout] ...
[INFO] [stdout] 710 | / fn_compute_sum_prod! {
[INFO] [stdout] 711 | |     r_sum: +, 0
[INFO] [stdout] 712 | |     r_prod: *, 1
[INFO] [stdout] 713 | | }
[INFO] [stdout]     | |_- in this macro invocation
[INFO] [stdout]     |
[INFO] [stdout]     = note: `#[warn(unreachable_patterns)]` on by default
[INFO] [stdout]     = note: this warning originates in the macro `fn_compute_sum_prod` (in Nightly builds, run with -Z macro-backtrace for more info)
[INFO] [stdout] 
[INFO] [stdout] 
[INFO] [stdout] warning: unreachable pattern
[INFO] [stdout]    --> schemius/src/core/builtins.rs:704:17
[INFO] [stdout]     |
[INFO] [stdout] 704 |                   _ => Err(String::from("???")),
[INFO] [stdout]     |                   ^
[INFO] [stdout] ...
[INFO] [stdout] 715 | / fn_compute_diff_quot! {
[INFO] [stdout] 716 | |     r_diff: -, 0
[INFO] [stdout] 717 | |     r_quot: /, 1
[INFO] [stdout] 718 | | }
[INFO] [stdout]     | |_- in this macro invocation
[INFO] [stdout]     |
[INFO] [stdout]     = note: this warning originates in the macro `fn_compute_diff_quot` (in Nightly builds, run with -Z macro-backtrace for more info)
[INFO] [stdout] 
[INFO] [stdout] 
[INFO] [stdout] warning: function pointers and raw pointers not derived from integers in patterns behave unpredictably and should not be relied upon. See https://github.com/rust-lang/rust/issues/70861 for details.
[INFO] [stdout]   --> schemius/src/core/evaluator.rs:50:41
[INFO] [stdout]    |
[INFO] [stdout] 50 | ...                   SpecialForm::QUOTE
[INFO] [stdout]    |                       ^^^^^^^^^^^^^^^^^^
[INFO] [stdout]    |
[INFO] [stdout]    = warning: this was previously accepted by the compiler but is being phased out; it will become a hard error in a future release!
[INFO] [stdout]    = note: for more information, see issue #62411 <https://github.com/rust-lang/rust/issues/70861>
[INFO] [stdout]    = note: `#[warn(pointer_structural_match)]` on by default
[INFO] [stdout] 
[INFO] [stdout] 
[INFO] [stdout] warning: function pointers and raw pointers not derived from integers in patterns behave unpredictably and should not be relied upon. See https://github.com/rust-lang/rust/issues/70861 for details.
[INFO] [stdout]   --> schemius/src/core/evaluator.rs:51:43
[INFO] [stdout]    |
[INFO] [stdout] 51 | ...                   | SpecialForm::QUASIQUOTE
[INFO] [stdout]    |                         ^^^^^^^^^^^^^^^^^^^^^^^
[INFO] [stdout]    |
[INFO] [stdout]    = warning: this was previously accepted by the compiler but is being phased out; it will become a hard error in a future release!
[INFO] [stdout]    = note: for more information, see issue #62411 <https://github.com/rust-lang/rust/issues/70861>
[INFO] [stdout] 
[INFO] [stdout] 
[INFO] [stdout] warning: function pointers and raw pointers not derived from integers in patterns behave unpredictably and should not be relied upon. See https://github.com/rust-lang/rust/issues/70861 for details.
[INFO] [stdout]   --> schemius/src/core/evaluator.rs:52:43
[INFO] [stdout]    |
[INFO] [stdout] 52 | ...                   | SpecialForm::DEFINE
[INFO] [stdout]    |                         ^^^^^^^^^^^^^^^^^^^
[INFO] [stdout]    |
[INFO] [stdout]    = warning: this was previously accepted by the compiler but is being phased out; it will become a hard error in a future release!
[INFO] [stdout]    = note: for more information, see issue #62411 <https://github.com/rust-lang/rust/issues/70861>
[INFO] [stdout] 
[INFO] [stdout] 
[INFO] [stdout] warning: function pointers and raw pointers not derived from integers in patterns behave unpredictably and should not be relied upon. See https://github.com/rust-lang/rust/issues/70861 for details.
[INFO] [stdout]   --> schemius/src/core/evaluator.rs:53:43
[INFO] [stdout]    |
[INFO] [stdout] 53 | ...                   | SpecialForm::SET
[INFO] [stdout]    |                         ^^^^^^^^^^^^^^^^
[INFO] [stdout]    |
[INFO] [stdout]    = warning: this was previously accepted by the compiler but is being phased out; it will become a hard error in a future release!
[INFO] [stdout]    = note: for more information, see issue #62411 <https://github.com/rust-lang/rust/issues/70861>
[INFO] [stdout] 
[INFO] [stdout] 
[INFO] [stdout] warning: function pointers and raw pointers not derived from integers in patterns behave unpredictably and should not be relied upon. See https://github.com/rust-lang/rust/issues/70861 for details.
[INFO] [stdout]   --> schemius/src/core/evaluator.rs:54:43
[INFO] [stdout]    |
[INFO] [stdout] 54 | ...                   | SpecialForm::LET
[INFO] [stdout]    |                         ^^^^^^^^^^^^^^^^
[INFO] [stdout]    |
[INFO] [stdout]    = warning: this was previously accepted by the compiler but is being phased out; it will become a hard error in a future release!
[INFO] [stdout]    = note: for more information, see issue #62411 <https://github.com/rust-lang/rust/issues/70861>
[INFO] [stdout] 
[INFO] [stdout] 
[INFO] [stdout] warning: function pointers and raw pointers not derived from integers in patterns behave unpredictably and should not be relied upon. See https://github.com/rust-lang/rust/issues/70861 for details.
[INFO] [stdout]   --> schemius/src/core/evaluator.rs:55:43
[INFO] [stdout]    |
[INFO] [stdout] 55 | ...                   | SpecialForm::LET_STAR
[INFO] [stdout]    |                         ^^^^^^^^^^^^^^^^^^^^^
[INFO] [stdout]    |
[INFO] [stdout]    = warning: this was previously accepted by the compiler but is being phased out; it will become a hard error in a future release!
[INFO] [stdout]    = note: for more information, see issue #62411 <https://github.com/rust-lang/rust/issues/70861>
[INFO] [stdout] 
[INFO] [stdout] 
[INFO] [stdout] warning: function pointers and raw pointers not derived from integers in patterns behave unpredictably and should not be relied upon. See https://github.com/rust-lang/rust/issues/70861 for details.
[INFO] [stdout]   --> schemius/src/core/evaluator.rs:56:43
[INFO] [stdout]    |
[INFO] [stdout] 56 | ...                   | SpecialForm::TIME => {
[INFO] [stdout]    |                         ^^^^^^^^^^^^^^^^^
[INFO] [stdout]    |
[INFO] [stdout]    = warning: this was previously accepted by the compiler but is being phased out; it will become a hard error in a future release!
[INFO] [stdout]    = note: for more information, see issue #62411 <https://github.com/rust-lang/rust/issues/70861>
[INFO] [stdout] 
[INFO] [stdout] 
[INFO] [stdout] warning: function pointers and raw pointers not derived from integers in patterns behave unpredictably and should not be relied upon. See https://github.com/rust-lang/rust/issues/70861 for details.
[INFO] [stdout]   --> schemius/src/core/evaluator.rs:75:41
[INFO] [stdout]    |
[INFO] [stdout] 75 | ...                   Primitive::CONS
[INFO] [stdout]    |                       ^^^^^^^^^^^^^^^
[INFO] [stdout]    |
[INFO] [stdout]    = warning: this was previously accepted by the compiler but is being phased out; it will become a hard error in a future release!
[INFO] [stdout]    = note: for more information, see issue #62411 <https://github.com/rust-lang/rust/issues/70861>
[INFO] [stdout] 
[INFO] [stdout] 
[INFO] [stdout] warning: function pointers and raw pointers not derived from integers in patterns behave unpredictably and should not be relied upon. See https://github.com/rust-lang/rust/issues/70861 for details.
[INFO] [stdout]   --> schemius/src/core/evaluator.rs:76:43
[INFO] [stdout]    |
[INFO] [stdout] 76 | ...                   | Primitive::DISPLAY
[INFO] [stdout]    |                         ^^^^^^^^^^^^^^^^^^
[INFO] [stdout]    |
[INFO] [stdout]    = warning: this was previously accepted by the compiler but is being phased out; it will become a hard error in a future release!
[INFO] [stdout]    = note: for more information, see issue #62411 <https://github.com/rust-lang/rust/issues/70861>
[INFO] [stdout] 
[INFO] [stdout] 
[INFO] [stdout] warning: function pointers and raw pointers not derived from integers in patterns behave unpredictably and should not be relied upon. See https://github.com/rust-lang/rust/issues/70861 for details.
[INFO] [stdout]   --> schemius/src/core/evaluator.rs:77:43
[INFO] [stdout]    |
[INFO] [stdout] 77 | ...                   | Primitive::CAR
[INFO] [stdout]    |                         ^^^^^^^^^^^^^^
[INFO] [stdout]    |
[INFO] [stdout]    = warning: this was previously accepted by the compiler but is being phased out; it will become a hard error in a future release!
[INFO] [stdout]    = note: for more information, see issue #62411 <https://github.com/rust-lang/rust/issues/70861>
[INFO] [stdout] 
[INFO] [stdout] 
[INFO] [stdout] warning: function pointers and raw pointers not derived from integers in patterns behave unpredictably and should not be relied upon. See https://github.com/rust-lang/rust/issues/70861 for details.
[INFO] [stdout]   --> schemius/src/core/evaluator.rs:78:43
[INFO] [stdout]    |
[INFO] [stdout] 78 | ...                   | Primitive::CDR
[INFO] [stdout]    |                         ^^^^^^^^^^^^^^
[INFO] [stdout]    |
[INFO] [stdout]    = warning: this was previously accepted by the compiler but is being phased out; it will become a hard error in a future release!
[INFO] [stdout]    = note: for more information, see issue #62411 <https://github.com/rust-lang/rust/issues/70861>
[INFO] [stdout] 
[INFO] [stdout] 
[INFO] [stdout] warning: function pointers and raw pointers not derived from integers in patterns behave unpredictably and should not be relied upon. See https://github.com/rust-lang/rust/issues/70861 for details.
[INFO] [stdout]   --> schemius/src/core/evaluator.rs:79:43
[INFO] [stdout]    |
[INFO] [stdout] 79 | ...                   | Primitive::SET_CAR
[INFO] [stdout]    |                         ^^^^^^^^^^^^^^^^^^
[INFO] [stdout]    |
[INFO] [stdout]    = warning: this was previously accepted by the compiler but is being phased out; it will become a hard error in a future release!
[INFO] [stdout]    = note: for more information, see issue #62411 <https://github.com/rust-lang/rust/issues/70861>
[INFO] [stdout] 
[INFO] [stdout] 
[INFO] [stdout] warning: function pointers and raw pointers not derived from integers in patterns behave unpredictably and should not be relied upon. See https://github.com/rust-lang/rust/issues/70861 for details.
[INFO] [stdout]   --> schemius/src/core/evaluator.rs:80:43
[INFO] [stdout]    |
[INFO] [stdout] 80 | ...                   | Primitive::FLATTEN => match primitive(args.to_vec(), environment.clone()) {
[INFO] [stdout]    |                         ^^^^^^^^^^^^^^^^^^
[INFO] [stdout]    |
[INFO] [stdout]    = warning: this was previously accepted by the compiler but is being phased out; it will become a hard error in a future release!
[INFO] [stdout]    = note: for more information, see issue #62411 <https://github.com/rust-lang/rust/issues/70861>
[INFO] [stdout] 
[INFO] [stdout] 
[INFO] [stdout] warning: function pointers and raw pointers not derived from integers in patterns behave unpredictably and should not be relied upon. See https://github.com/rust-lang/rust/issues/70861 for details.
[INFO] [stdout]   --> schemius/src/core/evaluator.rs:84:41
[INFO] [stdout]    |
[INFO] [stdout] 84 | ...                   Primitive::APPLY => {
[INFO] [stdout]    |                       ^^^^^^^^^^^^^^^^
[INFO] [stdout]    |
[INFO] [stdout]    = warning: this was previously accepted by the compiler but is being phased out; it will become a hard error in a future release!
[INFO] [stdout]    = note: for more information, see issue #62411 <https://github.com/rust-lang/rust/issues/70861>
[INFO] [stdout] 
[INFO] [stdout] 
[INFO] [stdout] warning: methods `is_left_bracket` and `is_right_bracket` are never used
[INFO] [stdout]   --> schemius/src/core/s_expression/mod.rs:77:8
[INFO] [stdout]    |
[INFO] [stdout] 60 | impl SExpr {
[INFO] [stdout]    | ---------- methods in this implementation
[INFO] [stdout] ...
[INFO] [stdout] 77 |     fn is_left_bracket(&self) -> Result<bool, String> {
[INFO] [stdout]    |        ^^^^^^^^^^^^^^^
[INFO] [stdout] ...
[INFO] [stdout] 85 |     fn is_right_bracket(&self) -> Result<bool, String> {
[INFO] [stdout]    |        ^^^^^^^^^^^^^^^^
[INFO] [stdout]    |
[INFO] [stdout]    = note: `#[warn(dead_code)]` on by default
[INFO] [stdout] 
[INFO] [stdout] 
[INFO] [stderr]    Compiling wasm-bindgen-macro-support v0.2.88
[INFO] [stdout] warning: 19 warnings emitted
[INFO] [stdout] 
[INFO] [stdout] 
[INFO] [stderr]    Compiling wasm-bindgen-macro v0.2.88
[INFO] [stderr]    Compiling clap v4.4.8
[INFO] [stderr]    Compiling schemius-native v0.1.0 (/opt/rustwide/workdir/schemius-native)
[INFO] [stderr]    Compiling schemius-web v0.1.0 (/opt/rustwide/workdir/schemius-web)
[INFO] [stderr]     Finished dev [unoptimized + debuginfo] target(s) in 11.53s
[INFO] running `Command { std: "docker" "inspect" "2c516a407b9b7db91171c8e464c2772df6ec7175815f1a60ac0ed6d95873fc63", kill_on_drop: false }`
[INFO] running `Command { std: "docker" "rm" "-f" "2c516a407b9b7db91171c8e464c2772df6ec7175815f1a60ac0ed6d95873fc63", kill_on_drop: false }`
[INFO] [stdout] 2c516a407b9b7db91171c8e464c2772df6ec7175815f1a60ac0ed6d95873fc63
[INFO] running `Command { std: "docker" "create" "-v" "/var/lib/crater-agent-workspace/builds/worker-5-tc1/target:/opt/rustwide/target:rw,Z" "-v" "/var/lib/crater-agent-workspace/builds/worker-5-tc1/source:/opt/rustwide/workdir:ro,Z" "-v" "/var/lib/crater-agent-workspace/cargo-home:/opt/rustwide/cargo-home:ro,Z" "-v" "/var/lib/crater-agent-workspace/rustup-home:/opt/rustwide/rustup-home:ro,Z" "-e" "SOURCE_DIR=/opt/rustwide/workdir" "-e" "CARGO_TARGET_DIR=/opt/rustwide/target" "-e" "CARGO_INCREMENTAL=0" "-e" "RUST_BACKTRACE=full" "-e" "RUSTFLAGS=--cap-lints=warn" "-e" "RUSTDOCFLAGS=--cap-lints=warn" "-e" "CARGO_HOME=/opt/rustwide/cargo-home" "-e" "RUSTUP_HOME=/opt/rustwide/rustup-home" "-w" "/opt/rustwide/workdir" "-m" "1610612736" "--user" "0:0" "--network" "none" "ghcr.io/rust-lang/crates-build-env/linux@sha256:2788e3201cd34a07e3172128adcd8b3090168a8e3bcc40d7c032b9dda1df7d1c" "/opt/rustwide/cargo-home/bin/cargo" "+1.75.0" "test" "--frozen" "--no-run" "--message-format=json", kill_on_drop: false }`
[INFO] [stdout] d2dcc88fe7546cf66fa1d8d4a94cb0f2364fdc35663aa81b4689641781453246
[INFO] running `Command { std: "docker" "start" "-a" "d2dcc88fe7546cf66fa1d8d4a94cb0f2364fdc35663aa81b4689641781453246", kill_on_drop: false }`
[INFO] [stderr] warning: profiles for the non root package will be ignored, specify profiles at the workspace root:
[INFO] [stderr] package:   /opt/rustwide/workdir/schemius/Cargo.toml
[INFO] [stderr] workspace: /opt/rustwide/workdir/Cargo.toml
[INFO] [stderr] warning: virtual workspace defaulting to `resolver = "1"` despite one or more workspace members being on edition 2021 which implies `resolver = "2"`
[INFO] [stderr] note: to keep the current resolver, specify `workspace.resolver = "1"` in the workspace root's manifest
[INFO] [stderr] note: to use the edition 2021 resolver, specify `workspace.resolver = "2"` in the workspace root's manifest
[INFO] [stderr] note: for more details see https://doc.rust-lang.org/cargo/reference/resolver.html#resolver-versions
[INFO] [stdout] warning: unused macro definition: `integration_subtest_eval_to`
[INFO] [stdout]  --> schemius/src/core/tests.rs:4:14
[INFO] [stdout]   |
[INFO] [stdout] 4 | macro_rules! integration_subtest_eval_to {
[INFO] [stdout]   |              ^^^^^^^^^^^^^^^^^^^^^^^^^^^
[INFO] [stdout]   |
[INFO] [stdout]   = note: `#[warn(unused_macros)]` on by default
[INFO] [stdout] 
[INFO] [stdout] 
[INFO] [stdout] warning: unused macro definition: `integration_subtest_is_err`
[INFO] [stdout]   --> schemius/src/core/tests.rs:17:14
[INFO] [stdout]    |
[INFO] [stdout] 17 | macro_rules! integration_subtest_is_err {
[INFO] [stdout]    |              ^^^^^^^^^^^^^^^^^^^^^^^^^^
[INFO] [stdout] 
[INFO] [stdout] 
[INFO] [stdout] warning: unreachable pattern
[INFO] [stdout]    --> schemius/src/core/builtins.rs:673:17
[INFO] [stdout]     |
[INFO] [stdout] 673 |                   _ => Err(String::from("???")),
[INFO] [stdout]     |                   ^
[INFO] [stdout] ...
[INFO] [stdout] 710 | / fn_compute_sum_prod! {
[INFO] [stdout] 711 | |     r_sum: +, 0
[INFO] [stdout] 712 | |     r_prod: *, 1
[INFO] [stdout] 713 | | }
[INFO] [stdout]     | |_- in this macro invocation
[INFO] [stdout]     |
[INFO] [stdout]     = note: `#[warn(unreachable_patterns)]` on by default
[INFO] [stdout]     = note: this warning originates in the macro `fn_compute_sum_prod` (in Nightly builds, run with -Z macro-backtrace for more info)
[INFO] [stdout] 
[INFO] [stdout] 
[INFO] [stdout] warning: unreachable pattern
[INFO] [stdout]    --> schemius/src/core/builtins.rs:704:17
[INFO] [stdout]     |
[INFO] [stdout] 704 |                   _ => Err(String::from("???")),
[INFO] [stdout]     |                   ^
[INFO] [stdout] ...
[INFO] [stdout] 715 | / fn_compute_diff_quot! {
[INFO] [stdout] 716 | |     r_diff: -, 0
[INFO] [stdout] 717 | |     r_quot: /, 1
[INFO] [stdout] 718 | | }
[INFO] [stdout]     | |_- in this macro invocation
[INFO] [stdout]     |
[INFO] [stdout]     = note: this warning originates in the macro `fn_compute_diff_quot` (in Nightly builds, run with -Z macro-backtrace for more info)
[INFO] [stdout] 
[INFO] [stdout] 
[INFO] [stdout] warning: function pointers and raw pointers not derived from integers in patterns behave unpredictably and should not be relied upon. See https://github.com/rust-lang/rust/issues/70861 for details.
[INFO] [stdout]   --> schemius/src/core/evaluator.rs:50:41
[INFO] [stdout]    |
[INFO] [stdout] 50 | ...                   SpecialForm::QUOTE
[INFO] [stdout]    |                       ^^^^^^^^^^^^^^^^^^
[INFO] [stdout]    |
[INFO] [stdout]    = warning: this was previously accepted by the compiler but is being phased out; it will become a hard error in a future release!
[INFO] [stdout]    = note: for more information, see issue #62411 <https://github.com/rust-lang/rust/issues/70861>
[INFO] [stdout]    = note: `#[warn(pointer_structural_match)]` on by default
[INFO] [stdout] 
[INFO] [stdout] 
[INFO] [stdout] warning: function pointers and raw pointers not derived from integers in patterns behave unpredictably and should not be relied upon. See https://github.com/rust-lang/rust/issues/70861 for details.
[INFO] [stdout]   --> schemius/src/core/evaluator.rs:51:43
[INFO] [stdout]    |
[INFO] [stdout] 51 | ...                   | SpecialForm::QUASIQUOTE
[INFO] [stdout]    |                         ^^^^^^^^^^^^^^^^^^^^^^^
[INFO] [stdout]    |
[INFO] [stdout]    = warning: this was previously accepted by the compiler but is being phased out; it will become a hard error in a future release!
[INFO] [stdout]    = note: for more information, see issue #62411 <https://github.com/rust-lang/rust/issues/70861>
[INFO] [stdout] 
[INFO] [stdout] 
[INFO] [stdout] warning: function pointers and raw pointers not derived from integers in patterns behave unpredictably and should not be relied upon. See https://github.com/rust-lang/rust/issues/70861 for details.
[INFO] [stdout]   --> schemius/src/core/evaluator.rs:52:43
[INFO] [stdout]    |
[INFO] [stdout] 52 | ...                   | SpecialForm::DEFINE
[INFO] [stdout]    |                         ^^^^^^^^^^^^^^^^^^^
[INFO] [stdout]    |
[INFO] [stdout]    = warning: this was previously accepted by the compiler but is being phased out; it will become a hard error in a future release!
[INFO] [stdout]    = note: for more information, see issue #62411 <https://github.com/rust-lang/rust/issues/70861>
[INFO] [stdout] 
[INFO] [stdout] 
[INFO] [stderr]    Compiling schemius v0.1.0 (/opt/rustwide/workdir/schemius)
[INFO] [stdout] warning: function pointers and raw pointers not derived from integers in patterns behave unpredictably and should not be relied upon. See https://github.com/rust-lang/rust/issues/70861 for details.
[INFO] [stdout]   --> schemius/src/core/evaluator.rs:53:43
[INFO] [stdout]    |
[INFO] [stdout] 53 | ...                   | SpecialForm::SET
[INFO] [stdout]    |                         ^^^^^^^^^^^^^^^^
[INFO] [stdout]    |
[INFO] [stdout]    = warning: this was previously accepted by the compiler but is being phased out; it will become a hard error in a future release!
[INFO] [stdout]    = note: for more information, see issue #62411 <https://github.com/rust-lang/rust/issues/70861>
[INFO] [stdout] 
[INFO] [stdout] 
[INFO] [stderr]    Compiling schemius-native v0.1.0 (/opt/rustwide/workdir/schemius-native)
[INFO] [stdout] warning: function pointers and raw pointers not derived from integers in patterns behave unpredictably and should not be relied upon. See https://github.com/rust-lang/rust/issues/70861 for details.
[INFO] [stdout]   --> schemius/src/core/evaluator.rs:54:43
[INFO] [stdout]    |
[INFO] [stdout] 54 | ...                   | SpecialForm::LET
[INFO] [stdout]    |                         ^^^^^^^^^^^^^^^^
[INFO] [stdout]    |
[INFO] [stdout]    = warning: this was previously accepted by the compiler but is being phased out; it will become a hard error in a future release!
[INFO] [stdout]    = note: for more information, see issue #62411 <https://github.com/rust-lang/rust/issues/70861>
[INFO] [stdout] 
[INFO] [stdout] 
[INFO] [stderr]    Compiling schemius-web v0.1.0 (/opt/rustwide/workdir/schemius-web)
[INFO] [stdout] warning: function pointers and raw pointers not derived from integers in patterns behave unpredictably and should not be relied upon. See https://github.com/rust-lang/rust/issues/70861 for details.
[INFO] [stdout]   --> schemius/src/core/evaluator.rs:55:43
[INFO] [stdout]    |
[INFO] [stdout] 55 | ...                   | SpecialForm::LET_STAR
[INFO] [stdout]    |                         ^^^^^^^^^^^^^^^^^^^^^
[INFO] [stdout]    |
[INFO] [stdout]    = warning: this was previously accepted by the compiler but is being phased out; it will become a hard error in a future release!
[INFO] [stdout]    = note: for more information, see issue #62411 <https://github.com/rust-lang/rust/issues/70861>
[INFO] [stdout] 
[INFO] [stdout] 
[INFO] [stdout] warning: function pointers and raw pointers not derived from integers in patterns behave unpredictably and should not be relied upon. See https://github.com/rust-lang/rust/issues/70861 for details.
[INFO] [stdout]   --> schemius/src/core/evaluator.rs:56:43
[INFO] [stdout]    |
[INFO] [stdout] 56 | ...                   | SpecialForm::TIME => {
[INFO] [stdout]    |                         ^^^^^^^^^^^^^^^^^
[INFO] [stdout]    |
[INFO] [stdout]    = warning: this was previously accepted by the compiler but is being phased out; it will become a hard error in a future release!
[INFO] [stdout]    = note: for more information, see issue #62411 <https://github.com/rust-lang/rust/issues/70861>
[INFO] [stdout] 
[INFO] [stdout] 
[INFO] [stdout] warning: function pointers and raw pointers not derived from integers in patterns behave unpredictably and should not be relied upon. See https://github.com/rust-lang/rust/issues/70861 for details.
[INFO] [stdout]   --> schemius/src/core/evaluator.rs:75:41
[INFO] [stdout]    |
[INFO] [stdout] 75 | ...                   Primitive::CONS
[INFO] [stdout]    |                       ^^^^^^^^^^^^^^^
[INFO] [stdout]    |
[INFO] [stdout]    = warning: this was previously accepted by the compiler but is being phased out; it will become a hard error in a future release!
[INFO] [stdout]    = note: for more information, see issue #62411 <https://github.com/rust-lang/rust/issues/70861>
[INFO] [stdout] 
[INFO] [stdout] 
[INFO] [stdout] warning: function pointers and raw pointers not derived from integers in patterns behave unpredictably and should not be relied upon. See https://github.com/rust-lang/rust/issues/70861 for details.
[INFO] [stdout]   --> schemius/src/core/evaluator.rs:76:43
[INFO] [stdout]    |
[INFO] [stdout] 76 | ...                   | Primitive::DISPLAY
[INFO] [stdout]    |                         ^^^^^^^^^^^^^^^^^^
[INFO] [stdout]    |
[INFO] [stdout]    = warning: this was previously accepted by the compiler but is being phased out; it will become a hard error in a future release!
[INFO] [stdout]    = note: for more information, see issue #62411 <https://github.com/rust-lang/rust/issues/70861>
[INFO] [stdout] 
[INFO] [stdout] 
[INFO] [stdout] warning: function pointers and raw pointers not derived from integers in patterns behave unpredictably and should not be relied upon. See https://github.com/rust-lang/rust/issues/70861 for details.
[INFO] [stdout]   --> schemius/src/core/evaluator.rs:77:43
[INFO] [stdout]    |
[INFO] [stdout] 77 | ...                   | Primitive::CAR
[INFO] [stdout]    |                         ^^^^^^^^^^^^^^
[INFO] [stdout]    |
[INFO] [stdout]    = warning: this was previously accepted by the compiler but is being phased out; it will become a hard error in a future release!
[INFO] [stdout]    = note: for more information, see issue #62411 <https://github.com/rust-lang/rust/issues/70861>
[INFO] [stdout] 
[INFO] [stdout] 
[INFO] [stdout] warning: function pointers and raw pointers not derived from integers in patterns behave unpredictably and should not be relied upon. See https://github.com/rust-lang/rust/issues/70861 for details.
[INFO] [stdout]   --> schemius/src/core/evaluator.rs:78:43
[INFO] [stdout]    |
[INFO] [stdout] 78 | ...                   | Primitive::CDR
[INFO] [stdout]    |                         ^^^^^^^^^^^^^^
[INFO] [stdout]    |
[INFO] [stdout]    = warning: this was previously accepted by the compiler but is being phased out; it will become a hard error in a future release!
[INFO] [stdout]    = note: for more information, see issue #62411 <https://github.com/rust-lang/rust/issues/70861>
[INFO] [stdout] 
[INFO] [stdout] 
[INFO] [stdout] warning: function pointers and raw pointers not derived from integers in patterns behave unpredictably and should not be relied upon. See https://github.com/rust-lang/rust/issues/70861 for details.
[INFO] [stdout]   --> schemius/src/core/evaluator.rs:79:43
[INFO] [stdout]    |
[INFO] [stdout] 79 | ...                   | Primitive::SET_CAR
[INFO] [stdout]    |                         ^^^^^^^^^^^^^^^^^^
[INFO] [stdout]    |
[INFO] [stdout]    = warning: this was previously accepted by the compiler but is being phased out; it will become a hard error in a future release!
[INFO] [stdout]    = note: for more information, see issue #62411 <https://github.com/rust-lang/rust/issues/70861>
[INFO] [stdout] 
[INFO] [stdout] 
[INFO] [stdout] warning: function pointers and raw pointers not derived from integers in patterns behave unpredictably and should not be relied upon. See https://github.com/rust-lang/rust/issues/70861 for details.
[INFO] [stdout]   --> schemius/src/core/evaluator.rs:80:43
[INFO] [stdout]    |
[INFO] [stdout] 80 | ...                   | Primitive::FLATTEN => match primitive(args.to_vec(), environment.clone()) {
[INFO] [stdout]    |                         ^^^^^^^^^^^^^^^^^^
[INFO] [stdout]    |
[INFO] [stdout]    = warning: this was previously accepted by the compiler but is being phased out; it will become a hard error in a future release!
[INFO] [stdout]    = note: for more information, see issue #62411 <https://github.com/rust-lang/rust/issues/70861>
[INFO] [stdout] 
[INFO] [stdout] 
[INFO] [stdout] warning: function pointers and raw pointers not derived from integers in patterns behave unpredictably and should not be relied upon. See https://github.com/rust-lang/rust/issues/70861 for details.
[INFO] [stdout]   --> schemius/src/core/evaluator.rs:84:41
[INFO] [stdout]    |
[INFO] [stdout] 84 | ...                   Primitive::APPLY => {
[INFO] [stdout]    |                       ^^^^^^^^^^^^^^^^
[INFO] [stdout]    |
[INFO] [stdout]    = warning: this was previously accepted by the compiler but is being phased out; it will become a hard error in a future release!
[INFO] [stdout]    = note: for more information, see issue #62411 <https://github.com/rust-lang/rust/issues/70861>
[INFO] [stdout] 
[INFO] [stdout] 
[INFO] [stdout] warning: methods `is_left_bracket` and `is_right_bracket` are never used
[INFO] [stdout]   --> schemius/src/core/s_expression/mod.rs:77:8
[INFO] [stdout]    |
[INFO] [stdout] 60 | impl SExpr {
[INFO] [stdout]    | ---------- methods in this implementation
[INFO] [stdout] ...
[INFO] [stdout] 77 |     fn is_left_bracket(&self) -> Result<bool, String> {
[INFO] [stdout]    |        ^^^^^^^^^^^^^^^
[INFO] [stdout] ...
[INFO] [stdout] 85 |     fn is_right_bracket(&self) -> Result<bool, String> {
[INFO] [stdout]    |        ^^^^^^^^^^^^^^^^
[INFO] [stdout]    |
[INFO] [stdout]    = note: `#[warn(dead_code)]` on by default
[INFO] [stdout] 
[INFO] [stdout] 
[INFO] [stdout] warning: 19 warnings emitted
[INFO] [stdout] 
[INFO] [stdout] 
[INFO] [stdout] warning: unreachable pattern
[INFO] [stdout]    --> schemius/src/core/builtins.rs:673:17
[INFO] [stdout]     |
[INFO] [stdout] 673 |                   _ => Err(String::from("???")),
[INFO] [stdout]     |                   ^
[INFO] [stdout] ...
[INFO] [stdout] 710 | / fn_compute_sum_prod! {
[INFO] [stdout] 711 | |     r_sum: +, 0
[INFO] [stdout] 712 | |     r_prod: *, 1
[INFO] [stdout] 713 | | }
[INFO] [stdout]     | |_- in this macro invocation
[INFO] [stdout]     |
[INFO] [stdout]     = note: `#[warn(unreachable_patterns)]` on by default
[INFO] [stdout]     = note: this warning originates in the macro `fn_compute_sum_prod` (in Nightly builds, run with -Z macro-backtrace for more info)
[INFO] [stdout] 
[INFO] [stdout] 
[INFO] [stdout] warning: unreachable pattern
[INFO] [stdout]    --> schemius/src/core/builtins.rs:704:17
[INFO] [stdout]     |
[INFO] [stdout] 704 |                   _ => Err(String::from("???")),
[INFO] [stdout]     |                   ^
[INFO] [stdout] ...
[INFO] [stdout] 715 | / fn_compute_diff_quot! {
[INFO] [stdout] 716 | |     r_diff: -, 0
[INFO] [stdout] 717 | |     r_quot: /, 1
[INFO] [stdout] 718 | | }
[INFO] [stdout]     | |_- in this macro invocation
[INFO] [stdout]     |
[INFO] [stdout]     = note: this warning originates in the macro `fn_compute_diff_quot` (in Nightly builds, run with -Z macro-backtrace for more info)
[INFO] [stdout] 
[INFO] [stdout] 
[INFO] [stdout] warning: function pointers and raw pointers not derived from integers in patterns behave unpredictably and should not be relied upon. See https://github.com/rust-lang/rust/issues/70861 for details.
[INFO] [stdout]   --> schemius/src/core/evaluator.rs:50:41
[INFO] [stdout]    |
[INFO] [stdout] 50 | ...                   SpecialForm::QUOTE
[INFO] [stdout]    |                       ^^^^^^^^^^^^^^^^^^
[INFO] [stdout]    |
[INFO] [stdout]    = warning: this was previously accepted by the compiler but is being phased out; it will become a hard error in a future release!
[INFO] [stdout]    = note: for more information, see issue #62411 <https://github.com/rust-lang/rust/issues/70861>
[INFO] [stdout]    = note: `#[warn(pointer_structural_match)]` on by default
[INFO] [stdout] 
[INFO] [stdout] 
[INFO] [stdout] warning: function pointers and raw pointers not derived from integers in patterns behave unpredictably and should not be relied upon. See https://github.com/rust-lang/rust/issues/70861 for details.
[INFO] [stdout]   --> schemius/src/core/evaluator.rs:51:43
[INFO] [stdout]    |
[INFO] [stdout] 51 | ...                   | SpecialForm::QUASIQUOTE
[INFO] [stdout]    |                         ^^^^^^^^^^^^^^^^^^^^^^^
[INFO] [stdout]    |
[INFO] [stdout]    = warning: this was previously accepted by the compiler but is being phased out; it will become a hard error in a future release!
[INFO] [stdout]    = note: for more information, see issue #62411 <https://github.com/rust-lang/rust/issues/70861>
[INFO] [stdout] 
[INFO] [stdout] 
[INFO] [stdout] warning: function pointers and raw pointers not derived from integers in patterns behave unpredictably and should not be relied upon. See https://github.com/rust-lang/rust/issues/70861 for details.
[INFO] [stdout]   --> schemius/src/core/evaluator.rs:52:43
[INFO] [stdout]    |
[INFO] [stdout] 52 | ...                   | SpecialForm::DEFINE
[INFO] [stdout]    |                         ^^^^^^^^^^^^^^^^^^^
[INFO] [stdout]    |
[INFO] [stdout]    = warning: this was previously accepted by the compiler but is being phased out; it will become a hard error in a future release!
[INFO] [stdout]    = note: for more information, see issue #62411 <https://github.com/rust-lang/rust/issues/70861>
[INFO] [stdout] 
[INFO] [stdout] 
[INFO] [stdout] warning: function pointers and raw pointers not derived from integers in patterns behave unpredictably and should not be relied upon. See https://github.com/rust-lang/rust/issues/70861 for details.
[INFO] [stdout]   --> schemius/src/core/evaluator.rs:53:43
[INFO] [stdout]    |
[INFO] [stdout] 53 | ...                   | SpecialForm::SET
[INFO] [stdout]    |                         ^^^^^^^^^^^^^^^^
[INFO] [stdout]    |
[INFO] [stdout]    = warning: this was previously accepted by the compiler but is being phased out; it will become a hard error in a future release!
[INFO] [stdout]    = note: for more information, see issue #62411 <https://github.com/rust-lang/rust/issues/70861>
[INFO] [stdout] 
[INFO] [stdout] 
[INFO] [stdout] warning: function pointers and raw pointers not derived from integers in patterns behave unpredictably and should not be relied upon. See https://github.com/rust-lang/rust/issues/70861 for details.
[INFO] [stdout]   --> schemius/src/core/evaluator.rs:54:43
[INFO] [stdout]    |
[INFO] [stdout] 54 | ...                   | SpecialForm::LET
[INFO] [stdout]    |                         ^^^^^^^^^^^^^^^^
[INFO] [stdout]    |
[INFO] [stdout]    = warning: this was previously accepted by the compiler but is being phased out; it will become a hard error in a future release!
[INFO] [stdout]    = note: for more information, see issue #62411 <https://github.com/rust-lang/rust/issues/70861>
[INFO] [stdout] 
[INFO] [stdout] 
[INFO] [stdout] warning: function pointers and raw pointers not derived from integers in patterns behave unpredictably and should not be relied upon. See https://github.com/rust-lang/rust/issues/70861 for details.
[INFO] [stdout]   --> schemius/src/core/evaluator.rs:55:43
[INFO] [stdout]    |
[INFO] [stdout] 55 | ...                   | SpecialForm::LET_STAR
[INFO] [stdout]    |                         ^^^^^^^^^^^^^^^^^^^^^
[INFO] [stdout]    |
[INFO] [stdout]    = warning: this was previously accepted by the compiler but is being phased out; it will become a hard error in a future release!
[INFO] [stdout]    = note: for more information, see issue #62411 <https://github.com/rust-lang/rust/issues/70861>
[INFO] [stdout] 
[INFO] [stdout] 
[INFO] [stdout] warning: function pointers and raw pointers not derived from integers in patterns behave unpredictably and should not be relied upon. See https://github.com/rust-lang/rust/issues/70861 for details.
[INFO] [stdout]   --> schemius/src/core/evaluator.rs:56:43
[INFO] [stdout]    |
[INFO] [stdout] 56 | ...                   | SpecialForm::TIME => {
[INFO] [stdout]    |                         ^^^^^^^^^^^^^^^^^
[INFO] [stdout]    |
[INFO] [stdout]    = warning: this was previously accepted by the compiler but is being phased out; it will become a hard error in a future release!
[INFO] [stdout]    = note: for more information, see issue #62411 <https://github.com/rust-lang/rust/issues/70861>
[INFO] [stdout] 
[INFO] [stdout] 
[INFO] [stdout] warning: function pointers and raw pointers not derived from integers in patterns behave unpredictably and should not be relied upon. See https://github.com/rust-lang/rust/issues/70861 for details.
[INFO] [stdout]   --> schemius/src/core/evaluator.rs:75:41
[INFO] [stdout]    |
[INFO] [stdout] 75 | ...                   Primitive::CONS
[INFO] [stdout]    |                       ^^^^^^^^^^^^^^^
[INFO] [stdout]    |
[INFO] [stdout]    = warning: this was previously accepted by the compiler but is being phased out; it will become a hard error in a future release!
[INFO] [stdout]    = note: for more information, see issue #62411 <https://github.com/rust-lang/rust/issues/70861>
[INFO] [stdout] 
[INFO] [stdout] 
[INFO] [stdout] warning: function pointers and raw pointers not derived from integers in patterns behave unpredictably and should not be relied upon. See https://github.com/rust-lang/rust/issues/70861 for details.
[INFO] [stdout]   --> schemius/src/core/evaluator.rs:76:43
[INFO] [stdout]    |
[INFO] [stdout] 76 | ...                   | Primitive::DISPLAY
[INFO] [stdout]    |                         ^^^^^^^^^^^^^^^^^^
[INFO] [stdout]    |
[INFO] [stdout]    = warning: this was previously accepted by the compiler but is being phased out; it will become a hard error in a future release!
[INFO] [stdout]    = note: for more information, see issue #62411 <https://github.com/rust-lang/rust/issues/70861>
[INFO] [stdout] 
[INFO] [stdout] 
[INFO] [stdout] warning: function pointers and raw pointers not derived from integers in patterns behave unpredictably and should not be relied upon. See https://github.com/rust-lang/rust/issues/70861 for details.
[INFO] [stdout]   --> schemius/src/core/evaluator.rs:77:43
[INFO] [stdout]    |
[INFO] [stdout] 77 | ...                   | Primitive::CAR
[INFO] [stdout]    |                         ^^^^^^^^^^^^^^
[INFO] [stdout]    |
[INFO] [stdout]    = warning: this was previously accepted by the compiler but is being phased out; it will become a hard error in a future release!
[INFO] [stdout]    = note: for more information, see issue #62411 <https://github.com/rust-lang/rust/issues/70861>
[INFO] [stdout] 
[INFO] [stdout] 
[INFO] [stdout] warning: function pointers and raw pointers not derived from integers in patterns behave unpredictably and should not be relied upon. See https://github.com/rust-lang/rust/issues/70861 for details.
[INFO] [stdout]   --> schemius/src/core/evaluator.rs:78:43
[INFO] [stdout]    |
[INFO] [stdout] 78 | ...                   | Primitive::CDR
[INFO] [stdout]    |                         ^^^^^^^^^^^^^^
[INFO] [stdout]    |
[INFO] [stdout]    = warning: this was previously accepted by the compiler but is being phased out; it will become a hard error in a future release!
[INFO] [stdout]    = note: for more information, see issue #62411 <https://github.com/rust-lang/rust/issues/70861>
[INFO] [stdout] 
[INFO] [stdout] 
[INFO] [stdout] warning: function pointers and raw pointers not derived from integers in patterns behave unpredictably and should not be relied upon. See https://github.com/rust-lang/rust/issues/70861 for details.
[INFO] [stdout]   --> schemius/src/core/evaluator.rs:79:43
[INFO] [stdout]    |
[INFO] [stdout] 79 | ...                   | Primitive::SET_CAR
[INFO] [stdout]    |                         ^^^^^^^^^^^^^^^^^^
[INFO] [stdout]    |
[INFO] [stdout]    = warning: this was previously accepted by the compiler but is being phased out; it will become a hard error in a future release!
[INFO] [stdout]    = note: for more information, see issue #62411 <https://github.com/rust-lang/rust/issues/70861>
[INFO] [stdout] 
[INFO] [stdout] 
[INFO] [stdout] warning: function pointers and raw pointers not derived from integers in patterns behave unpredictably and should not be relied upon. See https://github.com/rust-lang/rust/issues/70861 for details.
[INFO] [stdout]   --> schemius/src/core/evaluator.rs:80:43
[INFO] [stdout]    |
[INFO] [stdout] 80 | ...                   | Primitive::FLATTEN => match primitive(args.to_vec(), environment.clone()) {
[INFO] [stdout]    |                         ^^^^^^^^^^^^^^^^^^
[INFO] [stdout]    |
[INFO] [stdout]    = warning: this was previously accepted by the compiler but is being phased out; it will become a hard error in a future release!
[INFO] [stdout]    = note: for more information, see issue #62411 <https://github.com/rust-lang/rust/issues/70861>
[INFO] [stdout] 
[INFO] [stdout] 
[INFO] [stdout] warning: function pointers and raw pointers not derived from integers in patterns behave unpredictably and should not be relied upon. See https://github.com/rust-lang/rust/issues/70861 for details.
[INFO] [stdout]   --> schemius/src/core/evaluator.rs:84:41
[INFO] [stdout]    |
[INFO] [stdout] 84 | ...                   Primitive::APPLY => {
[INFO] [stdout]    |                       ^^^^^^^^^^^^^^^^
[INFO] [stdout]    |
[INFO] [stdout]    = warning: this was previously accepted by the compiler but is being phased out; it will become a hard error in a future release!
[INFO] [stdout]    = note: for more information, see issue #62411 <https://github.com/rust-lang/rust/issues/70861>
[INFO] [stdout] 
[INFO] [stdout] 
[INFO] [stdout] warning: methods `is_left_bracket` and `is_right_bracket` are never used
[INFO] [stdout]   --> schemius/src/core/s_expression/mod.rs:77:8
[INFO] [stdout]    |
[INFO] [stdout] 60 | impl SExpr {
[INFO] [stdout]    | ---------- methods in this implementation
[INFO] [stdout] ...
[INFO] [stdout] 77 |     fn is_left_bracket(&self) -> Result<bool, String> {
[INFO] [stdout]    |        ^^^^^^^^^^^^^^^
[INFO] [stdout] ...
[INFO] [stdout] 85 |     fn is_right_bracket(&self) -> Result<bool, String> {
[INFO] [stdout]    |        ^^^^^^^^^^^^^^^^
[INFO] [stdout]    |
[INFO] [stdout]    = note: `#[warn(dead_code)]` on by default
[INFO] [stdout] 
[INFO] [stdout] 
[INFO] [stdout] warning: 17 warnings emitted
[INFO] [stdout] 
[INFO] [stdout] 
[INFO] [stderr]     Finished test [unoptimized + debuginfo] target(s) in 2.07s
[INFO] running `Command { std: "docker" "inspect" "d2dcc88fe7546cf66fa1d8d4a94cb0f2364fdc35663aa81b4689641781453246", kill_on_drop: false }`
[INFO] running `Command { std: "docker" "rm" "-f" "d2dcc88fe7546cf66fa1d8d4a94cb0f2364fdc35663aa81b4689641781453246", kill_on_drop: false }`
[INFO] [stdout] d2dcc88fe7546cf66fa1d8d4a94cb0f2364fdc35663aa81b4689641781453246
[INFO] running `Command { std: "docker" "create" "-v" "/var/lib/crater-agent-workspace/builds/worker-5-tc1/target:/opt/rustwide/target:rw,Z" "-v" "/var/lib/crater-agent-workspace/builds/worker-5-tc1/source:/opt/rustwide/workdir:ro,Z" "-v" "/var/lib/crater-agent-workspace/cargo-home:/opt/rustwide/cargo-home:ro,Z" "-v" "/var/lib/crater-agent-workspace/rustup-home:/opt/rustwide/rustup-home:ro,Z" "-e" "SOURCE_DIR=/opt/rustwide/workdir" "-e" "CARGO_TARGET_DIR=/opt/rustwide/target" "-e" "CARGO_INCREMENTAL=0" "-e" "RUST_BACKTRACE=full" "-e" "RUSTFLAGS=--cap-lints=warn" "-e" "RUSTDOCFLAGS=--cap-lints=warn" "-e" "CARGO_HOME=/opt/rustwide/cargo-home" "-e" "RUSTUP_HOME=/opt/rustwide/rustup-home" "-w" "/opt/rustwide/workdir" "-m" "1610612736" "--user" "0:0" "--network" "none" "ghcr.io/rust-lang/crates-build-env/linux@sha256:2788e3201cd34a07e3172128adcd8b3090168a8e3bcc40d7c032b9dda1df7d1c" "/opt/rustwide/cargo-home/bin/cargo" "+1.75.0" "test" "--frozen", kill_on_drop: false }`
[INFO] [stdout] 8fa0257af3385cee566c11d0a857be6ee3da85d46e3040f03cb3119369ca6710
[INFO] running `Command { std: "docker" "start" "-a" "8fa0257af3385cee566c11d0a857be6ee3da85d46e3040f03cb3119369ca6710", kill_on_drop: false }`
[INFO] [stderr] warning: profiles for the non root package will be ignored, specify profiles at the workspace root:
[INFO] [stderr] package:   /opt/rustwide/workdir/schemius/Cargo.toml
[INFO] [stderr] workspace: /opt/rustwide/workdir/Cargo.toml
[INFO] [stderr] warning: virtual workspace defaulting to `resolver = "1"` despite one or more workspace members being on edition 2021 which implies `resolver = "2"`
[INFO] [stderr] note: to keep the current resolver, specify `workspace.resolver = "1"` in the workspace root's manifest
[INFO] [stderr] note: to use the edition 2021 resolver, specify `workspace.resolver = "2"` in the workspace root's manifest
[INFO] [stderr] note: for more details see https://doc.rust-lang.org/cargo/reference/resolver.html#resolver-versions
[INFO] [stderr] warning: unused macro definition: `integration_subtest_eval_to`
[INFO] [stderr]  --> schemius/src/core/tests.rs:4:14
[INFO] [stderr]   |
[INFO] [stderr] 4 | macro_rules! integration_subtest_eval_to {
[INFO] [stderr]   |              ^^^^^^^^^^^^^^^^^^^^^^^^^^^
[INFO] [stderr]   |
[INFO] [stderr]   = note: `#[warn(unused_macros)]` on by default
[INFO] [stderr] 
[INFO] [stderr] warning: unused macro definition: `integration_subtest_is_err`
[INFO] [stderr]   --> schemius/src/core/tests.rs:17:14
[INFO] [stderr]    |
[INFO] [stderr] 17 | macro_rules! integration_subtest_is_err {
[INFO] [stderr]    |              ^^^^^^^^^^^^^^^^^^^^^^^^^^
[INFO] [stderr] 
[INFO] [stderr] warning: unreachable pattern
[INFO] [stderr]    --> schemius/src/core/builtins.rs:673:17
[INFO] [stderr]     |
[INFO] [stderr] 673 |                   _ => Err(String::from("???")),
[INFO] [stderr]     |                   ^
[INFO] [stderr] ...
[INFO] [stderr] 710 | / fn_compute_sum_prod! {
[INFO] [stderr] 711 | |     r_sum: +, 0
[INFO] [stderr] 712 | |     r_prod: *, 1
[INFO] [stderr] 713 | | }
[INFO] [stderr]     | |_- in this macro invocation
[INFO] [stderr]     |
[INFO] [stderr]     = note: `#[warn(unreachable_patterns)]` on by default
[INFO] [stderr]     = note: this warning originates in the macro `fn_compute_sum_prod` (in Nightly builds, run with -Z macro-backtrace for more info)
[INFO] [stderr] 
[INFO] [stderr] warning: unreachable pattern
[INFO] [stderr]    --> schemius/src/core/builtins.rs:704:17
[INFO] [stderr]     |
[INFO] [stderr] 704 |                   _ => Err(String::from("???")),
[INFO] [stderr]     |                   ^
[INFO] [stderr] ...
[INFO] [stderr] 715 | / fn_compute_diff_quot! {
[INFO] [stderr] 716 | |     r_diff: -, 0
[INFO] [stderr] 717 | |     r_quot: /, 1
[INFO] [stderr] 718 | | }
[INFO] [stderr]     | |_- in this macro invocation
[INFO] [stderr]     |
[INFO] [stderr]     = note: this warning originates in the macro `fn_compute_diff_quot` (in Nightly builds, run with -Z macro-backtrace for more info)
[INFO] [stderr] 
[INFO] [stderr] warning: function pointers and raw pointers not derived from integers in patterns behave unpredictably and should not be relied upon. See https://github.com/rust-lang/rust/issues/70861 for details.
[INFO] [stderr]   --> schemius/src/core/evaluator.rs:50:41
[INFO] [stderr]    |
[INFO] [stderr] 50 | ...                   SpecialForm::QUOTE
[INFO] [stderr]    |                       ^^^^^^^^^^^^^^^^^^
[INFO] [stderr]    |
[INFO] [stderr]    = warning: this was previously accepted by the compiler but is being phased out; it will become a hard error in a future release!
[INFO] [stderr]    = note: for more information, see issue #62411 <https://github.com/rust-lang/rust/issues/70861>
[INFO] [stderr]    = note: `#[warn(pointer_structural_match)]` on by default
[INFO] [stderr] 
[INFO] [stderr] warning: function pointers and raw pointers not derived from integers in patterns behave unpredictably and should not be relied upon. See https://github.com/rust-lang/rust/issues/70861 for details.
[INFO] [stderr]   --> schemius/src/core/evaluator.rs:51:43
[INFO] [stderr]    |
[INFO] [stderr] 51 | ...                   | SpecialForm::QUASIQUOTE
[INFO] [stderr]    |                         ^^^^^^^^^^^^^^^^^^^^^^^
[INFO] [stderr]    |
[INFO] [stderr]    = warning: this was previously accepted by the compiler but is being phased out; it will become a hard error in a future release!
[INFO] [stderr]    = note: for more information, see issue #62411 <https://github.com/rust-lang/rust/issues/70861>
[INFO] [stderr] 
[INFO] [stderr] warning: function pointers and raw pointers not derived from integers in patterns behave unpredictably and should not be relied upon. See https://github.com/rust-lang/rust/issues/70861 for details.
[INFO] [stderr]   --> schemius/src/core/evaluator.rs:52:43
[INFO] [stderr]    |
[INFO] [stderr] 52 | ...                   | SpecialForm::DEFINE
[INFO] [stderr]    |                         ^^^^^^^^^^^^^^^^^^^
[INFO] [stderr]    |
[INFO] [stderr]    = warning: this was previously accepted by the compiler but is being phased out; it will become a hard error in a future release!
[INFO] [stderr]    = note: for more information, see issue #62411 <https://github.com/rust-lang/rust/issues/70861>
[INFO] [stderr] 
[INFO] [stderr] warning: function pointers and raw pointers not derived from integers in patterns behave unpredictably and should not be relied upon. See https://github.com/rust-lang/rust/issues/70861 for details.
[INFO] [stderr]   --> schemius/src/core/evaluator.rs:53:43
[INFO] [stderr]    |
[INFO] [stderr] 53 | ...                   | SpecialForm::SET
[INFO] [stderr]    |                         ^^^^^^^^^^^^^^^^
[INFO] [stderr]    |
[INFO] [stderr]    = warning: this was previously accepted by the compiler but is being phased out; it will become a hard error in a future release!
[INFO] [stderr]    = note: for more information, see issue #62411 <https://github.com/rust-lang/rust/issues/70861>
[INFO] [stderr] 
[INFO] [stderr] warning: function pointers and raw pointers not derived from integers in patterns behave unpredictably and should not be relied upon. See https://github.com/rust-lang/rust/issues/70861 for details.
[INFO] [stderr]   --> schemius/src/core/evaluator.rs:54:43
[INFO] [stderr]    |
[INFO] [stderr] 54 | ...                   | SpecialForm::LET
[INFO] [stderr]    |                         ^^^^^^^^^^^^^^^^
[INFO] [stderr]    |
[INFO] [stderr]    = warning: this was previously accepted by the compiler but is being phased out; it will become a hard error in a future release!
[INFO] [stderr]    = note: for more information, see issue #62411 <https://github.com/rust-lang/rust/issues/70861>
[INFO] [stderr] 
[INFO] [stderr] warning: function pointers and raw pointers not derived from integers in patterns behave unpredictably and should not be relied upon. See https://github.com/rust-lang/rust/issues/70861 for details.
[INFO] [stderr]   --> schemius/src/core/evaluator.rs:55:43
[INFO] [stderr]    |
[INFO] [stderr] 55 | ...                   | SpecialForm::LET_STAR
[INFO] [stderr]    |                         ^^^^^^^^^^^^^^^^^^^^^
[INFO] [stderr]    |
[INFO] [stderr]    = warning: this was previously accepted by the compiler but is being phased out; it will become a hard error in a future release!
[INFO] [stderr]    = note: for more information, see issue #62411 <https://github.com/rust-lang/rust/issues/70861>
[INFO] [stderr] 
[INFO] [stderr] warning: function pointers and raw pointers not derived from integers in patterns behave unpredictably and should not be relied upon. See https://github.com/rust-lang/rust/issues/70861 for details.
[INFO] [stderr]   --> schemius/src/core/evaluator.rs:56:43
[INFO] [stderr]    |
[INFO] [stderr] 56 | ...                   | SpecialForm::TIME => {
[INFO] [stderr]    |                         ^^^^^^^^^^^^^^^^^
[INFO] [stderr]    |
[INFO] [stderr]    = warning: this was previously accepted by the compiler but is being phased out; it will become a hard error in a future release!
[INFO] [stderr]    = note: for more information, see issue #62411 <https://github.com/rust-lang/rust/issues/70861>
[INFO] [stderr] 
[INFO] [stderr] warning: function pointers and raw pointers not derived from integers in patterns behave unpredictably and should not be relied upon. See https://github.com/rust-lang/rust/issues/70861 for details.
[INFO] [stderr]   --> schemius/src/core/evaluator.rs:75:41
[INFO] [stderr]    |
[INFO] [stderr] 75 | ...                   Primitive::CONS
[INFO] [stderr]    |                       ^^^^^^^^^^^^^^^
[INFO] [stderr]    |
[INFO] [stderr]    = warning: this was previously accepted by the compiler but is being phased out; it will become a hard error in a future release!
[INFO] [stderr]    = note: for more information, see issue #62411 <https://github.com/rust-lang/rust/issues/70861>
[INFO] [stderr] 
[INFO] [stderr] warning: function pointers and raw pointers not derived from integers in patterns behave unpredictably and should not be relied upon. See https://github.com/rust-lang/rust/issues/70861 for details.
[INFO] [stderr]   --> schemius/src/core/evaluator.rs:76:43
[INFO] [stderr]    |
[INFO] [stderr] 76 | ...                   | Primitive::DISPLAY
[INFO] [stderr]    |                         ^^^^^^^^^^^^^^^^^^
[INFO] [stderr]    |
[INFO] [stderr]    = warning: this was previously accepted by the compiler but is being phased out; it will become a hard error in a future release!
[INFO] [stderr]    = note: for more information, see issue #62411 <https://github.com/rust-lang/rust/issues/70861>
[INFO] [stderr] 
[INFO] [stderr] warning: function pointers and raw pointers not derived from integers in patterns behave unpredictably and should not be relied upon. See https://github.com/rust-lang/rust/issues/70861 for details.
[INFO] [stderr]   --> schemius/src/core/evaluator.rs:77:43
[INFO] [stderr]    |
[INFO] [stderr] 77 | ...                   | Primitive::CAR
[INFO] [stderr]    |                         ^^^^^^^^^^^^^^
[INFO] [stderr]    |
[INFO] [stderr]    = warning: this was previously accepted by the compiler but is being phased out; it will become a hard error in a future release!
[INFO] [stderr]    = note: for more information, see issue #62411 <https://github.com/rust-lang/rust/issues/70861>
[INFO] [stderr] 
[INFO] [stderr] warning: function pointers and raw pointers not derived from integers in patterns behave unpredictably and should not be relied upon. See https://github.com/rust-lang/rust/issues/70861 for details.
[INFO] [stderr]   --> schemius/src/core/evaluator.rs:78:43
[INFO] [stderr]    |
[INFO] [stderr] 78 | ...                   | Primitive::CDR
[INFO] [stderr]    |                         ^^^^^^^^^^^^^^
[INFO] [stderr]    |
[INFO] [stderr]    = warning: this was previously accepted by the compiler but is being phased out; it will become a hard error in a future release!
[INFO] [stderr]    = note: for more information, see issue #62411 <https://github.com/rust-lang/rust/issues/70861>
[INFO] [stderr] 
[INFO] [stderr] warning: function pointers and raw pointers not derived from integers in patterns behave unpredictably and should not be relied upon. See https://github.com/rust-lang/rust/issues/70861 for details.
[INFO] [stderr]   --> schemius/src/core/evaluator.rs:79:43
[INFO] [stderr]    |
[INFO] [stderr] 79 | ...                   | Primitive::SET_CAR
[INFO] [stderr]    |                         ^^^^^^^^^^^^^^^^^^
[INFO] [stderr]    |
[INFO] [stderr]    = warning: this was previously accepted by the compiler but is being phased out; it will become a hard error in a future release!
[INFO] [stderr]    = note: for more information, see issue #62411 <https://github.com/rust-lang/rust/issues/70861>
[INFO] [stderr] 
[INFO] [stderr] warning: function pointers and raw pointers not derived from integers in patterns behave unpredictably and should not be relied upon. See https://github.com/rust-lang/rust/issues/70861 for details.
[INFO] [stderr]   --> schemius/src/core/evaluator.rs:80:43
[INFO] [stderr]    |
[INFO] [stderr] 80 | ...                   | Primitive::FLATTEN => match primitive(args.to_vec(), environment.clone()) {
[INFO] [stderr]    |                         ^^^^^^^^^^^^^^^^^^
[INFO] [stderr]    |
[INFO] [stderr]    = warning: this was previously accepted by the compiler but is being phased out; it will become a hard error in a future release!
[INFO] [stderr]    = note: for more information, see issue #62411 <https://github.com/rust-lang/rust/issues/70861>
[INFO] [stderr] 
[INFO] [stderr] warning: function pointers and raw pointers not derived from integers in patterns behave unpredictably and should not be relied upon. See https://github.com/rust-lang/rust/issues/70861 for details.
[INFO] [stderr]   --> schemius/src/core/evaluator.rs:84:41
[INFO] [stderr]    |
[INFO] [stderr] 84 | ...                   Primitive::APPLY => {
[INFO] [stderr]    |                       ^^^^^^^^^^^^^^^^
[INFO] [stderr]    |
[INFO] [stderr]    = warning: this was previously accepted by the compiler but is being phased out; it will become a hard error in a future release!
[INFO] [stderr]    = note: for more information, see issue #62411 <https://github.com/rust-lang/rust/issues/70861>
[INFO] [stderr] 
[INFO] [stderr] warning: methods `is_left_bracket` and `is_right_bracket` are never used
[INFO] [stderr]   --> schemius/src/core/s_expression/mod.rs:77:8
[INFO] [stderr]    |
[INFO] [stderr] 60 | impl SExpr {
[INFO] [stderr]    | ---------- methods in this implementation
[INFO] [stderr] ...
[INFO] [stderr] 77 |     fn is_left_bracket(&self) -> Result<bool, String> {
[INFO] [stderr]    |        ^^^^^^^^^^^^^^^
[INFO] [stderr] ...
[INFO] [stderr] 85 |     fn is_right_bracket(&self) -> Result<bool, String> {
[INFO] [stderr]    |        ^^^^^^^^^^^^^^^^
[INFO] [stderr]    |
[INFO] [stderr]    = note: `#[warn(dead_code)]` on by default
[INFO] [stderr] 
[INFO] [stderr] warning: `schemius` (lib) generated 19 warnings
[INFO] [stderr] warning: `schemius` (lib test) generated 17 warnings (17 duplicates)
[INFO] [stderr]     Finished test [unoptimized + debuginfo] target(s) in 0.03s
[INFO] [stderr]      Running unittests src/lib.rs (/opt/rustwide/target/debug/deps/schemius-6c83e0e1986753ae)
[INFO] [stdout] 
[INFO] [stdout] running 101 tests
[INFO] [stdout] test core::s_expression::s_number::tests::snumber_op_bigint_bigint_add ... ok
[INFO] [stdout] test core::s_expression::s_number::tests::snumber_op_bigint_bigint_div ... ok
[INFO] [stdout] test core::s_expression::s_number::tests::snumber_op_bigint_bigint_gt ... ok
[INFO] [stdout] test core::s_expression::s_number::tests::snumber_op_bigint_bigint_eq ... ok
[INFO] [stdout] test core::evaluator::tests::evaluator_ok_int ... ok
[INFO] [stdout] test core::s_expression::s_number::tests::snumber_op_bigint_bigint_lt ... ok
[INFO] [stdout] test core::s_expression::s_number::tests::snumber_op_bigint_bigint_mul ... ok
[INFO] [stdout] test core::s_expression::s_number::tests::snumber_op_bigint_bigint_sub ... ok
[INFO] [stdout] test core::s_expression::s_number::tests::snumber_op_bigint_float_add ... ok
[INFO] [stdout] test core::s_expression::s_number::tests::snumber_op_bigint_float_div ... ok
[INFO] [stdout] test core::s_expression::s_number::tests::snumber_op_bigint_float_eq ... ok
[INFO] [stdout] test core::s_expression::s_number::tests::snumber_op_bigint_float_mul ... ok
[INFO] [stdout] test core::s_expression::s_number::tests::snumber_op_bigint_float_sub ... ok
[INFO] [stdout] test core::s_expression::s_number::tests::snumber_op_bigint_int_add ... ok
[INFO] [stdout] test core::s_expression::s_number::tests::snumber_op_bigint_int_div ... ok
[INFO] [stdout] test core::s_expression::s_number::tests::snumber_op_bigint_int_eq ... ok
[INFO] [stdout] test core::s_expression::s_number::tests::snumber_op_bigint_int_gt ... ok
[INFO] [stdout] test core::s_expression::s_number::tests::snumber_op_bigint_int_lt ... ok
[INFO] [stdout] test core::s_expression::s_number::tests::snumber_op_bigint_int_mul ... ok
[INFO] [stdout] test core::s_expression::s_number::tests::snumber_op_bigint_int_sub ... ok
[INFO] [stdout] test core::s_expression::s_number::tests::snumber_op_bigint_rational_eq ... ok
[INFO] [stdout] test core::s_expression::s_number::tests::snumber_op_bigint_rational_add ... ok
[INFO] [stdout] test core::s_expression::s_number::tests::snumber_op_bigint_rational_gt ... ok
[INFO] [stdout] test core::s_expression::s_number::tests::snumber_op_bigint_rational_lt ... ok
[INFO] [stdout] test core::s_expression::s_number::tests::snumber_op_float_float_div ... ok
[INFO] [stdout] test core::s_expression::s_number::tests::snumber_op_float_bigint_add ... ok
[INFO] [stdout] test core::s_expression::s_number::tests::snumber_op_float_float_add ... ok
[INFO] [stdout] test core::s_expression::s_number::tests::snumber_op_float_float_mul ... ok
[INFO] [stdout] test core::s_expression::s_number::tests::snumber_op_bigint_rational_sub ... ok
[INFO] [stdout] test core::s_expression::s_number::tests::snumber_op_bigint_rational_mul ... ok
[INFO] [stdout] test core::s_expression::s_number::tests::snumber_op_float_float_sub ... ok
[INFO] [stdout] test core::s_expression::s_number::tests::snumber_op_float_int_add ... ok
[INFO] [stdout] test core::s_expression::s_number::tests::snumber_op_float_float_eq ... ok
[INFO] [stdout] test core::s_expression::s_number::tests::snumber_op_int_bigint_add ... ok
[INFO] [stdout] test core::s_expression::s_number::tests::snumber_op_float_rational_add ... ok
[INFO] [stdout] test core::s_expression::s_number::tests::snumber_op_int_bigint_div ... ok
[INFO] [stdout] test core::s_expression::s_number::tests::snumber_op_int_bigint_gt ... ok
[INFO] [stdout] test core::s_expression::s_number::tests::snumber_op_int_bigint_lt ... ok
[INFO] [stdout] test core::s_expression::s_number::tests::snumber_op_int_bigint_eq ... ok
[INFO] [stdout] test core::s_expression::s_number::tests::snumber_op_int_bigint_mul ... ok
[INFO] [stdout] test core::s_expression::s_number::tests::snumber_op_int_float_eq ... ok
[INFO] [stdout] test core::s_expression::s_number::tests::snumber_op_int_bigint_sub ... ok
[INFO] [stdout] test core::s_expression::s_number::tests::snumber_op_int_float_div ... ok
[INFO] [stdout] test core::s_expression::s_number::tests::snumber_op_int_float_sub ... ok
[INFO] [stdout] test core::s_expression::s_number::tests::snumber_op_int_float_add ... ok
[INFO] [stdout] test core::s_expression::s_number::tests::snumber_op_int_float_mul ... ok
[INFO] [stdout] test core::s_expression::s_number::tests::snumber_op_int_float_gt ... ok
[INFO] [stdout] test core::s_expression::s_number::tests::snumber_op_int_int_div ... ok
[INFO] [stdout] test core::s_expression::s_number::tests::snumber_op_int_int_add ... ok
[INFO] [stdout] test core::s_expression::s_number::tests::snumber_op_int_float_lt ... ok
[INFO] [stdout] test core::s_expression::s_number::tests::snumber_op_int_int_lt ... ok
[INFO] [stdout] test core::s_expression::s_number::tests::snumber_op_int_int_gt ... ok
[INFO] [stdout] test core::s_expression::s_number::tests::snumber_op_int_int_sub ... ok
[INFO] [stdout] test core::s_expression::s_number::tests::snumber_op_int_int_mul ... ok
[INFO] [stdout] test core::s_expression::s_number::tests::snumber_op_int_int_eq ... ok
[INFO] [stdout] test core::s_expression::s_number::tests::snumber_op_rational_float_add ... ok
[INFO] [stdout] test core::s_expression::s_number::tests::snumber_op_int_rational_div ... ok
[INFO] [stdout] test core::s_expression::s_number::tests::snumber_op_int_rational_gt ... ok
[INFO] [stdout] test core::s_expression::s_number::tests::snumber_op_int_rational_add ... ok
[INFO] [stdout] test core::s_expression::s_number::tests::snumber_op_int_rational_sub ... ok
[INFO] [stdout] test core::s_expression::s_number::tests::snumber_op_int_rational_eq ... ok
[INFO] [stdout] test core::s_expression::s_number::tests::snumber_op_rational_int_eq ... ok
[INFO] [stdout] test core::s_expression::s_number::tests::snumber_op_rational_int_div ... ok
[INFO] [stdout] test core::s_expression::s_number::tests::snumber_op_rational_int_gt ... ok
[INFO] [stdout] test core::s_expression::s_number::tests::snumber_op_rational_int_lt ... ok
[INFO] [stdout] test core::s_expression::s_number::tests::snumber_op_int_rational_mul ... ok
[INFO] [stdout] test core::s_expression::s_number::tests::snumber_op_rational_int_mul ... ok
[INFO] [stdout] test core::s_expression::s_number::tests::snumber_op_rational_bigint_add ... ok
[INFO] [stdout] test core::s_expression::s_number::tests::snumber_promotion_int_sub ... ok
[INFO] [stdout] test core::s_expression::s_number::tests::snumber_op_rational_int_sub ... ok
[INFO] [stdout] test core::s_expression::s_number::tests::snumber_op_rational_rational_add ... ok
[INFO] [stdout] test core::s_expression::s_number::tests::snumber_promotion_int_add ... ok
[INFO] [stdout] test core::s_expression::s_number::tests::snumber_op_int_rational_lt ... ok
[INFO] [stdout] test core::s_expression::s_number::tests::snumber_promotion_int_mul ... ok
[INFO] [stdout] test core::tests::interpreter_factorial_bigint ... ok
[INFO] [stdout] test core::tests::interpreter_factorial_basic ... ok
[INFO] [stdout] test core::tests::interpreter_lambda_malformed_args ... ok
[INFO] [stdout] test core::tests::interpreter_apply ... ok
[INFO] [stdout] test core::tests::interpreter_quoting ... ok
[INFO] [stdout] test core::tests::interpreter_r7rs_equivalence_predicates ... ignored
[INFO] [stdout] test core::tests::interpreter_r7rs_inter_variant ... ignored
[INFO] [stdout] test core::tests::interpreter_binding ... ok
[INFO] [stdout] test core::tests::interpreter_inter_variant ... ok
[INFO] [stdout] test core::tests::interpreter_define_set ... ok
[INFO] [stdout] test core::tests::interpreter_flattening_unflattening ... ok
[INFO] [stdout] test core::tests::interpreter_prod ... ok
[INFO] [stdout] test core::tests::interpreter_number_comparison ... ok
[INFO] [stdout] test core::tests::interpreter_define_malformed_args ... ok
[INFO] [stdout] test core::tests::interpreter_quasiquotation ... ok
[INFO] [stdout] test core::tests::interpreter_define ... ok
[INFO] [stdout] test core::tests::interpreter_r7rs_cons ... ok
[INFO] [stdout] test core::tests::interpreter_r7rs_control_features ... ok
[INFO] [stdout] test core::tests::interpreter_r7rs_quasiquotation ... FAILED
[INFO] [stdout] test core::tests::interpreter_sepr_type ... ok
[INFO] [stdout] test core::tests::interpreter_r7rs_booleans ... ok
[INFO] [stdout] test core::tests::interpreter_set ... ok
[INFO] [stdout] test core::tests::interpreter_sum ... ok
[INFO] [stdout] test core::tests::interpreter_quot ... ok
[INFO] [stdout] test core::tests::interpreter_r7rs_conditionals ... ok
[INFO] [stdout] test core::tests::interpreter_diff ... ok
[INFO] [stdout] test core::tests::interpreter_recursion_deep ... ok
[INFO] [stdout] 
[INFO] [stdout] failures:
[INFO] [stdout] 
[INFO] [stdout] ---- core::tests::interpreter_r7rs_quasiquotation stdout ----
[INFO] [stdout] thread 'core::tests::interpreter_r7rs_quasiquotation' panicked at schemius/src/core/builtins.rs:569:49:
[INFO] [stdout] attempt to subtract with overflow
[INFO] [stdout] stack backtrace:
[INFO] [stdout]    0:     0x55c7840b064c - std::backtrace_rs::backtrace::libunwind::trace::ha637c64ce894333a
[INFO] [stdout]                                at /rustc/82e1608dfa6e0b5569232559e3d385fea5a93112/library/std/src/../../backtrace/src/backtrace/libunwind.rs:104:5
[INFO] [stdout]    1:     0x55c7840b064c - std::backtrace_rs::backtrace::trace_unsynchronized::h47f62dea28e0c88d
[INFO] [stdout]                                at /rustc/82e1608dfa6e0b5569232559e3d385fea5a93112/library/std/src/../../backtrace/src/backtrace/mod.rs:66:5
[INFO] [stdout]    2:     0x55c7840b064c - std::sys_common::backtrace::_print_fmt::h9eef0abe20ede486
[INFO] [stdout]                                at /rustc/82e1608dfa6e0b5569232559e3d385fea5a93112/library/std/src/sys_common/backtrace.rs:67:5
[INFO] [stdout]    3:     0x55c7840b064c - <std::sys_common::backtrace::_print::DisplayBacktrace as core::fmt::Display>::fmt::hed7f999df88cc644
[INFO] [stdout]                                at /rustc/82e1608dfa6e0b5569232559e3d385fea5a93112/library/std/src/sys_common/backtrace.rs:44:22
[INFO] [stdout]    4:     0x55c7840dbbf0 - core::fmt::rt::Argument::fmt::h1539a9308b8d058d
[INFO] [stdout]                                at /rustc/82e1608dfa6e0b5569232559e3d385fea5a93112/library/core/src/fmt/rt.rs:142:9
[INFO] [stdout]    5:     0x55c7840dbbf0 - core::fmt::write::h3a39390d8560d9c9
[INFO] [stdout]                                at /rustc/82e1608dfa6e0b5569232559e3d385fea5a93112/library/core/src/fmt/mod.rs:1120:17
[INFO] [stdout]    6:     0x55c7840adfff - std::io::Write::write_fmt::h040b369f3a0f9cbc
[INFO] [stdout]                                at /rustc/82e1608dfa6e0b5569232559e3d385fea5a93112/library/std/src/io/mod.rs:1762:15
[INFO] [stdout]    7:     0x55c7840b0434 - std::sys_common::backtrace::_print::h894006fb5c6f3d45
[INFO] [stdout]                                at /rustc/82e1608dfa6e0b5569232559e3d385fea5a93112/library/std/src/sys_common/backtrace.rs:47:5
[INFO] [stdout]    8:     0x55c7840b0434 - std::sys_common::backtrace::print::h23a2d212c6fff936
[INFO] [stdout]                                at /rustc/82e1608dfa6e0b5569232559e3d385fea5a93112/library/std/src/sys_common/backtrace.rs:34:9
[INFO] [stdout]    9:     0x55c7840b20f7 - std::panicking::default_hook::{{closure}}::h8a1d2ee00185001a
[INFO] [stdout]   10:     0x55c7840b1de3 - std::panicking::default_hook::h6038f2eba384e475
[INFO] [stdout]                                at /rustc/82e1608dfa6e0b5569232559e3d385fea5a93112/library/std/src/panicking.rs:289:9
[INFO] [stdout]   11:     0x55c783dab587 - <alloc::boxed::Box<F,A> as core::ops::function::Fn<Args>>::call::h0ad024c9bdc6d768
[INFO] [stdout]                                at /rustc/82e1608dfa6e0b5569232559e3d385fea5a93112/library/alloc/src/boxed.rs:2021:9
[INFO] [stdout]   12:     0x55c783dab587 - test::test_main::{{closure}}::h7500b54257359db6
[INFO] [stdout]                                at /rustc/82e1608dfa6e0b5569232559e3d385fea5a93112/library/test/src/lib.rs:138:21
[INFO] [stdout]   13:     0x55c7840b2708 - <alloc::boxed::Box<F,A> as core::ops::function::Fn<Args>>::call::h1f8f335eaa9cfaee
[INFO] [stdout]                                at /rustc/82e1608dfa6e0b5569232559e3d385fea5a93112/library/alloc/src/boxed.rs:2021:9
[INFO] [stdout]   14:     0x55c7840b2708 - std::panicking::rust_panic_with_hook::h2b5517d590cab22e
[INFO] [stdout]                                at /rustc/82e1608dfa6e0b5569232559e3d385fea5a93112/library/std/src/panicking.rs:783:13
[INFO] [stdout]   15:     0x55c7840b2429 - std::panicking::begin_panic_handler::{{closure}}::h233112c06e0ef43e
[INFO] [stdout]                                at /rustc/82e1608dfa6e0b5569232559e3d385fea5a93112/library/std/src/panicking.rs:649:13
[INFO] [stdout]   16:     0x55c7840b0b16 - std::sys_common::backtrace::__rust_end_short_backtrace::h6e893f24d7ebbff8
[INFO] [stdout]                                at /rustc/82e1608dfa6e0b5569232559e3d385fea5a93112/library/std/src/sys_common/backtrace.rs:170:18
[INFO] [stdout]   17:     0x55c7840b21c2 - rust_begin_unwind
[INFO] [stdout]                                at /rustc/82e1608dfa6e0b5569232559e3d385fea5a93112/library/std/src/panicking.rs:645:5
[INFO] [stdout]   18:     0x55c783cfa2a5 - core::panicking::panic_fmt::hbf0e066aabfa482c
[INFO] [stdout]                                at /rustc/82e1608dfa6e0b5569232559e3d385fea5a93112/library/core/src/panicking.rs:72:14
[INFO] [stdout]   19:     0x55c783cfa343 - core::panicking::panic::h195fc2a96298d4c3
[INFO] [stdout]                                at /rustc/82e1608dfa6e0b5569232559e3d385fea5a93112/library/core/src/panicking.rs:127:5
[INFO] [stdout]   20:     0x55c783d0486a - schemius::core::builtins::r_quasiquote::h561ed9f9b1080ce8
[INFO] [stdout]                                at /opt/rustwide/workdir/schemius/src/core/builtins.rs:569:49
[INFO] [stdout]   21:     0x55c783d6cb60 - schemius::core::evaluator::eval::hd42f9107778c8e91
[INFO] [stdout]                                at /opt/rustwide/workdir/schemius/src/core/evaluator.rs:57:58
[INFO] [stdout]   22:     0x55c783d6bc71 - schemius::core::evaluator::Evaluator::eval::hbd77be520e7b55ea
[INFO] [stdout]                                at /opt/rustwide/workdir/schemius/src/core/evaluator.rs:27:9
[INFO] [stdout]   23:     0x55c783d4ec5e - schemius::core::interpreter::Interpreter::eval::hca969c68ee18818a
[INFO] [stdout]                                at /opt/rustwide/workdir/schemius/src/core/interpreter.rs:52:9
[INFO] [stdout]   24:     0x55c783d4eff2 - schemius::core::interpreter::Interpreter::eval_expression::h3d30276b1e1e4835
[INFO] [stdout]                                at /opt/rustwide/workdir/schemius/src/core/interpreter.rs:130:9
[INFO] [stdout]   25:     0x55c783d4f081 - schemius::core::interpreter::Interpreter::eval_expression_and_format::h6522d39c9df250f3
[INFO] [stdout]                                at /opt/rustwide/workdir/schemius/src/core/interpreter.rs:141:22
[INFO] [stdout]   26:     0x55c783d24dca - schemius::core::tests::interpreter_r7rs_quasiquotation::h6aa641181bcce9a5
[INFO] [stdout]                                at /opt/rustwide/workdir/schemius/src/core/tests.rs:202:5
[INFO] [stdout]   27:     0x55c783d24a87 - schemius::core::tests::interpreter_r7rs_quasiquotation::{{closure}}::h4918707185ff02cc
[INFO] [stdout]                                at /opt/rustwide/workdir/schemius/src/core/tests.rs:201:37
[INFO] [stdout]   28:     0x55c783d198d6 - core::ops::function::FnOnce::call_once::h1cd405bf6896dc5e
[INFO] [stdout]                                at /rustc/82e1608dfa6e0b5569232559e3d385fea5a93112/library/core/src/ops/function.rs:250:5
[INFO] [stdout]   29:     0x55c783db0bdf - core::ops::function::FnOnce::call_once::h2b5d431d5046312d
[INFO] [stdout]                                at /rustc/82e1608dfa6e0b5569232559e3d385fea5a93112/library/core/src/ops/function.rs:250:5
[INFO] [stdout]   30:     0x55c783db0bdf - test::__rust_begin_short_backtrace::h7714669af176e207
[INFO] [stdout]                                at /rustc/82e1608dfa6e0b5569232559e3d385fea5a93112/library/test/src/lib.rs:628:18
[INFO] [stdout]   31:     0x55c783dafbf5 - test::run_test_in_process::{{closure}}::h85218797dcbcec12
[INFO] [stdout]                                at /rustc/82e1608dfa6e0b5569232559e3d385fea5a93112/library/test/src/lib.rs:651:60
[INFO] [stdout]   32:     0x55c783dafbf5 - <core::panic::unwind_safe::AssertUnwindSafe<F> as core::ops::function::FnOnce<()>>::call_once::h76c106ea31c14d7b
[INFO] [stdout]                                at /rustc/82e1608dfa6e0b5569232559e3d385fea5a93112/library/core/src/panic/unwind_safe.rs:272:9
[INFO] [stdout]   33:     0x55c783dafbf5 - std::panicking::try::do_call::h3bd5d0f6620ee946
[INFO] [stdout]                                at /rustc/82e1608dfa6e0b5569232559e3d385fea5a93112/library/std/src/panicking.rs:552:40
[INFO] [stdout]   34:     0x55c783dafbf5 - std::panicking::try::h232e535e4744fe31
[INFO] [stdout]                                at /rustc/82e1608dfa6e0b5569232559e3d385fea5a93112/library/std/src/panicking.rs:516:19
[INFO] [stdout]   35:     0x55c783dafbf5 - std::panic::catch_unwind::h3ce3bd6ca8dbac68
[INFO] [stdout]                                at /rustc/82e1608dfa6e0b5569232559e3d385fea5a93112/library/std/src/panic.rs:142:14
[INFO] [stdout]   36:     0x55c783dafbf5 - test::run_test_in_process::hc97b257c9621286a
[INFO] [stdout]                                at /rustc/82e1608dfa6e0b5569232559e3d385fea5a93112/library/test/src/lib.rs:651:27
[INFO] [stdout]   37:     0x55c783dafbf5 - test::run_test::{{closure}}::h2aa798823a438d38
[INFO] [stdout]                                at /rustc/82e1608dfa6e0b5569232559e3d385fea5a93112/library/test/src/lib.rs:574:43
[INFO] [stdout]   38:     0x55c783d77eb6 - test::run_test::{{closure}}::h87d231c78fb59832
[INFO] [stdout]                                at /rustc/82e1608dfa6e0b5569232559e3d385fea5a93112/library/test/src/lib.rs:602:41
[INFO] [stdout]   39:     0x55c783d77eb6 - std::sys_common::backtrace::__rust_begin_short_backtrace::he6df152596625789
[INFO] [stdout]                                at /rustc/82e1608dfa6e0b5569232559e3d385fea5a93112/library/std/src/sys_common/backtrace.rs:154:18
[INFO] [stdout]   40:     0x55c783d7cf67 - std::thread::Builder::spawn_unchecked_::{{closure}}::{{closure}}::ha94be15d1e0acf36
[INFO] [stdout]                                at /rustc/82e1608dfa6e0b5569232559e3d385fea5a93112/library/std/src/thread/mod.rs:529:17
[INFO] [stdout]   41:     0x55c783d7cf67 - <core::panic::unwind_safe::AssertUnwindSafe<F> as core::ops::function::FnOnce<()>>::call_once::h9dc6bd6372f16606
[INFO] [stdout]                                at /rustc/82e1608dfa6e0b5569232559e3d385fea5a93112/library/core/src/panic/unwind_safe.rs:272:9
[INFO] [stdout]   42:     0x55c783d7cf67 - std::panicking::try::do_call::h9057517f80303cd4
[INFO] [stdout]                                at /rustc/82e1608dfa6e0b5569232559e3d385fea5a93112/library/std/src/panicking.rs:552:40
[INFO] [stdout]   43:     0x55c783d7cf67 - std::panicking::try::he3a30b11ee45340c
[INFO] [stdout]                                at /rustc/82e1608dfa6e0b5569232559e3d385fea5a93112/library/std/src/panicking.rs:516:19
[INFO] [stdout]   44:     0x55c783d7cf67 - std::panic::catch_unwind::h410458cfd3528b8b
[INFO] [stdout]                                at /rustc/82e1608dfa6e0b5569232559e3d385fea5a93112/library/std/src/panic.rs:142:14
[INFO] [stdout]   45:     0x55c783d7cf67 - std::thread::Builder::spawn_unchecked_::{{closure}}::h72ac3bdb567b737b
[INFO] [stdout]                                at /rustc/82e1608dfa6e0b5569232559e3d385fea5a93112/library/std/src/thread/mod.rs:528:30
[INFO] [stdout]   46:     0x55c783d7cf67 - core::ops::function::FnOnce::call_once{{vtable.shim}}::h38f34da3654a8344
[INFO] [stdout]                                at /rustc/82e1608dfa6e0b5569232559e3d385fea5a93112/library/core/src/ops/function.rs:250:5
[INFO] [stdout]   47:     0x55c7840b7195 - <alloc::boxed::Box<F,A> as core::ops::function::FnOnce<Args>>::call_once::hc7eafaff61e32df9
[INFO] [stdout]                                at /rustc/82e1608dfa6e0b5569232559e3d385fea5a93112/library/alloc/src/boxed.rs:2007:9
[INFO] [stdout]   48:     0x55c7840b7195 - <alloc::boxed::Box<F,A> as core::ops::function::FnOnce<Args>>::call_once::h6ba4a5de48dd2304
[INFO] [stdout]                                at /rustc/82e1608dfa6e0b5569232559e3d385fea5a93112/library/alloc/src/boxed.rs:2007:9
[INFO] [stdout]   49:     0x55c7840b7195 - std::sys::unix::thread::Thread::new::thread_start::he469335aef763e45
[INFO] [stdout]                                at /rustc/82e1608dfa6e0b5569232559e3d385fea5a93112/library/std/src/sys/unix/thread.rs:108:17
[INFO] [stdout]   50:     0x7fb150ebdac3 - <unknown>
[INFO] [stdout]   51:     0x7fb150f4ebf4 - __clone
[INFO] [stdout]   52:                0x0 - <unknown>
[INFO] [stdout] 
[INFO] [stdout] 
[INFO] [stdout] failures:
[INFO] [stdout]     core::tests::interpreter_r7rs_quasiquotation
[INFO] [stdout] 
[INFO] [stdout] test result: FAILED. 98 passed; 1 failed; 2 ignored; 0 measured; 0 filtered out; finished in 2.07s
[INFO] [stdout] 
[INFO] [stderr] error: test failed, to rerun pass `-p schemius --lib`
[INFO] running `Command { std: "docker" "inspect" "8fa0257af3385cee566c11d0a857be6ee3da85d46e3040f03cb3119369ca6710", kill_on_drop: false }`
[INFO] running `Command { std: "docker" "rm" "-f" "8fa0257af3385cee566c11d0a857be6ee3da85d46e3040f03cb3119369ca6710", kill_on_drop: false }`
[INFO] [stdout] 8fa0257af3385cee566c11d0a857be6ee3da85d46e3040f03cb3119369ca6710
