[INFO] cloning repository https://github.com/cosmos-for/colottery
[INFO] running `Command { std: "git" "-c" "credential.helper=" "-c" "credential.helper=/workspace/cargo-home/bin/git-credential-null" "clone" "--bare" "https://github.com/cosmos-for/colottery" "/workspace/cache/git-repos/https%3A%2F%2Fgithub.com%2Fcosmos-for%2Fcolottery", kill_on_drop: false }`
[INFO] [stderr] Cloning into bare repository '/workspace/cache/git-repos/https%3A%2F%2Fgithub.com%2Fcosmos-for%2Fcolottery'...
[INFO] running `Command { std: "git" "rev-parse" "HEAD", kill_on_drop: false }`
[INFO] [stdout] 3c427adb9752831ff37c28d72bbfdf21e8815165
[INFO] testing cosmos-for/colottery against 1.75.0 for beta-1.76-1
[INFO] running `Command { std: "git" "clone" "/workspace/cache/git-repos/https%3A%2F%2Fgithub.com%2Fcosmos-for%2Fcolottery" "/workspace/builds/worker-7-tc1/source", kill_on_drop: false }`
[INFO] [stderr] Cloning into '/workspace/builds/worker-7-tc1/source'...
[INFO] [stderr] done.
[INFO] validating manifest of git repo https://github.com/cosmos-for/colottery on toolchain 1.75.0
[INFO] running `Command { std: CARGO_HOME="/workspace/cargo-home" RUSTUP_HOME="/workspace/rustup-home" "/workspace/cargo-home/bin/cargo" "+1.75.0" "metadata" "--manifest-path" "Cargo.toml" "--no-deps", kill_on_drop: false }`
[INFO] removed /workspace/builds/worker-7-tc1/source/.cargo/config
[INFO] started tweaking git repo https://github.com/cosmos-for/colottery
[INFO] finished tweaking git repo https://github.com/cosmos-for/colottery
[INFO] tweaked toml for git repo https://github.com/cosmos-for/colottery written to /workspace/builds/worker-7-tc1/source/Cargo.toml
[INFO] crate git repo https://github.com/cosmos-for/colottery already has a lockfile, it will not be regenerated
[INFO] running `Command { std: CARGO_HOME="/workspace/cargo-home" RUSTUP_HOME="/workspace/rustup-home" "/workspace/cargo-home/bin/cargo" "+1.75.0" "fetch" "--manifest-path" "Cargo.toml", kill_on_drop: false }`
[INFO] [stderr]  Downloading crates ...
[INFO] [stderr]   Downloaded cosmwasm-derive v1.3.0
[INFO] [stderr]   Downloaded cw-controllers v1.1.0
[INFO] [stderr]   Downloaded cw20 v1.1.0
[INFO] [stderr]   Downloaded cw2 v1.1.0
[INFO] [stderr]   Downloaded cosmwasm-storage v1.3.0
[INFO] [stderr]   Downloaded cw20-base v1.1.0
[INFO] [stderr]   Downloaded cw721-base v0.18.0
[INFO] [stderr]   Downloaded cosmwasm-std v1.3.0
[INFO] [stderr]   Downloaded cosmwasm-schema-derive v1.3.0
[INFO] [stderr]   Downloaded cosmwasm-schema v1.3.0
[INFO] [stderr]   Downloaded cosmwasm-crypto v1.3.0
[INFO] [stderr]   Downloaded cw-multi-test v0.16.5
[INFO] running `Command { std: "docker" "create" "-v" "/var/lib/crater-agent-workspace/builds/worker-7-tc1/target:/opt/rustwide/target:rw,Z" "-v" "/var/lib/crater-agent-workspace/builds/worker-7-tc1/source:/opt/rustwide/workdir:ro,Z" "-v" "/var/lib/crater-agent-workspace/cargo-home:/opt/rustwide/cargo-home:ro,Z" "-v" "/var/lib/crater-agent-workspace/rustup-home:/opt/rustwide/rustup-home:ro,Z" "-e" "SOURCE_DIR=/opt/rustwide/workdir" "-e" "CARGO_TARGET_DIR=/opt/rustwide/target" "-e" "CARGO_HOME=/opt/rustwide/cargo-home" "-e" "RUSTUP_HOME=/opt/rustwide/rustup-home" "-w" "/opt/rustwide/workdir" "-m" "1610612736" "--user" "0:0" "--network" "none" "ghcr.io/rust-lang/crates-build-env/linux@sha256:2788e3201cd34a07e3172128adcd8b3090168a8e3bcc40d7c032b9dda1df7d1c" "/opt/rustwide/cargo-home/bin/cargo" "+1.75.0" "metadata" "--no-deps" "--format-version=1", kill_on_drop: false }`
[INFO] [stdout] 5d95a3dd768e497e73f51e162f2d96b8a782abff9fff4ded58a8a93b68387fea
[INFO] running `Command { std: "docker" "start" "-a" "5d95a3dd768e497e73f51e162f2d96b8a782abff9fff4ded58a8a93b68387fea", kill_on_drop: false }`
[INFO] running `Command { std: "docker" "inspect" "5d95a3dd768e497e73f51e162f2d96b8a782abff9fff4ded58a8a93b68387fea", kill_on_drop: false }`
[INFO] running `Command { std: "docker" "rm" "-f" "5d95a3dd768e497e73f51e162f2d96b8a782abff9fff4ded58a8a93b68387fea", kill_on_drop: false }`
[INFO] [stdout] 5d95a3dd768e497e73f51e162f2d96b8a782abff9fff4ded58a8a93b68387fea
[INFO] running `Command { std: "docker" "create" "-v" "/var/lib/crater-agent-workspace/builds/worker-7-tc1/target:/opt/rustwide/target:rw,Z" "-v" "/var/lib/crater-agent-workspace/builds/worker-7-tc1/source:/opt/rustwide/workdir:ro,Z" "-v" "/var/lib/crater-agent-workspace/cargo-home:/opt/rustwide/cargo-home:ro,Z" "-v" "/var/lib/crater-agent-workspace/rustup-home:/opt/rustwide/rustup-home:ro,Z" "-e" "SOURCE_DIR=/opt/rustwide/workdir" "-e" "CARGO_TARGET_DIR=/opt/rustwide/target" "-e" "CARGO_INCREMENTAL=0" "-e" "RUST_BACKTRACE=full" "-e" "RUSTFLAGS=--cap-lints=warn" "-e" "RUSTDOCFLAGS=--cap-lints=warn" "-e" "CARGO_HOME=/opt/rustwide/cargo-home" "-e" "RUSTUP_HOME=/opt/rustwide/rustup-home" "-w" "/opt/rustwide/workdir" "-m" "1610612736" "--user" "0:0" "--network" "none" "ghcr.io/rust-lang/crates-build-env/linux@sha256:2788e3201cd34a07e3172128adcd8b3090168a8e3bcc40d7c032b9dda1df7d1c" "/opt/rustwide/cargo-home/bin/cargo" "+1.75.0" "build" "--frozen" "--message-format=json", kill_on_drop: false }`
[INFO] [stdout] 9013b54c3981ffa64af5840bc8e815a3fb2e82b4f970524fa55aa4be338f91b4
[INFO] running `Command { std: "docker" "start" "-a" "9013b54c3981ffa64af5840bc8e815a3fb2e82b4f970524fa55aa4be338f91b4", kill_on_drop: false }`
[INFO] [stderr] warning: output filename collision.
[INFO] [stderr] The bin target `schema` in package `platform v1.0.0 (/opt/rustwide/workdir/contracts/platform)` has the same output filename as the bin target `schema` in package `lottery v1.0.0 (/opt/rustwide/workdir/contracts/lottery)`.
[INFO] [stderr] Colliding filename is: /opt/rustwide/target/debug/schema
[INFO] [stderr] The targets should have unique names.
[INFO] [stderr] Consider changing their names to be unique or compiling them separately.
[INFO] [stderr] This may become a hard error in the future; see <https://github.com/rust-lang/cargo/issues/6313>.
[INFO] [stderr] warning: output filename collision.
[INFO] [stderr] The bin target `schema` in package `platform v1.0.0 (/opt/rustwide/workdir/contracts/platform)` has the same output filename as the bin target `schema` in package `lottery v1.0.0 (/opt/rustwide/workdir/contracts/lottery)`.
[INFO] [stderr] Colliding filename is: /opt/rustwide/target/debug/schema.dwp
[INFO] [stderr] The targets should have unique names.
[INFO] [stderr] Consider changing their names to be unique or compiling them separately.
[INFO] [stderr] This may become a hard error in the future; see <https://github.com/rust-lang/cargo/issues/6313>.
[INFO] [stderr]    Compiling proc-macro2 v1.0.64
[INFO] [stderr]    Compiling typenum v1.16.0
[INFO] [stderr]    Compiling generic-array v0.14.7
[INFO] [stderr]    Compiling unicode-ident v1.0.11
[INFO] [stderr]    Compiling quote v1.0.29
[INFO] [stderr]    Compiling libc v0.2.147
[INFO] [stderr]    Compiling subtle v2.5.0
[INFO] [stderr]    Compiling zeroize v1.6.0
[INFO] [stderr]    Compiling syn v1.0.109
[INFO] [stderr]    Compiling const-oid v0.9.4
[INFO] [stderr]    Compiling serde v1.0.171
[INFO] [stderr]    Compiling base64ct v1.6.0
[INFO] [stderr]    Compiling ahash v0.7.6
[INFO] [stderr]    Compiling cpufeatures v0.2.9
[INFO] [stderr]    Compiling base16ct v0.1.1
[INFO] [stderr]    Compiling serde_json v1.0.102
[INFO] [stderr]    Compiling thiserror v1.0.43
[INFO] [stderr]    Compiling once_cell v1.18.0
[INFO] [stderr]    Compiling der v0.6.1
[INFO] [stderr]    Compiling ryu v1.0.14
[INFO] [stderr]    Compiling schemars v0.8.12
[INFO] [stderr]    Compiling itoa v1.0.8
[INFO] [stderr]    Compiling rand_core v0.5.1
[INFO] [stderr]    Compiling byteorder v1.4.3
[INFO] [stderr]    Compiling opaque-debug v0.3.0
[INFO] [stderr]    Compiling dyn-clone v1.0.11
[INFO] [stderr]    Compiling forward_ref v1.0.0
[INFO] [stderr]    Compiling base64 v0.13.1
[INFO] [stderr]    Compiling bnum v0.7.0
[INFO] [stderr]    Compiling semver v1.0.17
[INFO] [stderr]    Compiling autocfg v1.1.0
[INFO] [stderr]    Compiling iana-time-zone v0.1.57
[INFO] [stderr]    Compiling num-traits v0.2.15
[INFO] [stderr]    Compiling syn v2.0.26
[INFO] [stderr]    Compiling getrandom v0.2.10
[INFO] [stderr]    Compiling time v0.1.45
[INFO] [stderr]    Compiling rand_core v0.6.4
[INFO] [stderr]    Compiling spki v0.6.0
[INFO] [stderr]    Compiling ff v0.12.1
[INFO] [stderr]    Compiling pkcs8 v0.9.0
[INFO] [stderr]    Compiling group v0.12.1
[INFO] [stderr]    Compiling hashbrown v0.12.3
[INFO] [stderr]    Compiling chrono v0.4.26
[INFO] [stderr]    Compiling crypto-common v0.1.6
[INFO] [stderr]    Compiling block-buffer v0.10.4
[INFO] [stderr]    Compiling crypto-bigint v0.4.9
[INFO] [stderr]    Compiling sec1 v0.3.0
[INFO] [stderr]    Compiling digest v0.9.0
[INFO] [stderr]    Compiling block-buffer v0.9.0
[INFO] [stderr]    Compiling curve25519-dalek v3.2.0
[INFO] [stderr]    Compiling sha2 v0.9.9
[INFO] [stderr]    Compiling digest v0.10.7
[INFO] [stderr]    Compiling hmac v0.12.1
[INFO] [stderr]    Compiling signature v1.6.4
[INFO] [stderr]    Compiling sha2 v0.10.7
[INFO] [stderr]    Compiling elliptic-curve v0.12.3
[INFO] [stderr]    Compiling rfc6979 v0.3.1
[INFO] [stderr]    Compiling serde_derive v1.0.171
[INFO] [stderr]    Compiling thiserror-impl v1.0.43
[INFO] [stderr]    Compiling ecdsa v0.14.8
[INFO] [stderr]    Compiling k256 v0.11.6
[INFO] [stderr]    Compiling serde_derive_internals v0.26.0
[INFO] [stderr]    Compiling schemars_derive v0.8.12
[INFO] [stderr]    Compiling derivative v2.2.0
[INFO] [stderr]    Compiling cosmwasm-derive v1.3.0
[INFO] [stderr]    Compiling cosmwasm-schema-derive v1.3.0
[INFO] [stderr]    Compiling cw-ownable-derive v0.5.1
[INFO] [stderr]    Compiling ed25519-zebra v3.1.0
[INFO] [stderr]    Compiling serde-json-wasm v0.5.1
[INFO] [stderr]    Compiling cosmwasm-crypto v1.3.0
[INFO] [stderr]    Compiling cosmwasm-std v1.3.0
[INFO] [stderr]    Compiling cosmwasm-schema v1.3.0
[INFO] [stderr]    Compiling cw-storage-plus v1.1.0
[INFO] [stderr]    Compiling cw-storage-plus v0.16.0
[INFO] [stderr]    Compiling cw-address-like v1.0.4
[INFO] [stderr]    Compiling cosmwasm-storage v1.3.0
[INFO] [stderr]    Compiling cw2 v0.16.0
[INFO] [stderr]    Compiling cw2 v1.1.0
[INFO] [stderr]    Compiling cw-utils v0.16.0
[INFO] [stderr]    Compiling cw-utils v1.0.1
[INFO] [stderr]    Compiling cw721 v0.16.0
[INFO] [stderr]    Compiling cw20 v1.1.0
[INFO] [stderr]    Compiling cw-ownable v0.5.1
[INFO] [stderr]    Compiling cw721 v0.18.0
[INFO] [stderr]    Compiling cw-controllers v1.1.0
[INFO] [stderr]    Compiling common v1.0.0 (/opt/rustwide/workdir/packages/common)
[INFO] [stderr]    Compiling cw721-base v0.16.0
[INFO] [stderr]    Compiling cw20-base v1.1.0
[INFO] [stderr]    Compiling cw721-base v0.18.0
[INFO] [stderr]    Compiling lottery v1.0.0 (/opt/rustwide/workdir/contracts/lottery)
[INFO] [stderr]    Compiling platform v1.0.0 (/opt/rustwide/workdir/contracts/platform)
[INFO] [stderr]     Finished dev [unoptimized + debuginfo] target(s) in 15.37s
[INFO] running `Command { std: "docker" "inspect" "9013b54c3981ffa64af5840bc8e815a3fb2e82b4f970524fa55aa4be338f91b4", kill_on_drop: false }`
[INFO] running `Command { std: "docker" "rm" "-f" "9013b54c3981ffa64af5840bc8e815a3fb2e82b4f970524fa55aa4be338f91b4", kill_on_drop: false }`
[INFO] [stdout] 9013b54c3981ffa64af5840bc8e815a3fb2e82b4f970524fa55aa4be338f91b4
[INFO] running `Command { std: "docker" "create" "-v" "/var/lib/crater-agent-workspace/builds/worker-7-tc1/target:/opt/rustwide/target:rw,Z" "-v" "/var/lib/crater-agent-workspace/builds/worker-7-tc1/source:/opt/rustwide/workdir:ro,Z" "-v" "/var/lib/crater-agent-workspace/cargo-home:/opt/rustwide/cargo-home:ro,Z" "-v" "/var/lib/crater-agent-workspace/rustup-home:/opt/rustwide/rustup-home:ro,Z" "-e" "SOURCE_DIR=/opt/rustwide/workdir" "-e" "CARGO_TARGET_DIR=/opt/rustwide/target" "-e" "CARGO_INCREMENTAL=0" "-e" "RUST_BACKTRACE=full" "-e" "RUSTFLAGS=--cap-lints=warn" "-e" "RUSTDOCFLAGS=--cap-lints=warn" "-e" "CARGO_HOME=/opt/rustwide/cargo-home" "-e" "RUSTUP_HOME=/opt/rustwide/rustup-home" "-w" "/opt/rustwide/workdir" "-m" "1610612736" "--user" "0:0" "--network" "none" "ghcr.io/rust-lang/crates-build-env/linux@sha256:2788e3201cd34a07e3172128adcd8b3090168a8e3bcc40d7c032b9dda1df7d1c" "/opt/rustwide/cargo-home/bin/cargo" "+1.75.0" "test" "--frozen" "--no-run" "--message-format=json", kill_on_drop: false }`
[INFO] [stdout] 69099f6ec200246c679128d3f33fe135a0609944cfd1a830bb0edf5f65808595
[INFO] running `Command { std: "docker" "start" "-a" "69099f6ec200246c679128d3f33fe135a0609944cfd1a830bb0edf5f65808595", kill_on_drop: false }`
[INFO] [stderr] warning: output filename collision.
[INFO] [stderr] The bin target `schema` in package `platform v1.0.0 (/opt/rustwide/workdir/contracts/platform)` has the same output filename as the bin target `schema` in package `lottery v1.0.0 (/opt/rustwide/workdir/contracts/lottery)`.
[INFO] [stderr] Colliding filename is: /opt/rustwide/target/debug/schema
[INFO] [stderr] The targets should have unique names.
[INFO] [stderr] Consider changing their names to be unique or compiling them separately.
[INFO] [stderr] This may become a hard error in the future; see <https://github.com/rust-lang/cargo/issues/6313>.
[INFO] [stderr] warning: output filename collision.
[INFO] [stderr] The bin target `schema` in package `platform v1.0.0 (/opt/rustwide/workdir/contracts/platform)` has the same output filename as the bin target `schema` in package `lottery v1.0.0 (/opt/rustwide/workdir/contracts/lottery)`.
[INFO] [stderr] Colliding filename is: /opt/rustwide/target/debug/schema.dwp
[INFO] [stderr] The targets should have unique names.
[INFO] [stderr] Consider changing their names to be unique or compiling them separately.
[INFO] [stderr] This may become a hard error in the future; see <https://github.com/rust-lang/cargo/issues/6313>.
[INFO] [stderr]    Compiling anyhow v1.0.71
[INFO] [stderr]    Compiling either v1.8.1
[INFO] [stderr]    Compiling bytes v1.4.0
[INFO] [stderr]    Compiling cosmwasm-std v1.3.0
[INFO] [stderr]    Compiling itertools v0.10.5
[INFO] [stderr]    Compiling prost-derive v0.9.0
[INFO] [stderr]    Compiling prost v0.9.0
[INFO] [stderr]    Compiling cw-storage-plus v1.1.0
[INFO] [stderr]    Compiling cw-storage-plus v0.16.0
[INFO] [stderr]    Compiling cosmwasm-storage v1.3.0
[INFO] [stderr]    Compiling cw-address-like v1.0.4
[INFO] [stderr]    Compiling cw2 v0.16.0
[INFO] [stderr]    Compiling cw2 v1.1.0
[INFO] [stderr]    Compiling cw-utils v0.16.0
[INFO] [stderr]    Compiling cw-utils v1.0.1
[INFO] [stderr]    Compiling cw721 v0.16.0
[INFO] [stderr]    Compiling cw-multi-test v0.16.5
[INFO] [stderr]    Compiling cw-ownable v0.5.1
[INFO] [stderr]    Compiling cw721 v0.18.0
[INFO] [stderr]    Compiling cw20 v1.1.0
[INFO] [stderr]    Compiling cw-controllers v1.1.0
[INFO] [stderr]    Compiling common v1.0.0 (/opt/rustwide/workdir/packages/common)
[INFO] [stderr]    Compiling cw721-base v0.16.0
[INFO] [stderr]    Compiling cw20-base v1.1.0
[INFO] [stderr]    Compiling cw721-base v0.18.0
[INFO] [stderr]    Compiling lottery v1.0.0 (/opt/rustwide/workdir/contracts/lottery)
[INFO] [stderr]    Compiling platform v1.0.0 (/opt/rustwide/workdir/contracts/platform)
[INFO] [stderr]     Finished test [unoptimized + debuginfo] target(s) in 11.08s
[INFO] running `Command { std: "docker" "inspect" "69099f6ec200246c679128d3f33fe135a0609944cfd1a830bb0edf5f65808595", kill_on_drop: false }`
[INFO] running `Command { std: "docker" "rm" "-f" "69099f6ec200246c679128d3f33fe135a0609944cfd1a830bb0edf5f65808595", kill_on_drop: false }`
[INFO] [stdout] 69099f6ec200246c679128d3f33fe135a0609944cfd1a830bb0edf5f65808595
[INFO] running `Command { std: "docker" "create" "-v" "/var/lib/crater-agent-workspace/builds/worker-7-tc1/target:/opt/rustwide/target:rw,Z" "-v" "/var/lib/crater-agent-workspace/builds/worker-7-tc1/source:/opt/rustwide/workdir:ro,Z" "-v" "/var/lib/crater-agent-workspace/cargo-home:/opt/rustwide/cargo-home:ro,Z" "-v" "/var/lib/crater-agent-workspace/rustup-home:/opt/rustwide/rustup-home:ro,Z" "-e" "SOURCE_DIR=/opt/rustwide/workdir" "-e" "CARGO_TARGET_DIR=/opt/rustwide/target" "-e" "CARGO_INCREMENTAL=0" "-e" "RUST_BACKTRACE=full" "-e" "RUSTFLAGS=--cap-lints=warn" "-e" "RUSTDOCFLAGS=--cap-lints=warn" "-e" "CARGO_HOME=/opt/rustwide/cargo-home" "-e" "RUSTUP_HOME=/opt/rustwide/rustup-home" "-w" "/opt/rustwide/workdir" "-m" "1610612736" "--user" "0:0" "--network" "none" "ghcr.io/rust-lang/crates-build-env/linux@sha256:2788e3201cd34a07e3172128adcd8b3090168a8e3bcc40d7c032b9dda1df7d1c" "/opt/rustwide/cargo-home/bin/cargo" "+1.75.0" "test" "--frozen", kill_on_drop: false }`
[INFO] [stdout] e225d5717196466178d3f3f33bc73445734951cea6d3a4d967bbfde9cd23c991
[INFO] running `Command { std: "docker" "start" "-a" "e225d5717196466178d3f3f33bc73445734951cea6d3a4d967bbfde9cd23c991", kill_on_drop: false }`
[INFO] [stderr] warning: output filename collision.
[INFO] [stderr] The bin target `schema` in package `platform v1.0.0 (/opt/rustwide/workdir/contracts/platform)` has the same output filename as the bin target `schema` in package `lottery v1.0.0 (/opt/rustwide/workdir/contracts/lottery)`.
[INFO] [stderr] Colliding filename is: /opt/rustwide/target/debug/schema
[INFO] [stderr] The targets should have unique names.
[INFO] [stderr] Consider changing their names to be unique or compiling them separately.
[INFO] [stderr] This may become a hard error in the future; see <https://github.com/rust-lang/cargo/issues/6313>.
[INFO] [stderr] warning: output filename collision.
[INFO] [stderr] The bin target `schema` in package `platform v1.0.0 (/opt/rustwide/workdir/contracts/platform)` has the same output filename as the bin target `schema` in package `lottery v1.0.0 (/opt/rustwide/workdir/contracts/lottery)`.
[INFO] [stderr] Colliding filename is: /opt/rustwide/target/debug/schema.dwp
[INFO] [stderr] The targets should have unique names.
[INFO] [stderr] Consider changing their names to be unique or compiling them separately.
[INFO] [stderr] This may become a hard error in the future; see <https://github.com/rust-lang/cargo/issues/6313>.
[INFO] [stderr]     Finished test [unoptimized + debuginfo] target(s) in 0.07s
[INFO] [stderr]      Running unittests src/lib.rs (/opt/rustwide/target/debug/deps/common-6e4a31a9b3330d60)
[INFO] [stdout] 
[INFO] [stdout] running 3 tests
[INFO] [stdout] test hash::rule::test_nanos ... ok
[INFO] [stdout] test helper::tests::get_last_day_year_should_works ... ok
[INFO] [stdout] test helper::tests::get_last_day_month_should_works ... ok
[INFO] [stdout] 
[INFO] [stdout] test result: ok. 3 passed; 0 failed; 0 ignored; 0 measured; 0 filtered out; finished in 0.00s
[INFO] [stdout] 
[INFO] [stderr]      Running unittests src/lib.rs (/opt/rustwide/target/debug/deps/lottery-0d466b014784a095)
[INFO] [stdout] 
[INFO] [stdout] running 4 tests
[INFO] [stdout] test state::tests::lottery_period_should_works ... ok
[INFO] [stdout] test multitest::tests::test::instantiate_should_works ... ok
[INFO] [stdout] test multitest::tests::test::draw_lottery_should_fail ... ok
[INFO] [stdout] test multitest::tests::test::lottery_full_flows_should_works ... ok
[INFO] [stdout] 
[INFO] [stdout] test result: ok. 4 passed; 0 failed; 0 ignored; 0 measured; 0 filtered out; finished in 0.00s
[INFO] [stdout] 
[INFO] [stderr]      Running unittests src/bin/schema.rs (/opt/rustwide/target/debug/deps/schema-8409ac877e28cd9d)
[INFO] [stdout] 
[INFO] [stdout] running 0 tests
[INFO] [stdout] 
[INFO] [stdout] test result: ok. 0 passed; 0 failed; 0 ignored; 0 measured; 0 filtered out; finished in 0.00s
[INFO] [stdout] 
[INFO] [stderr]      Running tests/test.rs (/opt/rustwide/target/debug/deps/test-e5511c75e7c835d3)
[INFO] [stdout] 
[INFO] [stdout] running 0 tests
[INFO] [stdout] 
[INFO] [stdout] test result: ok. 0 passed; 0 failed; 0 ignored; 0 measured; 0 filtered out; finished in 0.00s
[INFO] [stdout] 
[INFO] [stderr]      Running unittests src/lib.rs (/opt/rustwide/target/debug/deps/platform-ca3b8cec1eedf5ae)
[INFO] [stdout] 
[INFO] [stdout] running 4 tests
[INFO] [stdout] test multitest::tests::test::platform_instantiate_should_works ... ok
[INFO] [stdout] test multitest::tests::test::platform_create_lottery_should_works ... ok
[INFO] [stdout] test multitest::tests::test::draw_lottery_should_fail ... ok
[INFO] [stdout] test multitest::tests::test::platform_buy_and_draw_lottery_should_works ... FAILED
[INFO] [stdout] 
[INFO] [stdout] failures:
[INFO] [stdout] 
[INFO] [stdout] ---- multitest::tests::test::platform_buy_and_draw_lottery_should_works stdout ----
[INFO] [stdout] create lottery resp:Some(InstantiationData { addr: Addr("contract1") })
[INFO] [stdout] The seed num is 7716571166866712735
[INFO] [stdout] The idx is: 2
[INFO] [stdout] thread 'multitest::tests::test::platform_buy_and_draw_lottery_should_works' panicked at contracts/platform/src/multitest/tests.rs:204:9:
[INFO] [stdout] assertion `left == right` failed
[INFO] [stdout]   left: Addr("sei1aan9kqywf4rf274cal0hj6eyly6wu0uv7edxy2")
[INFO] [stdout]  right: Addr("sei18rszd3tmgpjvjwq2qajtmn5jqvtscd2yuygl4z")
[INFO] [stdout] stack backtrace:
[INFO] [stdout]    0:     0x55aa36052dec - std::backtrace_rs::backtrace::libunwind::trace::ha637c64ce894333a
[INFO] [stdout]                                at /rustc/82e1608dfa6e0b5569232559e3d385fea5a93112/library/std/src/../../backtrace/src/backtrace/libunwind.rs:104:5
[INFO] [stdout]    1:     0x55aa36052dec - std::backtrace_rs::backtrace::trace_unsynchronized::h47f62dea28e0c88d
[INFO] [stdout]                                at /rustc/82e1608dfa6e0b5569232559e3d385fea5a93112/library/std/src/../../backtrace/src/backtrace/mod.rs:66:5
[INFO] [stdout]    2:     0x55aa36052dec - std::sys_common::backtrace::_print_fmt::h9eef0abe20ede486
[INFO] [stdout]                                at /rustc/82e1608dfa6e0b5569232559e3d385fea5a93112/library/std/src/sys_common/backtrace.rs:67:5
[INFO] [stdout]    3:     0x55aa36052dec - <std::sys_common::backtrace::_print::DisplayBacktrace as core::fmt::Display>::fmt::hed7f999df88cc644
[INFO] [stdout]                                at /rustc/82e1608dfa6e0b5569232559e3d385fea5a93112/library/std/src/sys_common/backtrace.rs:44:22
[INFO] [stdout]    4:     0x55aa3607d100 - core::fmt::rt::Argument::fmt::h1539a9308b8d058d
[INFO] [stdout]                                at /rustc/82e1608dfa6e0b5569232559e3d385fea5a93112/library/core/src/fmt/rt.rs:142:9
[INFO] [stdout]    5:     0x55aa3607d100 - core::fmt::write::h3a39390d8560d9c9
[INFO] [stdout]                                at /rustc/82e1608dfa6e0b5569232559e3d385fea5a93112/library/core/src/fmt/mod.rs:1120:17
[INFO] [stdout]    6:     0x55aa3605079f - std::io::Write::write_fmt::h040b369f3a0f9cbc
[INFO] [stdout]                                at /rustc/82e1608dfa6e0b5569232559e3d385fea5a93112/library/std/src/io/mod.rs:1762:15
[INFO] [stdout]    7:     0x55aa36052bd4 - std::sys_common::backtrace::_print::h894006fb5c6f3d45
[INFO] [stdout]                                at /rustc/82e1608dfa6e0b5569232559e3d385fea5a93112/library/std/src/sys_common/backtrace.rs:47:5
[INFO] [stdout]    8:     0x55aa36052bd4 - std::sys_common::backtrace::print::h23a2d212c6fff936
[INFO] [stdout]                                at /rustc/82e1608dfa6e0b5569232559e3d385fea5a93112/library/std/src/sys_common/backtrace.rs:34:9
[INFO] [stdout]    9:     0x55aa36054897 - std::panicking::default_hook::{{closure}}::h8a1d2ee00185001a
[INFO] [stdout]   10:     0x55aa36054583 - std::panicking::default_hook::h6038f2eba384e475
[INFO] [stdout]                                at /rustc/82e1608dfa6e0b5569232559e3d385fea5a93112/library/std/src/panicking.rs:289:9
[INFO] [stdout]   11:     0x55aa35d3d7c7 - <alloc::boxed::Box<F,A> as core::ops::function::Fn<Args>>::call::h0ad024c9bdc6d768
[INFO] [stdout]                                at /rustc/82e1608dfa6e0b5569232559e3d385fea5a93112/library/alloc/src/boxed.rs:2021:9
[INFO] [stdout]   12:     0x55aa35d3d7c7 - test::test_main::{{closure}}::h7500b54257359db6
[INFO] [stdout]                                at /rustc/82e1608dfa6e0b5569232559e3d385fea5a93112/library/test/src/lib.rs:138:21
[INFO] [stdout]   13:     0x55aa36054ea8 - <alloc::boxed::Box<F,A> as core::ops::function::Fn<Args>>::call::h1f8f335eaa9cfaee
[INFO] [stdout]                                at /rustc/82e1608dfa6e0b5569232559e3d385fea5a93112/library/alloc/src/boxed.rs:2021:9
[INFO] [stdout]   14:     0x55aa36054ea8 - std::panicking::rust_panic_with_hook::h2b5517d590cab22e
[INFO] [stdout]                                at /rustc/82e1608dfa6e0b5569232559e3d385fea5a93112/library/std/src/panicking.rs:783:13
[INFO] [stdout]   15:     0x55aa36054bfe - std::panicking::begin_panic_handler::{{closure}}::h233112c06e0ef43e
[INFO] [stdout]                                at /rustc/82e1608dfa6e0b5569232559e3d385fea5a93112/library/std/src/panicking.rs:657:13
[INFO] [stdout]   16:     0x55aa360532b6 - std::sys_common::backtrace::__rust_end_short_backtrace::h6e893f24d7ebbff8
[INFO] [stdout]                                at /rustc/82e1608dfa6e0b5569232559e3d385fea5a93112/library/std/src/sys_common/backtrace.rs:170:18
[INFO] [stdout]   17:     0x55aa36054962 - rust_begin_unwind
[INFO] [stdout]                                at /rustc/82e1608dfa6e0b5569232559e3d385fea5a93112/library/std/src/panicking.rs:645:5
[INFO] [stdout]   18:     0x55aa35cc2df5 - core::panicking::panic_fmt::hbf0e066aabfa482c
[INFO] [stdout]                                at /rustc/82e1608dfa6e0b5569232559e3d385fea5a93112/library/core/src/panicking.rs:72:14
[INFO] [stdout]   19:     0x55aa35cc320b - core::panicking::assert_failed_inner::h0bba8b7c26ee4492
[INFO] [stdout]   20:     0x55aa35cdbd8e - core::panicking::assert_failed::h47f20c4a36052e7a
[INFO] [stdout]                                at /rustc/82e1608dfa6e0b5569232559e3d385fea5a93112/library/core/src/panicking.rs:279:5
[INFO] [stdout]   21:     0x55aa35ce2c38 - platform::multitest::tests::test::platform_buy_and_draw_lottery_should_works::h24028016c6771ea4
[INFO] [stdout]                                at /opt/rustwide/workdir/contracts/platform/src/multitest/tests.rs:204:9
[INFO] [stdout]   22:     0x55aa35ce1617 - platform::multitest::tests::test::platform_buy_and_draw_lottery_should_works::{{closure}}::h0242efefbca26d67
[INFO] [stdout]                                at /opt/rustwide/workdir/contracts/platform/src/multitest/tests.rs:103:52
[INFO] [stdout]   23:     0x55aa35ce6026 - core::ops::function::FnOnce::call_once::h4d3a1972c251f24d
[INFO] [stdout]                                at /rustc/82e1608dfa6e0b5569232559e3d385fea5a93112/library/core/src/ops/function.rs:250:5
[INFO] [stdout]   24:     0x55aa35d42e1f - core::ops::function::FnOnce::call_once::h2b5d431d5046312d
[INFO] [stdout]                                at /rustc/82e1608dfa6e0b5569232559e3d385fea5a93112/library/core/src/ops/function.rs:250:5
[INFO] [stdout]   25:     0x55aa35d42e1f - test::__rust_begin_short_backtrace::h7714669af176e207
[INFO] [stdout]                                at /rustc/82e1608dfa6e0b5569232559e3d385fea5a93112/library/test/src/lib.rs:628:18
[INFO] [stdout]   26:     0x55aa35d41e35 - test::run_test_in_process::{{closure}}::h85218797dcbcec12
[INFO] [stdout]                                at /rustc/82e1608dfa6e0b5569232559e3d385fea5a93112/library/test/src/lib.rs:651:60
[INFO] [stdout]   27:     0x55aa35d41e35 - <core::panic::unwind_safe::AssertUnwindSafe<F> as core::ops::function::FnOnce<()>>::call_once::h76c106ea31c14d7b
[INFO] [stdout]                                at /rustc/82e1608dfa6e0b5569232559e3d385fea5a93112/library/core/src/panic/unwind_safe.rs:272:9
[INFO] [stdout]   28:     0x55aa35d41e35 - std::panicking::try::do_call::h3bd5d0f6620ee946
[INFO] [stdout]                                at /rustc/82e1608dfa6e0b5569232559e3d385fea5a93112/library/std/src/panicking.rs:552:40
[INFO] [stdout]   29:     0x55aa35d41e35 - std::panicking::try::h232e535e4744fe31
[INFO] [stdout]                                at /rustc/82e1608dfa6e0b5569232559e3d385fea5a93112/library/std/src/panicking.rs:516:19
[INFO] [stdout]   30:     0x55aa35d41e35 - std::panic::catch_unwind::h3ce3bd6ca8dbac68
[INFO] [stdout]                                at /rustc/82e1608dfa6e0b5569232559e3d385fea5a93112/library/std/src/panic.rs:142:14
[INFO] [stdout]   31:     0x55aa35d41e35 - test::run_test_in_process::hc97b257c9621286a
[INFO] [stdout]                                at /rustc/82e1608dfa6e0b5569232559e3d385fea5a93112/library/test/src/lib.rs:651:27
[INFO] [stdout]   32:     0x55aa35d41e35 - test::run_test::{{closure}}::h2aa798823a438d38
[INFO] [stdout]                                at /rustc/82e1608dfa6e0b5569232559e3d385fea5a93112/library/test/src/lib.rs:574:43
[INFO] [stdout]   33:     0x55aa35d0a0f6 - test::run_test::{{closure}}::h87d231c78fb59832
[INFO] [stdout]                                at /rustc/82e1608dfa6e0b5569232559e3d385fea5a93112/library/test/src/lib.rs:602:41
[INFO] [stdout]   34:     0x55aa35d0a0f6 - std::sys_common::backtrace::__rust_begin_short_backtrace::he6df152596625789
[INFO] [stdout]                                at /rustc/82e1608dfa6e0b5569232559e3d385fea5a93112/library/std/src/sys_common/backtrace.rs:154:18
[INFO] [stdout]   35:     0x55aa35d0f1a7 - std::thread::Builder::spawn_unchecked_::{{closure}}::{{closure}}::ha94be15d1e0acf36
[INFO] [stdout]                                at /rustc/82e1608dfa6e0b5569232559e3d385fea5a93112/library/std/src/thread/mod.rs:529:17
[INFO] [stdout]   36:     0x55aa35d0f1a7 - <core::panic::unwind_safe::AssertUnwindSafe<F> as core::ops::function::FnOnce<()>>::call_once::h9dc6bd6372f16606
[INFO] [stdout]                                at /rustc/82e1608dfa6e0b5569232559e3d385fea5a93112/library/core/src/panic/unwind_safe.rs:272:9
[INFO] [stdout]   37:     0x55aa35d0f1a7 - std::panicking::try::do_call::h9057517f80303cd4
[INFO] [stdout]                                at /rustc/82e1608dfa6e0b5569232559e3d385fea5a93112/library/std/src/panicking.rs:552:40
[INFO] [stdout]   38:     0x55aa35d0f1a7 - std::panicking::try::he3a30b11ee45340c
[INFO] [stdout]                                at /rustc/82e1608dfa6e0b5569232559e3d385fea5a93112/library/std/src/panicking.rs:516:19
[INFO] [stdout]   39:     0x55aa35d0f1a7 - std::panic::catch_unwind::h410458cfd3528b8b
[INFO] [stdout]                                at /rustc/82e1608dfa6e0b5569232559e3d385fea5a93112/library/std/src/panic.rs:142:14
[INFO] [stdout]   40:     0x55aa35d0f1a7 - std::thread::Builder::spawn_unchecked_::{{closure}}::h72ac3bdb567b737b
[INFO] [stdout]                                at /rustc/82e1608dfa6e0b5569232559e3d385fea5a93112/library/std/src/thread/mod.rs:528:30
[INFO] [stdout]   41:     0x55aa35d0f1a7 - core::ops::function::FnOnce::call_once{{vtable.shim}}::h38f34da3654a8344
[INFO] [stdout]                                at /rustc/82e1608dfa6e0b5569232559e3d385fea5a93112/library/core/src/ops/function.rs:250:5
[INFO] [stdout]   42:     0x55aa36059935 - <alloc::boxed::Box<F,A> as core::ops::function::FnOnce<Args>>::call_once::hc7eafaff61e32df9
[INFO] [stdout]                                at /rustc/82e1608dfa6e0b5569232559e3d385fea5a93112/library/alloc/src/boxed.rs:2007:9
[INFO] [stdout]   43:     0x55aa36059935 - <alloc::boxed::Box<F,A> as core::ops::function::FnOnce<Args>>::call_once::h6ba4a5de48dd2304
[INFO] [stdout]                                at /rustc/82e1608dfa6e0b5569232559e3d385fea5a93112/library/alloc/src/boxed.rs:2007:9
[INFO] [stdout]   44:     0x55aa36059935 - std::sys::unix::thread::Thread::new::thread_start::he469335aef763e45
[INFO] [stdout]                                at /rustc/82e1608dfa6e0b5569232559e3d385fea5a93112/library/std/src/sys/unix/thread.rs:108:17
[INFO] [stdout]   45:     0x7f9801433ac3 - <unknown>
[INFO] [stdout]   46:     0x7f98014c4bf4 - __clone
[INFO] [stdout]   47:                0x0 - <unknown>
[INFO] [stdout] 
[INFO] [stdout] 
[INFO] [stdout] failures:
[INFO] [stdout]     multitest::tests::test::platform_buy_and_draw_lottery_should_works
[INFO] [stdout] 
[INFO] [stdout] test result: FAILED. 3 passed; 1 failed; 0 ignored; 0 measured; 0 filtered out; finished in 0.02s
[INFO] [stdout] 
[INFO] [stderr] error: test failed, to rerun pass `-p platform --lib`
[INFO] running `Command { std: "docker" "inspect" "e225d5717196466178d3f3f33bc73445734951cea6d3a4d967bbfde9cd23c991", kill_on_drop: false }`
[INFO] running `Command { std: "docker" "rm" "-f" "e225d5717196466178d3f3f33bc73445734951cea6d3a4d967bbfde9cd23c991", kill_on_drop: false }`
[INFO] [stdout] e225d5717196466178d3f3f33bc73445734951cea6d3a4d967bbfde9cd23c991
[INFO] testing cosmos-for/colottery against beta-2023-12-22 for beta-1.76-1
[INFO] running `Command { std: "git" "clone" "/workspace/cache/git-repos/https%3A%2F%2Fgithub.com%2Fcosmos-for%2Fcolottery" "/workspace/builds/worker-7-tc2/source", kill_on_drop: false }`
[INFO] [stderr] Cloning into '/workspace/builds/worker-7-tc2/source'...
[INFO] [stderr] done.
[INFO] validating manifest of git repo https://github.com/cosmos-for/colottery on toolchain beta-2023-12-22
[INFO] running `Command { std: CARGO_HOME="/workspace/cargo-home" RUSTUP_HOME="/workspace/rustup-home" "/workspace/cargo-home/bin/cargo" "+beta-2023-12-22" "metadata" "--manifest-path" "Cargo.toml" "--no-deps", kill_on_drop: false }`
[INFO] removed /workspace/builds/worker-7-tc2/source/.cargo/config
[INFO] started tweaking git repo https://github.com/cosmos-for/colottery
[INFO] finished tweaking git repo https://github.com/cosmos-for/colottery
[INFO] tweaked toml for git repo https://github.com/cosmos-for/colottery written to /workspace/builds/worker-7-tc2/source/Cargo.toml
[INFO] crate git repo https://github.com/cosmos-for/colottery already has a lockfile, it will not be regenerated
[INFO] running `Command { std: CARGO_HOME="/workspace/cargo-home" RUSTUP_HOME="/workspace/rustup-home" "/workspace/cargo-home/bin/cargo" "+beta-2023-12-22" "fetch" "--manifest-path" "Cargo.toml", kill_on_drop: false }`
[INFO] running `Command { std: "docker" "create" "-v" "/var/lib/crater-agent-workspace/builds/worker-7-tc2/target:/opt/rustwide/target:rw,Z" "-v" "/var/lib/crater-agent-workspace/builds/worker-7-tc2/source:/opt/rustwide/workdir:ro,Z" "-v" "/var/lib/crater-agent-workspace/cargo-home:/opt/rustwide/cargo-home:ro,Z" "-v" "/var/lib/crater-agent-workspace/rustup-home:/opt/rustwide/rustup-home:ro,Z" "-e" "SOURCE_DIR=/opt/rustwide/workdir" "-e" "CARGO_TARGET_DIR=/opt/rustwide/target" "-e" "CARGO_HOME=/opt/rustwide/cargo-home" "-e" "RUSTUP_HOME=/opt/rustwide/rustup-home" "-w" "/opt/rustwide/workdir" "-m" "1610612736" "--user" "0:0" "--network" "none" "ghcr.io/rust-lang/crates-build-env/linux@sha256:2788e3201cd34a07e3172128adcd8b3090168a8e3bcc40d7c032b9dda1df7d1c" "/opt/rustwide/cargo-home/bin/cargo" "+beta-2023-12-22" "metadata" "--no-deps" "--format-version=1", kill_on_drop: false }`
[INFO] [stdout] fa579f92dae2b9482da5ca496a0a963ef4140fdb2967076910a5e88aa12fd9f4
[INFO] running `Command { std: "docker" "start" "-a" "fa579f92dae2b9482da5ca496a0a963ef4140fdb2967076910a5e88aa12fd9f4", kill_on_drop: false }`
[INFO] running `Command { std: "docker" "inspect" "fa579f92dae2b9482da5ca496a0a963ef4140fdb2967076910a5e88aa12fd9f4", kill_on_drop: false }`
[INFO] running `Command { std: "docker" "rm" "-f" "fa579f92dae2b9482da5ca496a0a963ef4140fdb2967076910a5e88aa12fd9f4", kill_on_drop: false }`
[INFO] [stdout] fa579f92dae2b9482da5ca496a0a963ef4140fdb2967076910a5e88aa12fd9f4
[INFO] running `Command { std: "docker" "create" "-v" "/var/lib/crater-agent-workspace/builds/worker-7-tc2/target:/opt/rustwide/target:rw,Z" "-v" "/var/lib/crater-agent-workspace/builds/worker-7-tc2/source:/opt/rustwide/workdir:ro,Z" "-v" "/var/lib/crater-agent-workspace/cargo-home:/opt/rustwide/cargo-home:ro,Z" "-v" "/var/lib/crater-agent-workspace/rustup-home:/opt/rustwide/rustup-home:ro,Z" "-e" "SOURCE_DIR=/opt/rustwide/workdir" "-e" "CARGO_TARGET_DIR=/opt/rustwide/target" "-e" "CARGO_INCREMENTAL=0" "-e" "RUST_BACKTRACE=full" "-e" "RUSTFLAGS=--cap-lints=warn" "-e" "RUSTDOCFLAGS=--cap-lints=warn" "-e" "CARGO_HOME=/opt/rustwide/cargo-home" "-e" "RUSTUP_HOME=/opt/rustwide/rustup-home" "-w" "/opt/rustwide/workdir" "-m" "1610612736" "--user" "0:0" "--network" "none" "ghcr.io/rust-lang/crates-build-env/linux@sha256:2788e3201cd34a07e3172128adcd8b3090168a8e3bcc40d7c032b9dda1df7d1c" "/opt/rustwide/cargo-home/bin/cargo" "+beta-2023-12-22" "build" "--frozen" "--message-format=json", kill_on_drop: false }`
[INFO] [stdout] ed7ee93a6c44e7600146cc58ce222d3cec24cc5a003e52778467eefe156b1976
[INFO] running `Command { std: "docker" "start" "-a" "ed7ee93a6c44e7600146cc58ce222d3cec24cc5a003e52778467eefe156b1976", kill_on_drop: false }`
[INFO] [stderr] warning: output filename collision.
[INFO] [stderr] The bin target `schema` in package `platform v1.0.0 (/opt/rustwide/workdir/contracts/platform)` has the same output filename as the bin target `schema` in package `lottery v1.0.0 (/opt/rustwide/workdir/contracts/lottery)`.
[INFO] [stderr] Colliding filename is: /opt/rustwide/target/debug/schema
[INFO] [stderr] The targets should have unique names.
[INFO] [stderr] Consider changing their names to be unique or compiling them separately.
[INFO] [stderr] This may become a hard error in the future; see <https://github.com/rust-lang/cargo/issues/6313>.
[INFO] [stderr] warning: output filename collision.
[INFO] [stderr] The bin target `schema` in package `platform v1.0.0 (/opt/rustwide/workdir/contracts/platform)` has the same output filename as the bin target `schema` in package `lottery v1.0.0 (/opt/rustwide/workdir/contracts/lottery)`.
[INFO] [stderr] Colliding filename is: /opt/rustwide/target/debug/schema.dwp
[INFO] [stderr] The targets should have unique names.
[INFO] [stderr] Consider changing their names to be unique or compiling them separately.
[INFO] [stderr] This may become a hard error in the future; see <https://github.com/rust-lang/cargo/issues/6313>.
[INFO] [stderr]    Compiling typenum v1.16.0
[INFO] [stderr]    Compiling proc-macro2 v1.0.64
[INFO] [stderr]    Compiling generic-array v0.14.7
[INFO] [stderr]    Compiling quote v1.0.29
[INFO] [stderr]    Compiling unicode-ident v1.0.11
[INFO] [stderr]    Compiling libc v0.2.147
[INFO] [stderr]    Compiling subtle v2.5.0
[INFO] [stderr]    Compiling zeroize v1.6.0
[INFO] [stderr]    Compiling syn v1.0.109
[INFO] [stderr]    Compiling const-oid v0.9.4
[INFO] [stderr]    Compiling serde v1.0.171
[INFO] [stderr]    Compiling base64ct v1.6.0
[INFO] [stderr]    Compiling ahash v0.7.6
[INFO] [stderr]    Compiling cpufeatures v0.2.9
[INFO] [stderr]    Compiling base16ct v0.1.1
[INFO] [stderr]    Compiling thiserror v1.0.43
[INFO] [stderr]    Compiling serde_json v1.0.102
[INFO] [stderr]    Compiling once_cell v1.18.0
[INFO] [stderr]    Compiling der v0.6.1
[INFO] [stderr]    Compiling ryu v1.0.14
[INFO] [stderr]    Compiling opaque-debug v0.3.0
[INFO] [stderr]    Compiling schemars v0.8.12
[INFO] [stderr]    Compiling byteorder v1.4.3
[INFO] [stderr]    Compiling rand_core v0.5.1
[INFO] [stderr]    Compiling itoa v1.0.8
[INFO] [stderr]    Compiling dyn-clone v1.0.11
[INFO] [stderr]    Compiling base64 v0.13.1
[INFO] [stderr]    Compiling bnum v0.7.0
[INFO] [stderr]    Compiling forward_ref v1.0.0
[INFO] [stderr]    Compiling semver v1.0.17
[INFO] [stderr]    Compiling autocfg v1.1.0
[INFO] [stderr]    Compiling iana-time-zone v0.1.57
[INFO] [stderr]    Compiling num-traits v0.2.15
[INFO] [stderr]    Compiling syn v2.0.26
[INFO] [stderr]    Compiling getrandom v0.2.10
[INFO] [stderr]    Compiling time v0.1.45
[INFO] [stderr]    Compiling rand_core v0.6.4
[INFO] [stderr]    Compiling spki v0.6.0
[INFO] [stderr]    Compiling pkcs8 v0.9.0
[INFO] [stderr]    Compiling ff v0.12.1
[INFO] [stderr]    Compiling hashbrown v0.12.3
[INFO] [stderr]    Compiling group v0.12.1
[INFO] [stderr]    Compiling chrono v0.4.26
[INFO] [stderr]    Compiling block-buffer v0.10.4
[INFO] [stderr]    Compiling crypto-common v0.1.6
[INFO] [stderr]    Compiling crypto-bigint v0.4.9
[INFO] [stderr]    Compiling sec1 v0.3.0
[INFO] [stderr]    Compiling digest v0.9.0
[INFO] [stderr]    Compiling block-buffer v0.9.0
[INFO] [stderr]    Compiling curve25519-dalek v3.2.0
[INFO] [stderr]    Compiling sha2 v0.9.9
[INFO] [stderr]    Compiling digest v0.10.7
[INFO] [stderr]    Compiling hmac v0.12.1
[INFO] [stderr]    Compiling signature v1.6.4
[INFO] [stderr]    Compiling sha2 v0.10.7
[INFO] [stderr]    Compiling rfc6979 v0.3.1
[INFO] [stderr]    Compiling elliptic-curve v0.12.3
[INFO] [stderr]    Compiling ecdsa v0.14.8
[INFO] [stderr]    Compiling serde_derive v1.0.171
[INFO] [stderr]    Compiling thiserror-impl v1.0.43
[INFO] [stderr]    Compiling k256 v0.11.6
[INFO] [stderr]    Compiling serde_derive_internals v0.26.0
[INFO] [stderr]    Compiling schemars_derive v0.8.12
[INFO] [stderr]    Compiling cosmwasm-derive v1.3.0
[INFO] [stderr]    Compiling derivative v2.2.0
[INFO] [stderr]    Compiling cosmwasm-schema-derive v1.3.0
[INFO] [stderr]    Compiling cw-ownable-derive v0.5.1
[INFO] [stderr]    Compiling ed25519-zebra v3.1.0
[INFO] [stderr]    Compiling serde-json-wasm v0.5.1
[INFO] [stderr]    Compiling cosmwasm-crypto v1.3.0
[INFO] [stderr]    Compiling cosmwasm-std v1.3.0
[INFO] [stderr]    Compiling cosmwasm-schema v1.3.0
[INFO] [stderr]    Compiling cw-storage-plus v1.1.0
[INFO] [stderr]    Compiling cw-storage-plus v0.16.0
[INFO] [stderr]    Compiling cw-address-like v1.0.4
[INFO] [stderr]    Compiling cosmwasm-storage v1.3.0
[INFO] [stderr]    Compiling cw2 v1.1.0
[INFO] [stderr]    Compiling cw2 v0.16.0
[INFO] [stderr]    Compiling cw-utils v0.16.0
[INFO] [stderr]    Compiling cw-utils v1.0.1
[INFO] [stderr]    Compiling cw20 v1.1.0
[INFO] [stderr]    Compiling cw-ownable v0.5.1
[INFO] [stderr]    Compiling cw721 v0.18.0
[INFO] [stderr]    Compiling cw-controllers v1.1.0
[INFO] [stderr]    Compiling common v1.0.0 (/opt/rustwide/workdir/packages/common)
[INFO] [stderr]    Compiling cw721 v0.16.0
[INFO] [stderr]    Compiling cw721-base v0.16.0
[INFO] [stderr]    Compiling cw20-base v1.1.0
[INFO] [stderr]    Compiling cw721-base v0.18.0
[INFO] [stderr]    Compiling lottery v1.0.0 (/opt/rustwide/workdir/contracts/lottery)
[INFO] [stderr]    Compiling platform v1.0.0 (/opt/rustwide/workdir/contracts/platform)
[INFO] [stderr]     Finished dev [unoptimized + debuginfo] target(s) in 15.38s
[INFO] running `Command { std: "docker" "inspect" "ed7ee93a6c44e7600146cc58ce222d3cec24cc5a003e52778467eefe156b1976", kill_on_drop: false }`
[INFO] running `Command { std: "docker" "rm" "-f" "ed7ee93a6c44e7600146cc58ce222d3cec24cc5a003e52778467eefe156b1976", kill_on_drop: false }`
[INFO] [stdout] ed7ee93a6c44e7600146cc58ce222d3cec24cc5a003e52778467eefe156b1976
[INFO] running `Command { std: "docker" "create" "-v" "/var/lib/crater-agent-workspace/builds/worker-7-tc2/target:/opt/rustwide/target:rw,Z" "-v" "/var/lib/crater-agent-workspace/builds/worker-7-tc2/source:/opt/rustwide/workdir:ro,Z" "-v" "/var/lib/crater-agent-workspace/cargo-home:/opt/rustwide/cargo-home:ro,Z" "-v" "/var/lib/crater-agent-workspace/rustup-home:/opt/rustwide/rustup-home:ro,Z" "-e" "SOURCE_DIR=/opt/rustwide/workdir" "-e" "CARGO_TARGET_DIR=/opt/rustwide/target" "-e" "CARGO_INCREMENTAL=0" "-e" "RUST_BACKTRACE=full" "-e" "RUSTFLAGS=--cap-lints=warn" "-e" "RUSTDOCFLAGS=--cap-lints=warn" "-e" "CARGO_HOME=/opt/rustwide/cargo-home" "-e" "RUSTUP_HOME=/opt/rustwide/rustup-home" "-w" "/opt/rustwide/workdir" "-m" "1610612736" "--user" "0:0" "--network" "none" "ghcr.io/rust-lang/crates-build-env/linux@sha256:2788e3201cd34a07e3172128adcd8b3090168a8e3bcc40d7c032b9dda1df7d1c" "/opt/rustwide/cargo-home/bin/cargo" "+beta-2023-12-22" "test" "--frozen" "--no-run" "--message-format=json", kill_on_drop: false }`
[INFO] [stdout] 38795e8329122d85856fabb2d6a1b41f855327ff4b77d9af5c2ce655d2837d06
[INFO] running `Command { std: "docker" "start" "-a" "38795e8329122d85856fabb2d6a1b41f855327ff4b77d9af5c2ce655d2837d06", kill_on_drop: false }`
[INFO] [stderr] warning: output filename collision.
[INFO] [stderr] The bin target `schema` in package `platform v1.0.0 (/opt/rustwide/workdir/contracts/platform)` has the same output filename as the bin target `schema` in package `lottery v1.0.0 (/opt/rustwide/workdir/contracts/lottery)`.
[INFO] [stderr] Colliding filename is: /opt/rustwide/target/debug/schema
[INFO] [stderr] The targets should have unique names.
[INFO] [stderr] Consider changing their names to be unique or compiling them separately.
[INFO] [stderr] This may become a hard error in the future; see <https://github.com/rust-lang/cargo/issues/6313>.
[INFO] [stderr] warning: output filename collision.
[INFO] [stderr] The bin target `schema` in package `platform v1.0.0 (/opt/rustwide/workdir/contracts/platform)` has the same output filename as the bin target `schema` in package `lottery v1.0.0 (/opt/rustwide/workdir/contracts/lottery)`.
[INFO] [stderr] Colliding filename is: /opt/rustwide/target/debug/schema.dwp
[INFO] [stderr] The targets should have unique names.
[INFO] [stderr] Consider changing their names to be unique or compiling them separately.
[INFO] [stderr] This may become a hard error in the future; see <https://github.com/rust-lang/cargo/issues/6313>.
[INFO] [stderr]    Compiling anyhow v1.0.71
[INFO] [stderr]    Compiling either v1.8.1
[INFO] [stderr]    Compiling bytes v1.4.0
[INFO] [stderr]    Compiling cosmwasm-std v1.3.0
[INFO] [stderr]    Compiling itertools v0.10.5
[INFO] [stderr]    Compiling prost-derive v0.9.0
[INFO] [stderr]    Compiling prost v0.9.0
[INFO] [stderr]    Compiling cw-storage-plus v1.1.0
[INFO] [stderr]    Compiling cw-storage-plus v0.16.0
[INFO] [stderr]    Compiling cosmwasm-storage v1.3.0
[INFO] [stderr]    Compiling cw-address-like v1.0.4
[INFO] [stderr]    Compiling cw2 v1.1.0
[INFO] [stderr]    Compiling cw2 v0.16.0
[INFO] [stderr]    Compiling cw-utils v1.0.1
[INFO] [stderr]    Compiling cw-utils v0.16.0
[INFO] [stderr]    Compiling cw-multi-test v0.16.5
[INFO] [stderr]    Compiling cw-ownable v0.5.1
[INFO] [stderr]    Compiling cw721 v0.18.0
[INFO] [stderr]    Compiling cw20 v1.1.0
[INFO] [stderr]    Compiling cw-controllers v1.1.0
[INFO] [stderr]    Compiling common v1.0.0 (/opt/rustwide/workdir/packages/common)
[INFO] [stderr]    Compiling cw721 v0.16.0
[INFO] [stderr]    Compiling cw721-base v0.16.0
[INFO] [stderr]    Compiling cw20-base v1.1.0
[INFO] [stderr]    Compiling cw721-base v0.18.0
[INFO] [stderr]    Compiling lottery v1.0.0 (/opt/rustwide/workdir/contracts/lottery)
[INFO] [stderr]    Compiling platform v1.0.0 (/opt/rustwide/workdir/contracts/platform)
[INFO] [stderr]     Finished test [unoptimized + debuginfo] target(s) in 10.48s
[INFO] running `Command { std: "docker" "inspect" "38795e8329122d85856fabb2d6a1b41f855327ff4b77d9af5c2ce655d2837d06", kill_on_drop: false }`
[INFO] running `Command { std: "docker" "rm" "-f" "38795e8329122d85856fabb2d6a1b41f855327ff4b77d9af5c2ce655d2837d06", kill_on_drop: false }`
[INFO] [stdout] 38795e8329122d85856fabb2d6a1b41f855327ff4b77d9af5c2ce655d2837d06
[INFO] running `Command { std: "docker" "create" "-v" "/var/lib/crater-agent-workspace/builds/worker-7-tc2/target:/opt/rustwide/target:rw,Z" "-v" "/var/lib/crater-agent-workspace/builds/worker-7-tc2/source:/opt/rustwide/workdir:ro,Z" "-v" "/var/lib/crater-agent-workspace/cargo-home:/opt/rustwide/cargo-home:ro,Z" "-v" "/var/lib/crater-agent-workspace/rustup-home:/opt/rustwide/rustup-home:ro,Z" "-e" "SOURCE_DIR=/opt/rustwide/workdir" "-e" "CARGO_TARGET_DIR=/opt/rustwide/target" "-e" "CARGO_INCREMENTAL=0" "-e" "RUST_BACKTRACE=full" "-e" "RUSTFLAGS=--cap-lints=warn" "-e" "RUSTDOCFLAGS=--cap-lints=warn" "-e" "CARGO_HOME=/opt/rustwide/cargo-home" "-e" "RUSTUP_HOME=/opt/rustwide/rustup-home" "-w" "/opt/rustwide/workdir" "-m" "1610612736" "--user" "0:0" "--network" "none" "ghcr.io/rust-lang/crates-build-env/linux@sha256:2788e3201cd34a07e3172128adcd8b3090168a8e3bcc40d7c032b9dda1df7d1c" "/opt/rustwide/cargo-home/bin/cargo" "+beta-2023-12-22" "test" "--frozen", kill_on_drop: false }`
[INFO] [stdout] aa7702430cfc6ca590d5bdd58052f19d0361550b757ac2729b316b6df6f9e601
[INFO] running `Command { std: "docker" "start" "-a" "aa7702430cfc6ca590d5bdd58052f19d0361550b757ac2729b316b6df6f9e601", kill_on_drop: false }`
[INFO] [stderr] warning: output filename collision.
[INFO] [stderr] The bin target `schema` in package `platform v1.0.0 (/opt/rustwide/workdir/contracts/platform)` has the same output filename as the bin target `schema` in package `lottery v1.0.0 (/opt/rustwide/workdir/contracts/lottery)`.
[INFO] [stderr] Colliding filename is: /opt/rustwide/target/debug/schema
[INFO] [stderr] The targets should have unique names.
[INFO] [stderr] Consider changing their names to be unique or compiling them separately.
[INFO] [stderr] This may become a hard error in the future; see <https://github.com/rust-lang/cargo/issues/6313>.
[INFO] [stderr] warning: output filename collision.
[INFO] [stderr] The bin target `schema` in package `platform v1.0.0 (/opt/rustwide/workdir/contracts/platform)` has the same output filename as the bin target `schema` in package `lottery v1.0.0 (/opt/rustwide/workdir/contracts/lottery)`.
[INFO] [stderr] Colliding filename is: /opt/rustwide/target/debug/schema.dwp
[INFO] [stderr] The targets should have unique names.
[INFO] [stderr] Consider changing their names to be unique or compiling them separately.
[INFO] [stderr] This may become a hard error in the future; see <https://github.com/rust-lang/cargo/issues/6313>.
[INFO] [stderr]     Finished test [unoptimized + debuginfo] target(s) in 0.06s
[INFO] [stderr]      Running unittests src/lib.rs (/opt/rustwide/target/debug/deps/common-f9fc7b262dd12d7e)
[INFO] [stdout] 
[INFO] [stdout] running 3 tests
[INFO] [stdout] test helper::tests::get_last_day_year_should_works ... ok
[INFO] [stdout] test hash::rule::test_nanos ... ok
[INFO] [stdout] test helper::tests::get_last_day_month_should_works ... ok
[INFO] [stdout] 
[INFO] [stdout] test result: ok. 3 passed; 0 failed; 0 ignored; 0 measured; 0 filtered out; finished in 0.00s
[INFO] [stdout] 
[INFO] [stderr]      Running unittests src/lib.rs (/opt/rustwide/target/debug/deps/lottery-64f35e91ce032e95)
[INFO] [stdout] 
[INFO] [stdout] running 4 tests
[INFO] [stdout] test state::tests::lottery_period_should_works ... ok
[INFO] [stdout] test multitest::tests::test::instantiate_should_works ... ok
[INFO] [stdout] test multitest::tests::test::draw_lottery_should_fail ... ok
[INFO] [stdout] test multitest::tests::test::lottery_full_flows_should_works ... ok
[INFO] [stdout] 
[INFO] [stdout] test result: ok. 4 passed; 0 failed; 0 ignored; 0 measured; 0 filtered out; finished in 0.00s
[INFO] [stdout] 
[INFO] [stderr]      Running unittests src/bin/schema.rs (/opt/rustwide/target/debug/deps/schema-5896af545bd1698f)
[INFO] [stdout] 
[INFO] [stdout] running 0 tests
[INFO] [stdout] 
[INFO] [stdout] test result: ok. 0 passed; 0 failed; 0 ignored; 0 measured; 0 filtered out; finished in 0.00s
[INFO] [stdout] 
[INFO] [stderr]      Running tests/test.rs (/opt/rustwide/target/debug/deps/test-944e4416ce52eef6)
[INFO] [stdout] 
[INFO] [stdout] running 0 tests
[INFO] [stdout] 
[INFO] [stdout] test result: ok. 0 passed; 0 failed; 0 ignored; 0 measured; 0 filtered out; finished in 0.00s
[INFO] [stdout] 
[INFO] [stderr]      Running unittests src/lib.rs (/opt/rustwide/target/debug/deps/platform-04d030aded6c2802)
[INFO] [stdout] 
[INFO] [stdout] running 4 tests
[INFO] [stdout] test multitest::tests::test::platform_instantiate_should_works ... ok
[INFO] [stdout] test multitest::tests::test::platform_create_lottery_should_works ... ok
[INFO] [stdout] test multitest::tests::test::draw_lottery_should_fail ... ok
[INFO] [stdout] test multitest::tests::test::platform_buy_and_draw_lottery_should_works ... FAILED
[INFO] [stdout] 
[INFO] [stdout] failures:
[INFO] [stdout] 
[INFO] [stdout] ---- multitest::tests::test::platform_buy_and_draw_lottery_should_works stdout ----
[INFO] [stdout] create lottery resp:Some(InstantiationData { addr: Addr("contract1") })
[INFO] [stdout] The seed num is 7716571166866712735
[INFO] [stdout] The idx is: 2
[INFO] [stdout] thread 'multitest::tests::test::platform_buy_and_draw_lottery_should_works' panicked at contracts/platform/src/multitest/tests.rs:204:9:
[INFO] [stdout] assertion `left == right` failed
[INFO] [stdout]   left: Addr("sei1aan9kqywf4rf274cal0hj6eyly6wu0uv7edxy2")
[INFO] [stdout]  right: Addr("sei18rszd3tmgpjvjwq2qajtmn5jqvtscd2yuygl4z")
[INFO] [stdout] stack backtrace:
[INFO] [stdout]    0:     0x55872dd1bf46 - std::backtrace_rs::backtrace::libunwind::trace::h261606ad26a499c1
[INFO] [stdout]                                at /rustc/0e09125c6c3c2fd70d7de961bcf0e51575235fad/library/std/src/../../backtrace/src/backtrace/libunwind.rs:104:5
[INFO] [stdout]    1:     0x55872dd1bf46 - std::backtrace_rs::backtrace::trace_unsynchronized::hd183f0625477fb28
[INFO] [stdout]                                at /rustc/0e09125c6c3c2fd70d7de961bcf0e51575235fad/library/std/src/../../backtrace/src/backtrace/mod.rs:66:5
[INFO] [stdout]    2:     0x55872dd1bf46 - std::sys_common::backtrace::_print_fmt::hd7f8fef21b4eda67
[INFO] [stdout]                                at /rustc/0e09125c6c3c2fd70d7de961bcf0e51575235fad/library/std/src/sys_common/backtrace.rs:68:5
[INFO] [stdout]    3:     0x55872dd1bf46 - <std::sys_common::backtrace::_print::DisplayBacktrace as core::fmt::Display>::fmt::h623d9b51f2f453f1
[INFO] [stdout]                                at /rustc/0e09125c6c3c2fd70d7de961bcf0e51575235fad/library/std/src/sys_common/backtrace.rs:44:22
[INFO] [stdout]    4:     0x55872dd45560 - core::fmt::rt::Argument::fmt::h9f417ac76a86f368
[INFO] [stdout]                                at /rustc/0e09125c6c3c2fd70d7de961bcf0e51575235fad/library/core/src/fmt/rt.rs:142:9
[INFO] [stdout]    5:     0x55872dd45560 - core::fmt::write::hc9b6faf4ac2aeff7
[INFO] [stdout]                                at /rustc/0e09125c6c3c2fd70d7de961bcf0e51575235fad/library/core/src/fmt/mod.rs:1120:17
[INFO] [stdout]    6:     0x55872dd199af - std::io::Write::write_fmt::he04625a3a989fec3
[INFO] [stdout]                                at /rustc/0e09125c6c3c2fd70d7de961bcf0e51575235fad/library/std/src/io/mod.rs:1810:15
[INFO] [stdout]    7:     0x55872dd1bd24 - std::sys_common::backtrace::_print::hd5d66399c7df88a2
[INFO] [stdout]                                at /rustc/0e09125c6c3c2fd70d7de961bcf0e51575235fad/library/std/src/sys_common/backtrace.rs:47:5
[INFO] [stdout]    8:     0x55872dd1bd24 - std::sys_common::backtrace::print::he81ed2da642d37e5
[INFO] [stdout]                                at /rustc/0e09125c6c3c2fd70d7de961bcf0e51575235fad/library/std/src/sys_common/backtrace.rs:34:9
[INFO] [stdout]    9:     0x55872dd1da97 - std::panicking::default_hook::{{closure}}::h85773f4fa117163d
[INFO] [stdout]   10:     0x55872dd1d77d - std::panicking::default_hook::h6a1694a91d09b278
[INFO] [stdout]                                at /rustc/0e09125c6c3c2fd70d7de961bcf0e51575235fad/library/std/src/panicking.rs:289:9
[INFO] [stdout]   11:     0x55872da08a07 - <alloc::boxed::Box<F,A> as core::ops::function::Fn<Args>>::call::h616ac37fa3cd6c8f
[INFO] [stdout]                                at /rustc/0e09125c6c3c2fd70d7de961bcf0e51575235fad/library/alloc/src/boxed.rs:2029:9
[INFO] [stdout]   12:     0x55872da08a07 - test::test_main::{{closure}}::h00d84697cefdcbb6
[INFO] [stdout]                                at /rustc/0e09125c6c3c2fd70d7de961bcf0e51575235fad/library/test/src/lib.rs:138:21
[INFO] [stdout]   13:     0x55872dd1e0b6 - <alloc::boxed::Box<F,A> as core::ops::function::Fn<Args>>::call::hcb3fe3b9bb537ba8
[INFO] [stdout]                                at /rustc/0e09125c6c3c2fd70d7de961bcf0e51575235fad/library/alloc/src/boxed.rs:2029:9
[INFO] [stdout]   14:     0x55872dd1e0b6 - std::panicking::rust_panic_with_hook::h0a7ad96e90f7145b
[INFO] [stdout]                                at /rustc/0e09125c6c3c2fd70d7de961bcf0e51575235fad/library/std/src/panicking.rs:783:13
[INFO] [stdout]   15:     0x55872dd1de02 - std::panicking::begin_panic_handler::{{closure}}::h7919090525c6485e
[INFO] [stdout]                                at /rustc/0e09125c6c3c2fd70d7de961bcf0e51575235fad/library/std/src/panicking.rs:657:13
[INFO] [stdout]   16:     0x55872dd1c446 - std::sys_common::backtrace::__rust_end_short_backtrace::hf3289479464f7dfe
[INFO] [stdout]                                at /rustc/0e09125c6c3c2fd70d7de961bcf0e51575235fad/library/std/src/sys_common/backtrace.rs:171:18
[INFO] [stdout]   17:     0x55872dd1db60 - rust_begin_unwind
[INFO] [stdout]                                at /rustc/0e09125c6c3c2fd70d7de961bcf0e51575235fad/library/std/src/panicking.rs:645:5
[INFO] [stdout]   18:     0x55872d98cdd5 - core::panicking::panic_fmt::hcc9f77c5c132af55
[INFO] [stdout]                                at /rustc/0e09125c6c3c2fd70d7de961bcf0e51575235fad/library/core/src/panicking.rs:72:14
[INFO] [stdout]   19:     0x55872d98d20b - core::panicking::assert_failed_inner::h9f13e27dd63c3a08
[INFO] [stdout]                                at /rustc/0e09125c6c3c2fd70d7de961bcf0e51575235fad/library/core/src/panicking.rs:342:17
[INFO] [stdout]   20:     0x55872d99180e - core::panicking::assert_failed::haef4657dbcb3d39d
[INFO] [stdout]                                at /rustc/0e09125c6c3c2fd70d7de961bcf0e51575235fad/library/core/src/panicking.rs:297:5
[INFO] [stdout]   21:     0x55872d9b936f - platform::multitest::tests::test::platform_buy_and_draw_lottery_should_works::h925fc159ea7cc238
[INFO] [stdout]                                at /opt/rustwide/workdir/contracts/platform/src/multitest/tests.rs:204:9
[INFO] [stdout]   22:     0x55872d9b7d47 - platform::multitest::tests::test::platform_buy_and_draw_lottery_should_works::{{closure}}::h3de66f12cf0a6f77
[INFO] [stdout]                                at /opt/rustwide/workdir/contracts/platform/src/multitest/tests.rs:103:52
[INFO] [stdout]   23:     0x55872d9bd1c6 - core::ops::function::FnOnce::call_once::hb3824613230c97a1
[INFO] [stdout]                                at /rustc/0e09125c6c3c2fd70d7de961bcf0e51575235fad/library/core/src/ops/function.rs:250:5
[INFO] [stdout]   24:     0x55872da0e2df - core::ops::function::FnOnce::call_once::hd64d26f405258157
[INFO] [stdout]                                at /rustc/0e09125c6c3c2fd70d7de961bcf0e51575235fad/library/core/src/ops/function.rs:250:5
[INFO] [stdout]   25:     0x55872da0e2df - test::__rust_begin_short_backtrace::he21b0b7a6d731bf9
[INFO] [stdout]                                at /rustc/0e09125c6c3c2fd70d7de961bcf0e51575235fad/library/test/src/lib.rs:627:18
[INFO] [stdout]   26:     0x55872da0d061 - test::run_test_in_process::{{closure}}::hf5c73986d7bdfde2
[INFO] [stdout]                                at /rustc/0e09125c6c3c2fd70d7de961bcf0e51575235fad/library/test/src/lib.rs:650:60
[INFO] [stdout]   27:     0x55872da0d061 - <core::panic::unwind_safe::AssertUnwindSafe<F> as core::ops::function::FnOnce<()>>::call_once::h330011ad032aadc0
[INFO] [stdout]                                at /rustc/0e09125c6c3c2fd70d7de961bcf0e51575235fad/library/core/src/panic/unwind_safe.rs:272:9
[INFO] [stdout]   28:     0x55872da0d061 - std::panicking::try::do_call::he61b0a958b795a41
[INFO] [stdout]                                at /rustc/0e09125c6c3c2fd70d7de961bcf0e51575235fad/library/std/src/panicking.rs:552:40
[INFO] [stdout]   29:     0x55872da0d061 - std::panicking::try::h7309da130f906eb7
[INFO] [stdout]                                at /rustc/0e09125c6c3c2fd70d7de961bcf0e51575235fad/library/std/src/panicking.rs:516:19
[INFO] [stdout]   30:     0x55872da0d061 - std::panic::catch_unwind::hc5c3a06fdaf0a92a
[INFO] [stdout]                                at /rustc/0e09125c6c3c2fd70d7de961bcf0e51575235fad/library/std/src/panic.rs:142:14
[INFO] [stdout]   31:     0x55872da0d061 - test::run_test_in_process::h7e7b7c71c3324e0f
[INFO] [stdout]                                at /rustc/0e09125c6c3c2fd70d7de961bcf0e51575235fad/library/test/src/lib.rs:650:27
[INFO] [stdout]   32:     0x55872da0d061 - test::run_test::{{closure}}::h1f509f28f5cf20b1
[INFO] [stdout]                                at /rustc/0e09125c6c3c2fd70d7de961bcf0e51575235fad/library/test/src/lib.rs:573:43
[INFO] [stdout]   33:     0x55872d9d4396 - test::run_test::{{closure}}::h1754218abf443f6d
[INFO] [stdout]                                at /rustc/0e09125c6c3c2fd70d7de961bcf0e51575235fad/library/test/src/lib.rs:601:41
[INFO] [stdout]   34:     0x55872d9d4396 - std::sys_common::backtrace::__rust_begin_short_backtrace::h2ee174b9d5954948
[INFO] [stdout]                                at /rustc/0e09125c6c3c2fd70d7de961bcf0e51575235fad/library/std/src/sys_common/backtrace.rs:155:18
[INFO] [stdout]   35:     0x55872d9d93f7 - std::thread::Builder::spawn_unchecked_::{{closure}}::{{closure}}::hf60bee9c1a17ef09
[INFO] [stdout]                                at /rustc/0e09125c6c3c2fd70d7de961bcf0e51575235fad/library/std/src/thread/mod.rs:529:17
[INFO] [stdout]   36:     0x55872d9d93f7 - <core::panic::unwind_safe::AssertUnwindSafe<F> as core::ops::function::FnOnce<()>>::call_once::h33d0dddec5216160
[INFO] [stdout]                                at /rustc/0e09125c6c3c2fd70d7de961bcf0e51575235fad/library/core/src/panic/unwind_safe.rs:272:9
[INFO] [stdout]   37:     0x55872d9d93f7 - std::panicking::try::do_call::h144b3048b546f835
[INFO] [stdout]                                at /rustc/0e09125c6c3c2fd70d7de961bcf0e51575235fad/library/std/src/panicking.rs:552:40
[INFO] [stdout]   38:     0x55872d9d93f7 - std::panicking::try::h978244d04646189f
[INFO] [stdout]                                at /rustc/0e09125c6c3c2fd70d7de961bcf0e51575235fad/library/std/src/panicking.rs:516:19
[INFO] [stdout]   39:     0x55872d9d93f7 - std::panic::catch_unwind::hdf436369d188fe86
[INFO] [stdout]                                at /rustc/0e09125c6c3c2fd70d7de961bcf0e51575235fad/library/std/src/panic.rs:142:14
[INFO] [stdout]   40:     0x55872d9d93f7 - std::thread::Builder::spawn_unchecked_::{{closure}}::h87329cbdd33c79ec
[INFO] [stdout]                                at /rustc/0e09125c6c3c2fd70d7de961bcf0e51575235fad/library/std/src/thread/mod.rs:528:30
[INFO] [stdout]   41:     0x55872d9d93f7 - core::ops::function::FnOnce::call_once{{vtable.shim}}::h401abbe67897d450
[INFO] [stdout]                                at /rustc/0e09125c6c3c2fd70d7de961bcf0e51575235fad/library/core/src/ops/function.rs:250:5
[INFO] [stdout]   42:     0x55872dd22b65 - <alloc::boxed::Box<F,A> as core::ops::function::FnOnce<Args>>::call_once::h5d7c8f150ab9c84c
[INFO] [stdout]                                at /rustc/0e09125c6c3c2fd70d7de961bcf0e51575235fad/library/alloc/src/boxed.rs:2015:9
[INFO] [stdout]   43:     0x55872dd22b65 - <alloc::boxed::Box<F,A> as core::ops::function::FnOnce<Args>>::call_once::h570d5b005c242c15
[INFO] [stdout]                                at /rustc/0e09125c6c3c2fd70d7de961bcf0e51575235fad/library/alloc/src/boxed.rs:2015:9
[INFO] [stdout]   44:     0x55872dd22b65 - std::sys::unix::thread::Thread::new::thread_start::h36b0a20c0b2361ad
[INFO] [stdout]                                at /rustc/0e09125c6c3c2fd70d7de961bcf0e51575235fad/library/std/src/sys/unix/thread.rs:108:17
[INFO] [stdout]   45:     0x7fd1000dbac3 - <unknown>
[INFO] [stdout]   46:     0x7fd10016cbf4 - __clone
[INFO] [stdout]   47:                0x0 - <unknown>
[INFO] [stdout] 
[INFO] [stdout] 
[INFO] [stdout] failures:
[INFO] [stdout]     multitest::tests::test::platform_buy_and_draw_lottery_should_works
[INFO] [stdout] 
[INFO] [stdout] test result: FAILED. 3 passed; 1 failed; 0 ignored; 0 measured; 0 filtered out; finished in 0.02s
[INFO] [stdout] 
[INFO] [stderr] error: test failed, to rerun pass `-p platform --lib`
[INFO] running `Command { std: "docker" "inspect" "aa7702430cfc6ca590d5bdd58052f19d0361550b757ac2729b316b6df6f9e601", kill_on_drop: false }`
[INFO] running `Command { std: "docker" "rm" "-f" "aa7702430cfc6ca590d5bdd58052f19d0361550b757ac2729b316b6df6f9e601", kill_on_drop: false }`
[INFO] [stdout] aa7702430cfc6ca590d5bdd58052f19d0361550b757ac2729b316b6df6f9e601
