[INFO] cloning repository https://github.com/containers/crun-qemu
[INFO] running `Command { std: "git" "-c" "credential.helper=" "-c" "credential.helper=/workspace/cargo-home/bin/git-credential-null" "clone" "--bare" "https://github.com/containers/crun-qemu" "/workspace/cache/git-repos/https%3A%2F%2Fgithub.com%2Fcontainers%2Fcrun-qemu", kill_on_drop: false }`
[INFO] [stderr] Cloning into bare repository '/workspace/cache/git-repos/https%3A%2F%2Fgithub.com%2Fcontainers%2Fcrun-qemu'...
[INFO] running `Command { std: "git" "rev-parse" "HEAD", kill_on_drop: false }`
[INFO] [stdout] 49a3718b47237393b05c62cc3af2ecfc140edf71
[INFO] testing containers/crun-qemu against 1.75.0 for beta-1.76-1
[INFO] running `Command { std: "git" "clone" "/workspace/cache/git-repos/https%3A%2F%2Fgithub.com%2Fcontainers%2Fcrun-qemu" "/workspace/builds/worker-0-tc1/source", kill_on_drop: false }`
[INFO] [stderr] Cloning into '/workspace/builds/worker-0-tc1/source'...
[INFO] [stderr] done.
[INFO] validating manifest of git repo https://github.com/containers/crun-qemu on toolchain 1.75.0
[INFO] running `Command { std: CARGO_HOME="/workspace/cargo-home" RUSTUP_HOME="/workspace/rustup-home" "/workspace/cargo-home/bin/cargo" "+1.75.0" "metadata" "--manifest-path" "Cargo.toml" "--no-deps", kill_on_drop: false }`
[INFO] started tweaking git repo https://github.com/containers/crun-qemu
[INFO] finished tweaking git repo https://github.com/containers/crun-qemu
[INFO] tweaked toml for git repo https://github.com/containers/crun-qemu written to /workspace/builds/worker-0-tc1/source/Cargo.toml
[INFO] crate git repo https://github.com/containers/crun-qemu already has a lockfile, it will not be regenerated
[INFO] running `Command { std: CARGO_HOME="/workspace/cargo-home" RUSTUP_HOME="/workspace/rustup-home" "/workspace/cargo-home/bin/cargo" "+1.75.0" "fetch" "--manifest-path" "Cargo.toml", kill_on_drop: false }`
[INFO] [stderr]     Updating crates.io index
[INFO] [stderr]  Downloading crates ...
[INFO] [stderr]   Downloaded oci-spec v0.6.4
[INFO] [stderr]   Downloaded liboci-cli v0.3.1
[INFO] running `Command { std: "docker" "create" "-v" "/var/lib/crater-agent-workspace/builds/worker-0-tc1/target:/opt/rustwide/target:rw,Z" "-v" "/var/lib/crater-agent-workspace/builds/worker-0-tc1/source:/opt/rustwide/workdir:ro,Z" "-v" "/var/lib/crater-agent-workspace/cargo-home:/opt/rustwide/cargo-home:ro,Z" "-v" "/var/lib/crater-agent-workspace/rustup-home:/opt/rustwide/rustup-home:ro,Z" "-e" "SOURCE_DIR=/opt/rustwide/workdir" "-e" "CARGO_TARGET_DIR=/opt/rustwide/target" "-e" "CARGO_HOME=/opt/rustwide/cargo-home" "-e" "RUSTUP_HOME=/opt/rustwide/rustup-home" "-w" "/opt/rustwide/workdir" "-m" "1610612736" "--user" "0:0" "--network" "none" "ghcr.io/rust-lang/crates-build-env/linux@sha256:2788e3201cd34a07e3172128adcd8b3090168a8e3bcc40d7c032b9dda1df7d1c" "/opt/rustwide/cargo-home/bin/cargo" "+1.75.0" "metadata" "--no-deps" "--format-version=1", kill_on_drop: false }`
[INFO] [stdout] f79de7a6b495ddf6fe08768f5c7bf213018d6a4501f84f0b3ad5b990cd840f86
[INFO] running `Command { std: "docker" "start" "-a" "f79de7a6b495ddf6fe08768f5c7bf213018d6a4501f84f0b3ad5b990cd840f86", kill_on_drop: false }`
[INFO] running `Command { std: "docker" "inspect" "f79de7a6b495ddf6fe08768f5c7bf213018d6a4501f84f0b3ad5b990cd840f86", kill_on_drop: false }`
[INFO] running `Command { std: "docker" "rm" "-f" "f79de7a6b495ddf6fe08768f5c7bf213018d6a4501f84f0b3ad5b990cd840f86", kill_on_drop: false }`
[INFO] [stdout] f79de7a6b495ddf6fe08768f5c7bf213018d6a4501f84f0b3ad5b990cd840f86
[INFO] running `Command { std: "docker" "create" "-v" "/var/lib/crater-agent-workspace/builds/worker-0-tc1/target:/opt/rustwide/target:rw,Z" "-v" "/var/lib/crater-agent-workspace/builds/worker-0-tc1/source:/opt/rustwide/workdir:ro,Z" "-v" "/var/lib/crater-agent-workspace/cargo-home:/opt/rustwide/cargo-home:ro,Z" "-v" "/var/lib/crater-agent-workspace/rustup-home:/opt/rustwide/rustup-home:ro,Z" "-e" "SOURCE_DIR=/opt/rustwide/workdir" "-e" "CARGO_TARGET_DIR=/opt/rustwide/target" "-e" "CARGO_INCREMENTAL=0" "-e" "RUST_BACKTRACE=full" "-e" "RUSTFLAGS=--cap-lints=warn" "-e" "RUSTDOCFLAGS=--cap-lints=warn" "-e" "CARGO_HOME=/opt/rustwide/cargo-home" "-e" "RUSTUP_HOME=/opt/rustwide/rustup-home" "-w" "/opt/rustwide/workdir" "-m" "1610612736" "--user" "0:0" "--network" "none" "ghcr.io/rust-lang/crates-build-env/linux@sha256:2788e3201cd34a07e3172128adcd8b3090168a8e3bcc40d7c032b9dda1df7d1c" "/opt/rustwide/cargo-home/bin/cargo" "+1.75.0" "build" "--frozen" "--message-format=json", kill_on_drop: false }`
[INFO] [stdout] 350473de126bdd1561527b91b90d6f618da6307627db2fd5846b49e1b3bed5c2
[INFO] running `Command { std: "docker" "start" "-a" "350473de126bdd1561527b91b90d6f618da6307627db2fd5846b49e1b3bed5c2", kill_on_drop: false }`
[INFO] [stderr]    Compiling proc-macro2 v1.0.73
[INFO] [stderr]    Compiling unicode-ident v1.0.12
[INFO] [stderr]    Compiling syn v1.0.109
[INFO] [stderr]    Compiling strsim v0.10.0
[INFO] [stderr]    Compiling version_check v0.9.4
[INFO] [stderr]    Compiling fnv v1.0.7
[INFO] [stderr]    Compiling ident_case v1.0.1
[INFO] [stderr]    Compiling libc v0.2.151
[INFO] [stderr]    Compiling serde v1.0.193
[INFO] [stderr]    Compiling heck v0.4.1
[INFO] [stderr]    Compiling thiserror v1.0.53
[INFO] [stderr]    Compiling clap_lex v0.6.0
[INFO] [stderr]    Compiling anstyle v1.0.4
[INFO] [stderr]    Compiling serde_json v1.0.109
[INFO] [stderr]    Compiling itoa v1.0.10
[INFO] [stderr]    Compiling ryu v1.0.16
[INFO] [stderr]    Compiling anyhow v1.0.78
[INFO] [stderr]    Compiling hashbrown v0.14.3
[INFO] [stderr]    Compiling regex-syntax v0.8.2
[INFO] [stderr]    Compiling equivalent v1.0.1
[INFO] [stderr]    Compiling once_cell v1.19.0
[INFO] [stderr]    Compiling unsafe-libyaml v0.2.10
[INFO] [stderr]    Compiling bitflags v2.4.1
[INFO] [stderr]    Compiling crun-qemu v0.0.0 (/opt/rustwide/workdir)
[INFO] [stderr]    Compiling urlencoding v2.1.3
[INFO] [stderr]    Compiling clap_builder v4.4.12
[INFO] [stderr]    Compiling proc-macro-error-attr v1.0.4
[INFO] [stderr]    Compiling proc-macro-error v1.0.4
[INFO] [stderr]    Compiling home v0.5.9
[INFO] [stderr]    Compiling xml-rs v0.8.19
[INFO] [stderr]    Compiling indexmap v2.1.0
[INFO] [stderr]    Compiling quote v1.0.34
[INFO] [stderr]    Compiling syn v2.0.44
[INFO] [stderr]    Compiling regex-automata v0.4.3
[INFO] [stderr]    Compiling num_cpus v1.16.0
[INFO] [stderr]    Compiling sysinfo v0.29.11
[INFO] [stderr]    Compiling nix v0.27.1
[INFO] [stderr]    Compiling regex v1.10.2
[INFO] [stderr]    Compiling serde_derive v1.0.193
[INFO] [stderr]    Compiling thiserror-impl v1.0.53
[INFO] [stderr]    Compiling clap_derive v4.4.7
[INFO] [stderr]    Compiling darling_core v0.14.4
[INFO] [stderr]    Compiling getset v0.1.2
[INFO] [stderr]    Compiling darling_macro v0.14.4
[INFO] [stderr]    Compiling clap v4.4.12
[INFO] [stderr]    Compiling liboci-cli v0.3.1
[INFO] [stderr]    Compiling darling v0.14.4
[INFO] [stderr]    Compiling derive_builder_core v0.12.0
[INFO] [stderr]    Compiling derive_builder_macro v0.12.0
[INFO] [stderr]    Compiling derive_builder v0.12.0
[INFO] [stderr]    Compiling serde_yaml v0.9.29
[INFO] [stderr]    Compiling oci-spec v0.6.4
[INFO] [stderr]     Finished dev [unoptimized + debuginfo] target(s) in 34.49s
[INFO] running `Command { std: "docker" "inspect" "350473de126bdd1561527b91b90d6f618da6307627db2fd5846b49e1b3bed5c2", kill_on_drop: false }`
[INFO] running `Command { std: "docker" "rm" "-f" "350473de126bdd1561527b91b90d6f618da6307627db2fd5846b49e1b3bed5c2", kill_on_drop: false }`
[INFO] [stdout] 350473de126bdd1561527b91b90d6f618da6307627db2fd5846b49e1b3bed5c2
[INFO] running `Command { std: "docker" "create" "-v" "/var/lib/crater-agent-workspace/builds/worker-0-tc1/target:/opt/rustwide/target:rw,Z" "-v" "/var/lib/crater-agent-workspace/builds/worker-0-tc1/source:/opt/rustwide/workdir:ro,Z" "-v" "/var/lib/crater-agent-workspace/cargo-home:/opt/rustwide/cargo-home:ro,Z" "-v" "/var/lib/crater-agent-workspace/rustup-home:/opt/rustwide/rustup-home:ro,Z" "-e" "SOURCE_DIR=/opt/rustwide/workdir" "-e" "CARGO_TARGET_DIR=/opt/rustwide/target" "-e" "CARGO_INCREMENTAL=0" "-e" "RUST_BACKTRACE=full" "-e" "RUSTFLAGS=--cap-lints=warn" "-e" "RUSTDOCFLAGS=--cap-lints=warn" "-e" "CARGO_HOME=/opt/rustwide/cargo-home" "-e" "RUSTUP_HOME=/opt/rustwide/rustup-home" "-w" "/opt/rustwide/workdir" "-m" "1610612736" "--user" "0:0" "--network" "none" "ghcr.io/rust-lang/crates-build-env/linux@sha256:2788e3201cd34a07e3172128adcd8b3090168a8e3bcc40d7c032b9dda1df7d1c" "/opt/rustwide/cargo-home/bin/cargo" "+1.75.0" "test" "--frozen" "--no-run" "--message-format=json", kill_on_drop: false }`
[INFO] [stdout] fe81e553d5857f69a90e0872a097e9d00d1a389837053d4cc21d265edf32f516
[INFO] running `Command { std: "docker" "start" "-a" "fe81e553d5857f69a90e0872a097e9d00d1a389837053d4cc21d265edf32f516", kill_on_drop: false }`
[INFO] [stderr]    Compiling syn v2.0.44
[INFO] [stderr]    Compiling getrandom v0.2.11
[INFO] [stderr]    Compiling uuid v1.6.1
[INFO] [stderr]    Compiling test-case-core v3.3.1
[INFO] [stderr]    Compiling serde_derive v1.0.193
[INFO] [stderr]    Compiling thiserror-impl v1.0.53
[INFO] [stderr]    Compiling clap_derive v4.4.7
[INFO] [stderr]    Compiling test-case-macros v3.3.1
[INFO] [stderr]    Compiling test-case v3.3.1
[INFO] [stderr]    Compiling thiserror v1.0.53
[INFO] [stderr]    Compiling clap v4.4.12
[INFO] [stderr]    Compiling liboci-cli v0.3.1
[INFO] [stderr]    Compiling serde v1.0.193
[INFO] [stderr]    Compiling serde_json v1.0.109
[INFO] [stderr]    Compiling serde_yaml v0.9.29
[INFO] [stderr]    Compiling oci-spec v0.6.4
[INFO] [stderr]    Compiling crun-qemu v0.0.0 (/opt/rustwide/workdir)
[INFO] [stderr]     Finished test [unoptimized + debuginfo] target(s) in 29.14s
[INFO] running `Command { std: "docker" "inspect" "fe81e553d5857f69a90e0872a097e9d00d1a389837053d4cc21d265edf32f516", kill_on_drop: false }`
[INFO] running `Command { std: "docker" "rm" "-f" "fe81e553d5857f69a90e0872a097e9d00d1a389837053d4cc21d265edf32f516", kill_on_drop: false }`
[INFO] [stdout] fe81e553d5857f69a90e0872a097e9d00d1a389837053d4cc21d265edf32f516
[INFO] running `Command { std: "docker" "create" "-v" "/var/lib/crater-agent-workspace/builds/worker-0-tc1/target:/opt/rustwide/target:rw,Z" "-v" "/var/lib/crater-agent-workspace/builds/worker-0-tc1/source:/opt/rustwide/workdir:ro,Z" "-v" "/var/lib/crater-agent-workspace/cargo-home:/opt/rustwide/cargo-home:ro,Z" "-v" "/var/lib/crater-agent-workspace/rustup-home:/opt/rustwide/rustup-home:ro,Z" "-e" "SOURCE_DIR=/opt/rustwide/workdir" "-e" "CARGO_TARGET_DIR=/opt/rustwide/target" "-e" "CARGO_INCREMENTAL=0" "-e" "RUST_BACKTRACE=full" "-e" "RUSTFLAGS=--cap-lints=warn" "-e" "RUSTDOCFLAGS=--cap-lints=warn" "-e" "CARGO_HOME=/opt/rustwide/cargo-home" "-e" "RUSTUP_HOME=/opt/rustwide/rustup-home" "-w" "/opt/rustwide/workdir" "-m" "1610612736" "--user" "0:0" "--network" "none" "ghcr.io/rust-lang/crates-build-env/linux@sha256:2788e3201cd34a07e3172128adcd8b3090168a8e3bcc40d7c032b9dda1df7d1c" "/opt/rustwide/cargo-home/bin/cargo" "+1.75.0" "test" "--frozen", kill_on_drop: false }`
[INFO] [stdout] d65abb33084a427dbb711a10cbad02ab79383afab4b354b9fe025f148eb55911
[INFO] running `Command { std: "docker" "start" "-a" "d65abb33084a427dbb711a10cbad02ab79383afab4b354b9fe025f148eb55911", kill_on_drop: false }`
[INFO] [stderr]     Finished test [unoptimized + debuginfo] target(s) in 0.11s
[INFO] [stderr]      Running unittests src/lib.rs (/opt/rustwide/target/debug/deps/crun_qemu-f591dc54bbfe8f6c)
[INFO] [stderr]      Running unittests src/main.rs (/opt/rustwide/target/debug/deps/crun_qemu-787770c38a715500)
[INFO] [stdout] 
[INFO] [stderr]      Running tests/run.rs (/opt/rustwide/target/debug/deps/run-fdbbe95a58d749a9)
[INFO] [stdout] running 0 tests
[INFO] [stdout] 
[INFO] [stdout] test result: ok. 0 passed; 0 failed; 0 ignored; 0 measured; 0 filtered out; finished in 0.00s
[INFO] [stdout] 
[INFO] [stdout] 
[INFO] [stdout] running 0 tests
[INFO] [stdout] 
[INFO] [stdout] test result: ok. 0 passed; 0 failed; 0 ignored; 0 measured; 0 filtered out; finished in 0.00s
[INFO] [stdout] 
[INFO] [stdout] 
[INFO] [stdout] running 10 tests
[INFO] [stdout] test test_run::engine_podman_complex_test_case_quay_io_containerdisks_fedora_39_home_fedora_expects ... FAILED
[INFO] [stdout] test test_run::engine_podman_complex_test_case_quay_io_crun_qemu_example_fedora_coreos_39_var_home_core_repo_path_expects ... FAILED
[INFO] [stdout] test test_run::engine_podman_simple_test_case_quay_io_containerdisks_fedora_39_home_fedora_expects ... FAILED
[INFO] [stdout] test test_run::engine_podman_simple_test_case_quay_io_crun_qemu_example_fedora_coreos_39_var_home_core_expects ... FAILED
[INFO] [stdout] test test_run::engine_podman_complex_test_case_quay_io_crun_qemu_example_fedora_coreos_39_var_home_core_expects ... FAILED
[INFO] [stdout] test test_run::engine_podman_complex_test_case_quay_io_containerdisks_fedora_39_home_fedora_repo_path_expects ... FAILED
[INFO] [stderr] docker: Cannot connect to the Docker daemon at unix:///var/run/docker.sock. Is the docker daemon running?.
[INFO] [stderr] See 'docker run --help'.
[INFO] [stderr] docker: Cannot connect to the Docker daemon at unix:///var/run/docker.sock. Is the docker daemon running?.
[INFO] [stderr] See 'docker run --help'.
[INFO] [stdout] test test_run::engine_docker_complex_test_case_quay_io_crun_qemu_example_fedora_coreos_39_var_home_core_repo_path_expects ... FAILED
[INFO] [stderr] docker: Cannot connect to the Docker daemon at unix:///var/run/docker.sock. Is the docker daemon running?.
[INFO] [stderr] See 'docker run --help'.
[INFO] [stdout] test test_run::engine_docker_simple_test_case_quay_io_crun_qemu_example_fedora_coreos_39_var_home_core_expects ... FAILED
[INFO] [stderr] docker: Cannot connect to the Docker daemon at unix:///var/run/docker.sock. Is the docker daemon running?.
[INFO] [stderr] See 'docker run --help'.
[INFO] [stdout] test test_run::engine_docker_complex_test_case_quay_io_containerdisks_fedora_39_home_fedora_repo_path_expects ... FAILED
[INFO] [stdout] test test_run::engine_docker_simple_test_case_quay_io_containerdisks_fedora_39_home_fedora_expects ... FAILED
[INFO] [stderr] error: test failed, to rerun pass `--test run`
[INFO] [stdout] 
[INFO] [stdout] failures:
[INFO] [stdout] 
[INFO] [stdout] ---- test_run::engine_podman_complex_test_case_quay_io_containerdisks_fedora_39_home_fedora_expects stdout ----
[INFO] [stdout] thread 'test_run::engine_podman_complex_test_case_quay_io_containerdisks_fedora_39_home_fedora_expects' panicked at tests/run.rs:111:10:
[INFO] [stdout] called `Result::unwrap()` on an `Err` value: Os { code: 2, kind: NotFound, message: "No such file or directory" }
[INFO] [stdout] stack backtrace:
[INFO] [stdout]    0: rust_begin_unwind
[INFO] [stdout]              at /rustc/82e1608dfa6e0b5569232559e3d385fea5a93112/library/std/src/panicking.rs:645:5
[INFO] [stdout]    1: core::panicking::panic_fmt
[INFO] [stdout]              at /rustc/82e1608dfa6e0b5569232559e3d385fea5a93112/library/core/src/panicking.rs:72:14
[INFO] [stdout]    2: core::result::unwrap_failed
[INFO] [stdout]              at /rustc/82e1608dfa6e0b5569232559e3d385fea5a93112/library/core/src/result.rs:1653:5
[INFO] [stdout]    3: core::result::Result<T,E>::unwrap
[INFO] [stdout]              at /rustc/82e1608dfa6e0b5569232559e3d385fea5a93112/library/core/src/result.rs:1077:23
[INFO] [stdout]    4: run::test_run
[INFO] [stdout]              at ./tests/run.rs:105:46
[INFO] [stdout]    5: run::test_run::engine_podman_complex_test_case_quay_io_containerdisks_fedora_39_home_fedora_expects
[INFO] [stdout]              at ./tests/run.rs:70:1
[INFO] [stdout]    6: run::test_run::engine_podman_complex_test_case_quay_io_containerdisks_fedora_39_home_fedora_expects::{{closure}}
[INFO] [stdout]              at ./tests/run.rs:85:3
[INFO] [stdout]    7: core::ops::function::FnOnce::call_once
[INFO] [stdout]              at /rustc/82e1608dfa6e0b5569232559e3d385fea5a93112/library/core/src/ops/function.rs:250:5
[INFO] [stdout]    8: core::ops::function::FnOnce::call_once
[INFO] [stdout]              at /rustc/82e1608dfa6e0b5569232559e3d385fea5a93112/library/core/src/ops/function.rs:250:5
[INFO] [stdout] note: Some details are omitted, run with `RUST_BACKTRACE=full` for a verbose backtrace.
[INFO] [stdout] 
[INFO] [stdout] ---- test_run::engine_podman_complex_test_case_quay_io_crun_qemu_example_fedora_coreos_39_var_home_core_repo_path_expects stdout ----
[INFO] [stdout] thread 'test_run::engine_podman_complex_test_case_quay_io_crun_qemu_example_fedora_coreos_39_var_home_core_repo_path_expects' panicked at tests/run.rs:111:10:
[INFO] [stdout] called `Result::unwrap()` on an `Err` value: Os { code: 2, kind: NotFound, message: "No such file or directory" }
[INFO] [stdout] stack backtrace:
[INFO] [stdout]    0: rust_begin_unwind
[INFO] [stdout]              at /rustc/82e1608dfa6e0b5569232559e3d385fea5a93112/library/std/src/panicking.rs:645:5
[INFO] [stdout]    1: core::panicking::panic_fmt
[INFO] [stdout]              at /rustc/82e1608dfa6e0b5569232559e3d385fea5a93112/library/core/src/panicking.rs:72:14
[INFO] [stdout]    2: core::result::unwrap_failed
[INFO] [stdout]              at /rustc/82e1608dfa6e0b5569232559e3d385fea5a93112/library/core/src/result.rs:1653:5
[INFO] [stdout]    3: core::result::Result<T,E>::unwrap
[INFO] [stdout]              at /rustc/82e1608dfa6e0b5569232559e3d385fea5a93112/library/core/src/result.rs:1077:23
[INFO] [stdout]    4: run::test_run
[INFO] [stdout]              at ./tests/run.rs:105:46
[INFO] [stdout]    5: run::test_run::engine_podman_complex_test_case_quay_io_crun_qemu_example_fedora_coreos_39_var_home_core_repo_path_expects
[INFO] [stdout]              at ./tests/run.rs:70:1
[INFO] [stdout]    6: run::test_run::engine_podman_complex_test_case_quay_io_crun_qemu_example_fedora_coreos_39_var_home_core_repo_path_expects::{{closure}}
[INFO] [stdout]              at ./tests/run.rs:85:3
[INFO] [stdout]    7: core::ops::function::FnOnce::call_once
[INFO] [stdout]              at /rustc/82e1608dfa6e0b5569232559e3d385fea5a93112/library/core/src/ops/function.rs:250:5
[INFO] [stdout]    8: core::ops::function::FnOnce::call_once
[INFO] [stdout]              at /rustc/82e1608dfa6e0b5569232559e3d385fea5a93112/library/core/src/ops/function.rs:250:5
[INFO] [stdout] note: Some details are omitted, run with `RUST_BACKTRACE=full` for a verbose backtrace.
[INFO] [stdout] 
[INFO] [stdout] ---- test_run::engine_podman_simple_test_case_quay_io_containerdisks_fedora_39_home_fedora_expects stdout ----
[INFO] [stdout] thread 'test_run::engine_podman_simple_test_case_quay_io_containerdisks_fedora_39_home_fedora_expects' panicked at tests/run.rs:111:10:
[INFO] [stdout] called `Result::unwrap()` on an `Err` value: Os { code: 2, kind: NotFound, message: "No such file or directory" }
[INFO] [stdout] stack backtrace:
[INFO] [stdout]    0: rust_begin_unwind
[INFO] [stdout]              at /rustc/82e1608dfa6e0b5569232559e3d385fea5a93112/library/std/src/panicking.rs:645:5
[INFO] [stdout]    1: core::panicking::panic_fmt
[INFO] [stdout]              at /rustc/82e1608dfa6e0b5569232559e3d385fea5a93112/library/core/src/panicking.rs:72:14
[INFO] [stdout]    2: core::result::unwrap_failed
[INFO] [stdout]              at /rustc/82e1608dfa6e0b5569232559e3d385fea5a93112/library/core/src/result.rs:1653:5
[INFO] [stdout]    3: core::result::Result<T,E>::unwrap
[INFO] [stdout]              at /rustc/82e1608dfa6e0b5569232559e3d385fea5a93112/library/core/src/result.rs:1077:23
[INFO] [stdout]    4: run::test_run
[INFO] [stdout]              at ./tests/run.rs:105:46
[INFO] [stdout]    5: run::test_run::engine_podman_simple_test_case_quay_io_containerdisks_fedora_39_home_fedora_expects
[INFO] [stdout]              at ./tests/run.rs:70:1
[INFO] [stdout]    6: run::test_run::engine_podman_simple_test_case_quay_io_containerdisks_fedora_39_home_fedora_expects::{{closure}}
[INFO] [stdout]              at ./tests/run.rs:85:3
[INFO] [stdout]    7: core::ops::function::FnOnce::call_once
[INFO] [stdout]              at /rustc/82e1608dfa6e0b5569232559e3d385fea5a93112/library/core/src/ops/function.rs:250:5
[INFO] [stdout]    8: core::ops::function::FnOnce::call_once
[INFO] [stdout]              at /rustc/82e1608dfa6e0b5569232559e3d385fea5a93112/library/core/src/ops/function.rs:250:5
[INFO] [stdout] note: Some details are omitted, run with `RUST_BACKTRACE=full` for a verbose backtrace.
[INFO] [stdout] 
[INFO] [stdout] ---- test_run::engine_podman_simple_test_case_quay_io_crun_qemu_example_fedora_coreos_39_var_home_core_expects stdout ----
[INFO] [stdout] thread 'test_run::engine_podman_simple_test_case_quay_io_crun_qemu_example_fedora_coreos_39_var_home_core_expects' panicked at tests/run.rs:111:10:
[INFO] [stdout] called `Result::unwrap()` on an `Err` value: Os { code: 2, kind: NotFound, message: "No such file or directory" }
[INFO] [stdout] stack backtrace:
[INFO] [stdout]    0: rust_begin_unwind
[INFO] [stdout]              at /rustc/82e1608dfa6e0b5569232559e3d385fea5a93112/library/std/src/panicking.rs:645:5
[INFO] [stdout]    1: core::panicking::panic_fmt
[INFO] [stdout]              at /rustc/82e1608dfa6e0b5569232559e3d385fea5a93112/library/core/src/panicking.rs:72:14
[INFO] [stdout]    2: core::result::unwrap_failed
[INFO] [stdout]              at /rustc/82e1608dfa6e0b5569232559e3d385fea5a93112/library/core/src/result.rs:1653:5
[INFO] [stdout]    3: core::result::Result<T,E>::unwrap
[INFO] [stdout]              at /rustc/82e1608dfa6e0b5569232559e3d385fea5a93112/library/core/src/result.rs:1077:23
[INFO] [stdout]    4: run::test_run
[INFO] [stdout]              at ./tests/run.rs:105:46
[INFO] [stdout]    5: run::test_run::engine_podman_simple_test_case_quay_io_crun_qemu_example_fedora_coreos_39_var_home_core_expects
[INFO] [stdout]              at ./tests/run.rs:70:1
[INFO] [stdout]    6: run::test_run::engine_podman_simple_test_case_quay_io_crun_qemu_example_fedora_coreos_39_var_home_core_expects::{{closure}}
[INFO] [stdout]              at ./tests/run.rs:85:3
[INFO] [stdout]    7: core::ops::function::FnOnce::call_once
[INFO] [stdout]              at /rustc/82e1608dfa6e0b5569232559e3d385fea5a93112/library/core/src/ops/function.rs:250:5
[INFO] [stdout]    8: core::ops::function::FnOnce::call_once
[INFO] [stdout]              at /rustc/82e1608dfa6e0b5569232559e3d385fea5a93112/library/core/src/ops/function.rs:250:5
[INFO] [stdout] note: Some details are omitted, run with `RUST_BACKTRACE=full` for a verbose backtrace.
[INFO] [stdout] 
[INFO] [stdout] ---- test_run::engine_podman_complex_test_case_quay_io_crun_qemu_example_fedora_coreos_39_var_home_core_expects stdout ----
[INFO] [stdout] thread 'test_run::engine_podman_complex_test_case_quay_io_crun_qemu_example_fedora_coreos_39_var_home_core_expects' panicked at tests/run.rs:111:10:
[INFO] [stdout] called `Result::unwrap()` on an `Err` value: Os { code: 2, kind: NotFound, message: "No such file or directory" }
[INFO] [stdout] stack backtrace:
[INFO] [stdout]    0: rust_begin_unwind
[INFO] [stdout]              at /rustc/82e1608dfa6e0b5569232559e3d385fea5a93112/library/std/src/panicking.rs:645:5
[INFO] [stdout]    1: core::panicking::panic_fmt
[INFO] [stdout]              at /rustc/82e1608dfa6e0b5569232559e3d385fea5a93112/library/core/src/panicking.rs:72:14
[INFO] [stdout]    2: core::result::unwrap_failed
[INFO] [stdout]              at /rustc/82e1608dfa6e0b5569232559e3d385fea5a93112/library/core/src/result.rs:1653:5
[INFO] [stdout]    3: core::result::Result<T,E>::unwrap
[INFO] [stdout]              at /rustc/82e1608dfa6e0b5569232559e3d385fea5a93112/library/core/src/result.rs:1077:23
[INFO] [stdout]    4: run::test_run
[INFO] [stdout]              at ./tests/run.rs:105:46
[INFO] [stdout]    5: run::test_run::engine_podman_complex_test_case_quay_io_crun_qemu_example_fedora_coreos_39_var_home_core_expects
[INFO] [stdout]              at ./tests/run.rs:70:1
[INFO] [stdout]    6: run::test_run::engine_podman_complex_test_case_quay_io_crun_qemu_example_fedora_coreos_39_var_home_core_expects::{{closure}}
[INFO] [stdout]              at ./tests/run.rs:85:3
[INFO] [stdout]    7: core::ops::function::FnOnce::call_once
[INFO] [stdout]              at /rustc/82e1608dfa6e0b5569232559e3d385fea5a93112/library/core/src/ops/function.rs:250:5
[INFO] [stdout]    8: core::ops::function::FnOnce::call_once
[INFO] [stdout]              at /rustc/82e1608dfa6e0b5569232559e3d385fea5a93112/library/core/src/ops/function.rs:250:5
[INFO] [stdout] note: Some details are omitted, run with `RUST_BACKTRACE=full` for a verbose backtrace.
[INFO] [stdout] 
[INFO] [stdout] ---- test_run::engine_podman_complex_test_case_quay_io_containerdisks_fedora_39_home_fedora_repo_path_expects stdout ----
[INFO] [stdout] thread 'test_run::engine_podman_complex_test_case_quay_io_containerdisks_fedora_39_home_fedora_repo_path_expects' panicked at tests/run.rs:111:10:
[INFO] [stdout] called `Result::unwrap()` on an `Err` value: Os { code: 2, kind: NotFound, message: "No such file or directory" }
[INFO] [stdout] stack backtrace:
[INFO] [stdout]    0: rust_begin_unwind
[INFO] [stdout]              at /rustc/82e1608dfa6e0b5569232559e3d385fea5a93112/library/std/src/panicking.rs:645:5
[INFO] [stdout]    1: core::panicking::panic_fmt
[INFO] [stdout]              at /rustc/82e1608dfa6e0b5569232559e3d385fea5a93112/library/core/src/panicking.rs:72:14
[INFO] [stdout]    2: core::result::unwrap_failed
[INFO] [stdout]              at /rustc/82e1608dfa6e0b5569232559e3d385fea5a93112/library/core/src/result.rs:1653:5
[INFO] [stdout]    3: core::result::Result<T,E>::unwrap
[INFO] [stdout]              at /rustc/82e1608dfa6e0b5569232559e3d385fea5a93112/library/core/src/result.rs:1077:23
[INFO] [stdout]    4: run::test_run
[INFO] [stdout]              at ./tests/run.rs:105:46
[INFO] [stdout]    5: run::test_run::engine_podman_complex_test_case_quay_io_containerdisks_fedora_39_home_fedora_repo_path_expects
[INFO] [stdout]              at ./tests/run.rs:70:1
[INFO] [stdout]    6: run::test_run::engine_podman_complex_test_case_quay_io_containerdisks_fedora_39_home_fedora_repo_path_expects::{{closure}}
[INFO] [stdout]              at ./tests/run.rs:85:3
[INFO] [stdout]    7: core::ops::function::FnOnce::call_once
[INFO] [stdout]              at /rustc/82e1608dfa6e0b5569232559e3d385fea5a93112/library/core/src/ops/function.rs:250:5
[INFO] [stdout]    8: core::ops::function::FnOnce::call_once
[INFO] [stdout]              at /rustc/82e1608dfa6e0b5569232559e3d385fea5a93112/library/core/src/ops/function.rs:250:5
[INFO] [stdout] note: Some details are omitted, run with `RUST_BACKTRACE=full` for a verbose backtrace.
[INFO] [stdout] 
[INFO] [stdout] ---- test_run::engine_docker_complex_test_case_quay_io_crun_qemu_example_fedora_coreos_39_var_home_core_repo_path_expects stdout ----
[INFO] [stdout] thread 'test_run::engine_docker_complex_test_case_quay_io_crun_qemu_example_fedora_coreos_39_var_home_core_repo_path_expects' panicked at tests/run.rs:117:13:
[INFO] [stdout] run command exited
[INFO] [stdout] stack backtrace:
[INFO] [stdout]    0: rust_begin_unwind
[INFO] [stdout]              at /rustc/82e1608dfa6e0b5569232559e3d385fea5a93112/library/std/src/panicking.rs:645:5
[INFO] [stdout]    1: core::panicking::panic_fmt
[INFO] [stdout]              at /rustc/82e1608dfa6e0b5569232559e3d385fea5a93112/library/core/src/panicking.rs:72:14
[INFO] [stdout]    2: run::test_run::{{closure}}
[INFO] [stdout]              at ./tests/run.rs:117:13
[INFO] [stdout]    3: run::test_run
[INFO] [stdout]              at ./tests/run.rs:115:18
[INFO] [stdout]    4: run::test_run::engine_docker_complex_test_case_quay_io_crun_qemu_example_fedora_coreos_39_var_home_core_repo_path_expects
[INFO] [stdout]              at ./tests/run.rs:70:1
[INFO] [stdout]    5: run::test_run::engine_docker_complex_test_case_quay_io_crun_qemu_example_fedora_coreos_39_var_home_core_repo_path_expects::{{closure}}
[INFO] [stdout]              at ./tests/run.rs:85:3
[INFO] [stdout]    6: core::ops::function::FnOnce::call_once
[INFO] [stdout]              at /rustc/82e1608dfa6e0b5569232559e3d385fea5a93112/library/core/src/ops/function.rs:250:5
[INFO] [stdout]    7: core::ops::function::FnOnce::call_once
[INFO] [stdout]              at /rustc/82e1608dfa6e0b5569232559e3d385fea5a93112/library/core/src/ops/function.rs:250:5
[INFO] [stdout] note: Some details are omitted, run with `RUST_BACKTRACE=full` for a verbose backtrace.
[INFO] [stdout] 
[INFO] [stdout] ---- test_run::engine_docker_simple_test_case_quay_io_crun_qemu_example_fedora_coreos_39_var_home_core_expects stdout ----
[INFO] [stdout] thread 'test_run::engine_docker_simple_test_case_quay_io_crun_qemu_example_fedora_coreos_39_var_home_core_expects' panicked at tests/run.rs:117:13:
[INFO] [stdout] run command exited
[INFO] [stdout] stack backtrace:
[INFO] [stdout]    0: rust_begin_unwind
[INFO] [stdout]              at /rustc/82e1608dfa6e0b5569232559e3d385fea5a93112/library/std/src/panicking.rs:645:5
[INFO] [stdout]    1: core::panicking::panic_fmt
[INFO] [stdout]              at /rustc/82e1608dfa6e0b5569232559e3d385fea5a93112/library/core/src/panicking.rs:72:14
[INFO] [stdout]    2: run::test_run::{{closure}}
[INFO] [stdout]              at ./tests/run.rs:117:13
[INFO] [stdout]    3: run::test_run
[INFO] [stdout]              at ./tests/run.rs:115:18
[INFO] [stdout]    4: run::test_run::engine_docker_simple_test_case_quay_io_crun_qemu_example_fedora_coreos_39_var_home_core_expects
[INFO] [stdout]              at ./tests/run.rs:70:1
[INFO] [stdout]    5: run::test_run::engine_docker_simple_test_case_quay_io_crun_qemu_example_fedora_coreos_39_var_home_core_expects::{{closure}}
[INFO] [stdout]              at ./tests/run.rs:85:3
[INFO] [stdout]    6: core::ops::function::FnOnce::call_once
[INFO] [stdout]              at /rustc/82e1608dfa6e0b5569232559e3d385fea5a93112/library/core/src/ops/function.rs:250:5
[INFO] [stdout]    7: core::ops::function::FnOnce::call_once
[INFO] [stdout]              at /rustc/82e1608dfa6e0b5569232559e3d385fea5a93112/library/core/src/ops/function.rs:250:5
[INFO] [stdout] note: Some details are omitted, run with `RUST_BACKTRACE=full` for a verbose backtrace.
[INFO] [stdout] 
[INFO] [stdout] ---- test_run::engine_docker_complex_test_case_quay_io_containerdisks_fedora_39_home_fedora_repo_path_expects stdout ----
[INFO] [stdout] thread 'test_run::engine_docker_complex_test_case_quay_io_containerdisks_fedora_39_home_fedora_repo_path_expects' panicked at tests/run.rs:117:13:
[INFO] [stdout] run command exited
[INFO] [stdout] stack backtrace:
[INFO] [stdout]    0: rust_begin_unwind
[INFO] [stdout]              at /rustc/82e1608dfa6e0b5569232559e3d385fea5a93112/library/std/src/panicking.rs:645:5
[INFO] [stdout]    1: core::panicking::panic_fmt
[INFO] [stdout]              at /rustc/82e1608dfa6e0b5569232559e3d385fea5a93112/library/core/src/panicking.rs:72:14
[INFO] [stdout]    2: run::test_run::{{closure}}
[INFO] [stdout]              at ./tests/run.rs:117:13
[INFO] [stdout]    3: run::test_run
[INFO] [stdout]              at ./tests/run.rs:115:18
[INFO] [stdout]    4: run::test_run::engine_docker_complex_test_case_quay_io_containerdisks_fedora_39_home_fedora_repo_path_expects
[INFO] [stdout]              at ./tests/run.rs:70:1
[INFO] [stdout]    5: run::test_run::engine_docker_complex_test_case_quay_io_containerdisks_fedora_39_home_fedora_repo_path_expects::{{closure}}
[INFO] [stdout]              at ./tests/run.rs:85:3
[INFO] [stdout]    6: core::ops::function::FnOnce::call_once
[INFO] [stdout]              at /rustc/82e1608dfa6e0b5569232559e3d385fea5a93112/library/core/src/ops/function.rs:250:5
[INFO] [stdout]    7: core::ops::function::FnOnce::call_once
[INFO] [stdout]              at /rustc/82e1608dfa6e0b5569232559e3d385fea5a93112/library/core/src/ops/function.rs:250:5
[INFO] [stdout] note: Some details are omitted, run with `RUST_BACKTRACE=full` for a verbose backtrace.
[INFO] [stdout] 
[INFO] [stdout] ---- test_run::engine_docker_simple_test_case_quay_io_containerdisks_fedora_39_home_fedora_expects stdout ----
[INFO] [stdout] thread 'test_run::engine_docker_simple_test_case_quay_io_containerdisks_fedora_39_home_fedora_expects' panicked at tests/run.rs:117:13:
[INFO] [stdout] run command exited
[INFO] [stdout] stack backtrace:
[INFO] [stdout]    0: rust_begin_unwind
[INFO] [stdout]              at /rustc/82e1608dfa6e0b5569232559e3d385fea5a93112/library/std/src/panicking.rs:645:5
[INFO] [stdout]    1: core::panicking::panic_fmt
[INFO] [stdout]              at /rustc/82e1608dfa6e0b5569232559e3d385fea5a93112/library/core/src/panicking.rs:72:14
[INFO] [stdout]    2: run::test_run::{{closure}}
[INFO] [stdout]              at ./tests/run.rs:117:13
[INFO] [stdout]    3: run::test_run
[INFO] [stdout]              at ./tests/run.rs:115:18
[INFO] [stdout]    4: run::test_run::engine_docker_simple_test_case_quay_io_containerdisks_fedora_39_home_fedora_expects
[INFO] [stdout]              at ./tests/run.rs:70:1
[INFO] [stdout]    5: run::test_run::engine_docker_simple_test_case_quay_io_containerdisks_fedora_39_home_fedora_expects::{{closure}}
[INFO] [stdout]              at ./tests/run.rs:85:3
[INFO] [stdout]    6: core::ops::function::FnOnce::call_once
[INFO] [stdout]              at /rustc/82e1608dfa6e0b5569232559e3d385fea5a93112/library/core/src/ops/function.rs:250:5
[INFO] [stdout]    7: core::ops::function::FnOnce::call_once
[INFO] [stdout]              at /rustc/82e1608dfa6e0b5569232559e3d385fea5a93112/library/core/src/ops/function.rs:250:5
[INFO] [stdout] note: Some details are omitted, run with `RUST_BACKTRACE=full` for a verbose backtrace.
[INFO] [stdout] 
[INFO] [stdout] 
[INFO] [stdout] failures:
[INFO] [stdout]     test_run::engine_docker_complex_test_case_quay_io_containerdisks_fedora_39_home_fedora_repo_path_expects
[INFO] [stdout]     test_run::engine_docker_complex_test_case_quay_io_crun_qemu_example_fedora_coreos_39_var_home_core_repo_path_expects
[INFO] [stdout]     test_run::engine_docker_simple_test_case_quay_io_containerdisks_fedora_39_home_fedora_expects
[INFO] [stdout]     test_run::engine_docker_simple_test_case_quay_io_crun_qemu_example_fedora_coreos_39_var_home_core_expects
[INFO] [stdout]     test_run::engine_podman_complex_test_case_quay_io_containerdisks_fedora_39_home_fedora_expects
[INFO] [stdout]     test_run::engine_podman_complex_test_case_quay_io_containerdisks_fedora_39_home_fedora_repo_path_expects
[INFO] [stdout]     test_run::engine_podman_complex_test_case_quay_io_crun_qemu_example_fedora_coreos_39_var_home_core_expects
[INFO] [stdout]     test_run::engine_podman_complex_test_case_quay_io_crun_qemu_example_fedora_coreos_39_var_home_core_repo_path_expects
[INFO] [stdout]     test_run::engine_podman_simple_test_case_quay_io_containerdisks_fedora_39_home_fedora_expects
[INFO] [stdout]     test_run::engine_podman_simple_test_case_quay_io_crun_qemu_example_fedora_coreos_39_var_home_core_expects
[INFO] [stdout] 
[INFO] [stdout] test result: FAILED. 0 passed; 10 failed; 0 ignored; 0 measured; 0 filtered out; finished in 0.50s
[INFO] [stdout] 
[INFO] running `Command { std: "docker" "inspect" "d65abb33084a427dbb711a10cbad02ab79383afab4b354b9fe025f148eb55911", kill_on_drop: false }`
[INFO] running `Command { std: "docker" "rm" "-f" "d65abb33084a427dbb711a10cbad02ab79383afab4b354b9fe025f148eb55911", kill_on_drop: false }`
[INFO] [stdout] d65abb33084a427dbb711a10cbad02ab79383afab4b354b9fe025f148eb55911
[INFO] testing containers/crun-qemu against beta-2023-12-22 for beta-1.76-1
[INFO] running `Command { std: "git" "clone" "/workspace/cache/git-repos/https%3A%2F%2Fgithub.com%2Fcontainers%2Fcrun-qemu" "/workspace/builds/worker-0-tc2/source", kill_on_drop: false }`
[INFO] [stderr] Cloning into '/workspace/builds/worker-0-tc2/source'...
[INFO] [stderr] done.
[INFO] validating manifest of git repo https://github.com/containers/crun-qemu on toolchain beta-2023-12-22
[INFO] running `Command { std: CARGO_HOME="/workspace/cargo-home" RUSTUP_HOME="/workspace/rustup-home" "/workspace/cargo-home/bin/cargo" "+beta-2023-12-22" "metadata" "--manifest-path" "Cargo.toml" "--no-deps", kill_on_drop: false }`
[INFO] started tweaking git repo https://github.com/containers/crun-qemu
[INFO] finished tweaking git repo https://github.com/containers/crun-qemu
[INFO] tweaked toml for git repo https://github.com/containers/crun-qemu written to /workspace/builds/worker-0-tc2/source/Cargo.toml
[INFO] crate git repo https://github.com/containers/crun-qemu already has a lockfile, it will not be regenerated
[INFO] running `Command { std: CARGO_HOME="/workspace/cargo-home" RUSTUP_HOME="/workspace/rustup-home" "/workspace/cargo-home/bin/cargo" "+beta-2023-12-22" "fetch" "--manifest-path" "Cargo.toml", kill_on_drop: false }`
[INFO] running `Command { std: "docker" "create" "-v" "/var/lib/crater-agent-workspace/builds/worker-0-tc2/target:/opt/rustwide/target:rw,Z" "-v" "/var/lib/crater-agent-workspace/builds/worker-0-tc2/source:/opt/rustwide/workdir:ro,Z" "-v" "/var/lib/crater-agent-workspace/cargo-home:/opt/rustwide/cargo-home:ro,Z" "-v" "/var/lib/crater-agent-workspace/rustup-home:/opt/rustwide/rustup-home:ro,Z" "-e" "SOURCE_DIR=/opt/rustwide/workdir" "-e" "CARGO_TARGET_DIR=/opt/rustwide/target" "-e" "CARGO_HOME=/opt/rustwide/cargo-home" "-e" "RUSTUP_HOME=/opt/rustwide/rustup-home" "-w" "/opt/rustwide/workdir" "-m" "1610612736" "--user" "0:0" "--network" "none" "ghcr.io/rust-lang/crates-build-env/linux@sha256:2788e3201cd34a07e3172128adcd8b3090168a8e3bcc40d7c032b9dda1df7d1c" "/opt/rustwide/cargo-home/bin/cargo" "+beta-2023-12-22" "metadata" "--no-deps" "--format-version=1", kill_on_drop: false }`
[INFO] [stdout] 9f47148342db45352dd39974b0702cefbd95a592918a7a3f4679cc51d5b97592
[INFO] running `Command { std: "docker" "start" "-a" "9f47148342db45352dd39974b0702cefbd95a592918a7a3f4679cc51d5b97592", kill_on_drop: false }`
[INFO] running `Command { std: "docker" "inspect" "9f47148342db45352dd39974b0702cefbd95a592918a7a3f4679cc51d5b97592", kill_on_drop: false }`
[INFO] running `Command { std: "docker" "rm" "-f" "9f47148342db45352dd39974b0702cefbd95a592918a7a3f4679cc51d5b97592", kill_on_drop: false }`
[INFO] [stdout] 9f47148342db45352dd39974b0702cefbd95a592918a7a3f4679cc51d5b97592
[INFO] running `Command { std: "docker" "create" "-v" "/var/lib/crater-agent-workspace/builds/worker-0-tc2/target:/opt/rustwide/target:rw,Z" "-v" "/var/lib/crater-agent-workspace/builds/worker-0-tc2/source:/opt/rustwide/workdir:ro,Z" "-v" "/var/lib/crater-agent-workspace/cargo-home:/opt/rustwide/cargo-home:ro,Z" "-v" "/var/lib/crater-agent-workspace/rustup-home:/opt/rustwide/rustup-home:ro,Z" "-e" "SOURCE_DIR=/opt/rustwide/workdir" "-e" "CARGO_TARGET_DIR=/opt/rustwide/target" "-e" "CARGO_INCREMENTAL=0" "-e" "RUST_BACKTRACE=full" "-e" "RUSTFLAGS=--cap-lints=warn" "-e" "RUSTDOCFLAGS=--cap-lints=warn" "-e" "CARGO_HOME=/opt/rustwide/cargo-home" "-e" "RUSTUP_HOME=/opt/rustwide/rustup-home" "-w" "/opt/rustwide/workdir" "-m" "1610612736" "--user" "0:0" "--network" "none" "ghcr.io/rust-lang/crates-build-env/linux@sha256:2788e3201cd34a07e3172128adcd8b3090168a8e3bcc40d7c032b9dda1df7d1c" "/opt/rustwide/cargo-home/bin/cargo" "+beta-2023-12-22" "build" "--frozen" "--message-format=json", kill_on_drop: false }`
[INFO] [stdout] 577fc429478b9372b51bfb52c38937bed821888428d1d64c00cb2b13d0185048
[INFO] running `Command { std: "docker" "start" "-a" "577fc429478b9372b51bfb52c38937bed821888428d1d64c00cb2b13d0185048", kill_on_drop: false }`
[INFO] [stderr]    Compiling proc-macro2 v1.0.73
[INFO] [stderr]    Compiling unicode-ident v1.0.12
[INFO] [stderr]    Compiling syn v1.0.109
[INFO] [stderr]    Compiling strsim v0.10.0
[INFO] [stderr]    Compiling version_check v0.9.4
[INFO] [stderr]    Compiling fnv v1.0.7
[INFO] [stderr]    Compiling ident_case v1.0.1
[INFO] [stderr]    Compiling serde v1.0.193
[INFO] [stderr]    Compiling libc v0.2.151
[INFO] [stderr]    Compiling anstyle v1.0.4
[INFO] [stderr]    Compiling thiserror v1.0.53
[INFO] [stderr]    Compiling itoa v1.0.10
[INFO] [stderr]    Compiling clap_lex v0.6.0
[INFO] [stderr]    Compiling heck v0.4.1
[INFO] [stderr]    Compiling serde_json v1.0.109
[INFO] [stderr]    Compiling ryu v1.0.16
[INFO] [stderr]    Compiling anyhow v1.0.78
[INFO] [stderr]    Compiling hashbrown v0.14.3
[INFO] [stderr]    Compiling regex-syntax v0.8.2
[INFO] [stderr]    Compiling equivalent v1.0.1
[INFO] [stderr]    Compiling crun-qemu v0.0.0 (/opt/rustwide/workdir)
[INFO] [stderr]    Compiling once_cell v1.19.0
[INFO] [stderr]    Compiling bitflags v2.4.1
[INFO] [stderr]    Compiling clap_builder v4.4.12
[INFO] [stderr]    Compiling unsafe-libyaml v0.2.10
[INFO] [stderr]    Compiling urlencoding v2.1.3
[INFO] [stderr]    Compiling proc-macro-error-attr v1.0.4
[INFO] [stderr]    Compiling proc-macro-error v1.0.4
[INFO] [stderr]    Compiling home v0.5.9
[INFO] [stderr]    Compiling xml-rs v0.8.19
[INFO] [stderr]    Compiling indexmap v2.1.0
[INFO] [stderr]    Compiling quote v1.0.34
[INFO] [stderr]    Compiling syn v2.0.44
[INFO] [stderr]    Compiling regex-automata v0.4.3
[INFO] [stderr]    Compiling nix v0.27.1
[INFO] [stderr]    Compiling sysinfo v0.29.11
[INFO] [stderr]    Compiling num_cpus v1.16.0
[INFO] [stderr]    Compiling regex v1.10.2
[INFO] [stderr]    Compiling darling_core v0.14.4
[INFO] [stderr]    Compiling serde_derive v1.0.193
[INFO] [stderr]    Compiling clap_derive v4.4.7
[INFO] [stderr]    Compiling thiserror-impl v1.0.53
[INFO] [stderr]    Compiling getset v0.1.2
[INFO] [stderr]    Compiling darling_macro v0.14.4
[INFO] [stderr]    Compiling clap v4.4.12
[INFO] [stderr]    Compiling liboci-cli v0.3.1
[INFO] [stderr]    Compiling darling v0.14.4
[INFO] [stderr]    Compiling derive_builder_core v0.12.0
[INFO] [stderr]    Compiling derive_builder_macro v0.12.0
[INFO] [stderr]    Compiling derive_builder v0.12.0
[INFO] [stderr]    Compiling serde_yaml v0.9.29
[INFO] [stderr]    Compiling oci-spec v0.6.4
[INFO] [stderr]     Finished dev [unoptimized + debuginfo] target(s) in 31.12s
[INFO] running `Command { std: "docker" "inspect" "577fc429478b9372b51bfb52c38937bed821888428d1d64c00cb2b13d0185048", kill_on_drop: false }`
[INFO] running `Command { std: "docker" "rm" "-f" "577fc429478b9372b51bfb52c38937bed821888428d1d64c00cb2b13d0185048", kill_on_drop: false }`
[INFO] [stdout] 577fc429478b9372b51bfb52c38937bed821888428d1d64c00cb2b13d0185048
[INFO] running `Command { std: "docker" "create" "-v" "/var/lib/crater-agent-workspace/builds/worker-0-tc2/target:/opt/rustwide/target:rw,Z" "-v" "/var/lib/crater-agent-workspace/builds/worker-0-tc2/source:/opt/rustwide/workdir:ro,Z" "-v" "/var/lib/crater-agent-workspace/cargo-home:/opt/rustwide/cargo-home:ro,Z" "-v" "/var/lib/crater-agent-workspace/rustup-home:/opt/rustwide/rustup-home:ro,Z" "-e" "SOURCE_DIR=/opt/rustwide/workdir" "-e" "CARGO_TARGET_DIR=/opt/rustwide/target" "-e" "CARGO_INCREMENTAL=0" "-e" "RUST_BACKTRACE=full" "-e" "RUSTFLAGS=--cap-lints=warn" "-e" "RUSTDOCFLAGS=--cap-lints=warn" "-e" "CARGO_HOME=/opt/rustwide/cargo-home" "-e" "RUSTUP_HOME=/opt/rustwide/rustup-home" "-w" "/opt/rustwide/workdir" "-m" "1610612736" "--user" "0:0" "--network" "none" "ghcr.io/rust-lang/crates-build-env/linux@sha256:2788e3201cd34a07e3172128adcd8b3090168a8e3bcc40d7c032b9dda1df7d1c" "/opt/rustwide/cargo-home/bin/cargo" "+beta-2023-12-22" "test" "--frozen" "--no-run" "--message-format=json", kill_on_drop: false }`
[INFO] [stdout] 85ab69d92aef38605c8c0d5680c0c2aa96968110e43317dc11e1de138796da7c
[INFO] running `Command { std: "docker" "start" "-a" "85ab69d92aef38605c8c0d5680c0c2aa96968110e43317dc11e1de138796da7c", kill_on_drop: false }`
[INFO] [stderr]    Compiling syn v2.0.44
[INFO] [stderr]    Compiling getrandom v0.2.11
[INFO] [stderr]    Compiling uuid v1.6.1
[INFO] [stderr]    Compiling test-case-core v3.3.1
[INFO] [stderr]    Compiling serde_derive v1.0.193
[INFO] [stderr]    Compiling thiserror-impl v1.0.53
[INFO] [stderr]    Compiling clap_derive v4.4.7
[INFO] [stderr]    Compiling test-case-macros v3.3.1
[INFO] [stderr]    Compiling test-case v3.3.1
[INFO] [stderr]    Compiling thiserror v1.0.53
[INFO] [stderr]    Compiling clap v4.4.12
[INFO] [stderr]    Compiling liboci-cli v0.3.1
[INFO] [stderr]    Compiling serde v1.0.193
[INFO] [stderr]    Compiling serde_json v1.0.109
[INFO] [stderr]    Compiling serde_yaml v0.9.29
[INFO] [stderr]    Compiling oci-spec v0.6.4
[INFO] [stderr]    Compiling crun-qemu v0.0.0 (/opt/rustwide/workdir)
[INFO] [stderr]     Finished test [unoptimized + debuginfo] target(s) in 16.94s
[INFO] running `Command { std: "docker" "inspect" "85ab69d92aef38605c8c0d5680c0c2aa96968110e43317dc11e1de138796da7c", kill_on_drop: false }`
[INFO] running `Command { std: "docker" "rm" "-f" "85ab69d92aef38605c8c0d5680c0c2aa96968110e43317dc11e1de138796da7c", kill_on_drop: false }`
[INFO] [stdout] 85ab69d92aef38605c8c0d5680c0c2aa96968110e43317dc11e1de138796da7c
[INFO] running `Command { std: "docker" "create" "-v" "/var/lib/crater-agent-workspace/builds/worker-0-tc2/target:/opt/rustwide/target:rw,Z" "-v" "/var/lib/crater-agent-workspace/builds/worker-0-tc2/source:/opt/rustwide/workdir:ro,Z" "-v" "/var/lib/crater-agent-workspace/cargo-home:/opt/rustwide/cargo-home:ro,Z" "-v" "/var/lib/crater-agent-workspace/rustup-home:/opt/rustwide/rustup-home:ro,Z" "-e" "SOURCE_DIR=/opt/rustwide/workdir" "-e" "CARGO_TARGET_DIR=/opt/rustwide/target" "-e" "CARGO_INCREMENTAL=0" "-e" "RUST_BACKTRACE=full" "-e" "RUSTFLAGS=--cap-lints=warn" "-e" "RUSTDOCFLAGS=--cap-lints=warn" "-e" "CARGO_HOME=/opt/rustwide/cargo-home" "-e" "RUSTUP_HOME=/opt/rustwide/rustup-home" "-w" "/opt/rustwide/workdir" "-m" "1610612736" "--user" "0:0" "--network" "none" "ghcr.io/rust-lang/crates-build-env/linux@sha256:2788e3201cd34a07e3172128adcd8b3090168a8e3bcc40d7c032b9dda1df7d1c" "/opt/rustwide/cargo-home/bin/cargo" "+beta-2023-12-22" "test" "--frozen", kill_on_drop: false }`
[INFO] [stdout] 0bd08c0bb5c5beabf95aae4ab20f50df3839dd7c2d6017483641d08b5ec8007b
[INFO] running `Command { std: "docker" "start" "-a" "0bd08c0bb5c5beabf95aae4ab20f50df3839dd7c2d6017483641d08b5ec8007b", kill_on_drop: false }`
[INFO] [stderr]     Finished test [unoptimized + debuginfo] target(s) in 0.05s
[INFO] [stderr]      Running unittests src/lib.rs (/opt/rustwide/target/debug/deps/crun_qemu-ab0ccbb2255ca063)
[INFO] [stdout] 
[INFO] [stdout] running 0 tests
[INFO] [stdout] 
[INFO] [stdout] test result: ok. 0 passed; 0 failed; 0 ignored; 0 measured; 0 filtered out; finished in 0.00s
[INFO] [stdout] 
[INFO] [stderr]      Running unittests src/main.rs (/opt/rustwide/target/debug/deps/crun_qemu-829e8509412bfe86)
[INFO] [stdout] 
[INFO] [stdout] running 0 tests
[INFO] [stdout] 
[INFO] [stdout] test result: ok. 0 passed; 0 failed; 0 ignored; 0 measured; 0 filtered out; finished in 0.00s
[INFO] [stdout] 
[INFO] [stderr]      Running tests/run.rs (/opt/rustwide/target/debug/deps/run-d488905bd03f0b4f)
[INFO] [stdout] 
[INFO] [stdout] running 10 tests
[INFO] [stdout] test test_run::engine_podman_complex_test_case_quay_io_crun_qemu_example_fedora_coreos_39_var_home_core_repo_path_expects ... FAILED
[INFO] [stdout] test test_run::engine_podman_simple_test_case_quay_io_containerdisks_fedora_39_home_fedora_expects ... FAILED
[INFO] [stdout] test test_run::engine_podman_complex_test_case_quay_io_containerdisks_fedora_39_home_fedora_repo_path_expects ... FAILED
[INFO] [stdout] test test_run::engine_podman_simple_test_case_quay_io_crun_qemu_example_fedora_coreos_39_var_home_core_expects ... FAILED
[INFO] [stdout] test test_run::engine_podman_complex_test_case_quay_io_containerdisks_fedora_39_home_fedora_expects ... FAILED
[INFO] [stdout] test test_run::engine_podman_complex_test_case_quay_io_crun_qemu_example_fedora_coreos_39_var_home_core_expects ... FAILED
[INFO] [stderr] docker: Cannot connect to the Docker daemon at unix:///var/run/docker.sock. Is the docker daemon running?.
[INFO] [stderr] See 'docker run --help'.
[INFO] [stderr] docker: Cannot connect to the Docker daemon at unix:///var/run/docker.sock. Is the docker daemon running?.
[INFO] [stderr] See 'docker run --help'.
[INFO] [stderr] docker: Cannot connect to the Docker daemon at unix:///var/run/docker.sock. Is the docker daemon running?.
[INFO] [stderr] See 'docker run --help'.
[INFO] [stderr] docker: Cannot connect to the Docker daemon at unix:///var/run/docker.sock. Is the docker daemon running?.
[INFO] [stderr] See 'docker run --help'.
[INFO] [stdout] test test_run::engine_docker_simple_test_case_quay_io_crun_qemu_example_fedora_coreos_39_var_home_core_expects ... FAILED
[INFO] [stdout] test test_run::engine_docker_complex_test_case_quay_io_containerdisks_fedora_39_home_fedora_repo_path_expects ... FAILED
[INFO] [stdout] test test_run::engine_docker_complex_test_case_quay_io_crun_qemu_example_fedora_coreos_39_var_home_core_repo_path_expects ... FAILED
[INFO] [stdout] test test_run::engine_docker_simple_test_case_quay_io_containerdisks_fedora_39_home_fedora_expects ... FAILED
[INFO] [stdout] 
[INFO] [stdout] failures:
[INFO] [stdout] 
[INFO] [stdout] ---- test_run::engine_podman_complex_test_case_quay_io_crun_qemu_example_fedora_coreos_39_var_home_core_repo_path_expects stdout ----
[INFO] [stdout] thread 'test_run::engine_podman_complex_test_case_quay_io_crun_qemu_example_fedora_coreos_39_var_home_core_repo_path_expects' panicked at tests/run.rs:111:10:
[INFO] [stdout] called `Result::unwrap()` on an `Err` value: Os { code: 2, kind: NotFound, message: "No such file or directory" }
[INFO] [stdout] stack backtrace:
[INFO] [stdout]    0: rust_begin_unwind
[INFO] [stdout]              at /rustc/0e09125c6c3c2fd70d7de961bcf0e51575235fad/library/std/src/panicking.rs:645:5
[INFO] [stdout]    1: core::panicking::panic_fmt
[INFO] [stdout]              at /rustc/0e09125c6c3c2fd70d7de961bcf0e51575235fad/library/core/src/panicking.rs:72:14
[INFO] [stdout]    2: core::result::unwrap_failed
[INFO] [stdout]              at /rustc/0e09125c6c3c2fd70d7de961bcf0e51575235fad/library/core/src/result.rs:1649:5
[INFO] [stdout]    3: core::result::Result<T,E>::unwrap
[INFO] [stdout]              at /rustc/0e09125c6c3c2fd70d7de961bcf0e51575235fad/library/core/src/result.rs:1073:23
[INFO] [stdout]    4: run::test_run
[INFO] [stdout]              at ./tests/run.rs:105:46
[INFO] [stdout]    5: run::test_run::engine_podman_complex_test_case_quay_io_crun_qemu_example_fedora_coreos_39_var_home_core_repo_path_expects
[INFO] [stdout]              at ./tests/run.rs:70:1
[INFO] [stdout]    6: run::test_run::engine_podman_complex_test_case_quay_io_crun_qemu_example_fedora_coreos_39_var_home_core_repo_path_expects::{{closure}}
[INFO] [stdout]              at ./tests/run.rs:85:3
[INFO] [stdout]    7: core::ops::function::FnOnce::call_once
[INFO] [stdout]              at /rustc/0e09125c6c3c2fd70d7de961bcf0e51575235fad/library/core/src/ops/function.rs:250:5
[INFO] [stdout]    8: core::ops::function::FnOnce::call_once
[INFO] [stdout]              at /rustc/0e09125c6c3c2fd70d7de961bcf0e51575235fad/library/core/src/ops/function.rs:250:5
[INFO] [stdout] note: Some details are omitted, run with `RUST_BACKTRACE=full` for a verbose backtrace.
[INFO] [stdout] 
[INFO] [stdout] ---- test_run::engine_podman_simple_test_case_quay_io_containerdisks_fedora_39_home_fedora_expects stdout ----
[INFO] [stdout] thread 'test_run::engine_podman_simple_test_case_quay_io_containerdisks_fedora_39_home_fedora_expects' panicked at tests/run.rs:111:10:
[INFO] [stdout] called `Result::unwrap()` on an `Err` value: Os { code: 2, kind: NotFound, message: "No such file or directory" }
[INFO] [stdout] stack backtrace:
[INFO] [stdout]    0: rust_begin_unwind
[INFO] [stdout]              at /rustc/0e09125c6c3c2fd70d7de961bcf0e51575235fad/library/std/src/panicking.rs:645:5
[INFO] [stdout]    1: core::panicking::panic_fmt
[INFO] [stdout]              at /rustc/0e09125c6c3c2fd70d7de961bcf0e51575235fad/library/core/src/panicking.rs:72:14
[INFO] [stdout]    2: core::result::unwrap_failed
[INFO] [stdout]              at /rustc/0e09125c6c3c2fd70d7de961bcf0e51575235fad/library/core/src/result.rs:1649:5
[INFO] [stdout]    3: core::result::Result<T,E>::unwrap
[INFO] [stdout]              at /rustc/0e09125c6c3c2fd70d7de961bcf0e51575235fad/library/core/src/result.rs:1073:23
[INFO] [stdout]    4: run::test_run
[INFO] [stdout]              at ./tests/run.rs:105:46
[INFO] [stdout]    5: run::test_run::engine_podman_simple_test_case_quay_io_containerdisks_fedora_39_home_fedora_expects
[INFO] [stdout]              at ./tests/run.rs:70:1
[INFO] [stdout]    6: run::test_run::engine_podman_simple_test_case_quay_io_containerdisks_fedora_39_home_fedora_expects::{{closure}}
[INFO] [stdout]              at ./tests/run.rs:85:3
[INFO] [stdout]    7: core::ops::function::FnOnce::call_once
[INFO] [stdout]              at /rustc/0e09125c6c3c2fd70d7de961bcf0e51575235fad/library/core/src/ops/function.rs:250:5
[INFO] [stdout]    8: core::ops::function::FnOnce::call_once
[INFO] [stdout]              at /rustc/0e09125c6c3c2fd70d7de961bcf0e51575235fad/library/core/src/ops/function.rs:250:5
[INFO] [stdout] note: Some details are omitted, run with `RUST_BACKTRACE=full` for a verbose backtrace.
[INFO] [stdout] 
[INFO] [stdout] ---- test_run::engine_podman_complex_test_case_quay_io_containerdisks_fedora_39_home_fedora_repo_path_expects stdout ----
[INFO] [stdout] thread 'test_run::engine_podman_complex_test_case_quay_io_containerdisks_fedora_39_home_fedora_repo_path_expects' panicked at tests/run.rs:111:10:
[INFO] [stdout] called `Result::unwrap()` on an `Err` value: Os { code: 2, kind: NotFound, message: "No such file or directory" }
[INFO] [stdout] stack backtrace:
[INFO] [stdout]    0: rust_begin_unwind
[INFO] [stdout]              at /rustc/0e09125c6c3c2fd70d7de961bcf0e51575235fad/library/std/src/panicking.rs:645:5
[INFO] [stdout]    1: core::panicking::panic_fmt
[INFO] [stdout]              at /rustc/0e09125c6c3c2fd70d7de961bcf0e51575235fad/library/core/src/panicking.rs:72:14
[INFO] [stdout]    2: core::result::unwrap_failed
[INFO] [stdout]              at /rustc/0e09125c6c3c2fd70d7de961bcf0e51575235fad/library/core/src/result.rs:1649:5
[INFO] [stdout]    3: core::result::Result<T,E>::unwrap
[INFO] [stdout]              at /rustc/0e09125c6c3c2fd70d7de961bcf0e51575235fad/library/core/src/result.rs:1073:23
[INFO] [stdout]    4: run::test_run
[INFO] [stdout]              at ./tests/run.rs:105:46
[INFO] [stdout]    5: run::test_run::engine_podman_complex_test_case_quay_io_containerdisks_fedora_39_home_fedora_repo_path_expects
[INFO] [stdout]              at ./tests/run.rs:70:1
[INFO] [stdout]    6: run::test_run::engine_podman_complex_test_case_quay_io_containerdisks_fedora_39_home_fedora_repo_path_expects::{{closure}}
[INFO] [stdout]              at ./tests/run.rs:85:3
[INFO] [stdout]    7: core::ops::function::FnOnce::call_once
[INFO] [stdout]              at /rustc/0e09125c6c3c2fd70d7de961bcf0e51575235fad/library/core/src/ops/function.rs:250:5
[INFO] [stdout]    8: core::ops::function::FnOnce::call_once
[INFO] [stdout]              at /rustc/0e09125c6c3c2fd70d7de961bcf0e51575235fad/library/core/src/ops/function.rs:250:5
[INFO] [stdout] note: Some details are omitted, run with `RUST_BACKTRACE=full` for a verbose backtrace.
[INFO] [stdout] 
[INFO] [stdout] ---- test_run::engine_podman_simple_test_case_quay_io_crun_qemu_example_fedora_coreos_39_var_home_core_expects stdout ----
[INFO] [stdout] thread 'test_run::engine_podman_simple_test_case_quay_io_crun_qemu_example_fedora_coreos_39_var_home_core_expects' panicked at tests/run.rs:111:10:
[INFO] [stdout] called `Result::unwrap()` on an `Err` value: Os { code: 2, kind: NotFound, message: "No such file or directory" }
[INFO] [stdout] stack backtrace:
[INFO] [stdout]    0: rust_begin_unwind
[INFO] [stdout]              at /rustc/0e09125c6c3c2fd70d7de961bcf0e51575235fad/library/std/src/panicking.rs:645:5
[INFO] [stdout]    1: core::panicking::panic_fmt
[INFO] [stdout]              at /rustc/0e09125c6c3c2fd70d7de961bcf0e51575235fad/library/core/src/panicking.rs:72:14
[INFO] [stdout]    2: core::result::unwrap_failed
[INFO] [stdout]              at /rustc/0e09125c6c3c2fd70d7de961bcf0e51575235fad/library/core/src/result.rs:1649:5
[INFO] [stdout]    3: core::result::Result<T,E>::unwrap
[INFO] [stdout]              at /rustc/0e09125c6c3c2fd70d7de961bcf0e51575235fad/library/core/src/result.rs:1073:23
[INFO] [stdout]    4: run::test_run
[INFO] [stdout]              at ./tests/run.rs:105:46
[INFO] [stdout]    5: run::test_run::engine_podman_simple_test_case_quay_io_crun_qemu_example_fedora_coreos_39_var_home_core_expects
[INFO] [stdout]              at ./tests/run.rs:70:1
[INFO] [stdout]    6: run::test_run::engine_podman_simple_test_case_quay_io_crun_qemu_example_fedora_coreos_39_var_home_core_expects::{{closure}}
[INFO] [stdout]              at ./tests/run.rs:85:3
[INFO] [stdout]    7: core::ops::function::FnOnce::call_once
[INFO] [stdout]              at /rustc/0e09125c6c3c2fd70d7de961bcf0e51575235fad/library/core/src/ops/function.rs:250:5
[INFO] [stdout]    8: core::ops::function::FnOnce::call_once
[INFO] [stdout]              at /rustc/0e09125c6c3c2fd70d7de961bcf0e51575235fad/library/core/src/ops/function.rs:250:5
[INFO] [stdout] note: Some details are omitted, run with `RUST_BACKTRACE=full` for a verbose backtrace.
[INFO] [stdout] 
[INFO] [stdout] ---- test_run::engine_podman_complex_test_case_quay_io_containerdisks_fedora_39_home_fedora_expects stdout ----
[INFO] [stdout] thread 'test_run::engine_podman_complex_test_case_quay_io_containerdisks_fedora_39_home_fedora_expects' panicked at tests/run.rs:111:10:
[INFO] [stdout] called `Result::unwrap()` on an `Err` value: Os { code: 2, kind: NotFound, message: "No such file or directory" }
[INFO] [stdout] stack backtrace:
[INFO] [stdout]    0: rust_begin_unwind
[INFO] [stdout]              at /rustc/0e09125c6c3c2fd70d7de961bcf0e51575235fad/library/std/src/panicking.rs:645:5
[INFO] [stdout]    1: core::panicking::panic_fmt
[INFO] [stdout]              at /rustc/0e09125c6c3c2fd70d7de961bcf0e51575235fad/library/core/src/panicking.rs:72:14
[INFO] [stdout]    2: core::result::unwrap_failed
[INFO] [stdout]              at /rustc/0e09125c6c3c2fd70d7de961bcf0e51575235fad/library/core/src/result.rs:1649:5
[INFO] [stdout]    3: core::result::Result<T,E>::unwrap
[INFO] [stdout]              at /rustc/0e09125c6c3c2fd70d7de961bcf0e51575235fad/library/core/src/result.rs:1073:23
[INFO] [stdout]    4: run::test_run
[INFO] [stdout]              at ./tests/run.rs:105:46
[INFO] [stdout]    5: run::test_run::engine_podman_complex_test_case_quay_io_containerdisks_fedora_39_home_fedora_expects
[INFO] [stdout]              at ./tests/run.rs:70:1
[INFO] [stdout]    6: run::test_run::engine_podman_complex_test_case_quay_io_containerdisks_fedora_39_home_fedora_expects::{{closure}}
[INFO] [stdout]              at ./tests/run.rs:85:3
[INFO] [stdout]    7: core::ops::function::FnOnce::call_once
[INFO] [stdout]              at /rustc/0e09125c6c3c2fd70d7de961bcf0e51575235fad/library/core/src/ops/function.rs:250:5
[INFO] [stdout]    8: core::ops::function::FnOnce::call_once
[INFO] [stdout]              at /rustc/0e09125c6c3c2fd70d7de961bcf0e51575235fad/library/core/src/ops/function.rs:250:5
[INFO] [stdout] note: Some details are omitted, run with `RUST_BACKTRACE=full` for a verbose backtrace.
[INFO] [stdout] 
[INFO] [stdout] ---- test_run::engine_podman_complex_test_case_quay_io_crun_qemu_example_fedora_coreos_39_var_home_core_expects stdout ----
[INFO] [stdout] thread 'test_run::engine_podman_complex_test_case_quay_io_crun_qemu_example_fedora_coreos_39_var_home_core_expects' panicked at tests/run.rs:111:10:
[INFO] [stdout] called `Result::unwrap()` on an `Err` value: Os { code: 2, kind: NotFound, message: "No such file or directory" }
[INFO] [stdout] stack backtrace:
[INFO] [stdout]    0: rust_begin_unwind
[INFO] [stdout]              at /rustc/0e09125c6c3c2fd70d7de961bcf0e51575235fad/library/std/src/panicking.rs:645:5
[INFO] [stdout]    1: core::panicking::panic_fmt
[INFO] [stdout]              at /rustc/0e09125c6c3c2fd70d7de961bcf0e51575235fad/library/core/src/panicking.rs:72:14
[INFO] [stdout]    2: core::result::unwrap_failed
[INFO] [stdout]              at /rustc/0e09125c6c3c2fd70d7de961bcf0e51575235fad/library/core/src/result.rs:1649:5
[INFO] [stdout]    3: core::result::Result<T,E>::unwrap
[INFO] [stdout]              at /rustc/0e09125c6c3c2fd70d7de961bcf0e51575235fad/library/core/src/result.rs:1073:23
[INFO] [stdout]    4: run::test_run
[INFO] [stdout]              at ./tests/run.rs:105:46
[INFO] [stdout]    5: run::test_run::engine_podman_complex_test_case_quay_io_crun_qemu_example_fedora_coreos_39_var_home_core_expects
[INFO] [stdout]              at ./tests/run.rs:70:1
[INFO] [stdout]    6: run::test_run::engine_podman_complex_test_case_quay_io_crun_qemu_example_fedora_coreos_39_var_home_core_expects::{{closure}}
[INFO] [stdout]              at ./tests/run.rs:85:3
[INFO] [stdout]    7: core::ops::function::FnOnce::call_once
[INFO] [stdout]              at /rustc/0e09125c6c3c2fd70d7de961bcf0e51575235fad/library/core/src/ops/function.rs:250:5
[INFO] [stdout]    8: core::ops::function::FnOnce::call_once
[INFO] [stdout]              at /rustc/0e09125c6c3c2fd70d7de961bcf0e51575235fad/library/core/src/ops/function.rs:250:5
[INFO] [stdout] note: Some details are omitted, run with `RUST_BACKTRACE=full` for a verbose backtrace.
[INFO] [stdout] 
[INFO] [stdout] ---- test_run::engine_docker_simple_test_case_quay_io_crun_qemu_example_fedora_coreos_39_var_home_core_expects stdout ----
[INFO] [stdout] thread 'test_run::engine_docker_simple_test_case_quay_io_crun_qemu_example_fedora_coreos_39_var_home_core_expects' panicked at tests/run.rs:117:13:
[INFO] [stdout] run command exited
[INFO] [stdout] stack backtrace:
[INFO] [stdout]    0: rust_begin_unwind
[INFO] [stdout]              at /rustc/0e09125c6c3c2fd70d7de961bcf0e51575235fad/library/std/src/panicking.rs:645:5
[INFO] [stdout]    1: core::panicking::panic_fmt
[INFO] [stdout]              at /rustc/0e09125c6c3c2fd70d7de961bcf0e51575235fad/library/core/src/panicking.rs:72:14
[INFO] [stdout]    2: run::test_run::{{closure}}
[INFO] [stdout]              at ./tests/run.rs:117:13
[INFO] [stdout]    3: run::test_run
[INFO] [stdout]              at ./tests/run.rs:115:18
[INFO] [stdout]    4: run::test_run::engine_docker_simple_test_case_quay_io_crun_qemu_example_fedora_coreos_39_var_home_core_expects
[INFO] [stdout]              at ./tests/run.rs:70:1
[INFO] [stdout]    5: run::test_run::engine_docker_simple_test_case_quay_io_crun_qemu_example_fedora_coreos_39_var_home_core_expects::{{closure}}
[INFO] [stdout]              at ./tests/run.rs:85:3
[INFO] [stdout]    6: core::ops::function::FnOnce::call_once
[INFO] [stdout]              at /rustc/0e09125c6c3c2fd70d7de961bcf0e51575235fad/library/core/src/ops/function.rs:250:5
[INFO] [stdout]    7: core::ops::function::FnOnce::call_once
[INFO] [stdout]              at /rustc/0e09125c6c3c2fd70d7de961bcf0e51575235fad/library/core/src/ops/function.rs:250:5
[INFO] [stdout] note: Some details are omitted, run with `RUST_BACKTRACE=full` for a verbose backtrace.
[INFO] [stdout] 
[INFO] [stdout] ---- test_run::engine_docker_complex_test_case_quay_io_containerdisks_fedora_39_home_fedora_repo_path_expects stdout ----
[INFO] [stdout] thread 'test_run::engine_docker_complex_test_case_quay_io_containerdisks_fedora_39_home_fedora_repo_path_expects' panicked at tests/run.rs:117:13:
[INFO] [stdout] run command exited
[INFO] [stdout] stack backtrace:
[INFO] [stdout]    0: rust_begin_unwind
[INFO] [stdout]              at /rustc/0e09125c6c3c2fd70d7de961bcf0e51575235fad/library/std/src/panicking.rs:645:5
[INFO] [stdout]    1: core::panicking::panic_fmt
[INFO] [stdout]              at /rustc/0e09125c6c3c2fd70d7de961bcf0e51575235fad/library/core/src/panicking.rs:72:14
[INFO] [stdout]    2: run::test_run::{{closure}}
[INFO] [stdout]              at ./tests/run.rs:117:13
[INFO] [stdout]    3: run::test_run
[INFO] [stdout]              at ./tests/run.rs:115:18
[INFO] [stdout]    4: run::test_run::engine_docker_complex_test_case_quay_io_containerdisks_fedora_39_home_fedora_repo_path_expects
[INFO] [stdout]              at ./tests/run.rs:70:1
[INFO] [stdout]    5: run::test_run::engine_docker_complex_test_case_quay_io_containerdisks_fedora_39_home_fedora_repo_path_expects::{{closure}}
[INFO] [stdout]              at ./tests/run.rs:85:3
[INFO] [stdout]    6: core::ops::function::FnOnce::call_once
[INFO] [stdout]              at /rustc/0e09125c6c3c2fd70d7de961bcf0e51575235fad/library/core/src/ops/function.rs:250:5
[INFO] [stdout]    7: core::ops::function::FnOnce::call_once
[INFO] [stdout]              at /rustc/0e09125c6c3c2fd70d7de961bcf0e51575235fad/library/core/src/ops/function.rs:250:5
[INFO] [stdout] note: Some details are omitted, run with `RUST_BACKTRACE=full` for a verbose backtrace.
[INFO] [stdout] 
[INFO] [stdout] ---- test_run::engine_docker_complex_test_case_quay_io_crun_qemu_example_fedora_coreos_39_var_home_core_repo_path_expects stdout ----
[INFO] [stdout] thread 'test_run::engine_docker_complex_test_case_quay_io_crun_qemu_example_fedora_coreos_39_var_home_core_repo_path_expects' panicked at tests/run.rs:117:13:
[INFO] [stdout] run command exited
[INFO] [stdout] stack backtrace:
[INFO] [stdout]    0: rust_begin_unwind
[INFO] [stdout]              at /rustc/0e09125c6c3c2fd70d7de961bcf0e51575235fad/library/std/src/panicking.rs:645:5
[INFO] [stdout]    1: core::panicking::panic_fmt
[INFO] [stdout]              at /rustc/0e09125c6c3c2fd70d7de961bcf0e51575235fad/library/core/src/panicking.rs:72:14
[INFO] [stdout]    2: run::test_run::{{closure}}
[INFO] [stdout]              at ./tests/run.rs:117:13
[INFO] [stdout]    3: run::test_run
[INFO] [stdout]              at ./tests/run.rs:115:18
[INFO] [stdout]    4: run::test_run::engine_docker_complex_test_case_quay_io_crun_qemu_example_fedora_coreos_39_var_home_core_repo_path_expects
[INFO] [stdout]              at ./tests/run.rs:70:1
[INFO] [stdout]    5: run::test_run::engine_docker_complex_test_case_quay_io_crun_qemu_example_fedora_coreos_39_var_home_core_repo_path_expects::{{closure}}
[INFO] [stdout]              at ./tests/run.rs:85:3
[INFO] [stdout]    6: core::ops::function::FnOnce::call_once
[INFO] [stdout]              at /rustc/0e09125c6c3c2fd70d7de961bcf0e51575235fad/library/core/src/ops/function.rs:250:5
[INFO] [stdout]    7: core::ops::function::FnOnce::call_once
[INFO] [stdout]              at /rustc/0e09125c6c3c2fd70d7de961bcf0e51575235fad/library/core/src/ops/function.rs:250:5
[INFO] [stdout] note: Some details are omitted, run with `RUST_BACKTRACE=full` for a verbose backtrace.
[INFO] [stdout] 
[INFO] [stdout] ---- test_run::engine_docker_simple_test_case_quay_io_containerdisks_fedora_39_home_fedora_expects stdout ----
[INFO] [stdout] thread 'test_run::engine_docker_simple_test_case_quay_io_containerdisks_fedora_39_home_fedora_expects' panicked at tests/run.rs:117:13:
[INFO] [stdout] run command exited
[INFO] [stdout] stack backtrace:
[INFO] [stdout]    0: rust_begin_unwind
[INFO] [stdout]              at /rustc/0e09125c6c3c2fd70d7de961bcf0e51575235fad/library/std/src/panicking.rs:645:5
[INFO] [stdout]    1: core::panicking::panic_fmt
[INFO] [stdout]              at /rustc/0e09125c6c3c2fd70d7de961bcf0e51575235fad/library/core/src/panicking.rs:72:14
[INFO] [stdout]    2: run::test_run::{{closure}}
[INFO] [stdout]              at ./tests/run.rs:117:13
[INFO] [stdout]    3: run::test_run
[INFO] [stdout]              at ./tests/run.rs:115:18
[INFO] [stdout]    4: run::test_run::engine_docker_simple_test_case_quay_io_containerdisks_fedora_39_home_fedora_expects
[INFO] [stdout]              at ./tests/run.rs:70:1
[INFO] [stdout]    5: run::test_run::engine_docker_simple_test_case_quay_io_containerdisks_fedora_39_home_fedora_expects::{{closure}}
[INFO] [stdout]              at ./tests/run.rs:85:3
[INFO] [stdout]    6: core::ops::function::FnOnce::call_once
[INFO] [stdout]              at /rustc/0e09125c6c3c2fd70d7de961bcf0e51575235fad/library/core/src/ops/function.rs:250:5
[INFO] [stdout]    7: core::ops::function::FnOnce::call_once
[INFO] [stdout]              at /rustc/0e09125c6c3c2fd70d7de961bcf0e51575235fad/library/core/src/ops/function.rs:250:5
[INFO] [stdout] note: Some details are omitted, run with `RUST_BACKTRACE=full` for a verbose backtrace.
[INFO] [stdout] 
[INFO] [stdout] 
[INFO] [stdout] failures:
[INFO] [stdout]     test_run::engine_docker_complex_test_case_quay_io_containerdisks_fedora_39_home_fedora_repo_path_expects
[INFO] [stdout]     test_run::engine_docker_complex_test_case_quay_io_crun_qemu_example_fedora_coreos_39_var_home_core_repo_path_expects
[INFO] [stdout]     test_run::engine_docker_simple_test_case_quay_io_containerdisks_fedora_39_home_fedora_expects
[INFO] [stdout]     test_run::engine_docker_simple_test_case_quay_io_crun_qemu_example_fedora_coreos_39_var_home_core_expects
[INFO] [stdout]     test_run::engine_podman_complex_test_case_quay_io_containerdisks_fedora_39_home_fedora_expects
[INFO] [stdout]     test_run::engine_podman_complex_test_case_quay_io_containerdisks_fedora_39_home_fedora_repo_path_expects
[INFO] [stdout]     test_run::engine_podman_complex_test_case_quay_io_crun_qemu_example_fedora_coreos_39_var_home_core_expects
[INFO] [stdout]     test_run::engine_podman_complex_test_case_quay_io_crun_qemu_example_fedora_coreos_39_var_home_core_repo_path_expects
[INFO] [stdout]     test_run::engine_podman_simple_test_case_quay_io_containerdisks_fedora_39_home_fedora_expects
[INFO] [stdout]     test_run::engine_podman_simple_test_case_quay_io_crun_qemu_example_fedora_coreos_39_var_home_core_expects
[INFO] [stdout] 
[INFO] [stdout] test result: FAILED. 0 passed; 10 failed; 0 ignored; 0 measured; 0 filtered out; finished in 0.05s
[INFO] [stdout] 
[INFO] [stderr] error: test failed, to rerun pass `--test run`
[INFO] running `Command { std: "docker" "inspect" "0bd08c0bb5c5beabf95aae4ab20f50df3839dd7c2d6017483641d08b5ec8007b", kill_on_drop: false }`
[INFO] running `Command { std: "docker" "rm" "-f" "0bd08c0bb5c5beabf95aae4ab20f50df3839dd7c2d6017483641d08b5ec8007b", kill_on_drop: false }`
[INFO] [stdout] 0bd08c0bb5c5beabf95aae4ab20f50df3839dd7c2d6017483641d08b5ec8007b
