[INFO] cloning repository https://github.com/containeroo/renvsubst
[INFO] running `Command { std: "git" "-c" "credential.helper=" "-c" "credential.helper=/workspace/cargo-home/bin/git-credential-null" "clone" "--bare" "https://github.com/containeroo/renvsubst" "/workspace/cache/git-repos/https%3A%2F%2Fgithub.com%2Fcontaineroo%2Frenvsubst", kill_on_drop: false }`
[INFO] [stderr] Cloning into bare repository '/workspace/cache/git-repos/https%3A%2F%2Fgithub.com%2Fcontaineroo%2Frenvsubst'...
[INFO] running `Command { std: "git" "rev-parse" "HEAD", kill_on_drop: false }`
[INFO] [stdout] 37680bc39695189ebdc5a509ce7562eaf7318b1b
[INFO] testing containeroo/renvsubst against 1.75.0 for beta-1.76-1
[INFO] running `Command { std: "git" "clone" "/workspace/cache/git-repos/https%3A%2F%2Fgithub.com%2Fcontaineroo%2Frenvsubst" "/workspace/builds/worker-2-tc1/source", kill_on_drop: false }`
[INFO] [stderr] Cloning into '/workspace/builds/worker-2-tc1/source'...
[INFO] [stderr] done.
[INFO] validating manifest of git repo https://github.com/containeroo/renvsubst on toolchain 1.75.0
[INFO] running `Command { std: CARGO_HOME="/workspace/cargo-home" RUSTUP_HOME="/workspace/rustup-home" "/workspace/cargo-home/bin/cargo" "+1.75.0" "metadata" "--manifest-path" "Cargo.toml" "--no-deps", kill_on_drop: false }`
[INFO] started tweaking git repo https://github.com/containeroo/renvsubst
[INFO] finished tweaking git repo https://github.com/containeroo/renvsubst
[INFO] tweaked toml for git repo https://github.com/containeroo/renvsubst written to /workspace/builds/worker-2-tc1/source/Cargo.toml
[INFO] crate git repo https://github.com/containeroo/renvsubst already has a lockfile, it will not be regenerated
[INFO] running `Command { std: CARGO_HOME="/workspace/cargo-home" RUSTUP_HOME="/workspace/rustup-home" "/workspace/cargo-home/bin/cargo" "+1.75.0" "fetch" "--manifest-path" "Cargo.toml", kill_on_drop: false }`
[INFO] running `Command { std: "docker" "create" "-v" "/var/lib/crater-agent-workspace/builds/worker-2-tc1/target:/opt/rustwide/target:rw,Z" "-v" "/var/lib/crater-agent-workspace/builds/worker-2-tc1/source:/opt/rustwide/workdir:ro,Z" "-v" "/var/lib/crater-agent-workspace/cargo-home:/opt/rustwide/cargo-home:ro,Z" "-v" "/var/lib/crater-agent-workspace/rustup-home:/opt/rustwide/rustup-home:ro,Z" "-e" "SOURCE_DIR=/opt/rustwide/workdir" "-e" "CARGO_TARGET_DIR=/opt/rustwide/target" "-e" "CARGO_HOME=/opt/rustwide/cargo-home" "-e" "RUSTUP_HOME=/opt/rustwide/rustup-home" "-w" "/opt/rustwide/workdir" "-m" "1610612736" "--user" "0:0" "--network" "none" "ghcr.io/rust-lang/crates-build-env/linux@sha256:2788e3201cd34a07e3172128adcd8b3090168a8e3bcc40d7c032b9dda1df7d1c" "/opt/rustwide/cargo-home/bin/cargo" "+1.75.0" "metadata" "--no-deps" "--format-version=1", kill_on_drop: false }`
[INFO] [stdout] fe7a536c44f08dba35fb08685d5ce3956dace384c94908c44512aa5b3ce11472
[INFO] running `Command { std: "docker" "start" "-a" "fe7a536c44f08dba35fb08685d5ce3956dace384c94908c44512aa5b3ce11472", kill_on_drop: false }`
[INFO] running `Command { std: "docker" "inspect" "fe7a536c44f08dba35fb08685d5ce3956dace384c94908c44512aa5b3ce11472", kill_on_drop: false }`
[INFO] running `Command { std: "docker" "rm" "-f" "fe7a536c44f08dba35fb08685d5ce3956dace384c94908c44512aa5b3ce11472", kill_on_drop: false }`
[INFO] [stdout] fe7a536c44f08dba35fb08685d5ce3956dace384c94908c44512aa5b3ce11472
[INFO] running `Command { std: "docker" "create" "-v" "/var/lib/crater-agent-workspace/builds/worker-2-tc1/target:/opt/rustwide/target:rw,Z" "-v" "/var/lib/crater-agent-workspace/builds/worker-2-tc1/source:/opt/rustwide/workdir:ro,Z" "-v" "/var/lib/crater-agent-workspace/cargo-home:/opt/rustwide/cargo-home:ro,Z" "-v" "/var/lib/crater-agent-workspace/rustup-home:/opt/rustwide/rustup-home:ro,Z" "-e" "SOURCE_DIR=/opt/rustwide/workdir" "-e" "CARGO_TARGET_DIR=/opt/rustwide/target" "-e" "CARGO_INCREMENTAL=0" "-e" "RUST_BACKTRACE=full" "-e" "RUSTFLAGS=--cap-lints=warn" "-e" "RUSTDOCFLAGS=--cap-lints=warn" "-e" "CARGO_HOME=/opt/rustwide/cargo-home" "-e" "RUSTUP_HOME=/opt/rustwide/rustup-home" "-w" "/opt/rustwide/workdir" "-m" "1610612736" "--user" "0:0" "--network" "none" "ghcr.io/rust-lang/crates-build-env/linux@sha256:2788e3201cd34a07e3172128adcd8b3090168a8e3bcc40d7c032b9dda1df7d1c" "/opt/rustwide/cargo-home/bin/cargo" "+1.75.0" "build" "--frozen" "--message-format=json", kill_on_drop: false }`
[INFO] [stdout] be2cb21d4cfc1cbf1633d6cc04ccdee2f2515aa48f49e671cf336bfce531032c
[INFO] running `Command { std: "docker" "start" "-a" "be2cb21d4cfc1cbf1633d6cc04ccdee2f2515aa48f49e671cf336bfce531032c", kill_on_drop: false }`
[INFO] [stderr]    Compiling colored v2.1.0
[INFO] [stderr]    Compiling renvsubst v0.10.0 (/opt/rustwide/workdir)
[INFO] [stderr]     Finished dev [unoptimized + debuginfo] target(s) in 1.36s
[INFO] running `Command { std: "docker" "inspect" "be2cb21d4cfc1cbf1633d6cc04ccdee2f2515aa48f49e671cf336bfce531032c", kill_on_drop: false }`
[INFO] running `Command { std: "docker" "rm" "-f" "be2cb21d4cfc1cbf1633d6cc04ccdee2f2515aa48f49e671cf336bfce531032c", kill_on_drop: false }`
[INFO] [stdout] be2cb21d4cfc1cbf1633d6cc04ccdee2f2515aa48f49e671cf336bfce531032c
[INFO] running `Command { std: "docker" "create" "-v" "/var/lib/crater-agent-workspace/builds/worker-2-tc1/target:/opt/rustwide/target:rw,Z" "-v" "/var/lib/crater-agent-workspace/builds/worker-2-tc1/source:/opt/rustwide/workdir:ro,Z" "-v" "/var/lib/crater-agent-workspace/cargo-home:/opt/rustwide/cargo-home:ro,Z" "-v" "/var/lib/crater-agent-workspace/rustup-home:/opt/rustwide/rustup-home:ro,Z" "-e" "SOURCE_DIR=/opt/rustwide/workdir" "-e" "CARGO_TARGET_DIR=/opt/rustwide/target" "-e" "CARGO_INCREMENTAL=0" "-e" "RUST_BACKTRACE=full" "-e" "RUSTFLAGS=--cap-lints=warn" "-e" "RUSTDOCFLAGS=--cap-lints=warn" "-e" "CARGO_HOME=/opt/rustwide/cargo-home" "-e" "RUSTUP_HOME=/opt/rustwide/rustup-home" "-w" "/opt/rustwide/workdir" "-m" "1610612736" "--user" "0:0" "--network" "none" "ghcr.io/rust-lang/crates-build-env/linux@sha256:2788e3201cd34a07e3172128adcd8b3090168a8e3bcc40d7c032b9dda1df7d1c" "/opt/rustwide/cargo-home/bin/cargo" "+1.75.0" "test" "--frozen" "--no-run" "--message-format=json", kill_on_drop: false }`
[INFO] [stdout] 39f3e135b1cc16657294ddc76fcdd12232d53351673f93780bc7fe1cee68303a
[INFO] running `Command { std: "docker" "start" "-a" "39f3e135b1cc16657294ddc76fcdd12232d53351673f93780bc7fe1cee68303a", kill_on_drop: false }`
[INFO] [stderr]    Compiling libc v0.2.140
[INFO] [stderr]    Compiling io-lifetimes v1.0.6
[INFO] [stderr]    Compiling rustix v0.36.9
[INFO] [stderr]    Compiling linux-raw-sys v0.1.4
[INFO] [stderr]    Compiling fastrand v1.9.0
[INFO] [stderr]    Compiling tempfile v3.4.0
[INFO] [stderr]    Compiling renvsubst v0.10.0 (/opt/rustwide/workdir)
[INFO] [stderr]     Finished test [unoptimized + debuginfo] target(s) in 7.91s
[INFO] running `Command { std: "docker" "inspect" "39f3e135b1cc16657294ddc76fcdd12232d53351673f93780bc7fe1cee68303a", kill_on_drop: false }`
[INFO] running `Command { std: "docker" "rm" "-f" "39f3e135b1cc16657294ddc76fcdd12232d53351673f93780bc7fe1cee68303a", kill_on_drop: false }`
[INFO] [stdout] 39f3e135b1cc16657294ddc76fcdd12232d53351673f93780bc7fe1cee68303a
[INFO] running `Command { std: "docker" "create" "-v" "/var/lib/crater-agent-workspace/builds/worker-2-tc1/target:/opt/rustwide/target:rw,Z" "-v" "/var/lib/crater-agent-workspace/builds/worker-2-tc1/source:/opt/rustwide/workdir:ro,Z" "-v" "/var/lib/crater-agent-workspace/cargo-home:/opt/rustwide/cargo-home:ro,Z" "-v" "/var/lib/crater-agent-workspace/rustup-home:/opt/rustwide/rustup-home:ro,Z" "-e" "SOURCE_DIR=/opt/rustwide/workdir" "-e" "CARGO_TARGET_DIR=/opt/rustwide/target" "-e" "CARGO_INCREMENTAL=0" "-e" "RUST_BACKTRACE=full" "-e" "RUSTFLAGS=--cap-lints=warn" "-e" "RUSTDOCFLAGS=--cap-lints=warn" "-e" "CARGO_HOME=/opt/rustwide/cargo-home" "-e" "RUSTUP_HOME=/opt/rustwide/rustup-home" "-w" "/opt/rustwide/workdir" "-m" "1610612736" "--user" "0:0" "--network" "none" "ghcr.io/rust-lang/crates-build-env/linux@sha256:2788e3201cd34a07e3172128adcd8b3090168a8e3bcc40d7c032b9dda1df7d1c" "/opt/rustwide/cargo-home/bin/cargo" "+1.75.0" "test" "--frozen", kill_on_drop: false }`
[INFO] [stdout] e07d80b236350bfcb5df90891e15bb09dc49040a847c5704b2f17a6860e172c6
[INFO] running `Command { std: "docker" "start" "-a" "e07d80b236350bfcb5df90891e15bb09dc49040a847c5704b2f17a6860e172c6", kill_on_drop: false }`
[INFO] [stderr]     Finished test [unoptimized + debuginfo] target(s) in 0.04s
[INFO] [stderr]      Running unittests src/main.rs (/opt/rustwide/target/debug/deps/renvsubst-ad929612c6692732)
[INFO] [stdout] 
[INFO] [stdout] running 183 tests
[INFO] [stdout] test args::tests::test_flags_conflict_short_long ... ok
[INFO] [stdout] test args::tests::test_filters_suffix_space ... ok
[INFO] [stdout] test args::tests::test_filters_new ... ok
[INFO] [stdout] test args::tests::test_input_equal ... ok
[INFO] [stdout] test args::tests::test_flags_other_conflict_long_long ... ok
[INFO] [stdout] test args::tests::test_flags_fail_fail_on_empty ... ok
[INFO] [stdout] test args::tests::test_filters_variable_space ... ok
[INFO] [stdout] test args::tests::test_flags_no_replace_no_replace_empty ... ok
[INFO] [stdout] test args::tests::test_flags_other_conflict_short_long ... ok
[INFO] [stdout] test args::tests::test_color ... ok
[INFO] [stdout] test args::tests::test_filters_variable_equal ... ok
[INFO] [stdout] test args::tests::test_no_replace_duplicate ... ok
[INFO] [stdout] test args::tests::test_output_equal ... ok
[INFO] [stdout] test args::tests::test_input_space ... ok
[INFO] [stdout] test args::tests::test_input_equal_short ... ok
[INFO] [stdout] test args::tests::test_filters_prefix_equal ... ok
[INFO] [stdout] test args::tests::test_input_error ... ok
[INFO] [stdout] test args::tests::test_flags_fail_fail_on_unset ... ok
[INFO] [stdout] test args::tests::test_parse_missing_value_prefix ... ok
[INFO] [stdout] test args::tests::test_filters_multiple_same_prefix_equal ... ok
[INFO] [stdout] test args::tests::test_input_equal2 ... ok
[INFO] [stdout] test args::tests::test_input_equal_equal_in_value_short ... ok
[INFO] [stdout] test args::tests::test_output_equal_short ... ok
[INFO] [stdout] test args::tests::test_parse_conflicting_flags ... ok
[INFO] [stdout] test args::tests::test_no_escape ... ok
[INFO] [stdout] test args::tests::test_parse_help_flag ... ok
[INFO] [stdout] test args::tests::test_output_space ... ok
[INFO] [stdout] test args::tests::test_parse_conflicting_flags2 ... ok
[INFO] [stdout] test args::tests::test_flags_no_replace_no_replace_unset ... ok
[INFO] [stdout] test args::tests::test_parse ... ok
[INFO] [stdout] test args::tests::test_filters_suffix_equal ... ok
[INFO] [stdout] test args::tests::test_filters_prefix_space ... ok
[INFO] [stdout] test args::tests::test_output_error ... ok
[INFO] [stdout] test args::tests::test_parse_shorts_conflict ... ok
[INFO] [stdout] test args::tests::test_parse_prefix_arg ... ok
[INFO] [stdout] test args::tests::test_parse_prefix_space ... ok
[INFO] [stdout] test args::tests::test_parse_missing_value_suffix ... ok
[INFO] [stdout] test args::tests::test_parse_prefix_multiple ... ok
[INFO] [stdout] test args::tests::test_parse_missing_value_variable ... ok
[INFO] [stdout] test args::tests::test_parse_prefix_equal ... ok
[INFO] [stdout] test args::tests::test_parse_unknown_flag ... ok
[INFO] [stdout] test args::tests::test_parse_variable_equal ... ok
[INFO] [stdout] test args::tests::test_parse_variable_multiple ... ok
[INFO] [stdout] test args::tests::test_version ... ok
[INFO] [stdout] test env_subst::tests::test_process_input_basic ... ok
[INFO] [stdout] test args::tests::test_parse_suffix_multiple ... ok
[INFO] [stdout] test args::tests::test_parse_suffix_equal ... ok
[INFO] [stdout] test args::tests::test_parse_shorts_unwknown ... ok
[INFO] [stdout] test args::tests::test_parse_shorts_long_mixed_conflict ... ok
[INFO] [stdout] test args::tests::test_parse_suffix_space ... ok
[INFO] [stdout] test args::tests::test_parse_shorts_long ... ok
[INFO] [stdout] test args::tests::test_parse_variable_multiple_different_order ... ok
[INFO] [stdout] test env_subst::tests::test_process_input_flush_fail ... ok
[INFO] [stdout] test env_subst::tests::test_process_input_unbuffered_lines ... ok
[INFO] [stdout] test env_subst::tests::test_process_input_write_fail ... ok
[INFO] [stdout] test env_subst::tests::test_read_lines_emojis ... ok
[INFO] [stdout] test env_subst::tests::test_read_lines_error ... ok
[INFO] [stdout] test args::tests::test_parse_shorts_fail_unset_fail_empty ... ok
[INFO] [stdout] test args::tests::test_parse_unbuffered_lines ... ok
[INFO] [stdout] test env_subst::tests::test_replace_vars_in_line ... ok
[INFO] [stdout] test env_subst::tests::test_process_input_error ... ok
[INFO] [stdout] test args::tests::test_parse_variable_multiple_different ... ok
[INFO] [stdout] test args::tests::test_parse_variable_space ... ok
[INFO] [stdout] test env_subst::tests::test_read_lines_unix_endings ... ok
[INFO] [stdout] test env_subst::tests::test_read_lines_windows_endings ... ok
[INFO] [stdout] test env_subst::tests::test_replace_vars_in_line_filter_pattern_stripping_suffix_not_found ... ok
[INFO] [stdout] test filters::tests::test_add_start_parameters ... ok
[INFO] [stdout] test env_subst::tests::test_replace_vars_in_line_flags ... ok
[INFO] [stdout] test errors::tests::test_missing_value_error ... ok
[INFO] [stdout] test filters::tests::test_filters_add_variable ... ok
[INFO] [stdout] test errors::tests::test_conflicting_flags_error ... ok
[INFO] [stdout] test filters::tests::test_filters_add_suffix ... ok
[INFO] [stdout] test filters::tests::test_multiple_filters_with_match_and_no_match ... ok
[INFO] [stdout] test filters::tests::test_multiple_filters ... ok
[INFO] [stdout] test env_subst::tests::test_replace_vars_in_line_filter_pattern_stripping_variable_not_found ... ok
[INFO] [stdout] test filters::tests::test_multiple_filters_with_match_and_no_match_and_match ... ok
[INFO] [stdout] test filters::tests::test_multiple_suffix_filters ... ok
[INFO] [stdout] test filters::tests::test_filters_add_prefix ... ok
[INFO] [stdout] test filters::tests::test_filters_add_start_parameter ... ok
[INFO] [stdout] test filters::tests::test_multiple_variable_filters ... ok
[INFO] [stdout] test errors::tests::test_duplicate_value_error ... ok
[INFO] [stdout] test env_subst::tests::test_replace_vars_in_line_escaping ... ok
[INFO] [stdout] test env_subst::tests::test_replace_vars_in_line_filter_variable_substitution ... ok
[INFO] [stdout] test filters::tests::test_multiple_prefix_filters ... ok
[INFO] [stdout] test env_subst::tests::test_replace_vars_in_line_filters ... ok
[INFO] [stdout] test filters::tests::test_multiple_filters_with_match ... ok
[INFO] [stdout] test errors::tests::test_unknown_flag_error ... ok
[INFO] [stdout] test filters::tests::test_multiple_filters_with_no_match ... ok
[INFO] [stdout] test filters::tests::test_filters_add_missing_value ... ok
[INFO] [stdout] test filters::tests::test_no_filters ... ok
[INFO] [stdout] test filters::tests::test_suffix_filter ... ok
[INFO] [stdout] test flags::tests::test_fail_on_empty_fail ... ok
[INFO] [stdout] test flags::tests::test_fail_duplicate_short_long ... ok
[INFO] [stdout] test filters::tests::test_prefix_filter ... ok
[INFO] [stdout] test flags::tests::test_fail_duplicate_long_short ... ok
[INFO] [stdout] test flags::tests::test_fail_duplicate_long_long ... ok
[INFO] [stdout] test flags::tests::test_fail_fail_on_unset ... ok
[INFO] [stdout] test flags::tests::test_fail_on_empty_conflict ... ok
[INFO] [stdout] test flags::tests::test_fail_on_unset_already_set ... ok
[INFO] [stdout] test flags::tests::test_fail_on_unset_fail ... ok
[INFO] [stdout] test flags::tests::test_get_defaults ... ok
[INFO] [stdout] test flags::tests::test_no_replace_empty_fail_on_unset_conflict_short_short ... ok
[INFO] [stdout] test flags::tests::test_no_replace_duplicate ... ok
[INFO] [stdout] test flags::tests::test_no_replace_empty_no_replace ... ok
[INFO] [stdout] test flags::tests::test_no_replace_no_replace_empty ... ok
[INFO] [stdout] test flags::tests::test_fail_on_empty_already_set ... ok
[INFO] [stdout] test flags::tests::test_no_replace_empty_duplicate ... ok
[INFO] [stdout] test flags::tests::test_flags_fail_fail_on_empty_conflict ... ok
[INFO] [stdout] test filters::tests::test_variable_filter ... ok
[INFO] [stdout] test flags::tests::test_set_success ... ok
[INFO] [stdout] test flags::tests::test_fail_fail_on_empty ... ok
[INFO] [stdout] test io::tests::test_input_output_set_output_missing_value_error ... ok
[INFO] [stdout] test io::tests::test_open_input_with_empty ... ok
[INFO] [stdout] test flags::tests::test_unbuffered_lines ... ok
[INFO] [stdout] test flags::tests::test_no_replace_empty_fail_on_empty_conflict_long_short ... ok
[INFO] [stdout] test flags::tests::test_flags_fail_fail_on_unset_conflict ... ok
[INFO] [stdout] test flags::tests::test_nore_replace_no_replace_empty ... ok
[INFO] [stdout] test flags::tests::test_no_replace_unset_no_replace ... ok
[INFO] [stdout] test flags::tests::test_no_replace_unset_duplicate ... ok
[INFO] [stdout] test flags::tests::test_set_no_replace_and_related_flags ... ok
[INFO] [stdout] test flags::tests::test_no_replace_no_replace_unset ... ok
[INFO] [stdout] test flags::tests::test_set_duplicate_value ... ok
[INFO] [stdout] test flags::tests::test_set_conflicting_flags ... ok
[INFO] [stdout] test io::tests::test_open_output_with_nonexistent_directory ... ok
[INFO] [stdout] test io::tests::test_input_output_set_input_missing_value_error ... ok
[INFO] [stdout] test io::tests::test_open_input_with_existent_file ... ok
[INFO] [stdout] test io::tests::test_open_input_with_nonexistent_file ... ok
[INFO] [stdout] test io::tests::test_open_output_with_existent_file ... ok
[INFO] [stdout] test io::tests::test_open_output_with_stdout ... ok
[INFO] [stdout] test variable_expansion::tests::process_case_conversion_empty_value ... ok
[INFO] [stdout] test tests::test_run_version ... ok
[INFO] [stdout] test tests::test_run_input_file ... ok
[INFO] [stdout] test tests::test_example ... ok
[INFO] [stdout] test variable_expansion::tests::process_substring_extraction_empty_value ... ok
[INFO] [stdout] test utils::tests::test_handle_flags_on_result ... ok
[INFO] [stdout] test tests::test_run_colore_and_file ... ok
[INFO] [stdout] test tests::test_run_help ... ok
[INFO] [stdout] test tests::test_run_input_error ... ok
[INFO] [stdout] test tests::test_run_output_file ... ok
[INFO] [stdout] test tests::test_run_output_error ... ok
[INFO] [stdout] test variable_expansion::tests::test_process_inner_expression_invalid_character_expression ... ok
[INFO] [stdout] test variable_expansion::tests::test_process_case_conversion_first_lower ... ok
[INFO] [stdout] test variable_expansion::tests::test_process_case_conversion_first_upper ... ok
[INFO] [stdout] test variable_expansion::tests::test_process_inner_expression_default_value_empty_string ... ok
[INFO] [stdout] test variable_expansion::tests::test_process_inner_expression_pattern_replacement_prefixed ... ok
[INFO] [stdout] test variable_expansion::tests::test_process_inner_expression_pattern_replacement_suffixed ... ok
[INFO] [stdout] test variable_expansion::tests::test_process_inner_expression_basic_variable_replacement ... ok
[INFO] [stdout] test variable_expansion::tests::test_process_inner_expression_pattern_stripping_suffix ... ok
[INFO] [stdout] test variable_expansion::tests::test_process_inner_expression_case_conversion_first_character_lowercase ... ok
[INFO] [stdout] test variable_expansion::tests::test_process_case_conversion_all_upper ... ok
[INFO] [stdout] test variable_expansion::tests::test_process_case_conversion_invalid_operation ... ok
[INFO] [stdout] test variable_expansion::tests::test_process_inner_expression_invalid_operation ... ok
[INFO] [stdout] test variable_expansion::tests::test_process_case_conversion_all_lower ... ok
[INFO] [stdout] test variable_expansion::tests::test_process_inner_expression_case_conversion_first_character_uppercase ... ok
[INFO] [stdout] test variable_expansion::tests::test_process_case_conversion_no_operation ... ok
[INFO] [stdout] test variable_expansion::tests::test_process_inner_expression_pattern_replacement ... ok
[INFO] [stdout] test variable_expansion::tests::test_process_inner_expression_default_value ... ok
[INFO] [stdout] test variable_expansion::tests::test_process_inner_expression_case_conversion_all_uppercase ... ok
[INFO] [stdout] test variable_expansion::tests::test_process_inner_expression_pattern_stripping_prefix ... ok
[INFO] [stdout] test variable_expansion::tests::test_process_inner_expression_case_conversion_all_lowercase ... ok
[INFO] [stdout] test variable_expansion::tests::test_process_case_conversion_invalid_conversion ... ok
[INFO] [stdout] test variable_expansion::tests::test_process_inner_expression_substring_extraction ... ok
[INFO] [stdout] test variable_expansion::tests::test_process_pattern_replacement_empty_value ... ok
[INFO] [stdout] test variable_expansion::tests::test_process_pattern_replacement_single_match ... ok
[INFO] [stdout] test variable_expansion::tests::test_process_pattern_replacement_start_of_string ... ok
[INFO] [stdout] test variable_expansion::tests::test_process_pattern_replacement_end_of_string ... ok
[INFO] [stdout] test variable_expansion::tests::test_process_pattern_replacement_trailing_backslash_error ... ok
[INFO] [stdout] test variable_expansion::tests::test_process_pattern_replacement_multiple_matches_all ... ok
[INFO] [stdout] test utils::tests::test_colorize_text ... FAILED
[INFO] [stdout] test variable_expansion::tests::test_process_inner_expression_substring_extraction_empty_result_fail_flag ... ok
[INFO] [stdout] test variable_expansion::tests::test_process_pattern_replacement_multiple_matches ... ok
[INFO] [stdout] test variable_expansion::tests::test_process_inner_expression_substring_extraction_empty_result_no_replace_flag ... ok
[INFO] [stdout] test variable_expansion::tests::test_process_pattern_stripping_invalid_operation ... ok
[INFO] [stdout] test variable_expansion::tests::test_process_pattern_stripping_empty_value ... ok
[INFO] [stdout] test variable_expansion::tests::test_process_pattern_replacement_empty_operation_data ... ok
[INFO] [stdout] test variable_expansion::tests::test_process_inner_expression_substring_extraction_empty_result ... ok
[INFO] [stderr] error: test failed, to rerun pass `--bin renvsubst`
[INFO] [stdout] test variable_expansion::tests::test_process_substring_extraction_without_data ... ok
[INFO] [stdout] test variable_expansion::tests::test_process_substring_extraction_with_start_and_len ... ok
[INFO] [stdout] test variable_expansion::tests::test_process_pattern_stripping_suffix ... ok
[INFO] [stdout] test variable_expansion::tests::test_process_pattern_stripping_prefix ... ok
[INFO] [stdout] test variable_expansion::tests::test_process_substring_extraction_with_start_only ... ok
[INFO] [stdout] test variable_expansion::tests::test_process_substring_extraction_with_start_only_invalid ... ok
[INFO] [stdout] test variable_expansion::tests::test_process_substring_extraction_with_len_only_invalid ... ok
[INFO] [stdout] 
[INFO] [stdout] failures:
[INFO] [stdout] 
[INFO] [stdout] ---- utils::tests::test_colorize_text stdout ----
[INFO] [stdout] thread 'utils::tests::test_colorize_text' panicked at src/utils.rs:132:9:
[INFO] [stdout] assertion `left == right` failed
[INFO] [stdout]   left: "This is a test."
[INFO] [stdout]  right: "\u{1b}[32mThis is a test.\u{1b}[0m"
[INFO] [stdout] stack backtrace:
[INFO] [stdout]    0:     0x55a4f4c7237c - std::backtrace_rs::backtrace::libunwind::trace::ha637c64ce894333a
[INFO] [stdout]                                at /rustc/82e1608dfa6e0b5569232559e3d385fea5a93112/library/std/src/../../backtrace/src/backtrace/libunwind.rs:104:5
[INFO] [stdout]    1:     0x55a4f4c7237c - std::backtrace_rs::backtrace::trace_unsynchronized::h47f62dea28e0c88d
[INFO] [stdout]                                at /rustc/82e1608dfa6e0b5569232559e3d385fea5a93112/library/std/src/../../backtrace/src/backtrace/mod.rs:66:5
[INFO] [stdout]    2:     0x55a4f4c7237c - std::sys_common::backtrace::_print_fmt::h9eef0abe20ede486
[INFO] [stdout]                                at /rustc/82e1608dfa6e0b5569232559e3d385fea5a93112/library/std/src/sys_common/backtrace.rs:67:5
[INFO] [stdout]    3:     0x55a4f4c7237c - <std::sys_common::backtrace::_print::DisplayBacktrace as core::fmt::Display>::fmt::hed7f999df88cc644
[INFO] [stdout]                                at /rustc/82e1608dfa6e0b5569232559e3d385fea5a93112/library/std/src/sys_common/backtrace.rs:44:22
[INFO] [stdout]    4:     0x55a4f4c9d240 - core::fmt::rt::Argument::fmt::h1539a9308b8d058d
[INFO] [stdout]                                at /rustc/82e1608dfa6e0b5569232559e3d385fea5a93112/library/core/src/fmt/rt.rs:142:9
[INFO] [stdout]    5:     0x55a4f4c9d240 - core::fmt::write::h3a39390d8560d9c9
[INFO] [stdout]                                at /rustc/82e1608dfa6e0b5569232559e3d385fea5a93112/library/core/src/fmt/mod.rs:1120:17
[INFO] [stdout]    6:     0x55a4f4c6fb7f - std::io::Write::write_fmt::h040b369f3a0f9cbc
[INFO] [stdout]                                at /rustc/82e1608dfa6e0b5569232559e3d385fea5a93112/library/std/src/io/mod.rs:1762:15
[INFO] [stdout]    7:     0x55a4f4c72164 - std::sys_common::backtrace::_print::h894006fb5c6f3d45
[INFO] [stdout]                                at /rustc/82e1608dfa6e0b5569232559e3d385fea5a93112/library/std/src/sys_common/backtrace.rs:47:5
[INFO] [stdout]    8:     0x55a4f4c72164 - std::sys_common::backtrace::print::h23a2d212c6fff936
[INFO] [stdout]                                at /rustc/82e1608dfa6e0b5569232559e3d385fea5a93112/library/std/src/sys_common/backtrace.rs:34:9
[INFO] [stdout]    9:     0x55a4f4c73e27 - std::panicking::default_hook::{{closure}}::h8a1d2ee00185001a
[INFO] [stdout]   10:     0x55a4f4c73b13 - std::panicking::default_hook::h6038f2eba384e475
[INFO] [stdout]                                at /rustc/82e1608dfa6e0b5569232559e3d385fea5a93112/library/std/src/panicking.rs:289:9
[INFO] [stdout]   11:     0x55a4f4c27ad7 - <alloc::boxed::Box<F,A> as core::ops::function::Fn<Args>>::call::h0ad024c9bdc6d768
[INFO] [stdout]                                at /rustc/82e1608dfa6e0b5569232559e3d385fea5a93112/library/alloc/src/boxed.rs:2021:9
[INFO] [stdout]   12:     0x55a4f4c27ad7 - test::test_main::{{closure}}::h7500b54257359db6
[INFO] [stdout]                                at /rustc/82e1608dfa6e0b5569232559e3d385fea5a93112/library/test/src/lib.rs:138:21
[INFO] [stdout]   13:     0x55a4f4c74438 - <alloc::boxed::Box<F,A> as core::ops::function::Fn<Args>>::call::h1f8f335eaa9cfaee
[INFO] [stdout]                                at /rustc/82e1608dfa6e0b5569232559e3d385fea5a93112/library/alloc/src/boxed.rs:2021:9
[INFO] [stdout]   14:     0x55a4f4c74438 - std::panicking::rust_panic_with_hook::h2b5517d590cab22e
[INFO] [stdout]                                at /rustc/82e1608dfa6e0b5569232559e3d385fea5a93112/library/std/src/panicking.rs:783:13
[INFO] [stdout]   15:     0x55a4f4c7418e - std::panicking::begin_panic_handler::{{closure}}::h233112c06e0ef43e
[INFO] [stdout]                                at /rustc/82e1608dfa6e0b5569232559e3d385fea5a93112/library/std/src/panicking.rs:657:13
[INFO] [stdout]   16:     0x55a4f4c72846 - std::sys_common::backtrace::__rust_end_short_backtrace::h6e893f24d7ebbff8
[INFO] [stdout]                                at /rustc/82e1608dfa6e0b5569232559e3d385fea5a93112/library/std/src/sys_common/backtrace.rs:170:18
[INFO] [stdout]   17:     0x55a4f4c73ef2 - rust_begin_unwind
[INFO] [stdout]                                at /rustc/82e1608dfa6e0b5569232559e3d385fea5a93112/library/std/src/panicking.rs:645:5
[INFO] [stdout]   18:     0x55a4f4b871d5 - core::panicking::panic_fmt::hbf0e066aabfa482c
[INFO] [stdout]                                at /rustc/82e1608dfa6e0b5569232559e3d385fea5a93112/library/core/src/panicking.rs:72:14
[INFO] [stdout]   19:     0x55a4f4b875eb - core::panicking::assert_failed_inner::h0bba8b7c26ee4492
[INFO] [stdout]   20:     0x55a4f4bb670e - core::panicking::assert_failed::h28b4936b4bfbe255
[INFO] [stdout]                                at /rustc/82e1608dfa6e0b5569232559e3d385fea5a93112/library/core/src/panicking.rs:279:5
[INFO] [stdout]   21:     0x55a4f4bb3ef7 - renvsubst::utils::tests::test_colorize_text::hcc06a0fd02422aad
[INFO] [stdout]                                at /opt/rustwide/workdir/src/utils.rs:132:9
[INFO] [stdout]   22:     0x55a4f4bb3c77 - renvsubst::utils::tests::test_colorize_text::{{closure}}::h4734a03e934eb30d
[INFO] [stdout]                                at /opt/rustwide/workdir/src/utils.rs:124:28
[INFO] [stdout]   23:     0x55a4f4bf0c96 - core::ops::function::FnOnce::call_once::hdc000b87986a726a
[INFO] [stdout]                                at /rustc/82e1608dfa6e0b5569232559e3d385fea5a93112/library/core/src/ops/function.rs:250:5
[INFO] [stdout]   24:     0x55a4f4c2d12f - core::ops::function::FnOnce::call_once::h2b5d431d5046312d
[INFO] [stdout]                                at /rustc/82e1608dfa6e0b5569232559e3d385fea5a93112/library/core/src/ops/function.rs:250:5
[INFO] [stdout]   25:     0x55a4f4c2d12f - test::__rust_begin_short_backtrace::h7714669af176e207
[INFO] [stdout]                                at /rustc/82e1608dfa6e0b5569232559e3d385fea5a93112/library/test/src/lib.rs:628:18
[INFO] [stdout]   26:     0x55a4f4c2c145 - test::run_test_in_process::{{closure}}::h85218797dcbcec12
[INFO] [stdout]                                at /rustc/82e1608dfa6e0b5569232559e3d385fea5a93112/library/test/src/lib.rs:651:60
[INFO] [stdout]   27:     0x55a4f4c2c145 - <core::panic::unwind_safe::AssertUnwindSafe<F> as core::ops::function::FnOnce<()>>::call_once::h76c106ea31c14d7b
[INFO] [stdout]                                at /rustc/82e1608dfa6e0b5569232559e3d385fea5a93112/library/core/src/panic/unwind_safe.rs:272:9
[INFO] [stdout]   28:     0x55a4f4c2c145 - std::panicking::try::do_call::h3bd5d0f6620ee946
[INFO] [stdout]                                at /rustc/82e1608dfa6e0b5569232559e3d385fea5a93112/library/std/src/panicking.rs:552:40
[INFO] [stdout]   29:     0x55a4f4c2c145 - std::panicking::try::h232e535e4744fe31
[INFO] [stdout]                                at /rustc/82e1608dfa6e0b5569232559e3d385fea5a93112/library/std/src/panicking.rs:516:19
[INFO] [stdout]   30:     0x55a4f4c2c145 - std::panic::catch_unwind::h3ce3bd6ca8dbac68
[INFO] [stdout]                                at /rustc/82e1608dfa6e0b5569232559e3d385fea5a93112/library/std/src/panic.rs:142:14
[INFO] [stdout]   31:     0x55a4f4c2c145 - test::run_test_in_process::hc97b257c9621286a
[INFO] [stdout]                                at /rustc/82e1608dfa6e0b5569232559e3d385fea5a93112/library/test/src/lib.rs:651:27
[INFO] [stdout]   32:     0x55a4f4c2c145 - test::run_test::{{closure}}::h2aa798823a438d38
[INFO] [stdout]                                at /rustc/82e1608dfa6e0b5569232559e3d385fea5a93112/library/test/src/lib.rs:574:43
[INFO] [stdout]   33:     0x55a4f4bf4406 - test::run_test::{{closure}}::h87d231c78fb59832
[INFO] [stdout]                                at /rustc/82e1608dfa6e0b5569232559e3d385fea5a93112/library/test/src/lib.rs:602:41
[INFO] [stdout]   34:     0x55a4f4bf4406 - std::sys_common::backtrace::__rust_begin_short_backtrace::he6df152596625789
[INFO] [stdout]                                at /rustc/82e1608dfa6e0b5569232559e3d385fea5a93112/library/std/src/sys_common/backtrace.rs:154:18
[INFO] [stdout]   35:     0x55a4f4bf94b7 - std::thread::Builder::spawn_unchecked_::{{closure}}::{{closure}}::ha94be15d1e0acf36
[INFO] [stdout]                                at /rustc/82e1608dfa6e0b5569232559e3d385fea5a93112/library/std/src/thread/mod.rs:529:17
[INFO] [stdout]   36:     0x55a4f4bf94b7 - <core::panic::unwind_safe::AssertUnwindSafe<F> as core::ops::function::FnOnce<()>>::call_once::h9dc6bd6372f16606
[INFO] [stdout]                                at /rustc/82e1608dfa6e0b5569232559e3d385fea5a93112/library/core/src/panic/unwind_safe.rs:272:9
[INFO] [stdout]   37:     0x55a4f4bf94b7 - std::panicking::try::do_call::h9057517f80303cd4
[INFO] [stdout]                                at /rustc/82e1608dfa6e0b5569232559e3d385fea5a93112/library/std/src/panicking.rs:552:40
[INFO] [stdout]   38:     0x55a4f4bf94b7 - std::panicking::try::he3a30b11ee45340c
[INFO] [stdout]                                at /rustc/82e1608dfa6e0b5569232559e3d385fea5a93112/library/std/src/panicking.rs:516:19
[INFO] [stdout]   39:     0x55a4f4bf94b7 - std::panic::catch_unwind::h410458cfd3528b8b
[INFO] [stdout]                                at /rustc/82e1608dfa6e0b5569232559e3d385fea5a93112/library/std/src/panic.rs:142:14
[INFO] [stdout]   40:     0x55a4f4bf94b7 - std::thread::Builder::spawn_unchecked_::{{closure}}::h72ac3bdb567b737b
[INFO] [stdout]                                at /rustc/82e1608dfa6e0b5569232559e3d385fea5a93112/library/std/src/thread/mod.rs:528:30
[INFO] [stdout]   41:     0x55a4f4bf94b7 - core::ops::function::FnOnce::call_once{{vtable.shim}}::h38f34da3654a8344
[INFO] [stdout]                                at /rustc/82e1608dfa6e0b5569232559e3d385fea5a93112/library/core/src/ops/function.rs:250:5
[INFO] [stdout]   42:     0x55a4f4c79195 - <alloc::boxed::Box<F,A> as core::ops::function::FnOnce<Args>>::call_once::hc7eafaff61e32df9
[INFO] [stdout]                                at /rustc/82e1608dfa6e0b5569232559e3d385fea5a93112/library/alloc/src/boxed.rs:2007:9
[INFO] [stdout]   43:     0x55a4f4c79195 - <alloc::boxed::Box<F,A> as core::ops::function::FnOnce<Args>>::call_once::h6ba4a5de48dd2304
[INFO] [stdout]                                at /rustc/82e1608dfa6e0b5569232559e3d385fea5a93112/library/alloc/src/boxed.rs:2007:9
[INFO] [stdout]   44:     0x55a4f4c79195 - std::sys::unix::thread::Thread::new::thread_start::he469335aef763e45
[INFO] [stdout]                                at /rustc/82e1608dfa6e0b5569232559e3d385fea5a93112/library/std/src/sys/unix/thread.rs:108:17
[INFO] [stdout]   45:     0x7f64280aeac3 - <unknown>
[INFO] [stdout]   46:     0x7f642813fbf4 - __clone
[INFO] [stdout]   47:                0x0 - <unknown>
[INFO] [stdout] 
[INFO] [stdout] 
[INFO] [stdout] failures:
[INFO] [stdout]     utils::tests::test_colorize_text
[INFO] [stdout] 
[INFO] [stdout] test result: FAILED. 182 passed; 1 failed; 0 ignored; 0 measured; 0 filtered out; finished in 0.31s
[INFO] [stdout] 
[INFO] running `Command { std: "docker" "inspect" "e07d80b236350bfcb5df90891e15bb09dc49040a847c5704b2f17a6860e172c6", kill_on_drop: false }`
[INFO] running `Command { std: "docker" "rm" "-f" "e07d80b236350bfcb5df90891e15bb09dc49040a847c5704b2f17a6860e172c6", kill_on_drop: false }`
[INFO] [stdout] e07d80b236350bfcb5df90891e15bb09dc49040a847c5704b2f17a6860e172c6
[INFO] testing containeroo/renvsubst against beta-2023-12-22 for beta-1.76-1
[INFO] running `Command { std: "git" "clone" "/workspace/cache/git-repos/https%3A%2F%2Fgithub.com%2Fcontaineroo%2Frenvsubst" "/workspace/builds/worker-2-tc2/source", kill_on_drop: false }`
[INFO] [stderr] Cloning into '/workspace/builds/worker-2-tc2/source'...
[INFO] [stderr] done.
[INFO] validating manifest of git repo https://github.com/containeroo/renvsubst on toolchain beta-2023-12-22
[INFO] running `Command { std: CARGO_HOME="/workspace/cargo-home" RUSTUP_HOME="/workspace/rustup-home" "/workspace/cargo-home/bin/cargo" "+beta-2023-12-22" "metadata" "--manifest-path" "Cargo.toml" "--no-deps", kill_on_drop: false }`
[INFO] started tweaking git repo https://github.com/containeroo/renvsubst
[INFO] finished tweaking git repo https://github.com/containeroo/renvsubst
[INFO] tweaked toml for git repo https://github.com/containeroo/renvsubst written to /workspace/builds/worker-2-tc2/source/Cargo.toml
[INFO] crate git repo https://github.com/containeroo/renvsubst already has a lockfile, it will not be regenerated
[INFO] running `Command { std: CARGO_HOME="/workspace/cargo-home" RUSTUP_HOME="/workspace/rustup-home" "/workspace/cargo-home/bin/cargo" "+beta-2023-12-22" "fetch" "--manifest-path" "Cargo.toml", kill_on_drop: false }`
[INFO] running `Command { std: "docker" "create" "-v" "/var/lib/crater-agent-workspace/builds/worker-2-tc2/target:/opt/rustwide/target:rw,Z" "-v" "/var/lib/crater-agent-workspace/builds/worker-2-tc2/source:/opt/rustwide/workdir:ro,Z" "-v" "/var/lib/crater-agent-workspace/cargo-home:/opt/rustwide/cargo-home:ro,Z" "-v" "/var/lib/crater-agent-workspace/rustup-home:/opt/rustwide/rustup-home:ro,Z" "-e" "SOURCE_DIR=/opt/rustwide/workdir" "-e" "CARGO_TARGET_DIR=/opt/rustwide/target" "-e" "CARGO_HOME=/opt/rustwide/cargo-home" "-e" "RUSTUP_HOME=/opt/rustwide/rustup-home" "-w" "/opt/rustwide/workdir" "-m" "1610612736" "--user" "0:0" "--network" "none" "ghcr.io/rust-lang/crates-build-env/linux@sha256:2788e3201cd34a07e3172128adcd8b3090168a8e3bcc40d7c032b9dda1df7d1c" "/opt/rustwide/cargo-home/bin/cargo" "+beta-2023-12-22" "metadata" "--no-deps" "--format-version=1", kill_on_drop: false }`
[INFO] [stdout] 016b0d743db141f5e8976fac98d771b626d13b8dbbc380c92746292afd45947b
[INFO] running `Command { std: "docker" "start" "-a" "016b0d743db141f5e8976fac98d771b626d13b8dbbc380c92746292afd45947b", kill_on_drop: false }`
[INFO] running `Command { std: "docker" "inspect" "016b0d743db141f5e8976fac98d771b626d13b8dbbc380c92746292afd45947b", kill_on_drop: false }`
[INFO] running `Command { std: "docker" "rm" "-f" "016b0d743db141f5e8976fac98d771b626d13b8dbbc380c92746292afd45947b", kill_on_drop: false }`
[INFO] [stdout] 016b0d743db141f5e8976fac98d771b626d13b8dbbc380c92746292afd45947b
[INFO] running `Command { std: "docker" "create" "-v" "/var/lib/crater-agent-workspace/builds/worker-2-tc2/target:/opt/rustwide/target:rw,Z" "-v" "/var/lib/crater-agent-workspace/builds/worker-2-tc2/source:/opt/rustwide/workdir:ro,Z" "-v" "/var/lib/crater-agent-workspace/cargo-home:/opt/rustwide/cargo-home:ro,Z" "-v" "/var/lib/crater-agent-workspace/rustup-home:/opt/rustwide/rustup-home:ro,Z" "-e" "SOURCE_DIR=/opt/rustwide/workdir" "-e" "CARGO_TARGET_DIR=/opt/rustwide/target" "-e" "CARGO_INCREMENTAL=0" "-e" "RUST_BACKTRACE=full" "-e" "RUSTFLAGS=--cap-lints=warn" "-e" "RUSTDOCFLAGS=--cap-lints=warn" "-e" "CARGO_HOME=/opt/rustwide/cargo-home" "-e" "RUSTUP_HOME=/opt/rustwide/rustup-home" "-w" "/opt/rustwide/workdir" "-m" "1610612736" "--user" "0:0" "--network" "none" "ghcr.io/rust-lang/crates-build-env/linux@sha256:2788e3201cd34a07e3172128adcd8b3090168a8e3bcc40d7c032b9dda1df7d1c" "/opt/rustwide/cargo-home/bin/cargo" "+beta-2023-12-22" "build" "--frozen" "--message-format=json", kill_on_drop: false }`
[INFO] [stdout] bf9737704ea8f54d839b483ff2aa521e4521557c61917ec0520b2a98159d36af
[INFO] running `Command { std: "docker" "start" "-a" "bf9737704ea8f54d839b483ff2aa521e4521557c61917ec0520b2a98159d36af", kill_on_drop: false }`
[INFO] [stderr]    Compiling colored v2.1.0
[INFO] [stderr]    Compiling renvsubst v0.10.0 (/opt/rustwide/workdir)
[INFO] [stderr]     Finished dev [unoptimized + debuginfo] target(s) in 1.68s
[INFO] running `Command { std: "docker" "inspect" "bf9737704ea8f54d839b483ff2aa521e4521557c61917ec0520b2a98159d36af", kill_on_drop: false }`
[INFO] running `Command { std: "docker" "rm" "-f" "bf9737704ea8f54d839b483ff2aa521e4521557c61917ec0520b2a98159d36af", kill_on_drop: false }`
[INFO] [stdout] bf9737704ea8f54d839b483ff2aa521e4521557c61917ec0520b2a98159d36af
[INFO] running `Command { std: "docker" "create" "-v" "/var/lib/crater-agent-workspace/builds/worker-2-tc2/target:/opt/rustwide/target:rw,Z" "-v" "/var/lib/crater-agent-workspace/builds/worker-2-tc2/source:/opt/rustwide/workdir:ro,Z" "-v" "/var/lib/crater-agent-workspace/cargo-home:/opt/rustwide/cargo-home:ro,Z" "-v" "/var/lib/crater-agent-workspace/rustup-home:/opt/rustwide/rustup-home:ro,Z" "-e" "SOURCE_DIR=/opt/rustwide/workdir" "-e" "CARGO_TARGET_DIR=/opt/rustwide/target" "-e" "CARGO_INCREMENTAL=0" "-e" "RUST_BACKTRACE=full" "-e" "RUSTFLAGS=--cap-lints=warn" "-e" "RUSTDOCFLAGS=--cap-lints=warn" "-e" "CARGO_HOME=/opt/rustwide/cargo-home" "-e" "RUSTUP_HOME=/opt/rustwide/rustup-home" "-w" "/opt/rustwide/workdir" "-m" "1610612736" "--user" "0:0" "--network" "none" "ghcr.io/rust-lang/crates-build-env/linux@sha256:2788e3201cd34a07e3172128adcd8b3090168a8e3bcc40d7c032b9dda1df7d1c" "/opt/rustwide/cargo-home/bin/cargo" "+beta-2023-12-22" "test" "--frozen" "--no-run" "--message-format=json", kill_on_drop: false }`
[INFO] [stdout] 315c31cdda87aa3d63ebf9f556f4ce5072b51715f584a8c54ff296eedf5d4540
[INFO] running `Command { std: "docker" "start" "-a" "315c31cdda87aa3d63ebf9f556f4ce5072b51715f584a8c54ff296eedf5d4540", kill_on_drop: false }`
[INFO] [stderr]    Compiling libc v0.2.140
[INFO] [stderr]    Compiling io-lifetimes v1.0.6
[INFO] [stderr]    Compiling rustix v0.36.9
[INFO] [stderr]    Compiling linux-raw-sys v0.1.4
[INFO] [stderr]    Compiling fastrand v1.9.0
[INFO] [stderr]    Compiling tempfile v3.4.0
[INFO] [stderr]    Compiling renvsubst v0.10.0 (/opt/rustwide/workdir)
[INFO] [stderr]     Finished test [unoptimized + debuginfo] target(s) in 7.76s
[INFO] running `Command { std: "docker" "inspect" "315c31cdda87aa3d63ebf9f556f4ce5072b51715f584a8c54ff296eedf5d4540", kill_on_drop: false }`
[INFO] running `Command { std: "docker" "rm" "-f" "315c31cdda87aa3d63ebf9f556f4ce5072b51715f584a8c54ff296eedf5d4540", kill_on_drop: false }`
[INFO] [stdout] 315c31cdda87aa3d63ebf9f556f4ce5072b51715f584a8c54ff296eedf5d4540
[INFO] running `Command { std: "docker" "create" "-v" "/var/lib/crater-agent-workspace/builds/worker-2-tc2/target:/opt/rustwide/target:rw,Z" "-v" "/var/lib/crater-agent-workspace/builds/worker-2-tc2/source:/opt/rustwide/workdir:ro,Z" "-v" "/var/lib/crater-agent-workspace/cargo-home:/opt/rustwide/cargo-home:ro,Z" "-v" "/var/lib/crater-agent-workspace/rustup-home:/opt/rustwide/rustup-home:ro,Z" "-e" "SOURCE_DIR=/opt/rustwide/workdir" "-e" "CARGO_TARGET_DIR=/opt/rustwide/target" "-e" "CARGO_INCREMENTAL=0" "-e" "RUST_BACKTRACE=full" "-e" "RUSTFLAGS=--cap-lints=warn" "-e" "RUSTDOCFLAGS=--cap-lints=warn" "-e" "CARGO_HOME=/opt/rustwide/cargo-home" "-e" "RUSTUP_HOME=/opt/rustwide/rustup-home" "-w" "/opt/rustwide/workdir" "-m" "1610612736" "--user" "0:0" "--network" "none" "ghcr.io/rust-lang/crates-build-env/linux@sha256:2788e3201cd34a07e3172128adcd8b3090168a8e3bcc40d7c032b9dda1df7d1c" "/opt/rustwide/cargo-home/bin/cargo" "+beta-2023-12-22" "test" "--frozen", kill_on_drop: false }`
[INFO] [stdout] e694f40e7a1af4266ac2dce703231159d31ac3952bf0afc9ac58bf9437f50bd7
[INFO] running `Command { std: "docker" "start" "-a" "e694f40e7a1af4266ac2dce703231159d31ac3952bf0afc9ac58bf9437f50bd7", kill_on_drop: false }`
[INFO] [stderr]     Finished test [unoptimized + debuginfo] target(s) in 0.03s
[INFO] [stderr]      Running unittests src/main.rs (/opt/rustwide/target/debug/deps/renvsubst-320befb14211570e)
[INFO] [stdout] 
[INFO] [stdout] running 183 tests
[INFO] [stdout] test args::tests::test_color ... ok
[INFO] [stdout] test args::tests::test_filters_variable_space ... ok
[INFO] [stdout] test args::tests::test_filters_suffix_space ... ok
[INFO] [stdout] test args::tests::test_filters_prefix_equal ... ok
[INFO] [stdout] test args::tests::test_filters_new ... ok
[INFO] [stdout] test args::tests::test_filters_prefix_space ... ok
[INFO] [stdout] test args::tests::test_flags_conflict_short_long ... ok
[INFO] [stdout] test args::tests::test_filters_multiple_same_prefix_equal ... ok
[INFO] [stdout] test args::tests::test_filters_suffix_equal ... ok
[INFO] [stdout] test args::tests::test_input_equal2 ... ok
[INFO] [stdout] test args::tests::test_input_space ... ok
[INFO] [stdout] test args::tests::test_input_equal_equal_in_value_short ... ok
[INFO] [stdout] test args::tests::test_input_equal_short ... ok
[INFO] [stdout] test args::tests::test_no_escape ... ok
[INFO] [stdout] test args::tests::test_flags_no_replace_no_replace_empty ... ok
[INFO] [stdout] test args::tests::test_flags_no_replace_no_replace_unset ... ok
[INFO] [stdout] test args::tests::test_input_equal ... ok
[INFO] [stdout] test args::tests::test_input_error ... ok
[INFO] [stdout] test args::tests::test_flags_other_conflict_short_long ... ok
[INFO] [stdout] test args::tests::test_parse_missing_value_prefix ... ok
[INFO] [stdout] test args::tests::test_output_error ... ok
[INFO] [stdout] test args::tests::test_output_space ... ok
[INFO] [stdout] test args::tests::test_parse_conflicting_flags2 ... ok
[INFO] [stdout] test args::tests::test_parse ... ok
[INFO] [stdout] test args::tests::test_output_equal_short ... ok
[INFO] [stdout] test args::tests::test_parse_help_flag ... ok
[INFO] [stdout] test args::tests::test_parse_conflicting_flags ... ok
[INFO] [stdout] test args::tests::test_no_replace_duplicate ... ok
[INFO] [stdout] test args::tests::test_flags_fail_fail_on_unset ... ok
[INFO] [stdout] test args::tests::test_output_equal ... ok
[INFO] [stdout] test args::tests::test_flags_other_conflict_long_long ... ok
[INFO] [stdout] test args::tests::test_filters_variable_equal ... ok
[INFO] [stdout] test args::tests::test_parse_missing_value_suffix ... ok
[INFO] [stdout] test args::tests::test_parse_missing_value_variable ... ok
[INFO] [stdout] test args::tests::test_parse_prefix_multiple ... ok
[INFO] [stdout] test args::tests::test_parse_prefix_arg ... ok
[INFO] [stdout] test args::tests::test_parse_suffix_multiple ... ok
[INFO] [stdout] test args::tests::test_parse_shorts_long ... ok
[INFO] [stdout] test args::tests::test_parse_shorts_long_mixed_conflict ... ok
[INFO] [stdout] test args::tests::test_parse_prefix_space ... ok
[INFO] [stdout] test args::tests::test_parse_shorts_conflict ... ok
[INFO] [stdout] test args::tests::test_parse_prefix_equal ... ok
[INFO] [stdout] test args::tests::test_parse_suffix_space ... ok
[INFO] [stdout] test args::tests::test_parse_shorts_unwknown ... ok
[INFO] [stdout] test args::tests::test_parse_shorts_fail_unset_fail_empty ... ok
[INFO] [stdout] test args::tests::test_flags_fail_fail_on_empty ... ok
[INFO] [stdout] test args::tests::test_parse_suffix_equal ... ok
[INFO] [stdout] test args::tests::test_parse_variable_equal ... ok
[INFO] [stdout] test args::tests::test_parse_variable_multiple_different ... ok
[INFO] [stdout] test args::tests::test_version ... ok
[INFO] [stdout] test env_subst::tests::test_process_input_write_fail ... ok
[INFO] [stdout] test args::tests::test_parse_variable_multiple ... ok
[INFO] [stdout] test args::tests::test_parse_variable_multiple_different_order ... ok
[INFO] [stdout] test env_subst::tests::test_process_input_unbuffered_lines ... ok
[INFO] [stdout] test env_subst::tests::test_read_lines_windows_endings ... ok
[INFO] [stdout] test env_subst::tests::test_read_lines_error ... ok
[INFO] [stdout] test args::tests::test_parse_unknown_flag ... ok
[INFO] [stdout] test args::tests::test_parse_variable_space ... ok
[INFO] [stdout] test args::tests::test_parse_unbuffered_lines ... ok
[INFO] [stdout] test env_subst::tests::test_process_input_error ... ok
[INFO] [stdout] test env_subst::tests::test_read_lines_emojis ... ok
[INFO] [stdout] test env_subst::tests::test_read_lines_unix_endings ... ok
[INFO] [stdout] test env_subst::tests::test_process_input_basic ... ok
[INFO] [stdout] test env_subst::tests::test_process_input_flush_fail ... ok
[INFO] [stdout] test env_subst::tests::test_replace_vars_in_line_escaping ... ok
[INFO] [stdout] test env_subst::tests::test_replace_vars_in_line_filter_pattern_stripping_suffix_not_found ... ok
[INFO] [stdout] test errors::tests::test_unknown_flag_error ... ok
[INFO] [stdout] test env_subst::tests::test_replace_vars_in_line_filter_pattern_stripping_variable_not_found ... ok
[INFO] [stdout] test filters::tests::test_filters_add_prefix ... ok
[INFO] [stdout] test env_subst::tests::test_replace_vars_in_line_filters ... ok
[INFO] [stdout] test filters::tests::test_add_start_parameters ... ok
[INFO] [stdout] test errors::tests::test_conflicting_flags_error ... ok
[INFO] [stdout] test env_subst::tests::test_replace_vars_in_line_flags ... ok
[INFO] [stdout] test env_subst::tests::test_replace_vars_in_line_filter_variable_substitution ... ok
[INFO] [stdout] test filters::tests::test_filters_add_suffix ... ok
[INFO] [stdout] test filters::tests::test_multiple_filters ... ok
[INFO] [stdout] test filters::tests::test_filters_add_variable ... ok
[INFO] [stdout] test filters::tests::test_multiple_filters_with_match ... ok
[INFO] [stdout] test env_subst::tests::test_replace_vars_in_line ... ok
[INFO] [stdout] test errors::tests::test_duplicate_value_error ... ok
[INFO] [stdout] test filters::tests::test_multiple_filters_with_match_and_no_match ... ok
[INFO] [stdout] test errors::tests::test_missing_value_error ... ok
[INFO] [stdout] test filters::tests::test_filters_add_start_parameter ... ok
[INFO] [stdout] test filters::tests::test_suffix_filter ... ok
[INFO] [stdout] test flags::tests::test_fail_duplicate_short_long ... ok
[INFO] [stdout] test filters::tests::test_multiple_variable_filters ... ok
[INFO] [stdout] test filters::tests::test_no_filters ... ok
[INFO] [stdout] test filters::tests::test_variable_filter ... ok
[INFO] [stdout] test filters::tests::test_prefix_filter ... ok
[INFO] [stdout] test flags::tests::test_fail_fail_on_unset ... ok
[INFO] [stdout] test filters::tests::test_multiple_filters_with_match_and_no_match_and_match ... ok
[INFO] [stdout] test filters::tests::test_multiple_suffix_filters ... ok
[INFO] [stdout] test flags::tests::test_fail_duplicate_long_long ... ok
[INFO] [stdout] test flags::tests::test_fail_on_empty_already_set ... ok
[INFO] [stdout] test flags::tests::test_fail_duplicate_long_short ... ok
[INFO] [stdout] test filters::tests::test_multiple_prefix_filters ... ok
[INFO] [stdout] test flags::tests::test_fail_on_empty_fail ... ok
[INFO] [stdout] test filters::tests::test_filters_add_missing_value ... ok
[INFO] [stdout] test flags::tests::test_flags_fail_fail_on_empty_conflict ... ok
[INFO] [stdout] test flags::tests::test_fail_fail_on_empty ... ok
[INFO] [stdout] test filters::tests::test_multiple_filters_with_no_match ... ok
[INFO] [stdout] test flags::tests::test_fail_on_empty_conflict ... ok
[INFO] [stdout] test flags::tests::test_fail_on_unset_fail ... ok
[INFO] [stdout] test flags::tests::test_flags_fail_fail_on_unset_conflict ... ok
[INFO] [stdout] test flags::tests::test_no_replace_empty_fail_on_empty_conflict_long_short ... ok
[INFO] [stdout] test flags::tests::test_no_replace_no_replace_empty ... ok
[INFO] [stdout] test flags::tests::test_nore_replace_no_replace_empty ... ok
[INFO] [stdout] test flags::tests::test_no_replace_unset_duplicate ... ok
[INFO] [stdout] test flags::tests::test_no_replace_no_replace_unset ... ok
[INFO] [stdout] test io::tests::test_input_output_set_input_missing_value_error ... ok
[INFO] [stdout] test flags::tests::test_no_replace_unset_no_replace ... ok
[INFO] [stdout] test flags::tests::test_no_replace_empty_duplicate ... ok
[INFO] [stdout] test flags::tests::test_no_replace_duplicate ... ok
[INFO] [stdout] test flags::tests::test_set_no_replace_and_related_flags ... ok
[INFO] [stdout] test io::tests::test_input_output_set_output_missing_value_error ... ok
[INFO] [stdout] test flags::tests::test_set_conflicting_flags ... ok
[INFO] [stdout] test flags::tests::test_unbuffered_lines ... ok
[INFO] [stdout] test flags::tests::test_set_duplicate_value ... ok
[INFO] [stdout] test flags::tests::test_no_replace_empty_no_replace ... ok
[INFO] [stdout] test flags::tests::test_get_defaults ... ok
[INFO] [stdout] test io::tests::test_open_input_with_empty ... ok
[INFO] [stdout] test flags::tests::test_no_replace_empty_fail_on_unset_conflict_short_short ... ok
[INFO] [stdout] test flags::tests::test_fail_on_unset_already_set ... ok
[INFO] [stdout] test flags::tests::test_set_success ... ok
[INFO] [stdout] test io::tests::test_open_output_with_stdout ... ok
[INFO] [stdout] test io::tests::test_open_input_with_nonexistent_file ... ok
[INFO] [stdout] test io::tests::test_open_output_with_existent_file ... ok
[INFO] [stdout] test io::tests::test_open_output_with_nonexistent_directory ... ok
[INFO] [stdout] test io::tests::test_open_input_with_existent_file ... ok
[INFO] [stdout] test tests::test_run_output_error ... ok
[INFO] [stdout] test tests::test_run_version ... ok
[INFO] [stdout] test tests::test_example ... ok
[INFO] [stdout] test tests::test_run_input_error ... ok
[INFO] [stdout] test tests::test_run_help ... ok
[INFO] [stdout] test tests::test_run_output_file ... ok
[INFO] [stdout] test tests::test_run_input_file ... ok
[INFO] [stdout] test tests::test_run_colore_and_file ... ok
[INFO] [stdout] test variable_expansion::tests::process_substring_extraction_empty_value ... ok
[INFO] [stdout] test variable_expansion::tests::process_case_conversion_empty_value ... ok
[INFO] [stdout] test variable_expansion::tests::test_process_case_conversion_all_lower ... ok
[INFO] [stdout] test variable_expansion::tests::test_process_case_conversion_first_upper ... ok
[INFO] [stdout] test variable_expansion::tests::test_process_case_conversion_invalid_conversion ... ok
[INFO] [stdout] test variable_expansion::tests::test_process_inner_expression_case_conversion_all_uppercase ... ok
[INFO] [stdout] test variable_expansion::tests::test_process_case_conversion_no_operation ... ok
[INFO] [stdout] test variable_expansion::tests::test_process_case_conversion_first_lower ... ok
[INFO] [stdout] test variable_expansion::tests::test_process_case_conversion_invalid_operation ... ok
[INFO] [stdout] test variable_expansion::tests::test_process_inner_expression_case_conversion_all_lowercase ... ok
[INFO] [stdout] test variable_expansion::tests::test_process_case_conversion_all_upper ... ok
[INFO] [stdout] test variable_expansion::tests::test_process_inner_expression_basic_variable_replacement ... ok
[INFO] [stdout] test variable_expansion::tests::test_process_inner_expression_case_conversion_first_character_uppercase ... ok
[INFO] [stdout] test utils::tests::test_handle_flags_on_result ... ok
[INFO] [stdout] test variable_expansion::tests::test_process_inner_expression_case_conversion_first_character_lowercase ... ok
[INFO] [stdout] test variable_expansion::tests::test_process_inner_expression_default_value ... ok
[INFO] [stdout] test variable_expansion::tests::test_process_inner_expression_pattern_replacement_prefixed ... ok
[INFO] [stdout] test variable_expansion::tests::test_process_inner_expression_default_value_empty_string ... ok
[INFO] [stdout] test variable_expansion::tests::test_process_inner_expression_substring_extraction_empty_result_no_replace_flag ... ok
[INFO] [stdout] test variable_expansion::tests::test_process_inner_expression_substring_extraction_empty_result ... ok
[INFO] [stdout] test variable_expansion::tests::test_process_inner_expression_pattern_stripping_suffix ... ok
[INFO] [stdout] test variable_expansion::tests::test_process_inner_expression_substring_extraction_empty_result_fail_flag ... ok
[INFO] [stdout] test variable_expansion::tests::test_process_pattern_replacement_empty_operation_data ... ok
[INFO] [stdout] test variable_expansion::tests::test_process_inner_expression_pattern_stripping_prefix ... ok
[INFO] [stdout] test variable_expansion::tests::test_process_inner_expression_pattern_replacement ... ok
[INFO] [stdout] test variable_expansion::tests::test_process_inner_expression_substring_extraction ... ok
[INFO] [stdout] test variable_expansion::tests::test_process_inner_expression_invalid_character_expression ... ok
[INFO] [stdout] test variable_expansion::tests::test_process_pattern_replacement_empty_value ... ok
[INFO] [stdout] test variable_expansion::tests::test_process_pattern_replacement_end_of_string ... ok
[INFO] [stdout] test variable_expansion::tests::test_process_substring_extraction_with_start_and_len ... ok
[INFO] [stdout] test variable_expansion::tests::test_process_pattern_replacement_trailing_backslash_error ... ok
[INFO] [stdout] test variable_expansion::tests::test_process_substring_extraction_with_start_only ... ok
[INFO] [stdout] test variable_expansion::tests::test_process_substring_extraction_with_start_only_invalid ... ok
[INFO] [stdout] test variable_expansion::tests::test_process_substring_extraction_without_data ... ok
[INFO] [stdout] test variable_expansion::tests::test_process_pattern_replacement_single_match ... ok
[INFO] [stdout] test variable_expansion::tests::test_process_pattern_replacement_multiple_matches_all ... ok
[INFO] [stdout] test variable_expansion::tests::test_process_pattern_stripping_suffix ... ok
[INFO] [stdout] test variable_expansion::tests::test_process_pattern_stripping_empty_value ... ok
[INFO] [stdout] test variable_expansion::tests::test_process_pattern_stripping_invalid_operation ... ok
[INFO] [stdout] test variable_expansion::tests::test_process_substring_extraction_with_len_only_invalid ... ok
[INFO] [stdout] test variable_expansion::tests::test_process_inner_expression_invalid_operation ... ok
[INFO] [stdout] test variable_expansion::tests::test_process_pattern_stripping_prefix ... ok
[INFO] [stdout] test variable_expansion::tests::test_process_pattern_replacement_multiple_matches ... ok
[INFO] [stdout] test variable_expansion::tests::test_process_inner_expression_pattern_replacement_suffixed ... ok
[INFO] [stdout] test variable_expansion::tests::test_process_pattern_replacement_start_of_string ... ok
[INFO] [stdout] test utils::tests::test_colorize_text ... FAILED
[INFO] [stdout] 
[INFO] [stdout] failures:
[INFO] [stdout] 
[INFO] [stdout] ---- utils::tests::test_colorize_text stdout ----
[INFO] [stdout] thread 'utils::tests::test_colorize_text' panicked at src/utils.rs:132:9:
[INFO] [stdout] assertion `left == right` failed
[INFO] [stdout]   left: "This is a test."
[INFO] [stdout]  right: "\u{1b}[32mThis is a test.\u{1b}[0m"
[INFO] [stdout] stack backtrace:
[INFO] [stdout]    0:     0x55f0b69859d6 - std::backtrace_rs::backtrace::libunwind::trace::h261606ad26a499c1
[INFO] [stdout]                                at /rustc/0e09125c6c3c2fd70d7de961bcf0e51575235fad/library/std/src/../../backtrace/src/backtrace/libunwind.rs:104:5
[INFO] [stdout]    1:     0x55f0b69859d6 - std::backtrace_rs::backtrace::trace_unsynchronized::hd183f0625477fb28
[INFO] [stdout]                                at /rustc/0e09125c6c3c2fd70d7de961bcf0e51575235fad/library/std/src/../../backtrace/src/backtrace/mod.rs:66:5
[INFO] [stdout]    2:     0x55f0b69859d6 - std::sys_common::backtrace::_print_fmt::hd7f8fef21b4eda67
[INFO] [stdout]                                at /rustc/0e09125c6c3c2fd70d7de961bcf0e51575235fad/library/std/src/sys_common/backtrace.rs:68:5
[INFO] [stdout]    3:     0x55f0b69859d6 - <std::sys_common::backtrace::_print::DisplayBacktrace as core::fmt::Display>::fmt::h623d9b51f2f453f1
[INFO] [stdout]                                at /rustc/0e09125c6c3c2fd70d7de961bcf0e51575235fad/library/std/src/sys_common/backtrace.rs:44:22
[INFO] [stdout]    4:     0x55f0b69afba0 - core::fmt::rt::Argument::fmt::h9f417ac76a86f368
[INFO] [stdout]                                at /rustc/0e09125c6c3c2fd70d7de961bcf0e51575235fad/library/core/src/fmt/rt.rs:142:9
[INFO] [stdout]    5:     0x55f0b69afba0 - core::fmt::write::hc9b6faf4ac2aeff7
[INFO] [stdout]                                at /rustc/0e09125c6c3c2fd70d7de961bcf0e51575235fad/library/core/src/fmt/mod.rs:1120:17
[INFO] [stdout]    6:     0x55f0b698328f - std::io::Write::write_fmt::he04625a3a989fec3
[INFO] [stdout]                                at /rustc/0e09125c6c3c2fd70d7de961bcf0e51575235fad/library/std/src/io/mod.rs:1810:15
[INFO] [stdout]    7:     0x55f0b69857b4 - std::sys_common::backtrace::_print::hd5d66399c7df88a2
[INFO] [stdout]                                at /rustc/0e09125c6c3c2fd70d7de961bcf0e51575235fad/library/std/src/sys_common/backtrace.rs:47:5
[INFO] [stdout]    8:     0x55f0b69857b4 - std::sys_common::backtrace::print::he81ed2da642d37e5
[INFO] [stdout]                                at /rustc/0e09125c6c3c2fd70d7de961bcf0e51575235fad/library/std/src/sys_common/backtrace.rs:34:9
[INFO] [stdout]    9:     0x55f0b6987527 - std::panicking::default_hook::{{closure}}::h85773f4fa117163d
[INFO] [stdout]   10:     0x55f0b698720d - std::panicking::default_hook::h6a1694a91d09b278
[INFO] [stdout]                                at /rustc/0e09125c6c3c2fd70d7de961bcf0e51575235fad/library/std/src/panicking.rs:289:9
[INFO] [stdout]   11:     0x55f0b693a717 - <alloc::boxed::Box<F,A> as core::ops::function::Fn<Args>>::call::h616ac37fa3cd6c8f
[INFO] [stdout]                                at /rustc/0e09125c6c3c2fd70d7de961bcf0e51575235fad/library/alloc/src/boxed.rs:2029:9
[INFO] [stdout]   12:     0x55f0b693a717 - test::test_main::{{closure}}::h00d84697cefdcbb6
[INFO] [stdout]                                at /rustc/0e09125c6c3c2fd70d7de961bcf0e51575235fad/library/test/src/lib.rs:138:21
[INFO] [stdout]   13:     0x55f0b6987b46 - <alloc::boxed::Box<F,A> as core::ops::function::Fn<Args>>::call::hcb3fe3b9bb537ba8
[INFO] [stdout]                                at /rustc/0e09125c6c3c2fd70d7de961bcf0e51575235fad/library/alloc/src/boxed.rs:2029:9
[INFO] [stdout]   14:     0x55f0b6987b46 - std::panicking::rust_panic_with_hook::h0a7ad96e90f7145b
[INFO] [stdout]                                at /rustc/0e09125c6c3c2fd70d7de961bcf0e51575235fad/library/std/src/panicking.rs:783:13
[INFO] [stdout]   15:     0x55f0b6987892 - std::panicking::begin_panic_handler::{{closure}}::h7919090525c6485e
[INFO] [stdout]                                at /rustc/0e09125c6c3c2fd70d7de961bcf0e51575235fad/library/std/src/panicking.rs:657:13
[INFO] [stdout]   16:     0x55f0b6985ed6 - std::sys_common::backtrace::__rust_end_short_backtrace::hf3289479464f7dfe
[INFO] [stdout]                                at /rustc/0e09125c6c3c2fd70d7de961bcf0e51575235fad/library/std/src/sys_common/backtrace.rs:171:18
[INFO] [stdout]   17:     0x55f0b69875f0 - rust_begin_unwind
[INFO] [stdout]                                at /rustc/0e09125c6c3c2fd70d7de961bcf0e51575235fad/library/std/src/panicking.rs:645:5
[INFO] [stdout]   18:     0x55f0b68971b5 - core::panicking::panic_fmt::hcc9f77c5c132af55
[INFO] [stdout]                                at /rustc/0e09125c6c3c2fd70d7de961bcf0e51575235fad/library/core/src/panicking.rs:72:14
[INFO] [stdout]   19:     0x55f0b68975eb - core::panicking::assert_failed_inner::h9f13e27dd63c3a08
[INFO] [stdout]                                at /rustc/0e09125c6c3c2fd70d7de961bcf0e51575235fad/library/core/src/panicking.rs:342:17
[INFO] [stdout]   20:     0x55f0b68e7efe - core::panicking::assert_failed::h3bc918e6423bed0b
[INFO] [stdout]                                at /rustc/0e09125c6c3c2fd70d7de961bcf0e51575235fad/library/core/src/panicking.rs:297:5
[INFO] [stdout]   21:     0x55f0b68f1157 - renvsubst::utils::tests::test_colorize_text::h4dedc4e8f5f1c246
[INFO] [stdout]                                at /opt/rustwide/workdir/src/utils.rs:132:9
[INFO] [stdout]   22:     0x55f0b68f0ed7 - renvsubst::utils::tests::test_colorize_text::{{closure}}::h1990a355ee3c949b
[INFO] [stdout]                                at /opt/rustwide/workdir/src/utils.rs:124:28
[INFO] [stdout]   23:     0x55f0b68bede6 - core::ops::function::FnOnce::call_once::he053f72788d16c20
[INFO] [stdout]                                at /rustc/0e09125c6c3c2fd70d7de961bcf0e51575235fad/library/core/src/ops/function.rs:250:5
[INFO] [stdout]   24:     0x55f0b693ffef - core::ops::function::FnOnce::call_once::hd64d26f405258157
[INFO] [stdout]                                at /rustc/0e09125c6c3c2fd70d7de961bcf0e51575235fad/library/core/src/ops/function.rs:250:5
[INFO] [stdout]   25:     0x55f0b693ffef - test::__rust_begin_short_backtrace::he21b0b7a6d731bf9
[INFO] [stdout]                                at /rustc/0e09125c6c3c2fd70d7de961bcf0e51575235fad/library/test/src/lib.rs:627:18
[INFO] [stdout]   26:     0x55f0b693ed71 - test::run_test_in_process::{{closure}}::hf5c73986d7bdfde2
[INFO] [stdout]                                at /rustc/0e09125c6c3c2fd70d7de961bcf0e51575235fad/library/test/src/lib.rs:650:60
[INFO] [stdout]   27:     0x55f0b693ed71 - <core::panic::unwind_safe::AssertUnwindSafe<F> as core::ops::function::FnOnce<()>>::call_once::h330011ad032aadc0
[INFO] [stdout]                                at /rustc/0e09125c6c3c2fd70d7de961bcf0e51575235fad/library/core/src/panic/unwind_safe.rs:272:9
[INFO] [stdout]   28:     0x55f0b693ed71 - std::panicking::try::do_call::he61b0a958b795a41
[INFO] [stdout]                                at /rustc/0e09125c6c3c2fd70d7de961bcf0e51575235fad/library/std/src/panicking.rs:552:40
[INFO] [stdout]   29:     0x55f0b693ed71 - std::panicking::try::h7309da130f906eb7
[INFO] [stdout]                                at /rustc/0e09125c6c3c2fd70d7de961bcf0e51575235fad/library/std/src/panicking.rs:516:19
[INFO] [stdout]   30:     0x55f0b693ed71 - std::panic::catch_unwind::hc5c3a06fdaf0a92a
[INFO] [stdout]                                at /rustc/0e09125c6c3c2fd70d7de961bcf0e51575235fad/library/std/src/panic.rs:142:14
[INFO] [stdout]   31:     0x55f0b693ed71 - test::run_test_in_process::h7e7b7c71c3324e0f
[INFO] [stdout]                                at /rustc/0e09125c6c3c2fd70d7de961bcf0e51575235fad/library/test/src/lib.rs:650:27
[INFO] [stdout]   32:     0x55f0b693ed71 - test::run_test::{{closure}}::h1f509f28f5cf20b1
[INFO] [stdout]                                at /rustc/0e09125c6c3c2fd70d7de961bcf0e51575235fad/library/test/src/lib.rs:573:43
[INFO] [stdout]   33:     0x55f0b69060a6 - test::run_test::{{closure}}::h1754218abf443f6d
[INFO] [stdout]                                at /rustc/0e09125c6c3c2fd70d7de961bcf0e51575235fad/library/test/src/lib.rs:601:41
[INFO] [stdout]   34:     0x55f0b69060a6 - std::sys_common::backtrace::__rust_begin_short_backtrace::h2ee174b9d5954948
[INFO] [stdout]                                at /rustc/0e09125c6c3c2fd70d7de961bcf0e51575235fad/library/std/src/sys_common/backtrace.rs:155:18
[INFO] [stdout]   35:     0x55f0b690b107 - std::thread::Builder::spawn_unchecked_::{{closure}}::{{closure}}::hf60bee9c1a17ef09
[INFO] [stdout]                                at /rustc/0e09125c6c3c2fd70d7de961bcf0e51575235fad/library/std/src/thread/mod.rs:529:17
[INFO] [stdout]   36:     0x55f0b690b107 - <core::panic::unwind_safe::AssertUnwindSafe<F> as core::ops::function::FnOnce<()>>::call_once::h33d0dddec5216160
[INFO] [stdout]                                at /rustc/0e09125c6c3c2fd70d7de961bcf0e51575235fad/library/core/src/panic/unwind_safe.rs:272:9
[INFO] [stdout]   37:     0x55f0b690b107 - std::panicking::try::do_call::h144b3048b546f835
[INFO] [stdout]                                at /rustc/0e09125c6c3c2fd70d7de961bcf0e51575235fad/library/std/src/panicking.rs:552:40
[INFO] [stdout]   38:     0x55f0b690b107 - std::panicking::try::h978244d04646189f
[INFO] [stdout]                                at /rustc/0e09125c6c3c2fd70d7de961bcf0e51575235fad/library/std/src/panicking.rs:516:19
[INFO] [stdout]   39:     0x55f0b690b107 - std::panic::catch_unwind::hdf436369d188fe86
[INFO] [stdout]                                at /rustc/0e09125c6c3c2fd70d7de961bcf0e51575235fad/library/std/src/panic.rs:142:14
[INFO] [stdout]   40:     0x55f0b690b107 - std::thread::Builder::spawn_unchecked_::{{closure}}::h87329cbdd33c79ec
[INFO] [stdout]                                at /rustc/0e09125c6c3c2fd70d7de961bcf0e51575235fad/library/std/src/thread/mod.rs:528:30
[INFO] [stdout]   41:     0x55f0b690b107 - core::ops::function::FnOnce::call_once{{vtable.shim}}::h401abbe67897d450
[INFO] [stdout]                                at /rustc/0e09125c6c3c2fd70d7de961bcf0e51575235fad/library/core/src/ops/function.rs:250:5
[INFO] [stdout]   42:     0x55f0b698c8e5 - <alloc::boxed::Box<F,A> as core::ops::function::FnOnce<Args>>::call_once::h5d7c8f150ab9c84c
[INFO] [stdout]                                at /rustc/0e09125c6c3c2fd70d7de961bcf0e51575235fad/library/alloc/src/boxed.rs:2015:9
[INFO] [stdout]   43:     0x55f0b698c8e5 - <alloc::boxed::Box<F,A> as core::ops::function::FnOnce<Args>>::call_once::h570d5b005c242c15
[INFO] [stdout]                                at /rustc/0e09125c6c3c2fd70d7de961bcf0e51575235fad/library/alloc/src/boxed.rs:2015:9
[INFO] [stdout]   44:     0x55f0b698c8e5 - std::sys::unix::thread::Thread::new::thread_start::h36b0a20c0b2361ad
[INFO] [stdout]                                at /rustc/0e09125c6c3c2fd70d7de961bcf0e51575235fad/library/std/src/sys/unix/thread.rs:108:17
[INFO] [stdout]   45:     0x7f4164d1dac3 - <unknown>
[INFO] [stdout]   46:     0x7f4164daebf4 - __clone
[INFO] [stdout]   47:                0x0 - <unknown>
[INFO] [stdout] 
[INFO] [stdout] 
[INFO] [stdout] failures:
[INFO] [stdout]     utils::tests::test_colorize_text
[INFO] [stdout] 
[INFO] [stdout] test result: FAILED. 182 passed; 1 failed; 0 ignored; 0 measured; 0 filtered out; finished in 0.31s
[INFO] [stdout] 
[INFO] [stderr] error: test failed, to rerun pass `--bin renvsubst`
[INFO] running `Command { std: "docker" "inspect" "e694f40e7a1af4266ac2dce703231159d31ac3952bf0afc9ac58bf9437f50bd7", kill_on_drop: false }`
[INFO] running `Command { std: "docker" "rm" "-f" "e694f40e7a1af4266ac2dce703231159d31ac3952bf0afc9ac58bf9437f50bd7", kill_on_drop: false }`
[INFO] [stdout] e694f40e7a1af4266ac2dce703231159d31ac3952bf0afc9ac58bf9437f50bd7
