[INFO] cloning repository https://github.com/connorpower/geoms
[INFO] running `Command { std: "git" "-c" "credential.helper=" "-c" "credential.helper=/workspace/cargo-home/bin/git-credential-null" "clone" "--bare" "https://github.com/connorpower/geoms" "/workspace/cache/git-repos/https%3A%2F%2Fgithub.com%2Fconnorpower%2Fgeoms", kill_on_drop: false }`
[INFO] [stderr] Cloning into bare repository '/workspace/cache/git-repos/https%3A%2F%2Fgithub.com%2Fconnorpower%2Fgeoms'...
[INFO] running `Command { std: "git" "rev-parse" "HEAD", kill_on_drop: false }`
[INFO] [stdout] 32f064cba86c08fd3bcfdcd8825bfd5406840da0
[INFO] testing connorpower/geoms against 1.75.0 for beta-1.76-1
[INFO] running `Command { std: "git" "clone" "/workspace/cache/git-repos/https%3A%2F%2Fgithub.com%2Fconnorpower%2Fgeoms" "/workspace/builds/worker-2-tc1/source", kill_on_drop: false }`
[INFO] [stderr] Cloning into '/workspace/builds/worker-2-tc1/source'...
[INFO] [stderr] done.
[INFO] validating manifest of git repo https://github.com/connorpower/geoms on toolchain 1.75.0
[INFO] running `Command { std: CARGO_HOME="/workspace/cargo-home" RUSTUP_HOME="/workspace/rustup-home" "/workspace/cargo-home/bin/cargo" "+1.75.0" "metadata" "--manifest-path" "Cargo.toml" "--no-deps", kill_on_drop: false }`
[INFO] started tweaking git repo https://github.com/connorpower/geoms
[INFO] finished tweaking git repo https://github.com/connorpower/geoms
[INFO] tweaked toml for git repo https://github.com/connorpower/geoms written to /workspace/builds/worker-2-tc1/source/Cargo.toml
[INFO] crate git repo https://github.com/connorpower/geoms already has a lockfile, it will not be regenerated
[INFO] running `Command { std: CARGO_HOME="/workspace/cargo-home" RUSTUP_HOME="/workspace/rustup-home" "/workspace/cargo-home/bin/cargo" "+1.75.0" "fetch" "--manifest-path" "Cargo.toml", kill_on_drop: false }`
[INFO] running `Command { std: "docker" "create" "-v" "/var/lib/crater-agent-workspace/builds/worker-2-tc1/target:/opt/rustwide/target:rw,Z" "-v" "/var/lib/crater-agent-workspace/builds/worker-2-tc1/source:/opt/rustwide/workdir:ro,Z" "-v" "/var/lib/crater-agent-workspace/cargo-home:/opt/rustwide/cargo-home:ro,Z" "-v" "/var/lib/crater-agent-workspace/rustup-home:/opt/rustwide/rustup-home:ro,Z" "-e" "SOURCE_DIR=/opt/rustwide/workdir" "-e" "CARGO_TARGET_DIR=/opt/rustwide/target" "-e" "CARGO_HOME=/opt/rustwide/cargo-home" "-e" "RUSTUP_HOME=/opt/rustwide/rustup-home" "-w" "/opt/rustwide/workdir" "-m" "1610612736" "--user" "0:0" "--network" "none" "ghcr.io/rust-lang/crates-build-env/linux@sha256:2788e3201cd34a07e3172128adcd8b3090168a8e3bcc40d7c032b9dda1df7d1c" "/opt/rustwide/cargo-home/bin/cargo" "+1.75.0" "metadata" "--no-deps" "--format-version=1", kill_on_drop: false }`
[INFO] [stdout] fe8de0793bbea5e72c5e17579d0186e8fb80c7e1851daa94c5fc03a8746b8180
[INFO] running `Command { std: "docker" "start" "-a" "fe8de0793bbea5e72c5e17579d0186e8fb80c7e1851daa94c5fc03a8746b8180", kill_on_drop: false }`
[INFO] running `Command { std: "docker" "inspect" "fe8de0793bbea5e72c5e17579d0186e8fb80c7e1851daa94c5fc03a8746b8180", kill_on_drop: false }`
[INFO] running `Command { std: "docker" "rm" "-f" "fe8de0793bbea5e72c5e17579d0186e8fb80c7e1851daa94c5fc03a8746b8180", kill_on_drop: false }`
[INFO] [stdout] fe8de0793bbea5e72c5e17579d0186e8fb80c7e1851daa94c5fc03a8746b8180
[INFO] running `Command { std: "docker" "create" "-v" "/var/lib/crater-agent-workspace/builds/worker-2-tc1/target:/opt/rustwide/target:rw,Z" "-v" "/var/lib/crater-agent-workspace/builds/worker-2-tc1/source:/opt/rustwide/workdir:ro,Z" "-v" "/var/lib/crater-agent-workspace/cargo-home:/opt/rustwide/cargo-home:ro,Z" "-v" "/var/lib/crater-agent-workspace/rustup-home:/opt/rustwide/rustup-home:ro,Z" "-e" "SOURCE_DIR=/opt/rustwide/workdir" "-e" "CARGO_TARGET_DIR=/opt/rustwide/target" "-e" "CARGO_INCREMENTAL=0" "-e" "RUST_BACKTRACE=full" "-e" "RUSTFLAGS=--cap-lints=warn" "-e" "RUSTDOCFLAGS=--cap-lints=warn" "-e" "CARGO_HOME=/opt/rustwide/cargo-home" "-e" "RUSTUP_HOME=/opt/rustwide/rustup-home" "-w" "/opt/rustwide/workdir" "-m" "1610612736" "--user" "0:0" "--network" "none" "ghcr.io/rust-lang/crates-build-env/linux@sha256:2788e3201cd34a07e3172128adcd8b3090168a8e3bcc40d7c032b9dda1df7d1c" "/opt/rustwide/cargo-home/bin/cargo" "+1.75.0" "build" "--frozen" "--message-format=json", kill_on_drop: false }`
[INFO] [stdout] a7753793bcbf44b31c365545fd36e7bf0db1707ebd2619ec75fe9342bc7f2800
[INFO] running `Command { std: "docker" "start" "-a" "a7753793bcbf44b31c365545fd36e7bf0db1707ebd2619ec75fe9342bc7f2800", kill_on_drop: false }`
[INFO] [stderr]    Compiling autocfg v1.1.0
[INFO] [stderr]    Compiling num-traits v0.2.15
[INFO] [stderr]    Compiling geoms v0.0.1 (/opt/rustwide/workdir)
[INFO] [stderr]     Finished dev [unoptimized + debuginfo] target(s) in 1.13s
[INFO] running `Command { std: "docker" "inspect" "a7753793bcbf44b31c365545fd36e7bf0db1707ebd2619ec75fe9342bc7f2800", kill_on_drop: false }`
[INFO] running `Command { std: "docker" "rm" "-f" "a7753793bcbf44b31c365545fd36e7bf0db1707ebd2619ec75fe9342bc7f2800", kill_on_drop: false }`
[INFO] [stdout] a7753793bcbf44b31c365545fd36e7bf0db1707ebd2619ec75fe9342bc7f2800
[INFO] running `Command { std: "docker" "create" "-v" "/var/lib/crater-agent-workspace/builds/worker-2-tc1/target:/opt/rustwide/target:rw,Z" "-v" "/var/lib/crater-agent-workspace/builds/worker-2-tc1/source:/opt/rustwide/workdir:ro,Z" "-v" "/var/lib/crater-agent-workspace/cargo-home:/opt/rustwide/cargo-home:ro,Z" "-v" "/var/lib/crater-agent-workspace/rustup-home:/opt/rustwide/rustup-home:ro,Z" "-e" "SOURCE_DIR=/opt/rustwide/workdir" "-e" "CARGO_TARGET_DIR=/opt/rustwide/target" "-e" "CARGO_INCREMENTAL=0" "-e" "RUST_BACKTRACE=full" "-e" "RUSTFLAGS=--cap-lints=warn" "-e" "RUSTDOCFLAGS=--cap-lints=warn" "-e" "CARGO_HOME=/opt/rustwide/cargo-home" "-e" "RUSTUP_HOME=/opt/rustwide/rustup-home" "-w" "/opt/rustwide/workdir" "-m" "1610612736" "--user" "0:0" "--network" "none" "ghcr.io/rust-lang/crates-build-env/linux@sha256:2788e3201cd34a07e3172128adcd8b3090168a8e3bcc40d7c032b9dda1df7d1c" "/opt/rustwide/cargo-home/bin/cargo" "+1.75.0" "test" "--frozen" "--no-run" "--message-format=json", kill_on_drop: false }`
[INFO] [stdout] 098d365ca2c4ec2b1b7d7a40ec3e26c320cc26380060170ce11a93c538278dfe
[INFO] running `Command { std: "docker" "start" "-a" "098d365ca2c4ec2b1b7d7a40ec3e26c320cc26380060170ce11a93c538278dfe", kill_on_drop: false }`
[INFO] [stderr]    Compiling diff v0.1.13
[INFO] [stderr]    Compiling yansi v0.5.1
[INFO] [stderr]    Compiling pretty_assertions v1.3.0
[INFO] [stderr]    Compiling geoms v0.0.1 (/opt/rustwide/workdir)
[INFO] [stdout] warning: unused import: `super::*`
[INFO] [stdout]    --> src/d2/mod.rs:797:9
[INFO] [stdout]     |
[INFO] [stdout] 797 |     use super::*;
[INFO] [stdout]     |         ^^^^^^^^
[INFO] [stdout]     |
[INFO] [stdout]     = note: `#[warn(unused_imports)]` on by default
[INFO] [stdout] 
[INFO] [stdout] 
[INFO] [stdout] warning: unused import: `::pretty_assertions::assert_eq`
[INFO] [stdout]    --> src/d2/mod.rs:798:9
[INFO] [stdout]     |
[INFO] [stdout] 798 |     use ::pretty_assertions::assert_eq;
[INFO] [stdout]     |         ^^^^^^^^^^^^^^^^^^^^^^^^^^^^^^
[INFO] [stdout] 
[INFO] [stdout] 
[INFO] [stdout] warning: 2 warnings emitted
[INFO] [stdout] 
[INFO] [stdout] 
[INFO] [stderr]     Finished test [unoptimized + debuginfo] target(s) in 0.43s
[INFO] running `Command { std: "docker" "inspect" "098d365ca2c4ec2b1b7d7a40ec3e26c320cc26380060170ce11a93c538278dfe", kill_on_drop: false }`
[INFO] running `Command { std: "docker" "rm" "-f" "098d365ca2c4ec2b1b7d7a40ec3e26c320cc26380060170ce11a93c538278dfe", kill_on_drop: false }`
[INFO] [stdout] 098d365ca2c4ec2b1b7d7a40ec3e26c320cc26380060170ce11a93c538278dfe
[INFO] running `Command { std: "docker" "create" "-v" "/var/lib/crater-agent-workspace/builds/worker-2-tc1/target:/opt/rustwide/target:rw,Z" "-v" "/var/lib/crater-agent-workspace/builds/worker-2-tc1/source:/opt/rustwide/workdir:ro,Z" "-v" "/var/lib/crater-agent-workspace/cargo-home:/opt/rustwide/cargo-home:ro,Z" "-v" "/var/lib/crater-agent-workspace/rustup-home:/opt/rustwide/rustup-home:ro,Z" "-e" "SOURCE_DIR=/opt/rustwide/workdir" "-e" "CARGO_TARGET_DIR=/opt/rustwide/target" "-e" "CARGO_INCREMENTAL=0" "-e" "RUST_BACKTRACE=full" "-e" "RUSTFLAGS=--cap-lints=warn" "-e" "RUSTDOCFLAGS=--cap-lints=warn" "-e" "CARGO_HOME=/opt/rustwide/cargo-home" "-e" "RUSTUP_HOME=/opt/rustwide/rustup-home" "-w" "/opt/rustwide/workdir" "-m" "1610612736" "--user" "0:0" "--network" "none" "ghcr.io/rust-lang/crates-build-env/linux@sha256:2788e3201cd34a07e3172128adcd8b3090168a8e3bcc40d7c032b9dda1df7d1c" "/opt/rustwide/cargo-home/bin/cargo" "+1.75.0" "test" "--frozen", kill_on_drop: false }`
[INFO] [stdout] 3788253b903ee56cb6fbee1cbfc676a44c26fcd61a3c6eea67953b332798a130
[INFO] running `Command { std: "docker" "start" "-a" "3788253b903ee56cb6fbee1cbfc676a44c26fcd61a3c6eea67953b332798a130", kill_on_drop: false }`
[INFO] [stderr] warning: unused import: `super::*`
[INFO] [stderr]    --> src/d2/mod.rs:797:9
[INFO] [stderr]     |
[INFO] [stderr] 797 |     use super::*;
[INFO] [stderr]     |         ^^^^^^^^
[INFO] [stderr]     |
[INFO] [stderr]     = note: `#[warn(unused_imports)]` on by default
[INFO] [stderr] 
[INFO] [stderr] warning: unused import: `::pretty_assertions::assert_eq`
[INFO] [stderr]    --> src/d2/mod.rs:798:9
[INFO] [stderr]     |
[INFO] [stderr] 798 |     use ::pretty_assertions::assert_eq;
[INFO] [stderr]     |         ^^^^^^^^^^^^^^^^^^^^^^^^^^^^^^
[INFO] [stderr] 
[INFO] [stderr] warning: `geoms` (lib test) generated 2 warnings (run `cargo fix --lib -p geoms --tests` to apply 2 suggestions)
[INFO] [stderr]     Finished test [unoptimized + debuginfo] target(s) in 0.01s
[INFO] [stderr]      Running unittests src/lib.rs (/opt/rustwide/target/debug/deps/geoms-c7cc4fdf1de868d2)
[INFO] [stdout] 
[INFO] [stdout] running 0 tests
[INFO] [stdout] 
[INFO] [stdout] test result: ok. 0 passed; 0 failed; 0 ignored; 0 measured; 0 filtered out; finished in 0.00s
[INFO] [stdout] 
[INFO] [stderr]    Doc-tests geoms
[INFO] [stdout] 
[INFO] [stdout] running 15 tests
[INFO] [stdout] test src/lib.rs - (line 45) ... FAILED
[INFO] [stdout] test src/d2/mod.rs - d2::Rect2D<T>::cast (line 341) ... ok
[INFO] [stdout] test src/d2/mod.rs - d2::Rect2D<T>::with_size_and_origin (line 293) ... ok
[INFO] [stdout] test src/d2/mod.rs - d2::Ellipse2D<T>::zero (line 587) ... ok
[INFO] [stdout] test src/d2/mod.rs - d2::Point2D<T>::cast (line 84) ... ok
[INFO] [stdout] test src/d2/mod.rs - d2::RoundedRect2D<T>::with_size_and_origin (line 463) ... ok
[INFO] [stdout] test src/d2/mod.rs - d2::Ellipse2D<T>::new_circle (line 608) ... ok
[INFO] [stdout] test src/d2/mod.rs - d2::Size2D<T>::cast (line 193) ... ok
[INFO] [stdout] test src/d2/mod.rs - d2::Size2D<T>::pixel (line 166) ... ok
[INFO] [stdout] test src/d2/mod.rs - d2::RoundedRect2D<T>::zero (line 437) ... ok
[INFO] [stdout] test src/d2/mod.rs - d2::Size2D<T>::zero (line 149) ... ok
[INFO] [stdout] test src/d2/mod.rs - d2::Rect2D<T>::zero (line 269) ... ok
[INFO] [stdout] test src/d2/mod.rs - d2::RoundedRect2D<T>::cast (line 510) ... ok
[INFO] [stdout] test src/d2/mod.rs - d2::Point2D<T>::zero (line 65) ... ok
[INFO] [stdout] test src/d2/mod.rs - d2::Ellipse2D<T>::cast (line 639) ... ok
[INFO] [stdout] 
[INFO] [stdout] failures:
[INFO] [stdout] 
[INFO] [stdout] ---- src/lib.rs - (line 45) stdout ----
[INFO] [stdout] error[E0433]: failed to resolve: could not find `windows` in the list of imported crates
[INFO] [stdout]  --> src/lib.rs:48:7
[INFO] [stdout]   |
[INFO] [stdout] 6 | use ::windows::Win32::Graphics::Direct2D::Common::D2D_RECT_F;
[INFO] [stdout]   |       ^^^^^^^ could not find `windows` in the list of imported crates
[INFO] [stdout] 
[INFO] [stdout] error: aborting due to previous error
[INFO] [stdout] 
[INFO] [stdout] For more information about this error, try `rustc --explain E0433`.
[INFO] [stdout] Couldn't compile the test.
[INFO] [stdout] 
[INFO] [stdout] failures:
[INFO] [stdout]     src/lib.rs - (line 45)
[INFO] [stdout] 
[INFO] [stdout] test result: FAILED. 14 passed; 1 failed; 0 ignored; 0 measured; 0 filtered out; finished in 0.22s
[INFO] [stdout] 
[INFO] [stderr] error: doctest failed, to rerun pass `--doc`
[INFO] running `Command { std: "docker" "inspect" "3788253b903ee56cb6fbee1cbfc676a44c26fcd61a3c6eea67953b332798a130", kill_on_drop: false }`
[INFO] running `Command { std: "docker" "rm" "-f" "3788253b903ee56cb6fbee1cbfc676a44c26fcd61a3c6eea67953b332798a130", kill_on_drop: false }`
[INFO] [stdout] 3788253b903ee56cb6fbee1cbfc676a44c26fcd61a3c6eea67953b332798a130
[INFO] testing connorpower/geoms against beta-2023-12-22 for beta-1.76-1
[INFO] running `Command { std: "git" "clone" "/workspace/cache/git-repos/https%3A%2F%2Fgithub.com%2Fconnorpower%2Fgeoms" "/workspace/builds/worker-2-tc2/source", kill_on_drop: false }`
[INFO] [stderr] Cloning into '/workspace/builds/worker-2-tc2/source'...
[INFO] [stderr] done.
[INFO] validating manifest of git repo https://github.com/connorpower/geoms on toolchain beta-2023-12-22
[INFO] running `Command { std: CARGO_HOME="/workspace/cargo-home" RUSTUP_HOME="/workspace/rustup-home" "/workspace/cargo-home/bin/cargo" "+beta-2023-12-22" "metadata" "--manifest-path" "Cargo.toml" "--no-deps", kill_on_drop: false }`
[INFO] started tweaking git repo https://github.com/connorpower/geoms
[INFO] finished tweaking git repo https://github.com/connorpower/geoms
[INFO] tweaked toml for git repo https://github.com/connorpower/geoms written to /workspace/builds/worker-2-tc2/source/Cargo.toml
[INFO] crate git repo https://github.com/connorpower/geoms already has a lockfile, it will not be regenerated
[INFO] running `Command { std: CARGO_HOME="/workspace/cargo-home" RUSTUP_HOME="/workspace/rustup-home" "/workspace/cargo-home/bin/cargo" "+beta-2023-12-22" "fetch" "--manifest-path" "Cargo.toml", kill_on_drop: false }`
[INFO] running `Command { std: "docker" "create" "-v" "/var/lib/crater-agent-workspace/builds/worker-2-tc2/target:/opt/rustwide/target:rw,Z" "-v" "/var/lib/crater-agent-workspace/builds/worker-2-tc2/source:/opt/rustwide/workdir:ro,Z" "-v" "/var/lib/crater-agent-workspace/cargo-home:/opt/rustwide/cargo-home:ro,Z" "-v" "/var/lib/crater-agent-workspace/rustup-home:/opt/rustwide/rustup-home:ro,Z" "-e" "SOURCE_DIR=/opt/rustwide/workdir" "-e" "CARGO_TARGET_DIR=/opt/rustwide/target" "-e" "CARGO_HOME=/opt/rustwide/cargo-home" "-e" "RUSTUP_HOME=/opt/rustwide/rustup-home" "-w" "/opt/rustwide/workdir" "-m" "1610612736" "--user" "0:0" "--network" "none" "ghcr.io/rust-lang/crates-build-env/linux@sha256:2788e3201cd34a07e3172128adcd8b3090168a8e3bcc40d7c032b9dda1df7d1c" "/opt/rustwide/cargo-home/bin/cargo" "+beta-2023-12-22" "metadata" "--no-deps" "--format-version=1", kill_on_drop: false }`
[INFO] [stdout] cc9c7afaa6bc26b50ee2cba91b520c54ca2c5b00dd7ad7eaabe0f7ab24f2f769
[INFO] running `Command { std: "docker" "start" "-a" "cc9c7afaa6bc26b50ee2cba91b520c54ca2c5b00dd7ad7eaabe0f7ab24f2f769", kill_on_drop: false }`
[INFO] running `Command { std: "docker" "inspect" "cc9c7afaa6bc26b50ee2cba91b520c54ca2c5b00dd7ad7eaabe0f7ab24f2f769", kill_on_drop: false }`
[INFO] running `Command { std: "docker" "rm" "-f" "cc9c7afaa6bc26b50ee2cba91b520c54ca2c5b00dd7ad7eaabe0f7ab24f2f769", kill_on_drop: false }`
[INFO] [stdout] cc9c7afaa6bc26b50ee2cba91b520c54ca2c5b00dd7ad7eaabe0f7ab24f2f769
[INFO] running `Command { std: "docker" "create" "-v" "/var/lib/crater-agent-workspace/builds/worker-2-tc2/target:/opt/rustwide/target:rw,Z" "-v" "/var/lib/crater-agent-workspace/builds/worker-2-tc2/source:/opt/rustwide/workdir:ro,Z" "-v" "/var/lib/crater-agent-workspace/cargo-home:/opt/rustwide/cargo-home:ro,Z" "-v" "/var/lib/crater-agent-workspace/rustup-home:/opt/rustwide/rustup-home:ro,Z" "-e" "SOURCE_DIR=/opt/rustwide/workdir" "-e" "CARGO_TARGET_DIR=/opt/rustwide/target" "-e" "CARGO_INCREMENTAL=0" "-e" "RUST_BACKTRACE=full" "-e" "RUSTFLAGS=--cap-lints=warn" "-e" "RUSTDOCFLAGS=--cap-lints=warn" "-e" "CARGO_HOME=/opt/rustwide/cargo-home" "-e" "RUSTUP_HOME=/opt/rustwide/rustup-home" "-w" "/opt/rustwide/workdir" "-m" "1610612736" "--user" "0:0" "--network" "none" "ghcr.io/rust-lang/crates-build-env/linux@sha256:2788e3201cd34a07e3172128adcd8b3090168a8e3bcc40d7c032b9dda1df7d1c" "/opt/rustwide/cargo-home/bin/cargo" "+beta-2023-12-22" "build" "--frozen" "--message-format=json", kill_on_drop: false }`
[INFO] [stdout] 2c9a422c065c675cfc0ce5792b4457ca06dc7b43fe551c8273c1d50fa4daec02
[INFO] running `Command { std: "docker" "start" "-a" "2c9a422c065c675cfc0ce5792b4457ca06dc7b43fe551c8273c1d50fa4daec02", kill_on_drop: false }`
[INFO] [stderr]    Compiling autocfg v1.1.0
[INFO] [stderr]    Compiling num-traits v0.2.15
[INFO] [stderr]    Compiling geoms v0.0.1 (/opt/rustwide/workdir)
[INFO] [stderr]     Finished dev [unoptimized + debuginfo] target(s) in 1.17s
[INFO] running `Command { std: "docker" "inspect" "2c9a422c065c675cfc0ce5792b4457ca06dc7b43fe551c8273c1d50fa4daec02", kill_on_drop: false }`
[INFO] running `Command { std: "docker" "rm" "-f" "2c9a422c065c675cfc0ce5792b4457ca06dc7b43fe551c8273c1d50fa4daec02", kill_on_drop: false }`
[INFO] [stdout] 2c9a422c065c675cfc0ce5792b4457ca06dc7b43fe551c8273c1d50fa4daec02
[INFO] running `Command { std: "docker" "create" "-v" "/var/lib/crater-agent-workspace/builds/worker-2-tc2/target:/opt/rustwide/target:rw,Z" "-v" "/var/lib/crater-agent-workspace/builds/worker-2-tc2/source:/opt/rustwide/workdir:ro,Z" "-v" "/var/lib/crater-agent-workspace/cargo-home:/opt/rustwide/cargo-home:ro,Z" "-v" "/var/lib/crater-agent-workspace/rustup-home:/opt/rustwide/rustup-home:ro,Z" "-e" "SOURCE_DIR=/opt/rustwide/workdir" "-e" "CARGO_TARGET_DIR=/opt/rustwide/target" "-e" "CARGO_INCREMENTAL=0" "-e" "RUST_BACKTRACE=full" "-e" "RUSTFLAGS=--cap-lints=warn" "-e" "RUSTDOCFLAGS=--cap-lints=warn" "-e" "CARGO_HOME=/opt/rustwide/cargo-home" "-e" "RUSTUP_HOME=/opt/rustwide/rustup-home" "-w" "/opt/rustwide/workdir" "-m" "1610612736" "--user" "0:0" "--network" "none" "ghcr.io/rust-lang/crates-build-env/linux@sha256:2788e3201cd34a07e3172128adcd8b3090168a8e3bcc40d7c032b9dda1df7d1c" "/opt/rustwide/cargo-home/bin/cargo" "+beta-2023-12-22" "test" "--frozen" "--no-run" "--message-format=json", kill_on_drop: false }`
[INFO] [stdout] de34208c13b94a1edd6e3c7398741659c7187b59a059bb5acb506ec36ca8a281
[INFO] running `Command { std: "docker" "start" "-a" "de34208c13b94a1edd6e3c7398741659c7187b59a059bb5acb506ec36ca8a281", kill_on_drop: false }`
[INFO] [stderr]    Compiling diff v0.1.13
[INFO] [stderr]    Compiling yansi v0.5.1
[INFO] [stderr]    Compiling pretty_assertions v1.3.0
[INFO] [stderr]    Compiling geoms v0.0.1 (/opt/rustwide/workdir)
[INFO] [stdout] warning: unused import: `super::*`
[INFO] [stdout]    --> src/d2/mod.rs:797:9
[INFO] [stdout]     |
[INFO] [stdout] 797 |     use super::*;
[INFO] [stdout]     |         ^^^^^^^^
[INFO] [stdout]     |
[INFO] [stdout]     = note: `#[warn(unused_imports)]` on by default
[INFO] [stdout] 
[INFO] [stdout] 
[INFO] [stdout] warning: unused import: `::pretty_assertions::assert_eq`
[INFO] [stdout]    --> src/d2/mod.rs:798:9
[INFO] [stdout]     |
[INFO] [stdout] 798 |     use ::pretty_assertions::assert_eq;
[INFO] [stdout]     |         ^^^^^^^^^^^^^^^^^^^^^^^^^^^^^^
[INFO] [stdout] 
[INFO] [stdout] 
[INFO] [stdout] warning: 2 warnings emitted
[INFO] [stdout] 
[INFO] [stdout] 
[INFO] [stderr]     Finished test [unoptimized + debuginfo] target(s) in 0.42s
[INFO] running `Command { std: "docker" "inspect" "de34208c13b94a1edd6e3c7398741659c7187b59a059bb5acb506ec36ca8a281", kill_on_drop: false }`
[INFO] running `Command { std: "docker" "rm" "-f" "de34208c13b94a1edd6e3c7398741659c7187b59a059bb5acb506ec36ca8a281", kill_on_drop: false }`
[INFO] [stdout] de34208c13b94a1edd6e3c7398741659c7187b59a059bb5acb506ec36ca8a281
[INFO] running `Command { std: "docker" "create" "-v" "/var/lib/crater-agent-workspace/builds/worker-2-tc2/target:/opt/rustwide/target:rw,Z" "-v" "/var/lib/crater-agent-workspace/builds/worker-2-tc2/source:/opt/rustwide/workdir:ro,Z" "-v" "/var/lib/crater-agent-workspace/cargo-home:/opt/rustwide/cargo-home:ro,Z" "-v" "/var/lib/crater-agent-workspace/rustup-home:/opt/rustwide/rustup-home:ro,Z" "-e" "SOURCE_DIR=/opt/rustwide/workdir" "-e" "CARGO_TARGET_DIR=/opt/rustwide/target" "-e" "CARGO_INCREMENTAL=0" "-e" "RUST_BACKTRACE=full" "-e" "RUSTFLAGS=--cap-lints=warn" "-e" "RUSTDOCFLAGS=--cap-lints=warn" "-e" "CARGO_HOME=/opt/rustwide/cargo-home" "-e" "RUSTUP_HOME=/opt/rustwide/rustup-home" "-w" "/opt/rustwide/workdir" "-m" "1610612736" "--user" "0:0" "--network" "none" "ghcr.io/rust-lang/crates-build-env/linux@sha256:2788e3201cd34a07e3172128adcd8b3090168a8e3bcc40d7c032b9dda1df7d1c" "/opt/rustwide/cargo-home/bin/cargo" "+beta-2023-12-22" "test" "--frozen", kill_on_drop: false }`
[INFO] [stdout] 9fd981a27f7c98d19ef2d9a8a9ad3cda060904edc9c8b8380e1b4c089b18e276
[INFO] running `Command { std: "docker" "start" "-a" "9fd981a27f7c98d19ef2d9a8a9ad3cda060904edc9c8b8380e1b4c089b18e276", kill_on_drop: false }`
[INFO] [stderr] warning: unused import: `super::*`
[INFO] [stderr]    --> src/d2/mod.rs:797:9
[INFO] [stderr]     |
[INFO] [stderr] 797 |     use super::*;
[INFO] [stderr]     |         ^^^^^^^^
[INFO] [stderr]     |
[INFO] [stderr]     = note: `#[warn(unused_imports)]` on by default
[INFO] [stderr] 
[INFO] [stderr] warning: unused import: `::pretty_assertions::assert_eq`
[INFO] [stderr]    --> src/d2/mod.rs:798:9
[INFO] [stderr]     |
[INFO] [stderr] 798 |     use ::pretty_assertions::assert_eq;
[INFO] [stderr]     |         ^^^^^^^^^^^^^^^^^^^^^^^^^^^^^^
[INFO] [stderr] 
[INFO] [stderr] warning: `geoms` (lib test) generated 2 warnings (run `cargo fix --lib -p geoms --tests` to apply 2 suggestions)
[INFO] [stderr]     Finished test [unoptimized + debuginfo] target(s) in 0.01s
[INFO] [stderr]      Running unittests src/lib.rs (/opt/rustwide/target/debug/deps/geoms-47c411537cd75f66)
[INFO] [stdout] 
[INFO] [stdout] running 0 tests
[INFO] [stdout] 
[INFO] [stdout] test result: ok. 0 passed; 0 failed; 0 ignored; 0 measured; 0 filtered out; finished in 0.00s
[INFO] [stdout] 
[INFO] [stderr]    Doc-tests geoms
[INFO] [stdout] 
[INFO] [stdout] running 15 tests
[INFO] [stdout] test src/lib.rs - (line 45) ... FAILED
[INFO] [stdout] test src/d2/mod.rs - d2::Rect2D<T>::cast (line 341) ... ok
[INFO] [stdout] test src/d2/mod.rs - d2::Rect2D<T>::with_size_and_origin (line 293) ... ok
[INFO] [stdout] test src/d2/mod.rs - d2::RoundedRect2D<T>::zero (line 437) ... ok
[INFO] [stdout] test src/d2/mod.rs - d2::Size2D<T>::cast (line 193) ... ok
[INFO] [stdout] test src/d2/mod.rs - d2::Rect2D<T>::zero (line 269) ... ok
[INFO] [stdout] test src/d2/mod.rs - d2::Point2D<T>::cast (line 84) ... ok
[INFO] [stdout] test src/d2/mod.rs - d2::Size2D<T>::zero (line 149) ... ok
[INFO] [stdout] test src/d2/mod.rs - d2::Ellipse2D<T>::cast (line 639) ... ok
[INFO] [stdout] test src/d2/mod.rs - d2::RoundedRect2D<T>::cast (line 510) ... ok
[INFO] [stdout] test src/d2/mod.rs - d2::Ellipse2D<T>::zero (line 587) ... ok
[INFO] [stdout] test src/d2/mod.rs - d2::RoundedRect2D<T>::with_size_and_origin (line 463) ... ok
[INFO] [stdout] test src/d2/mod.rs - d2::Ellipse2D<T>::new_circle (line 608) ... ok
[INFO] [stdout] test src/d2/mod.rs - d2::Point2D<T>::zero (line 65) ... ok
[INFO] [stdout] test src/d2/mod.rs - d2::Size2D<T>::pixel (line 166) ... ok
[INFO] [stdout] 
[INFO] [stdout] failures:
[INFO] [stdout] 
[INFO] [stdout] ---- src/lib.rs - (line 45) stdout ----
[INFO] [stdout] error[E0433]: failed to resolve: could not find `windows` in the list of imported crates
[INFO] [stdout]  --> src/lib.rs:48:7
[INFO] [stdout]   |
[INFO] [stdout] 6 | use ::windows::Win32::Graphics::Direct2D::Common::D2D_RECT_F;
[INFO] [stdout]   |       ^^^^^^^ could not find `windows` in the list of imported crates
[INFO] [stdout] 
[INFO] [stdout] error: aborting due to 1 previous error
[INFO] [stdout] 
[INFO] [stdout] For more information about this error, try `rustc --explain E0433`.
[INFO] [stdout] Couldn't compile the test.
[INFO] [stdout] 
[INFO] [stdout] failures:
[INFO] [stdout]     src/lib.rs - (line 45)
[INFO] [stdout] 
[INFO] [stdout] test result: FAILED. 14 passed; 1 failed; 0 ignored; 0 measured; 0 filtered out; finished in 0.22s
[INFO] [stdout] 
[INFO] [stderr] error: doctest failed, to rerun pass `--doc`
[INFO] running `Command { std: "docker" "inspect" "9fd981a27f7c98d19ef2d9a8a9ad3cda060904edc9c8b8380e1b4c089b18e276", kill_on_drop: false }`
[INFO] running `Command { std: "docker" "rm" "-f" "9fd981a27f7c98d19ef2d9a8a9ad3cda060904edc9c8b8380e1b4c089b18e276", kill_on_drop: false }`
[INFO] [stdout] 9fd981a27f7c98d19ef2d9a8a9ad3cda060904edc9c8b8380e1b4c089b18e276
