[INFO] cloning repository https://github.com/communityvi/async-time-mock
[INFO] running `Command { std: "git" "-c" "credential.helper=" "-c" "credential.helper=/workspace/cargo-home/bin/git-credential-null" "clone" "--bare" "https://github.com/communityvi/async-time-mock" "/workspace/cache/git-repos/https%3A%2F%2Fgithub.com%2Fcommunityvi%2Fasync-time-mock", kill_on_drop: false }`
[INFO] [stderr] Cloning into bare repository '/workspace/cache/git-repos/https%3A%2F%2Fgithub.com%2Fcommunityvi%2Fasync-time-mock'...
[INFO] running `Command { std: "git" "rev-parse" "HEAD", kill_on_drop: false }`
[INFO] [stdout] 428bb9b401193af982b8d5fe981c6d38d649bc45
[INFO] testing communityvi/async-time-mock against 1.75.0 for beta-1.76-1
[INFO] running `Command { std: "git" "clone" "/workspace/cache/git-repos/https%3A%2F%2Fgithub.com%2Fcommunityvi%2Fasync-time-mock" "/workspace/builds/worker-5-tc1/source", kill_on_drop: false }`
[INFO] [stderr] Cloning into '/workspace/builds/worker-5-tc1/source'...
[INFO] [stderr] done.
[INFO] validating manifest of git repo https://github.com/communityvi/async-time-mock on toolchain 1.75.0
[INFO] running `Command { std: CARGO_HOME="/workspace/cargo-home" RUSTUP_HOME="/workspace/rustup-home" "/workspace/cargo-home/bin/cargo" "+1.75.0" "metadata" "--manifest-path" "Cargo.toml" "--no-deps", kill_on_drop: false }`
[INFO] started tweaking git repo https://github.com/communityvi/async-time-mock
[INFO] finished tweaking git repo https://github.com/communityvi/async-time-mock
[INFO] tweaked toml for git repo https://github.com/communityvi/async-time-mock written to /workspace/builds/worker-5-tc1/source/Cargo.toml
[INFO] crate git repo https://github.com/communityvi/async-time-mock already has a lockfile, it will not be regenerated
[INFO] running `Command { std: CARGO_HOME="/workspace/cargo-home" RUSTUP_HOME="/workspace/rustup-home" "/workspace/cargo-home/bin/cargo" "+1.75.0" "fetch" "--manifest-path" "Cargo.toml", kill_on_drop: false }`
[INFO] running `Command { std: "docker" "create" "-v" "/var/lib/crater-agent-workspace/builds/worker-5-tc1/target:/opt/rustwide/target:rw,Z" "-v" "/var/lib/crater-agent-workspace/builds/worker-5-tc1/source:/opt/rustwide/workdir:ro,Z" "-v" "/var/lib/crater-agent-workspace/cargo-home:/opt/rustwide/cargo-home:ro,Z" "-v" "/var/lib/crater-agent-workspace/rustup-home:/opt/rustwide/rustup-home:ro,Z" "-e" "SOURCE_DIR=/opt/rustwide/workdir" "-e" "CARGO_TARGET_DIR=/opt/rustwide/target" "-e" "CARGO_HOME=/opt/rustwide/cargo-home" "-e" "RUSTUP_HOME=/opt/rustwide/rustup-home" "-w" "/opt/rustwide/workdir" "-m" "1610612736" "--user" "0:0" "--network" "none" "ghcr.io/rust-lang/crates-build-env/linux@sha256:2788e3201cd34a07e3172128adcd8b3090168a8e3bcc40d7c032b9dda1df7d1c" "/opt/rustwide/cargo-home/bin/cargo" "+1.75.0" "metadata" "--no-deps" "--format-version=1", kill_on_drop: false }`
[INFO] [stdout] 6e5a458ac415c29b19c21a32354395d386cafe0fdc04ebabaef240ea0314f2b0
[INFO] running `Command { std: "docker" "start" "-a" "6e5a458ac415c29b19c21a32354395d386cafe0fdc04ebabaef240ea0314f2b0", kill_on_drop: false }`
[INFO] running `Command { std: "docker" "inspect" "6e5a458ac415c29b19c21a32354395d386cafe0fdc04ebabaef240ea0314f2b0", kill_on_drop: false }`
[INFO] running `Command { std: "docker" "rm" "-f" "6e5a458ac415c29b19c21a32354395d386cafe0fdc04ebabaef240ea0314f2b0", kill_on_drop: false }`
[INFO] [stdout] 6e5a458ac415c29b19c21a32354395d386cafe0fdc04ebabaef240ea0314f2b0
[INFO] running `Command { std: "docker" "create" "-v" "/var/lib/crater-agent-workspace/builds/worker-5-tc1/target:/opt/rustwide/target:rw,Z" "-v" "/var/lib/crater-agent-workspace/builds/worker-5-tc1/source:/opt/rustwide/workdir:ro,Z" "-v" "/var/lib/crater-agent-workspace/cargo-home:/opt/rustwide/cargo-home:ro,Z" "-v" "/var/lib/crater-agent-workspace/rustup-home:/opt/rustwide/rustup-home:ro,Z" "-e" "SOURCE_DIR=/opt/rustwide/workdir" "-e" "CARGO_TARGET_DIR=/opt/rustwide/target" "-e" "CARGO_INCREMENTAL=0" "-e" "RUST_BACKTRACE=full" "-e" "RUSTFLAGS=--cap-lints=warn" "-e" "RUSTDOCFLAGS=--cap-lints=warn" "-e" "CARGO_HOME=/opt/rustwide/cargo-home" "-e" "RUSTUP_HOME=/opt/rustwide/rustup-home" "-w" "/opt/rustwide/workdir" "-m" "1610612736" "--user" "0:0" "--network" "none" "ghcr.io/rust-lang/crates-build-env/linux@sha256:2788e3201cd34a07e3172128adcd8b3090168a8e3bcc40d7c032b9dda1df7d1c" "/opt/rustwide/cargo-home/bin/cargo" "+1.75.0" "build" "--frozen" "--message-format=json", kill_on_drop: false }`
[INFO] [stdout] 04f638e11c5dc372ddd407f6673c689c17adc8bfa7684ab7f86f02cadd39819e
[INFO] running `Command { std: "docker" "start" "-a" "04f638e11c5dc372ddd407f6673c689c17adc8bfa7684ab7f86f02cadd39819e", kill_on_drop: false }`
[INFO] [stderr]    Compiling pin-project-lite v0.2.13
[INFO] [stderr]    Compiling cfg-if v1.0.0
[INFO] [stderr]    Compiling crossbeam-utils v0.8.16
[INFO] [stderr]    Compiling autocfg v1.1.0
[INFO] [stderr]    Compiling futures-core v0.3.29
[INFO] [stderr]    Compiling parking v2.2.0
[INFO] [stderr]    Compiling libc v0.2.150
[INFO] [stderr]    Compiling futures-io v0.3.29
[INFO] [stderr]    Compiling waker-fn v1.1.1
[INFO] [stderr]    Compiling event-listener v2.5.3
[INFO] [stderr]    Compiling memchr v2.6.4
[INFO] [stderr]    Compiling fastrand v1.9.0
[INFO] [stderr]    Compiling tracing-core v0.1.32
[INFO] [stderr]    Compiling io-lifetimes v1.0.11
[INFO] [stderr]    Compiling value-bag v1.4.2
[INFO] [stderr]    Compiling rustix v0.38.21
[INFO] [stderr]    Compiling rustix v0.37.27
[INFO] [stderr]    Compiling linux-raw-sys v0.3.8
[INFO] [stderr]    Compiling linux-raw-sys v0.4.11
[INFO] [stderr]    Compiling async-lock v2.8.0
[INFO] [stderr]    Compiling proc-macro2 v1.0.69
[INFO] [stderr]    Compiling log v0.4.20
[INFO] [stderr]    Compiling bitflags v1.3.2
[INFO] [stderr]    Compiling bitflags v2.4.1
[INFO] [stderr]    Compiling tracing v0.1.40
[INFO] [stderr]    Compiling fastrand v2.0.1
[INFO] [stderr]    Compiling slab v0.4.9
[INFO] [stderr]    Compiling polling v2.8.0
[INFO] [stderr]    Compiling futures-lite v1.13.0
[INFO] [stderr]    Compiling async-io v1.13.0
[INFO] [stderr]    Compiling unicode-ident v1.0.12
[INFO] [stderr]    Compiling futures-lite v2.0.1
[INFO] [stderr]    Compiling atomic-waker v1.1.2
[INFO] [stderr]    Compiling concurrent-queue v2.3.0
[INFO] [stderr]    Compiling async-task v4.5.0
[INFO] [stderr]    Compiling once_cell v1.18.0
[INFO] [stderr]    Compiling kv-log-macro v1.0.7
[INFO] [stderr]    Compiling piper v0.2.1
[INFO] [stderr]    Compiling pin-utils v0.1.0
[INFO] [stderr]    Compiling tokio v1.34.0
[INFO] [stderr]    Compiling event-listener v3.0.1
[INFO] [stderr]    Compiling async-channel v1.9.0
[INFO] [stderr]    Compiling event-listener-strategy v0.3.0
[INFO] [stderr]    Compiling quote v1.0.33
[INFO] [stderr]    Compiling async-lock v3.0.0
[INFO] [stderr]    Compiling socket2 v0.4.10
[INFO] [stderr]    Compiling signal-hook-registry v1.4.1
[INFO] [stderr]    Compiling syn v2.0.39
[INFO] [stderr]    Compiling blocking v1.4.1
[INFO] [stderr]    Compiling async-executor v1.6.0
[INFO] [stderr]    Compiling async-time-mock-core v0.1.1 (/opt/rustwide/workdir/async-time-mock-core)
[INFO] [stderr]    Compiling async-global-executor v2.3.1
[INFO] [stderr]    Compiling async-time-mock-smol v0.1.0 (/opt/rustwide/workdir/async-time-mock-smol)
[INFO] [stderr]    Compiling pin-project-internal v1.1.3
[INFO] [stderr]    Compiling polling v3.3.0
[INFO] [stderr]    Compiling async-io v2.2.0
[INFO] [stderr]    Compiling async-signal v0.2.5
[INFO] [stderr]    Compiling async-process v1.8.1
[INFO] [stderr]    Compiling pin-project v1.1.3
[INFO] [stderr]    Compiling async-time-mock-tokio v0.1.0 (/opt/rustwide/workdir/async-time-mock-tokio)
[INFO] [stderr]    Compiling async-std v1.12.0
[INFO] [stderr]    Compiling async-time-mock-async-std v0.1.0 (/opt/rustwide/workdir/async-time-mock-async-std)
[INFO] [stderr]     Finished dev [unoptimized + debuginfo] target(s) in 6.92s
[INFO] running `Command { std: "docker" "inspect" "04f638e11c5dc372ddd407f6673c689c17adc8bfa7684ab7f86f02cadd39819e", kill_on_drop: false }`
[INFO] running `Command { std: "docker" "rm" "-f" "04f638e11c5dc372ddd407f6673c689c17adc8bfa7684ab7f86f02cadd39819e", kill_on_drop: false }`
[INFO] [stdout] 04f638e11c5dc372ddd407f6673c689c17adc8bfa7684ab7f86f02cadd39819e
[INFO] running `Command { std: "docker" "create" "-v" "/var/lib/crater-agent-workspace/builds/worker-5-tc1/target:/opt/rustwide/target:rw,Z" "-v" "/var/lib/crater-agent-workspace/builds/worker-5-tc1/source:/opt/rustwide/workdir:ro,Z" "-v" "/var/lib/crater-agent-workspace/cargo-home:/opt/rustwide/cargo-home:ro,Z" "-v" "/var/lib/crater-agent-workspace/rustup-home:/opt/rustwide/rustup-home:ro,Z" "-e" "SOURCE_DIR=/opt/rustwide/workdir" "-e" "CARGO_TARGET_DIR=/opt/rustwide/target" "-e" "CARGO_INCREMENTAL=0" "-e" "RUST_BACKTRACE=full" "-e" "RUSTFLAGS=--cap-lints=warn" "-e" "RUSTDOCFLAGS=--cap-lints=warn" "-e" "CARGO_HOME=/opt/rustwide/cargo-home" "-e" "RUSTUP_HOME=/opt/rustwide/rustup-home" "-w" "/opt/rustwide/workdir" "-m" "1610612736" "--user" "0:0" "--network" "none" "ghcr.io/rust-lang/crates-build-env/linux@sha256:2788e3201cd34a07e3172128adcd8b3090168a8e3bcc40d7c032b9dda1df7d1c" "/opt/rustwide/cargo-home/bin/cargo" "+1.75.0" "test" "--frozen" "--no-run" "--message-format=json", kill_on_drop: false }`
[INFO] [stdout] e21152834f46c7b31a46030af222162e30d2bca91d5c454777ff66ec42f32d26
[INFO] running `Command { std: "docker" "start" "-a" "e21152834f46c7b31a46030af222162e30d2bca91d5c454777ff66ec42f32d26", kill_on_drop: false }`
[INFO] [stderr]    Compiling syn v1.0.109
[INFO] [stderr]    Compiling async-fs v1.6.0
[INFO] [stderr]    Compiling num_cpus v1.16.0
[INFO] [stderr]    Compiling tokio-macros v2.2.0
[INFO] [stderr]    Compiling async-net v1.8.0
[INFO] [stderr]    Compiling smol v1.3.0
[INFO] [stderr]    Compiling tokio v1.34.0
[INFO] [stderr]    Compiling async-time-mock-smol v0.1.0 (/opt/rustwide/workdir/async-time-mock-smol)
[INFO] [stderr]    Compiling async-time-mock-tokio v0.1.0 (/opt/rustwide/workdir/async-time-mock-tokio)
[INFO] [stderr]    Compiling async-time-mock-core v0.1.1 (/opt/rustwide/workdir/async-time-mock-core)
[INFO] [stderr]    Compiling async-attributes v1.1.2
[INFO] [stderr]    Compiling async-std v1.12.0
[INFO] [stderr]    Compiling async-time-mock-async-std v0.1.0 (/opt/rustwide/workdir/async-time-mock-async-std)
[INFO] [stderr]     Finished test [unoptimized + debuginfo] target(s) in 5.62s
[INFO] running `Command { std: "docker" "inspect" "e21152834f46c7b31a46030af222162e30d2bca91d5c454777ff66ec42f32d26", kill_on_drop: false }`
[INFO] running `Command { std: "docker" "rm" "-f" "e21152834f46c7b31a46030af222162e30d2bca91d5c454777ff66ec42f32d26", kill_on_drop: false }`
[INFO] [stdout] e21152834f46c7b31a46030af222162e30d2bca91d5c454777ff66ec42f32d26
[INFO] running `Command { std: "docker" "create" "-v" "/var/lib/crater-agent-workspace/builds/worker-5-tc1/target:/opt/rustwide/target:rw,Z" "-v" "/var/lib/crater-agent-workspace/builds/worker-5-tc1/source:/opt/rustwide/workdir:ro,Z" "-v" "/var/lib/crater-agent-workspace/cargo-home:/opt/rustwide/cargo-home:ro,Z" "-v" "/var/lib/crater-agent-workspace/rustup-home:/opt/rustwide/rustup-home:ro,Z" "-e" "SOURCE_DIR=/opt/rustwide/workdir" "-e" "CARGO_TARGET_DIR=/opt/rustwide/target" "-e" "CARGO_INCREMENTAL=0" "-e" "RUST_BACKTRACE=full" "-e" "RUSTFLAGS=--cap-lints=warn" "-e" "RUSTDOCFLAGS=--cap-lints=warn" "-e" "CARGO_HOME=/opt/rustwide/cargo-home" "-e" "RUSTUP_HOME=/opt/rustwide/rustup-home" "-w" "/opt/rustwide/workdir" "-m" "1610612736" "--user" "0:0" "--network" "none" "ghcr.io/rust-lang/crates-build-env/linux@sha256:2788e3201cd34a07e3172128adcd8b3090168a8e3bcc40d7c032b9dda1df7d1c" "/opt/rustwide/cargo-home/bin/cargo" "+1.75.0" "test" "--frozen", kill_on_drop: false }`
[INFO] [stdout] f3c50287b80d2c9387666c9cac7432779d8aa203e2c36eeeba15cab1e1b90503
[INFO] running `Command { std: "docker" "start" "-a" "f3c50287b80d2c9387666c9cac7432779d8aa203e2c36eeeba15cab1e1b90503", kill_on_drop: false }`
[INFO] [stderr]     Finished test [unoptimized + debuginfo] target(s) in 0.05s
[INFO] [stderr]      Running unittests src/lib.rs (/opt/rustwide/target/debug/deps/async_time_mock_async_std-88fe9befdda8949c)
[INFO] [stdout] 
[INFO] [stdout] running 0 tests
[INFO] [stdout] 
[INFO] [stdout] test result: ok. 0 passed; 0 failed; 0 ignored; 0 measured; 0 filtered out; finished in 0.00s
[INFO] [stdout] 
[INFO] [stderr]      Running unittests src/lib.rs (/opt/rustwide/target/debug/deps/async_time_mock_core-d063a0003ed20e44)
[INFO] [stdout] 
[INFO] [stdout] running 6 tests
[INFO] [stdout] test await_all::test::should_run_all_futures ... ok
[INFO] [stdout] test await_all::test::should_be_pending_if_one_future_is ... ok
[INFO] [stdout] test time_handler_guard::test::should_notify_once_time_handler_guard_is_dropped ... ok
[INFO] [stdout] test timer::test::timer_should_trigger_timer_listener ... ok
[INFO] [stdout] test timer::test::time_handler_finished_should_be_triggered_by_time_handler_completion ... ok
[INFO] [stdout] test instant::test::should_not_allow_fetching_duration_from_incorrect_timer_registry - should panic ... ok
[INFO] [stdout] 
[INFO] [stdout] test result: ok. 6 passed; 0 failed; 0 ignored; 0 measured; 0 filtered out; finished in 0.01s
[INFO] [stdout] 
[INFO] [stderr]      Running tests/instant.rs (/opt/rustwide/target/debug/deps/instant-1c97ca886fbb092c)
[INFO] [stdout] 
[INFO] [stdout] running 4 tests
[INFO] [stdout] test should_not_allow_calculating_saturated_duration_between_instants_from_different_timer_registries - should panic ... ok
[INFO] [stdout] test should_not_allow_calculating_duration_between_instants_from_different_timer_registries - should panic ... ok
[INFO] [stdout] test should_not_allow_calculating_checked_duration_between_instants_from_different_timer_registries - should panic ... ok
[INFO] [stdout] test should_not_allow_subtracting_two_instants_from_different_timer_registries - should panic ... ok
[INFO] [stdout] 
[INFO] [stdout] test result: ok. 4 passed; 0 failed; 0 ignored; 0 measured; 0 filtered out; finished in 0.01s
[INFO] [stdout] 
[INFO] [stderr]      Running tests/interval.rs (/opt/rustwide/target/debug/deps/interval-da0b3aeaa5478ea2)
[INFO] [stdout] 
[INFO] [stdout] running 2 tests
[INFO] [stdout] test should_schedule_periodic_timer ... ok
[INFO] [stdout] test should_schedule_periodic_timer_at ... ok
[INFO] [stdout] 
[INFO] [stdout] test result: ok. 2 passed; 0 failed; 0 ignored; 0 measured; 0 filtered out; finished in 0.00s
[INFO] [stdout] 
[INFO] [stderr]      Running tests/timeout.rs (/opt/rustwide/target/debug/deps/timeout-e2e1fa8812979e56)
[INFO] [stdout] 
[INFO] [stdout] running 4 tests
[INFO] [stdout] test timeout_should_finish_immediately ... ok
[INFO] [stdout] test timeout_at_should_time_out ... ok
[INFO] [stdout] test timeout_at_should_finish_immediately ... ok
[INFO] [stdout] test timeout_should_time_out ... ok
[INFO] [stdout] 
[INFO] [stdout] test result: ok. 4 passed; 0 failed; 0 ignored; 0 measured; 0 filtered out; finished in 0.00s
[INFO] [stdout] 
[INFO] [stderr]      Running tests/timer_registry.rs (/opt/rustwide/target/debug/deps/timer_registry-d562425b98a9aa81)
[INFO] [stdout] 
[INFO] [stdout] running 9 tests
[INFO] [stdout] test should_only_advance_time_once_the_first_timer_was_scheduled ... ok
[INFO] [stdout] test should_sleep_until ... ok
[INFO] [stdout] test should_work_with_multiple_sleeps_of_different_length_all_at_once ... ok
[INFO] [stdout] test should_work_with_multiple_sleeps_of_different_length_in_steps ... ok
[INFO] [stdout] test should_work_with_multiple_sleeps_of_same_length ... ok
[INFO] [stdout] test sleep_should_finish_if_time_is_advanced_by_exactly_sleep_amount ... ok
[INFO] [stdout] test sleep_should_not_finish_if_the_time_is_advanced_by_less_than_sleep_amount ... ok
[INFO] [stdout] test sleep_until_should_resolve_after_zero_time_if_in_the_past ... ok
[INFO] [stdout] test sleep_should_panic_with_zero_duration - should panic ... ok
[INFO] [stdout] 
[INFO] [stdout] test result: ok. 9 passed; 0 failed; 0 ignored; 0 measured; 0 filtered out; finished in 0.01s
[INFO] [stdout] 
[INFO] [stderr]      Running tests/use_cases.rs (/opt/rustwide/target/debug/deps/use_cases-53bf0bb4c63a0e96)
[INFO] [stdout] 
[INFO] [stdout] running 2 tests
[INFO] [stdout] test should_not_deadlock_with_interval_and_timeout_of_same_length ... ok
[INFO] [stdout] test operation_with_timeout_triggered_by_interval ... ok
[INFO] [stdout] 
[INFO] [stdout] test result: ok. 2 passed; 0 failed; 0 ignored; 0 measured; 0 filtered out; finished in 0.00s
[INFO] [stdout] 
[INFO] [stderr]      Running unittests src/lib.rs (/opt/rustwide/target/debug/deps/async_time_mock_smol-815a849e79f77eaf)
[INFO] [stdout] 
[INFO] [stdout] running 0 tests
[INFO] [stdout] 
[INFO] [stdout] test result: ok. 0 passed; 0 failed; 0 ignored; 0 measured; 0 filtered out; finished in 0.00s
[INFO] [stdout] 
[INFO] [stderr]      Running unittests src/lib.rs (/opt/rustwide/target/debug/deps/async_time_mock_tokio-771e49228388b583)
[INFO] [stdout] 
[INFO] [stdout] running 0 tests
[INFO] [stdout] 
[INFO] [stdout] test result: ok. 0 passed; 0 failed; 0 ignored; 0 measured; 0 filtered out; finished in 0.00s
[INFO] [stdout] 
[INFO] [stderr]    Doc-tests async-time-mock-async-std
[INFO] [stdout] 
[INFO] [stdout] running 1 test
[INFO] [stdout] test async-time-mock-async-std/src/lib.rs - (line 13) ... FAILED
[INFO] [stdout] 
[INFO] [stdout] failures:
[INFO] [stdout] 
[INFO] [stdout] ---- async-time-mock-async-std/src/lib.rs - (line 13) stdout ----
[INFO] [stdout] error[E0599]: no variant or associated item named `mock` found for enum `MockableClock` in the current scope
[INFO] [stdout]   --> async-time-mock-async-std/src/lib.rs:35:43
[INFO] [stdout]    |
[INFO] [stdout] 24 |     let (clock, controller) = MockableClock::mock(); // In production, you can use MockableClock::Real instead
[INFO] [stdout]    |                                              ^^^^ variant or associated item not found in `MockableClock`
[INFO] [stdout] 
[INFO] [stdout] error: aborting due to previous error
[INFO] [stdout] 
[INFO] [stdout] For more information about this error, try `rustc --explain E0599`.
[INFO] [stdout] Couldn't compile the test.
[INFO] [stdout] 
[INFO] [stdout] failures:
[INFO] [stdout]     async-time-mock-async-std/src/lib.rs - (line 13)
[INFO] [stdout] 
[INFO] [stdout] test result: FAILED. 0 passed; 1 failed; 0 ignored; 0 measured; 0 filtered out; finished in 0.08s
[INFO] [stdout] 
[INFO] [stderr] error: doctest failed, to rerun pass `-p async-time-mock-async-std --doc`
[INFO] running `Command { std: "docker" "inspect" "f3c50287b80d2c9387666c9cac7432779d8aa203e2c36eeeba15cab1e1b90503", kill_on_drop: false }`
[INFO] running `Command { std: "docker" "rm" "-f" "f3c50287b80d2c9387666c9cac7432779d8aa203e2c36eeeba15cab1e1b90503", kill_on_drop: false }`
[INFO] [stdout] f3c50287b80d2c9387666c9cac7432779d8aa203e2c36eeeba15cab1e1b90503
