[INFO] cloning repository https://github.com/codepr/rublo
[INFO] running `Command { std: "git" "-c" "credential.helper=" "-c" "credential.helper=/workspace/cargo-home/bin/git-credential-null" "clone" "--bare" "https://github.com/codepr/rublo" "/workspace/cache/git-repos/https%3A%2F%2Fgithub.com%2Fcodepr%2Frublo", kill_on_drop: false }`
[INFO] [stderr] Cloning into bare repository '/workspace/cache/git-repos/https%3A%2F%2Fgithub.com%2Fcodepr%2Frublo'...
[INFO] running `Command { std: "git" "rev-parse" "HEAD", kill_on_drop: false }`
[INFO] [stdout] 37de3d89b8bb57bf734ca83f6ba6c6ccd3063b8d
[INFO] testing codepr/rublo against 1.75.0 for beta-1.76-1
[INFO] running `Command { std: "git" "clone" "/workspace/cache/git-repos/https%3A%2F%2Fgithub.com%2Fcodepr%2Frublo" "/workspace/builds/worker-7-tc1/source", kill_on_drop: false }`
[INFO] [stderr] Cloning into '/workspace/builds/worker-7-tc1/source'...
[INFO] [stderr] done.
[INFO] validating manifest of git repo https://github.com/codepr/rublo on toolchain 1.75.0
[INFO] running `Command { std: CARGO_HOME="/workspace/cargo-home" RUSTUP_HOME="/workspace/rustup-home" "/workspace/cargo-home/bin/cargo" "+1.75.0" "metadata" "--manifest-path" "Cargo.toml" "--no-deps", kill_on_drop: false }`
[INFO] started tweaking git repo https://github.com/codepr/rublo
[INFO] finished tweaking git repo https://github.com/codepr/rublo
[INFO] tweaked toml for git repo https://github.com/codepr/rublo written to /workspace/builds/worker-7-tc1/source/Cargo.toml
[INFO] crate git repo https://github.com/codepr/rublo already has a lockfile, it will not be regenerated
[INFO] running `Command { std: CARGO_HOME="/workspace/cargo-home" RUSTUP_HOME="/workspace/rustup-home" "/workspace/cargo-home/bin/cargo" "+1.75.0" "fetch" "--manifest-path" "Cargo.toml", kill_on_drop: false }`
[INFO] [stderr]     Updating crates.io index
[INFO] [stderr]  Downloading crates ...
[INFO] [stderr]   Downloaded bincode v1.3.2
[INFO] [stderr]   Downloaded fasthash-sys v0.3.2
[INFO] [stderr]   Downloaded fasthash v0.4.0
[INFO] [stderr]   Downloaded xoroshiro128 v0.3.0
[INFO] [stderr]   Downloaded bitvec v0.21.1
[INFO] running `Command { std: "docker" "create" "-v" "/var/lib/crater-agent-workspace/builds/worker-7-tc1/target:/opt/rustwide/target:rw,Z" "-v" "/var/lib/crater-agent-workspace/builds/worker-7-tc1/source:/opt/rustwide/workdir:ro,Z" "-v" "/var/lib/crater-agent-workspace/cargo-home:/opt/rustwide/cargo-home:ro,Z" "-v" "/var/lib/crater-agent-workspace/rustup-home:/opt/rustwide/rustup-home:ro,Z" "-e" "SOURCE_DIR=/opt/rustwide/workdir" "-e" "CARGO_TARGET_DIR=/opt/rustwide/target" "-e" "CARGO_HOME=/opt/rustwide/cargo-home" "-e" "RUSTUP_HOME=/opt/rustwide/rustup-home" "-w" "/opt/rustwide/workdir" "-m" "1610612736" "--user" "0:0" "--network" "none" "ghcr.io/rust-lang/crates-build-env/linux@sha256:2788e3201cd34a07e3172128adcd8b3090168a8e3bcc40d7c032b9dda1df7d1c" "/opt/rustwide/cargo-home/bin/cargo" "+1.75.0" "metadata" "--no-deps" "--format-version=1", kill_on_drop: false }`
[INFO] [stdout] 249e6f75f09af8c5c898998152421cbef093749a32142933d52e84f0dcb1b3f5
[INFO] running `Command { std: "docker" "start" "-a" "249e6f75f09af8c5c898998152421cbef093749a32142933d52e84f0dcb1b3f5", kill_on_drop: false }`
[INFO] running `Command { std: "docker" "inspect" "249e6f75f09af8c5c898998152421cbef093749a32142933d52e84f0dcb1b3f5", kill_on_drop: false }`
[INFO] running `Command { std: "docker" "rm" "-f" "249e6f75f09af8c5c898998152421cbef093749a32142933d52e84f0dcb1b3f5", kill_on_drop: false }`
[INFO] [stdout] 249e6f75f09af8c5c898998152421cbef093749a32142933d52e84f0dcb1b3f5
[INFO] running `Command { std: "docker" "create" "-v" "/var/lib/crater-agent-workspace/builds/worker-7-tc1/target:/opt/rustwide/target:rw,Z" "-v" "/var/lib/crater-agent-workspace/builds/worker-7-tc1/source:/opt/rustwide/workdir:ro,Z" "-v" "/var/lib/crater-agent-workspace/cargo-home:/opt/rustwide/cargo-home:ro,Z" "-v" "/var/lib/crater-agent-workspace/rustup-home:/opt/rustwide/rustup-home:ro,Z" "-e" "SOURCE_DIR=/opt/rustwide/workdir" "-e" "CARGO_TARGET_DIR=/opt/rustwide/target" "-e" "CARGO_INCREMENTAL=0" "-e" "RUST_BACKTRACE=full" "-e" "RUSTFLAGS=--cap-lints=warn" "-e" "RUSTDOCFLAGS=--cap-lints=warn" "-e" "CARGO_HOME=/opt/rustwide/cargo-home" "-e" "RUSTUP_HOME=/opt/rustwide/rustup-home" "-w" "/opt/rustwide/workdir" "-m" "1610612736" "--user" "0:0" "--network" "none" "ghcr.io/rust-lang/crates-build-env/linux@sha256:2788e3201cd34a07e3172128adcd8b3090168a8e3bcc40d7c032b9dda1df7d1c" "/opt/rustwide/cargo-home/bin/cargo" "+1.75.0" "build" "--frozen" "--message-format=json", kill_on_drop: false }`
[INFO] [stdout] 44996420d37d9ae116985172f77f87e35bcd554db5c5a96ef5401b2f47a9ec43
[INFO] running `Command { std: "docker" "start" "-a" "44996420d37d9ae116985172f77f87e35bcd554db5c5a96ef5401b2f47a9ec43", kill_on_drop: false }`
[INFO] [stderr]    Compiling proc-macro2 v1.0.24
[INFO] [stderr]    Compiling unicode-xid v0.2.1
[INFO] [stderr]    Compiling syn v1.0.64
[INFO] [stderr]    Compiling libc v0.2.88
[INFO] [stderr]    Compiling autocfg v1.0.1
[INFO] [stderr]    Compiling memchr v2.3.4
[INFO] [stderr]    Compiling pin-project-lite v0.2.6
[INFO] [stderr]    Compiling serde_derive v1.0.124
[INFO] [stderr]    Compiling log v0.4.14
[INFO] [stderr]    Compiling serde v1.0.124
[INFO] [stderr]    Compiling proc-macro-hack v0.5.19
[INFO] [stderr]    Compiling futures-core v0.3.13
[INFO] [stderr]    Compiling proc-macro-nested v0.1.7
[INFO] [stderr]    Compiling futures-sink v0.3.13
[INFO] [stderr]    Compiling smallvec v1.6.1
[INFO] [stderr]    Compiling instant v0.1.9
[INFO] [stderr]    Compiling scopeguard v1.1.0
[INFO] [stderr]    Compiling gcc v0.3.55
[INFO] [stderr]    Compiling slab v0.4.2
[INFO] [stderr]    Compiling futures-io v0.3.13
[INFO] [stderr]    Compiling lock_api v0.4.2
[INFO] [stderr]    Compiling futures-channel v0.3.13
[INFO] [stderr]    Compiling bytes v1.0.1
[INFO] [stderr]    Compiling byteorder v1.3.4
[INFO] [stderr]    Compiling pin-utils v0.1.0
[INFO] [stderr]    Compiling once_cell v1.7.2
[INFO] [stderr]    Compiling futures-task v0.3.13
[INFO] [stderr]    Compiling radium v0.6.2
[INFO] [stderr]    Compiling linked-hash-map v0.5.4
[INFO] [stderr]    Compiling num-traits v0.2.14
[INFO] [stderr]    Compiling tokio v1.3.0
[INFO] [stderr]    Compiling num-integer v0.1.44
[INFO] [stderr]    Compiling tracing-core v0.1.17
[INFO] [stderr]    Compiling wyz v0.2.0
[INFO] [stderr]    Compiling dtoa v0.4.7
[INFO] [stderr]    Compiling yaml-rust v0.4.5
[INFO] [stderr]    Compiling seahash v3.0.7
[INFO] [stderr]    Compiling tap v1.0.1
[INFO] [stderr]    Compiling funty v1.2.0
[INFO] [stderr]    Compiling quote v1.0.9
[INFO] [stderr]    Compiling fasthash-sys v0.3.2
[INFO] [stderr]    Compiling num_cpus v1.13.0
[INFO] [stderr]    Compiling parking_lot_core v0.8.3
[INFO] [stderr]    Compiling signal-hook-registry v1.3.0
[INFO] [stderr]    Compiling mio v0.7.9
[INFO] [stderr]    Compiling rand v0.4.6
[INFO] [stderr]    Compiling time v0.1.44
[INFO] [stderr]    Compiling parking_lot v0.11.1
[INFO] [stderr]    Compiling xoroshiro128 v0.3.0
[INFO] [stderr]    Compiling fasthash v0.4.0
[INFO] [stderr]    Compiling tokio-macros v1.1.0
[INFO] [stderr]    Compiling futures-macro v0.3.13
[INFO] [stderr]    Compiling tracing-attributes v0.1.15
[INFO] [stderr]    Compiling futures-util v0.3.13
[INFO] [stderr]    Compiling tracing v0.1.25
[INFO] [stderr]    Compiling futures-executor v0.3.13
[INFO] [stderr]    Compiling futures v0.3.13
[INFO] [stderr]    Compiling tokio-util v0.6.5
[INFO] [stderr]    Compiling tokio-stream v0.1.5
[INFO] [stderr]    Compiling serde_yaml v0.8.17
[INFO] [stderr]    Compiling bitvec v0.21.1
[INFO] [stderr]    Compiling chrono v0.4.19
[INFO] [stderr]    Compiling bincode v1.3.2
[INFO] [stderr]    Compiling rublo v0.1.0 (/opt/rustwide/workdir)
[INFO] [stderr]     Finished dev [unoptimized + debuginfo] target(s) in 13.90s
[INFO] running `Command { std: "docker" "inspect" "44996420d37d9ae116985172f77f87e35bcd554db5c5a96ef5401b2f47a9ec43", kill_on_drop: false }`
[INFO] running `Command { std: "docker" "rm" "-f" "44996420d37d9ae116985172f77f87e35bcd554db5c5a96ef5401b2f47a9ec43", kill_on_drop: false }`
[INFO] [stdout] 44996420d37d9ae116985172f77f87e35bcd554db5c5a96ef5401b2f47a9ec43
[INFO] running `Command { std: "docker" "create" "-v" "/var/lib/crater-agent-workspace/builds/worker-7-tc1/target:/opt/rustwide/target:rw,Z" "-v" "/var/lib/crater-agent-workspace/builds/worker-7-tc1/source:/opt/rustwide/workdir:ro,Z" "-v" "/var/lib/crater-agent-workspace/cargo-home:/opt/rustwide/cargo-home:ro,Z" "-v" "/var/lib/crater-agent-workspace/rustup-home:/opt/rustwide/rustup-home:ro,Z" "-e" "SOURCE_DIR=/opt/rustwide/workdir" "-e" "CARGO_TARGET_DIR=/opt/rustwide/target" "-e" "CARGO_INCREMENTAL=0" "-e" "RUST_BACKTRACE=full" "-e" "RUSTFLAGS=--cap-lints=warn" "-e" "RUSTDOCFLAGS=--cap-lints=warn" "-e" "CARGO_HOME=/opt/rustwide/cargo-home" "-e" "RUSTUP_HOME=/opt/rustwide/rustup-home" "-w" "/opt/rustwide/workdir" "-m" "1610612736" "--user" "0:0" "--network" "none" "ghcr.io/rust-lang/crates-build-env/linux@sha256:2788e3201cd34a07e3172128adcd8b3090168a8e3bcc40d7c032b9dda1df7d1c" "/opt/rustwide/cargo-home/bin/cargo" "+1.75.0" "test" "--frozen" "--no-run" "--message-format=json", kill_on_drop: false }`
[INFO] [stdout] 4ea707565aaeeefb80f48e4b4e8c3df704f8906e78947d58df5c4cca404e8c10
[INFO] running `Command { std: "docker" "start" "-a" "4ea707565aaeeefb80f48e4b4e8c3df704f8906e78947d58df5c4cca404e8c10", kill_on_drop: false }`
[INFO] [stderr]    Compiling rublo v0.1.0 (/opt/rustwide/workdir)
[INFO] [stderr]     Finished test [unoptimized + debuginfo] target(s) in 1.70s
[INFO] running `Command { std: "docker" "inspect" "4ea707565aaeeefb80f48e4b4e8c3df704f8906e78947d58df5c4cca404e8c10", kill_on_drop: false }`
[INFO] running `Command { std: "docker" "rm" "-f" "4ea707565aaeeefb80f48e4b4e8c3df704f8906e78947d58df5c4cca404e8c10", kill_on_drop: false }`
[INFO] [stdout] 4ea707565aaeeefb80f48e4b4e8c3df704f8906e78947d58df5c4cca404e8c10
[INFO] running `Command { std: "docker" "create" "-v" "/var/lib/crater-agent-workspace/builds/worker-7-tc1/target:/opt/rustwide/target:rw,Z" "-v" "/var/lib/crater-agent-workspace/builds/worker-7-tc1/source:/opt/rustwide/workdir:ro,Z" "-v" "/var/lib/crater-agent-workspace/cargo-home:/opt/rustwide/cargo-home:ro,Z" "-v" "/var/lib/crater-agent-workspace/rustup-home:/opt/rustwide/rustup-home:ro,Z" "-e" "SOURCE_DIR=/opt/rustwide/workdir" "-e" "CARGO_TARGET_DIR=/opt/rustwide/target" "-e" "CARGO_INCREMENTAL=0" "-e" "RUST_BACKTRACE=full" "-e" "RUSTFLAGS=--cap-lints=warn" "-e" "RUSTDOCFLAGS=--cap-lints=warn" "-e" "CARGO_HOME=/opt/rustwide/cargo-home" "-e" "RUSTUP_HOME=/opt/rustwide/rustup-home" "-w" "/opt/rustwide/workdir" "-m" "1610612736" "--user" "0:0" "--network" "none" "ghcr.io/rust-lang/crates-build-env/linux@sha256:2788e3201cd34a07e3172128adcd8b3090168a8e3bcc40d7c032b9dda1df7d1c" "/opt/rustwide/cargo-home/bin/cargo" "+1.75.0" "test" "--frozen", kill_on_drop: false }`
[INFO] [stdout] ff99216d644d9f611ae2257319b51b9cd56baaceb2aaf2ca0a2fe16b23e7016b
[INFO] running `Command { std: "docker" "start" "-a" "ff99216d644d9f611ae2257319b51b9cd56baaceb2aaf2ca0a2fe16b23e7016b", kill_on_drop: false }`
[INFO] [stderr]     Finished test [unoptimized + debuginfo] target(s) in 0.08s
[INFO] [stderr]      Running unittests src/lib.rs (/opt/rustwide/target/debug/deps/rublo-25506e10a70acb10)
[INFO] [stdout] 
[INFO] [stdout] running 4 tests
[INFO] [stdout] test server::tests::test_parse ... ok
[INFO] [stdout] test filter::filter_tests::test_new ... ok
[INFO] [stdout] test filter::scalable_filter_tests::test_set ... ok
[INFO] [stdout] test filter::filter_tests::test_check ... ok
[INFO] [stdout] 
[INFO] [stdout] test result: ok. 4 passed; 0 failed; 0 ignored; 0 measured; 0 filtered out; finished in 0.00s
[INFO] [stdout] 
[INFO] [stderr]      Running unittests src/main.rs (/opt/rustwide/target/debug/deps/rublo-9bba2b8ac231548e)
[INFO] [stdout] 
[INFO] [stdout] running 0 tests
[INFO] [stdout] 
[INFO] [stdout] test result: ok. 0 passed; 0 failed; 0 ignored; 0 measured; 0 filtered out; finished in 0.00s
[INFO] [stdout] 
[INFO] [stderr]    Doc-tests rublo
[INFO] [stdout] 
[INFO] [stdout] running 2 tests
[INFO] [stdout] test src/filter.rs - filter::ScalableBloomFilter::new (line 222) ... FAILED
[INFO] [stdout] test src/filter.rs - filter::ScalableBloomFilter::set (line 311) ... FAILED
[INFO] [stdout] 
[INFO] [stdout] failures:
[INFO] [stdout] 
[INFO] [stdout] ---- src/filter.rs - filter::ScalableBloomFilter::new (line 222) stdout ----
[INFO] [stdout] error: unknown start of token: `
[INFO] [stdout]  --> src/filter.rs:223:3
[INFO] [stdout]   |
[INFO] [stdout] 3 | - `ScaleFactor::SmallScaleSize` 2, more conservative on memory but potentially slower
[INFO] [stdout]   |   ^
[INFO] [stdout]   |
[INFO] [stdout] help: Unicode character '`' (Grave Accent) looks like ''' (Single Quote), but it is not
[INFO] [stdout]   |
[INFO] [stdout] 3 | - 'ScaleFactor::SmallScaleSize` 2, more conservative on memory but potentially slower
[INFO] [stdout]   |   ~
[INFO] [stdout] 
[INFO] [stdout] error: unknown start of token: `
[INFO] [stdout]  --> src/filter.rs:223:31
[INFO] [stdout]   |
[INFO] [stdout] 3 | - `ScaleFactor::SmallScaleSize` 2, more conservative on memory but potentially slower
[INFO] [stdout]   |                               ^
[INFO] [stdout]   |
[INFO] [stdout] help: Unicode character '`' (Grave Accent) looks like ''' (Single Quote), but it is not
[INFO] [stdout]   |
[INFO] [stdout] 3 | - `ScaleFactor::SmallScaleSize' 2, more conservative on memory but potentially slower
[INFO] [stdout]   |                               ~
[INFO] [stdout] 
[INFO] [stdout] error: unknown start of token: `
[INFO] [stdout]  --> src/filter.rs:224:30
[INFO] [stdout]   |
[INFO] [stdout] 4 |  due to the higher number of `BloomFilter` that will be created
[INFO] [stdout]   |                              ^
[INFO] [stdout]   |
[INFO] [stdout] help: Unicode character '`' (Grave Accent) looks like ''' (Single Quote), but it is not
[INFO] [stdout]   |
[INFO] [stdout] 4 |  due to the higher number of 'BloomFilter` that will be created
[INFO] [stdout]   |                              ~
[INFO] [stdout] 
[INFO] [stdout] error: unknown start of token: `
[INFO] [stdout]  --> src/filter.rs:224:42
[INFO] [stdout]   |
[INFO] [stdout] 4 |  due to the higher number of `BloomFilter` that will be created
[INFO] [stdout]   |                                          ^
[INFO] [stdout]   |
[INFO] [stdout] help: Unicode character '`' (Grave Accent) looks like ''' (Single Quote), but it is not
[INFO] [stdout]   |
[INFO] [stdout] 4 |  due to the higher number of `BloomFilter' that will be created
[INFO] [stdout]   |                                          ~
[INFO] [stdout] 
[INFO] [stdout] error: unknown start of token: `
[INFO] [stdout]  --> src/filter.rs:225:4
[INFO] [stdout]   |
[INFO] [stdout] 5 |  - `ScaleFactor::LargeScaleSize` 4, faster but more memory hungry
[INFO] [stdout]   |    ^
[INFO] [stdout]   |
[INFO] [stdout] help: Unicode character '`' (Grave Accent) looks like ''' (Single Quote), but it is not
[INFO] [stdout]   |
[INFO] [stdout] 5 |  - 'ScaleFactor::LargeScaleSize` 4, faster but more memory hungry
[INFO] [stdout]   |    ~
[INFO] [stdout] 
[INFO] [stdout] error: unknown start of token: `
[INFO] [stdout]  --> src/filter.rs:225:32
[INFO] [stdout]   |
[INFO] [stdout] 5 |  - `ScaleFactor::LargeScaleSize` 4, faster but more memory hungry
[INFO] [stdout]   |                                ^
[INFO] [stdout]   |
[INFO] [stdout] help: Unicode character '`' (Grave Accent) looks like ''' (Single Quote), but it is not
[INFO] [stdout]   |
[INFO] [stdout] 5 |  - `ScaleFactor::LargeScaleSize' 4, faster but more memory hungry
[INFO] [stdout]   |                                ~
[INFO] [stdout] 
[INFO] [stdout] error: expected one of `!`, `.`, `::`, `;`, `?`, `{`, `}`, or an operator, found `2`
[INFO] [stdout]  --> src/filter.rs:223:33
[INFO] [stdout]   |
[INFO] [stdout] 3 | - `ScaleFactor::SmallScaleSize` 2, more conservative on memory but potentially slower
[INFO] [stdout]   |                                 ^ expected one of 8 possible tokens
[INFO] [stdout] 
[INFO] [stdout] error: aborting due to 7 previous errors
[INFO] [stdout] 
[INFO] [stdout] Couldn't compile the test.
[INFO] [stdout] ---- src/filter.rs - filter::ScalableBloomFilter::set (line 311) stdout ----
[INFO] [stdout] error: unknown start of token: `
[INFO] [stdout]  --> src/filter.rs:312:3
[INFO] [stdout]   |
[INFO] [stdout] 3 | - `ScaleFactor::SmallScaleSize` 2, more conservative on memory but potentially slower
[INFO] [stdout]   |   ^
[INFO] [stdout]   |
[INFO] [stdout] help: Unicode character '`' (Grave Accent) looks like ''' (Single Quote), but it is not
[INFO] [stdout]   |
[INFO] [stdout] 3 | - 'ScaleFactor::SmallScaleSize` 2, more conservative on memory but potentially slower
[INFO] [stdout]   |   ~
[INFO] [stdout] 
[INFO] [stdout] error: unknown start of token: `
[INFO] [stdout]  --> src/filter.rs:312:31
[INFO] [stdout]   |
[INFO] [stdout] 3 | - `ScaleFactor::SmallScaleSize` 2, more conservative on memory but potentially slower
[INFO] [stdout]   |                               ^
[INFO] [stdout]   |
[INFO] [stdout] help: Unicode character '`' (Grave Accent) looks like ''' (Single Quote), but it is not
[INFO] [stdout]   |
[INFO] [stdout] 3 | - `ScaleFactor::SmallScaleSize' 2, more conservative on memory but potentially slower
[INFO] [stdout]   |                               ~
[INFO] [stdout] 
[INFO] [stdout] error: unknown start of token: `
[INFO] [stdout]  --> src/filter.rs:313:29
[INFO] [stdout]   |
[INFO] [stdout] 4 | due to the higher number of `BloomFilter` that will be created
[INFO] [stdout]   |                             ^
[INFO] [stdout]   |
[INFO] [stdout] help: Unicode character '`' (Grave Accent) looks like ''' (Single Quote), but it is not
[INFO] [stdout]   |
[INFO] [stdout] 4 | due to the higher number of 'BloomFilter` that will be created
[INFO] [stdout]   |                             ~
[INFO] [stdout] 
[INFO] [stdout] error: unknown start of token: `
[INFO] [stdout]  --> src/filter.rs:313:41
[INFO] [stdout]   |
[INFO] [stdout] 4 | due to the higher number of `BloomFilter` that will be created
[INFO] [stdout]   |                                         ^
[INFO] [stdout]   |
[INFO] [stdout] help: Unicode character '`' (Grave Accent) looks like ''' (Single Quote), but it is not
[INFO] [stdout]   |
[INFO] [stdout] 4 | due to the higher number of `BloomFilter' that will be created
[INFO] [stdout]   |                                         ~
[INFO] [stdout] 
[INFO] [stdout] error: unknown start of token: `
[INFO] [stdout]  --> src/filter.rs:314:3
[INFO] [stdout]   |
[INFO] [stdout] 5 | - `ScaleFactor::LargeScaleSize` 4, faster but more memory hungry
[INFO] [stdout]   |   ^
[INFO] [stdout]   |
[INFO] [stdout] help: Unicode character '`' (Grave Accent) looks like ''' (Single Quote), but it is not
[INFO] [stdout]   |
[INFO] [stdout] 5 | - 'ScaleFactor::LargeScaleSize` 4, faster but more memory hungry
[INFO] [stdout]   |   ~
[INFO] [stdout] 
[INFO] [stdout] error: unknown start of token: `
[INFO] [stdout]  --> src/filter.rs:314:31
[INFO] [stdout]   |
[INFO] [stdout] 5 | - `ScaleFactor::LargeScaleSize` 4, faster but more memory hungry
[INFO] [stdout]   |                               ^
[INFO] [stdout]   |
[INFO] [stdout] help: Unicode character '`' (Grave Accent) looks like ''' (Single Quote), but it is not
[INFO] [stdout]   |
[INFO] [stdout] 5 | - `ScaleFactor::LargeScaleSize' 4, faster but more memory hungry
[INFO] [stdout]   |                               ~
[INFO] [stdout] 
[INFO] [stdout] error: expected one of `!`, `.`, `::`, `;`, `?`, `{`, `}`, or an operator, found `2`
[INFO] [stdout]  --> src/filter.rs:312:33
[INFO] [stdout]   |
[INFO] [stdout] 3 | - `ScaleFactor::SmallScaleSize` 2, more conservative on memory but potentially slower
[INFO] [stdout]   |                                 ^ expected one of 8 possible tokens
[INFO] [stdout] 
[INFO] [stdout] error: aborting due to 7 previous errors
[INFO] [stdout] 
[INFO] [stdout] Couldn't compile the test.
[INFO] [stdout] 
[INFO] [stdout] failures:
[INFO] [stdout]     src/filter.rs - filter::ScalableBloomFilter::new (line 222)
[INFO] [stdout]     src/filter.rs - filter::ScalableBloomFilter::set (line 311)
[INFO] [stdout] 
[INFO] [stdout] test result: FAILED. 0 passed; 2 failed; 0 ignored; 0 measured; 0 filtered out; finished in 0.06s
[INFO] [stdout] 
[INFO] [stderr] error: doctest failed, to rerun pass `--doc`
[INFO] running `Command { std: "docker" "inspect" "ff99216d644d9f611ae2257319b51b9cd56baaceb2aaf2ca0a2fe16b23e7016b", kill_on_drop: false }`
[INFO] running `Command { std: "docker" "rm" "-f" "ff99216d644d9f611ae2257319b51b9cd56baaceb2aaf2ca0a2fe16b23e7016b", kill_on_drop: false }`
[INFO] [stdout] ff99216d644d9f611ae2257319b51b9cd56baaceb2aaf2ca0a2fe16b23e7016b
[INFO] testing codepr/rublo against beta-2023-12-22 for beta-1.76-1
[INFO] running `Command { std: "git" "clone" "/workspace/cache/git-repos/https%3A%2F%2Fgithub.com%2Fcodepr%2Frublo" "/workspace/builds/worker-7-tc2/source", kill_on_drop: false }`
[INFO] [stderr] Cloning into '/workspace/builds/worker-7-tc2/source'...
[INFO] [stderr] done.
[INFO] validating manifest of git repo https://github.com/codepr/rublo on toolchain beta-2023-12-22
[INFO] running `Command { std: CARGO_HOME="/workspace/cargo-home" RUSTUP_HOME="/workspace/rustup-home" "/workspace/cargo-home/bin/cargo" "+beta-2023-12-22" "metadata" "--manifest-path" "Cargo.toml" "--no-deps", kill_on_drop: false }`
[INFO] started tweaking git repo https://github.com/codepr/rublo
[INFO] finished tweaking git repo https://github.com/codepr/rublo
[INFO] tweaked toml for git repo https://github.com/codepr/rublo written to /workspace/builds/worker-7-tc2/source/Cargo.toml
[INFO] crate git repo https://github.com/codepr/rublo already has a lockfile, it will not be regenerated
[INFO] running `Command { std: CARGO_HOME="/workspace/cargo-home" RUSTUP_HOME="/workspace/rustup-home" "/workspace/cargo-home/bin/cargo" "+beta-2023-12-22" "fetch" "--manifest-path" "Cargo.toml", kill_on_drop: false }`
[INFO] running `Command { std: "docker" "create" "-v" "/var/lib/crater-agent-workspace/builds/worker-7-tc2/target:/opt/rustwide/target:rw,Z" "-v" "/var/lib/crater-agent-workspace/builds/worker-7-tc2/source:/opt/rustwide/workdir:ro,Z" "-v" "/var/lib/crater-agent-workspace/cargo-home:/opt/rustwide/cargo-home:ro,Z" "-v" "/var/lib/crater-agent-workspace/rustup-home:/opt/rustwide/rustup-home:ro,Z" "-e" "SOURCE_DIR=/opt/rustwide/workdir" "-e" "CARGO_TARGET_DIR=/opt/rustwide/target" "-e" "CARGO_HOME=/opt/rustwide/cargo-home" "-e" "RUSTUP_HOME=/opt/rustwide/rustup-home" "-w" "/opt/rustwide/workdir" "-m" "1610612736" "--user" "0:0" "--network" "none" "ghcr.io/rust-lang/crates-build-env/linux@sha256:2788e3201cd34a07e3172128adcd8b3090168a8e3bcc40d7c032b9dda1df7d1c" "/opt/rustwide/cargo-home/bin/cargo" "+beta-2023-12-22" "metadata" "--no-deps" "--format-version=1", kill_on_drop: false }`
[INFO] [stdout] f94046c46402c46837b612457ab0f3310bd6b3342f851cde4c7b5fca988afeb7
[INFO] running `Command { std: "docker" "start" "-a" "f94046c46402c46837b612457ab0f3310bd6b3342f851cde4c7b5fca988afeb7", kill_on_drop: false }`
[INFO] running `Command { std: "docker" "inspect" "f94046c46402c46837b612457ab0f3310bd6b3342f851cde4c7b5fca988afeb7", kill_on_drop: false }`
[INFO] running `Command { std: "docker" "rm" "-f" "f94046c46402c46837b612457ab0f3310bd6b3342f851cde4c7b5fca988afeb7", kill_on_drop: false }`
[INFO] [stdout] f94046c46402c46837b612457ab0f3310bd6b3342f851cde4c7b5fca988afeb7
[INFO] running `Command { std: "docker" "create" "-v" "/var/lib/crater-agent-workspace/builds/worker-7-tc2/target:/opt/rustwide/target:rw,Z" "-v" "/var/lib/crater-agent-workspace/builds/worker-7-tc2/source:/opt/rustwide/workdir:ro,Z" "-v" "/var/lib/crater-agent-workspace/cargo-home:/opt/rustwide/cargo-home:ro,Z" "-v" "/var/lib/crater-agent-workspace/rustup-home:/opt/rustwide/rustup-home:ro,Z" "-e" "SOURCE_DIR=/opt/rustwide/workdir" "-e" "CARGO_TARGET_DIR=/opt/rustwide/target" "-e" "CARGO_INCREMENTAL=0" "-e" "RUST_BACKTRACE=full" "-e" "RUSTFLAGS=--cap-lints=warn" "-e" "RUSTDOCFLAGS=--cap-lints=warn" "-e" "CARGO_HOME=/opt/rustwide/cargo-home" "-e" "RUSTUP_HOME=/opt/rustwide/rustup-home" "-w" "/opt/rustwide/workdir" "-m" "1610612736" "--user" "0:0" "--network" "none" "ghcr.io/rust-lang/crates-build-env/linux@sha256:2788e3201cd34a07e3172128adcd8b3090168a8e3bcc40d7c032b9dda1df7d1c" "/opt/rustwide/cargo-home/bin/cargo" "+beta-2023-12-22" "build" "--frozen" "--message-format=json", kill_on_drop: false }`
[INFO] [stdout] 3f41cc2ff5f9dddcfef0e54483848ea6307133e5119885f205b3d5aef40ca7ab
[INFO] running `Command { std: "docker" "start" "-a" "3f41cc2ff5f9dddcfef0e54483848ea6307133e5119885f205b3d5aef40ca7ab", kill_on_drop: false }`
[INFO] [stderr]    Compiling proc-macro2 v1.0.24
[INFO] [stderr]    Compiling unicode-xid v0.2.1
[INFO] [stderr]    Compiling syn v1.0.64
[INFO] [stderr]    Compiling libc v0.2.88
[INFO] [stderr]    Compiling autocfg v1.0.1
[INFO] [stderr]    Compiling memchr v2.3.4
[INFO] [stderr]    Compiling serde_derive v1.0.124
[INFO] [stderr]    Compiling pin-project-lite v0.2.6
[INFO] [stderr]    Compiling futures-core v0.3.13
[INFO] [stderr]    Compiling log v0.4.14
[INFO] [stderr]    Compiling serde v1.0.124
[INFO] [stderr]    Compiling proc-macro-hack v0.5.19
[INFO] [stderr]    Compiling instant v0.1.9
[INFO] [stderr]    Compiling proc-macro-nested v0.1.7
[INFO] [stderr]    Compiling smallvec v1.6.1
[INFO] [stderr]    Compiling scopeguard v1.1.0
[INFO] [stderr]    Compiling futures-sink v0.3.13
[INFO] [stderr]    Compiling lock_api v0.4.2
[INFO] [stderr]    Compiling futures-io v0.3.13
[INFO] [stderr]    Compiling gcc v0.3.55
[INFO] [stderr]    Compiling slab v0.4.2
[INFO] [stderr]    Compiling futures-channel v0.3.13
[INFO] [stderr]    Compiling once_cell v1.7.2
[INFO] [stderr]    Compiling pin-utils v0.1.0
[INFO] [stderr]    Compiling radium v0.6.2
[INFO] [stderr]    Compiling byteorder v1.3.4
[INFO] [stderr]    Compiling bytes v1.0.1
[INFO] [stderr]    Compiling futures-task v0.3.13
[INFO] [stderr]    Compiling linked-hash-map v0.5.4
[INFO] [stderr]    Compiling tracing-core v0.1.17
[INFO] [stderr]    Compiling dtoa v0.4.7
[INFO] [stderr]    Compiling num-traits v0.2.14
[INFO] [stderr]    Compiling tokio v1.3.0
[INFO] [stderr]    Compiling num-integer v0.1.44
[INFO] [stderr]    Compiling funty v1.2.0
[INFO] [stderr]    Compiling seahash v3.0.7
[INFO] [stderr]    Compiling yaml-rust v0.4.5
[INFO] [stderr]    Compiling wyz v0.2.0
[INFO] [stderr]    Compiling tap v1.0.1
[INFO] [stderr]    Compiling quote v1.0.9
[INFO] [stderr]    Compiling fasthash-sys v0.3.2
[INFO] [stderr]    Compiling num_cpus v1.13.0
[INFO] [stderr]    Compiling parking_lot_core v0.8.3
[INFO] [stderr]    Compiling signal-hook-registry v1.3.0
[INFO] [stderr]    Compiling mio v0.7.9
[INFO] [stderr]    Compiling rand v0.4.6
[INFO] [stderr]    Compiling time v0.1.44
[INFO] [stderr]    Compiling parking_lot v0.11.1
[INFO] [stderr]    Compiling xoroshiro128 v0.3.0
[INFO] [stderr]    Compiling fasthash v0.4.0
[INFO] [stderr]    Compiling tokio-macros v1.1.0
[INFO] [stderr]    Compiling futures-macro v0.3.13
[INFO] [stderr]    Compiling tracing-attributes v0.1.15
[INFO] [stderr]    Compiling futures-util v0.3.13
[INFO] [stderr]    Compiling tracing v0.1.25
[INFO] [stderr]    Compiling futures-executor v0.3.13
[INFO] [stderr]    Compiling futures v0.3.13
[INFO] [stderr]    Compiling tokio-util v0.6.5
[INFO] [stderr]    Compiling tokio-stream v0.1.5
[INFO] [stderr]    Compiling serde_yaml v0.8.17
[INFO] [stderr]    Compiling bitvec v0.21.1
[INFO] [stderr]    Compiling bincode v1.3.2
[INFO] [stderr]    Compiling chrono v0.4.19
[INFO] [stderr]    Compiling rublo v0.1.0 (/opt/rustwide/workdir)
[INFO] [stderr]     Finished dev [unoptimized + debuginfo] target(s) in 16.24s
[INFO] running `Command { std: "docker" "inspect" "3f41cc2ff5f9dddcfef0e54483848ea6307133e5119885f205b3d5aef40ca7ab", kill_on_drop: false }`
[INFO] running `Command { std: "docker" "rm" "-f" "3f41cc2ff5f9dddcfef0e54483848ea6307133e5119885f205b3d5aef40ca7ab", kill_on_drop: false }`
[INFO] [stdout] 3f41cc2ff5f9dddcfef0e54483848ea6307133e5119885f205b3d5aef40ca7ab
[INFO] running `Command { std: "docker" "create" "-v" "/var/lib/crater-agent-workspace/builds/worker-7-tc2/target:/opt/rustwide/target:rw,Z" "-v" "/var/lib/crater-agent-workspace/builds/worker-7-tc2/source:/opt/rustwide/workdir:ro,Z" "-v" "/var/lib/crater-agent-workspace/cargo-home:/opt/rustwide/cargo-home:ro,Z" "-v" "/var/lib/crater-agent-workspace/rustup-home:/opt/rustwide/rustup-home:ro,Z" "-e" "SOURCE_DIR=/opt/rustwide/workdir" "-e" "CARGO_TARGET_DIR=/opt/rustwide/target" "-e" "CARGO_INCREMENTAL=0" "-e" "RUST_BACKTRACE=full" "-e" "RUSTFLAGS=--cap-lints=warn" "-e" "RUSTDOCFLAGS=--cap-lints=warn" "-e" "CARGO_HOME=/opt/rustwide/cargo-home" "-e" "RUSTUP_HOME=/opt/rustwide/rustup-home" "-w" "/opt/rustwide/workdir" "-m" "1610612736" "--user" "0:0" "--network" "none" "ghcr.io/rust-lang/crates-build-env/linux@sha256:2788e3201cd34a07e3172128adcd8b3090168a8e3bcc40d7c032b9dda1df7d1c" "/opt/rustwide/cargo-home/bin/cargo" "+beta-2023-12-22" "test" "--frozen" "--no-run" "--message-format=json", kill_on_drop: false }`
[INFO] [stdout] d20a2fa8c178c68f731b1611e54f47b073b0c6c85c5ee7dae3e03731e702b928
[INFO] running `Command { std: "docker" "start" "-a" "d20a2fa8c178c68f731b1611e54f47b073b0c6c85c5ee7dae3e03731e702b928", kill_on_drop: false }`
[INFO] [stderr]    Compiling rublo v0.1.0 (/opt/rustwide/workdir)
[INFO] [stderr]     Finished test [unoptimized + debuginfo] target(s) in 0.98s
[INFO] running `Command { std: "docker" "inspect" "d20a2fa8c178c68f731b1611e54f47b073b0c6c85c5ee7dae3e03731e702b928", kill_on_drop: false }`
[INFO] running `Command { std: "docker" "rm" "-f" "d20a2fa8c178c68f731b1611e54f47b073b0c6c85c5ee7dae3e03731e702b928", kill_on_drop: false }`
[INFO] [stdout] d20a2fa8c178c68f731b1611e54f47b073b0c6c85c5ee7dae3e03731e702b928
[INFO] running `Command { std: "docker" "create" "-v" "/var/lib/crater-agent-workspace/builds/worker-7-tc2/target:/opt/rustwide/target:rw,Z" "-v" "/var/lib/crater-agent-workspace/builds/worker-7-tc2/source:/opt/rustwide/workdir:ro,Z" "-v" "/var/lib/crater-agent-workspace/cargo-home:/opt/rustwide/cargo-home:ro,Z" "-v" "/var/lib/crater-agent-workspace/rustup-home:/opt/rustwide/rustup-home:ro,Z" "-e" "SOURCE_DIR=/opt/rustwide/workdir" "-e" "CARGO_TARGET_DIR=/opt/rustwide/target" "-e" "CARGO_INCREMENTAL=0" "-e" "RUST_BACKTRACE=full" "-e" "RUSTFLAGS=--cap-lints=warn" "-e" "RUSTDOCFLAGS=--cap-lints=warn" "-e" "CARGO_HOME=/opt/rustwide/cargo-home" "-e" "RUSTUP_HOME=/opt/rustwide/rustup-home" "-w" "/opt/rustwide/workdir" "-m" "1610612736" "--user" "0:0" "--network" "none" "ghcr.io/rust-lang/crates-build-env/linux@sha256:2788e3201cd34a07e3172128adcd8b3090168a8e3bcc40d7c032b9dda1df7d1c" "/opt/rustwide/cargo-home/bin/cargo" "+beta-2023-12-22" "test" "--frozen", kill_on_drop: false }`
[INFO] [stdout] 5ad1426dcf5a40c38f844c508519c1984e51311178afafb84e2f274588ed7105
[INFO] running `Command { std: "docker" "start" "-a" "5ad1426dcf5a40c38f844c508519c1984e51311178afafb84e2f274588ed7105", kill_on_drop: false }`
[INFO] [stderr]     Finished test [unoptimized + debuginfo] target(s) in 0.05s
[INFO] [stderr]      Running unittests src/lib.rs (/opt/rustwide/target/debug/deps/rublo-ab08e8ffcfd7d7fc)
[INFO] [stdout] 
[INFO] [stdout] running 4 tests
[INFO] [stdout] test filter::filter_tests::test_new ... ok
[INFO] [stdout] test filter::scalable_filter_tests::test_set ... ok
[INFO] [stdout] test filter::filter_tests::test_check ... ok
[INFO] [stdout] test server::tests::test_parse ... ok
[INFO] [stdout] 
[INFO] [stdout] test result: ok. 4 passed; 0 failed; 0 ignored; 0 measured; 0 filtered out; finished in 0.00s
[INFO] [stdout] 
[INFO] [stderr]      Running unittests src/main.rs (/opt/rustwide/target/debug/deps/rublo-8b67c70bbe16286a)
[INFO] [stdout] 
[INFO] [stdout] running 0 tests
[INFO] [stdout] 
[INFO] [stdout] test result: ok. 0 passed; 0 failed; 0 ignored; 0 measured; 0 filtered out; finished in 0.00s
[INFO] [stdout] 
[INFO] [stderr]    Doc-tests rublo
[INFO] [stdout] 
[INFO] [stdout] running 2 tests
[INFO] [stdout] test src/filter.rs - filter::ScalableBloomFilter::new (line 222) ... FAILED
[INFO] [stdout] test src/filter.rs - filter::ScalableBloomFilter::set (line 311) ... FAILED
[INFO] [stdout] 
[INFO] [stdout] failures:
[INFO] [stdout] 
[INFO] [stdout] ---- src/filter.rs - filter::ScalableBloomFilter::new (line 222) stdout ----
[INFO] [stdout] error: unknown start of token: `
[INFO] [stdout]  --> src/filter.rs:223:3
[INFO] [stdout]   |
[INFO] [stdout] 3 | - `ScaleFactor::SmallScaleSize` 2, more conservative on memory but potentially slower
[INFO] [stdout]   |   ^
[INFO] [stdout]   |
[INFO] [stdout] help: Unicode character '`' (Grave Accent) looks like ''' (Single Quote), but it is not
[INFO] [stdout]   |
[INFO] [stdout] 3 | - 'ScaleFactor::SmallScaleSize` 2, more conservative on memory but potentially slower
[INFO] [stdout]   |   ~
[INFO] [stdout] 
[INFO] [stdout] error: unknown start of token: `
[INFO] [stdout]  --> src/filter.rs:223:31
[INFO] [stdout]   |
[INFO] [stdout] 3 | - `ScaleFactor::SmallScaleSize` 2, more conservative on memory but potentially slower
[INFO] [stdout]   |                               ^
[INFO] [stdout]   |
[INFO] [stdout] help: Unicode character '`' (Grave Accent) looks like ''' (Single Quote), but it is not
[INFO] [stdout]   |
[INFO] [stdout] 3 | - `ScaleFactor::SmallScaleSize' 2, more conservative on memory but potentially slower
[INFO] [stdout]   |                               ~
[INFO] [stdout] 
[INFO] [stdout] error: unknown start of token: `
[INFO] [stdout]  --> src/filter.rs:224:30
[INFO] [stdout]   |
[INFO] [stdout] 4 |  due to the higher number of `BloomFilter` that will be created
[INFO] [stdout]   |                              ^
[INFO] [stdout]   |
[INFO] [stdout] help: Unicode character '`' (Grave Accent) looks like ''' (Single Quote), but it is not
[INFO] [stdout]   |
[INFO] [stdout] 4 |  due to the higher number of 'BloomFilter` that will be created
[INFO] [stdout]   |                              ~
[INFO] [stdout] 
[INFO] [stdout] error: unknown start of token: `
[INFO] [stdout]  --> src/filter.rs:224:42
[INFO] [stdout]   |
[INFO] [stdout] 4 |  due to the higher number of `BloomFilter` that will be created
[INFO] [stdout]   |                                          ^
[INFO] [stdout]   |
[INFO] [stdout] help: Unicode character '`' (Grave Accent) looks like ''' (Single Quote), but it is not
[INFO] [stdout]   |
[INFO] [stdout] 4 |  due to the higher number of `BloomFilter' that will be created
[INFO] [stdout]   |                                          ~
[INFO] [stdout] 
[INFO] [stdout] error: unknown start of token: `
[INFO] [stdout]  --> src/filter.rs:225:4
[INFO] [stdout]   |
[INFO] [stdout] 5 |  - `ScaleFactor::LargeScaleSize` 4, faster but more memory hungry
[INFO] [stdout]   |    ^
[INFO] [stdout]   |
[INFO] [stdout] help: Unicode character '`' (Grave Accent) looks like ''' (Single Quote), but it is not
[INFO] [stdout]   |
[INFO] [stdout] 5 |  - 'ScaleFactor::LargeScaleSize` 4, faster but more memory hungry
[INFO] [stdout]   |    ~
[INFO] [stdout] 
[INFO] [stdout] error: unknown start of token: `
[INFO] [stdout]  --> src/filter.rs:225:32
[INFO] [stdout]   |
[INFO] [stdout] 5 |  - `ScaleFactor::LargeScaleSize` 4, faster but more memory hungry
[INFO] [stdout]   |                                ^
[INFO] [stdout]   |
[INFO] [stdout] help: Unicode character '`' (Grave Accent) looks like ''' (Single Quote), but it is not
[INFO] [stdout]   |
[INFO] [stdout] 5 |  - `ScaleFactor::LargeScaleSize' 4, faster but more memory hungry
[INFO] [stdout]   |                                ~
[INFO] [stdout] 
[INFO] [stdout] error: expected one of `!`, `.`, `::`, `;`, `?`, `{`, `}`, or an operator, found `2`
[INFO] [stdout]  --> src/filter.rs:223:33
[INFO] [stdout]   |
[INFO] [stdout] 3 | - `ScaleFactor::SmallScaleSize` 2, more conservative on memory but potentially slower
[INFO] [stdout]   |                                 ^ expected one of 8 possible tokens
[INFO] [stdout] 
[INFO] [stdout] error: aborting due to 7 previous errors
[INFO] [stdout] 
[INFO] [stdout] Couldn't compile the test.
[INFO] [stdout] ---- src/filter.rs - filter::ScalableBloomFilter::set (line 311) stdout ----
[INFO] [stdout] error: unknown start of token: `
[INFO] [stdout]  --> src/filter.rs:312:3
[INFO] [stdout]   |
[INFO] [stdout] 3 | - `ScaleFactor::SmallScaleSize` 2, more conservative on memory but potentially slower
[INFO] [stdout]   |   ^
[INFO] [stdout]   |
[INFO] [stdout] help: Unicode character '`' (Grave Accent) looks like ''' (Single Quote), but it is not
[INFO] [stdout]   |
[INFO] [stdout] 3 | - 'ScaleFactor::SmallScaleSize` 2, more conservative on memory but potentially slower
[INFO] [stdout]   |   ~
[INFO] [stdout] 
[INFO] [stdout] error: unknown start of token: `
[INFO] [stdout]  --> src/filter.rs:312:31
[INFO] [stdout]   |
[INFO] [stdout] 3 | - `ScaleFactor::SmallScaleSize` 2, more conservative on memory but potentially slower
[INFO] [stdout]   |                               ^
[INFO] [stdout]   |
[INFO] [stdout] help: Unicode character '`' (Grave Accent) looks like ''' (Single Quote), but it is not
[INFO] [stdout]   |
[INFO] [stdout] 3 | - `ScaleFactor::SmallScaleSize' 2, more conservative on memory but potentially slower
[INFO] [stdout]   |                               ~
[INFO] [stdout] 
[INFO] [stdout] error: unknown start of token: `
[INFO] [stdout]  --> src/filter.rs:313:29
[INFO] [stdout]   |
[INFO] [stdout] 4 | due to the higher number of `BloomFilter` that will be created
[INFO] [stdout]   |                             ^
[INFO] [stdout]   |
[INFO] [stdout] help: Unicode character '`' (Grave Accent) looks like ''' (Single Quote), but it is not
[INFO] [stdout]   |
[INFO] [stdout] 4 | due to the higher number of 'BloomFilter` that will be created
[INFO] [stdout]   |                             ~
[INFO] [stdout] 
[INFO] [stdout] error: unknown start of token: `
[INFO] [stdout]  --> src/filter.rs:313:41
[INFO] [stdout]   |
[INFO] [stdout] 4 | due to the higher number of `BloomFilter` that will be created
[INFO] [stdout]   |                                         ^
[INFO] [stdout]   |
[INFO] [stdout] help: Unicode character '`' (Grave Accent) looks like ''' (Single Quote), but it is not
[INFO] [stdout]   |
[INFO] [stdout] 4 | due to the higher number of `BloomFilter' that will be created
[INFO] [stdout]   |                                         ~
[INFO] [stdout] 
[INFO] [stdout] error: unknown start of token: `
[INFO] [stdout]  --> src/filter.rs:314:3
[INFO] [stdout]   |
[INFO] [stdout] 5 | - `ScaleFactor::LargeScaleSize` 4, faster but more memory hungry
[INFO] [stdout]   |   ^
[INFO] [stdout]   |
[INFO] [stdout] help: Unicode character '`' (Grave Accent) looks like ''' (Single Quote), but it is not
[INFO] [stdout]   |
[INFO] [stdout] 5 | - 'ScaleFactor::LargeScaleSize` 4, faster but more memory hungry
[INFO] [stdout]   |   ~
[INFO] [stdout] 
[INFO] [stdout] error: unknown start of token: `
[INFO] [stdout]  --> src/filter.rs:314:31
[INFO] [stdout]   |
[INFO] [stdout] 5 | - `ScaleFactor::LargeScaleSize` 4, faster but more memory hungry
[INFO] [stdout]   |                               ^
[INFO] [stdout]   |
[INFO] [stdout] help: Unicode character '`' (Grave Accent) looks like ''' (Single Quote), but it is not
[INFO] [stdout]   |
[INFO] [stdout] 5 | - `ScaleFactor::LargeScaleSize' 4, faster but more memory hungry
[INFO] [stdout]   |                               ~
[INFO] [stdout] 
[INFO] [stdout] error: expected one of `!`, `.`, `::`, `;`, `?`, `{`, `}`, or an operator, found `2`
[INFO] [stdout]  --> src/filter.rs:312:33
[INFO] [stdout]   |
[INFO] [stdout] 3 | - `ScaleFactor::SmallScaleSize` 2, more conservative on memory but potentially slower
[INFO] [stdout]   |                                 ^ expected one of 8 possible tokens
[INFO] [stdout] 
[INFO] [stdout] error: aborting due to 7 previous errors
[INFO] [stdout] 
[INFO] [stdout] Couldn't compile the test.
[INFO] [stdout] 
[INFO] [stdout] failures:
[INFO] [stdout]     src/filter.rs - filter::ScalableBloomFilter::new (line 222)
[INFO] [stdout]     src/filter.rs - filter::ScalableBloomFilter::set (line 311)
[INFO] [stdout] 
[INFO] [stdout] test result: FAILED. 0 passed; 2 failed; 0 ignored; 0 measured; 0 filtered out; finished in 0.05s
[INFO] [stdout] 
[INFO] [stderr] error: doctest failed, to rerun pass `--doc`
[INFO] running `Command { std: "docker" "inspect" "5ad1426dcf5a40c38f844c508519c1984e51311178afafb84e2f274588ed7105", kill_on_drop: false }`
[INFO] running `Command { std: "docker" "rm" "-f" "5ad1426dcf5a40c38f844c508519c1984e51311178afafb84e2f274588ed7105", kill_on_drop: false }`
[INFO] [stdout] 5ad1426dcf5a40c38f844c508519c1984e51311178afafb84e2f274588ed7105
