[INFO] cloning repository https://github.com/cm-ayf/wordle-solver
[INFO] running `Command { std: "git" "-c" "credential.helper=" "-c" "credential.helper=/workspace/cargo-home/bin/git-credential-null" "clone" "--bare" "https://github.com/cm-ayf/wordle-solver" "/workspace/cache/git-repos/https%3A%2F%2Fgithub.com%2Fcm-ayf%2Fwordle-solver", kill_on_drop: false }`
[INFO] [stderr] Cloning into bare repository '/workspace/cache/git-repos/https%3A%2F%2Fgithub.com%2Fcm-ayf%2Fwordle-solver'...
[INFO] running `Command { std: "git" "rev-parse" "HEAD", kill_on_drop: false }`
[INFO] [stdout] d0e268868962476f53df38607ed298f390dec171
[INFO] testing cm-ayf/wordle-solver against 1.75.0 for beta-1.76-1
[INFO] running `Command { std: "git" "clone" "/workspace/cache/git-repos/https%3A%2F%2Fgithub.com%2Fcm-ayf%2Fwordle-solver" "/workspace/builds/worker-6-tc1/source", kill_on_drop: false }`
[INFO] [stderr] Cloning into '/workspace/builds/worker-6-tc1/source'...
[INFO] [stderr] done.
[INFO] validating manifest of git repo https://github.com/cm-ayf/wordle-solver on toolchain 1.75.0
[INFO] running `Command { std: CARGO_HOME="/workspace/cargo-home" RUSTUP_HOME="/workspace/rustup-home" "/workspace/cargo-home/bin/cargo" "+1.75.0" "metadata" "--manifest-path" "Cargo.toml" "--no-deps", kill_on_drop: false }`
[INFO] started tweaking git repo https://github.com/cm-ayf/wordle-solver
[INFO] finished tweaking git repo https://github.com/cm-ayf/wordle-solver
[INFO] tweaked toml for git repo https://github.com/cm-ayf/wordle-solver written to /workspace/builds/worker-6-tc1/source/Cargo.toml
[INFO] crate git repo https://github.com/cm-ayf/wordle-solver already has a lockfile, it will not be regenerated
[INFO] running `Command { std: CARGO_HOME="/workspace/cargo-home" RUSTUP_HOME="/workspace/rustup-home" "/workspace/cargo-home/bin/cargo" "+1.75.0" "fetch" "--manifest-path" "Cargo.toml", kill_on_drop: false }`
[INFO] running `Command { std: "docker" "create" "-v" "/var/lib/crater-agent-workspace/builds/worker-6-tc1/target:/opt/rustwide/target:rw,Z" "-v" "/var/lib/crater-agent-workspace/builds/worker-6-tc1/source:/opt/rustwide/workdir:ro,Z" "-v" "/var/lib/crater-agent-workspace/cargo-home:/opt/rustwide/cargo-home:ro,Z" "-v" "/var/lib/crater-agent-workspace/rustup-home:/opt/rustwide/rustup-home:ro,Z" "-e" "SOURCE_DIR=/opt/rustwide/workdir" "-e" "CARGO_TARGET_DIR=/opt/rustwide/target" "-e" "CARGO_HOME=/opt/rustwide/cargo-home" "-e" "RUSTUP_HOME=/opt/rustwide/rustup-home" "-w" "/opt/rustwide/workdir" "-m" "1610612736" "--user" "0:0" "--network" "none" "ghcr.io/rust-lang/crates-build-env/linux@sha256:2788e3201cd34a07e3172128adcd8b3090168a8e3bcc40d7c032b9dda1df7d1c" "/opt/rustwide/cargo-home/bin/cargo" "+1.75.0" "metadata" "--no-deps" "--format-version=1", kill_on_drop: false }`
[INFO] [stdout] b616124f7985e8bf35ea42e93a088a83d44c4cc779f24947717b8957a38464ba
[INFO] running `Command { std: "docker" "start" "-a" "b616124f7985e8bf35ea42e93a088a83d44c4cc779f24947717b8957a38464ba", kill_on_drop: false }`
[INFO] running `Command { std: "docker" "inspect" "b616124f7985e8bf35ea42e93a088a83d44c4cc779f24947717b8957a38464ba", kill_on_drop: false }`
[INFO] running `Command { std: "docker" "rm" "-f" "b616124f7985e8bf35ea42e93a088a83d44c4cc779f24947717b8957a38464ba", kill_on_drop: false }`
[INFO] [stdout] b616124f7985e8bf35ea42e93a088a83d44c4cc779f24947717b8957a38464ba
[INFO] running `Command { std: "docker" "create" "-v" "/var/lib/crater-agent-workspace/builds/worker-6-tc1/target:/opt/rustwide/target:rw,Z" "-v" "/var/lib/crater-agent-workspace/builds/worker-6-tc1/source:/opt/rustwide/workdir:ro,Z" "-v" "/var/lib/crater-agent-workspace/cargo-home:/opt/rustwide/cargo-home:ro,Z" "-v" "/var/lib/crater-agent-workspace/rustup-home:/opt/rustwide/rustup-home:ro,Z" "-e" "SOURCE_DIR=/opt/rustwide/workdir" "-e" "CARGO_TARGET_DIR=/opt/rustwide/target" "-e" "CARGO_INCREMENTAL=0" "-e" "RUST_BACKTRACE=full" "-e" "RUSTFLAGS=--cap-lints=warn" "-e" "RUSTDOCFLAGS=--cap-lints=warn" "-e" "CARGO_HOME=/opt/rustwide/cargo-home" "-e" "RUSTUP_HOME=/opt/rustwide/rustup-home" "-w" "/opt/rustwide/workdir" "-m" "1610612736" "--user" "0:0" "--network" "none" "ghcr.io/rust-lang/crates-build-env/linux@sha256:2788e3201cd34a07e3172128adcd8b3090168a8e3bcc40d7c032b9dda1df7d1c" "/opt/rustwide/cargo-home/bin/cargo" "+1.75.0" "build" "--frozen" "--message-format=json", kill_on_drop: false }`
[INFO] [stdout] 1af06340d866f432b917cf1758fcea03d39a2461ad029d3791bce5f00206f74a
[INFO] running `Command { std: "docker" "start" "-a" "1af06340d866f432b917cf1758fcea03d39a2461ad029d3791bce5f00206f74a", kill_on_drop: false }`
[INFO] [stderr]    Compiling proc-macro2 v1.0.36
[INFO] [stderr]    Compiling unicode-xid v0.2.2
[INFO] [stderr]    Compiling log v0.4.14
[INFO] [stderr]    Compiling wasm-bindgen-shared v0.2.79
[INFO] [stderr]    Compiling syn v1.0.86
[INFO] [stderr]    Compiling cfg-if v1.0.0
[INFO] [stderr]    Compiling bumpalo v3.9.1
[INFO] [stderr]    Compiling lazy_static v1.4.0
[INFO] [stderr]    Compiling wasm-bindgen v0.2.79
[INFO] [stderr]    Compiling wordle-solver-data v0.1.0 (/opt/rustwide/workdir/data)
[INFO] [stderr]    Compiling quote v1.0.15
[INFO] [stderr]    Compiling wasm-bindgen-backend v0.2.79
[INFO] [stderr]    Compiling wasm-bindgen-macro-support v0.2.79
[INFO] [stderr]    Compiling wasm-bindgen-macro v0.2.79
[INFO] [stderr]    Compiling wordle-solver v0.2.0 (/opt/rustwide/workdir)
[INFO] [stderr]     Finished dev [unoptimized + debuginfo] target(s) in 8.87s
[INFO] running `Command { std: "docker" "inspect" "1af06340d866f432b917cf1758fcea03d39a2461ad029d3791bce5f00206f74a", kill_on_drop: false }`
[INFO] running `Command { std: "docker" "rm" "-f" "1af06340d866f432b917cf1758fcea03d39a2461ad029d3791bce5f00206f74a", kill_on_drop: false }`
[INFO] [stdout] 1af06340d866f432b917cf1758fcea03d39a2461ad029d3791bce5f00206f74a
[INFO] running `Command { std: "docker" "create" "-v" "/var/lib/crater-agent-workspace/builds/worker-6-tc1/target:/opt/rustwide/target:rw,Z" "-v" "/var/lib/crater-agent-workspace/builds/worker-6-tc1/source:/opt/rustwide/workdir:ro,Z" "-v" "/var/lib/crater-agent-workspace/cargo-home:/opt/rustwide/cargo-home:ro,Z" "-v" "/var/lib/crater-agent-workspace/rustup-home:/opt/rustwide/rustup-home:ro,Z" "-e" "SOURCE_DIR=/opt/rustwide/workdir" "-e" "CARGO_TARGET_DIR=/opt/rustwide/target" "-e" "CARGO_INCREMENTAL=0" "-e" "RUST_BACKTRACE=full" "-e" "RUSTFLAGS=--cap-lints=warn" "-e" "RUSTDOCFLAGS=--cap-lints=warn" "-e" "CARGO_HOME=/opt/rustwide/cargo-home" "-e" "RUSTUP_HOME=/opt/rustwide/rustup-home" "-w" "/opt/rustwide/workdir" "-m" "1610612736" "--user" "0:0" "--network" "none" "ghcr.io/rust-lang/crates-build-env/linux@sha256:2788e3201cd34a07e3172128adcd8b3090168a8e3bcc40d7c032b9dda1df7d1c" "/opt/rustwide/cargo-home/bin/cargo" "+1.75.0" "test" "--frozen" "--no-run" "--message-format=json", kill_on_drop: false }`
[INFO] [stdout] 10672a0e699877e466b4ca4de97d6eb89e9484282c1cf7057aad527d21edd2f3
[INFO] running `Command { std: "docker" "start" "-a" "10672a0e699877e466b4ca4de97d6eb89e9484282c1cf7057aad527d21edd2f3", kill_on_drop: false }`
[INFO] [stderr]    Compiling wordle-solver v0.2.0 (/opt/rustwide/workdir)
[INFO] [stderr]     Finished test [unoptimized + debuginfo] target(s) in 0.43s
[INFO] running `Command { std: "docker" "inspect" "10672a0e699877e466b4ca4de97d6eb89e9484282c1cf7057aad527d21edd2f3", kill_on_drop: false }`
[INFO] running `Command { std: "docker" "rm" "-f" "10672a0e699877e466b4ca4de97d6eb89e9484282c1cf7057aad527d21edd2f3", kill_on_drop: false }`
[INFO] [stdout] 10672a0e699877e466b4ca4de97d6eb89e9484282c1cf7057aad527d21edd2f3
[INFO] running `Command { std: "docker" "create" "-v" "/var/lib/crater-agent-workspace/builds/worker-6-tc1/target:/opt/rustwide/target:rw,Z" "-v" "/var/lib/crater-agent-workspace/builds/worker-6-tc1/source:/opt/rustwide/workdir:ro,Z" "-v" "/var/lib/crater-agent-workspace/cargo-home:/opt/rustwide/cargo-home:ro,Z" "-v" "/var/lib/crater-agent-workspace/rustup-home:/opt/rustwide/rustup-home:ro,Z" "-e" "SOURCE_DIR=/opt/rustwide/workdir" "-e" "CARGO_TARGET_DIR=/opt/rustwide/target" "-e" "CARGO_INCREMENTAL=0" "-e" "RUST_BACKTRACE=full" "-e" "RUSTFLAGS=--cap-lints=warn" "-e" "RUSTDOCFLAGS=--cap-lints=warn" "-e" "CARGO_HOME=/opt/rustwide/cargo-home" "-e" "RUSTUP_HOME=/opt/rustwide/rustup-home" "-w" "/opt/rustwide/workdir" "-m" "1610612736" "--user" "0:0" "--network" "none" "ghcr.io/rust-lang/crates-build-env/linux@sha256:2788e3201cd34a07e3172128adcd8b3090168a8e3bcc40d7c032b9dda1df7d1c" "/opt/rustwide/cargo-home/bin/cargo" "+1.75.0" "test" "--frozen", kill_on_drop: false }`
[INFO] [stdout] 3863b53d430c2acec8dd35f74e1cc7205d52eeccbce668cd548bc3cacccf243f
[INFO] running `Command { std: "docker" "start" "-a" "3863b53d430c2acec8dd35f74e1cc7205d52eeccbce668cd548bc3cacccf243f", kill_on_drop: false }`
[INFO] [stderr]     Finished test [unoptimized + debuginfo] target(s) in 0.01s
[INFO] [stderr]      Running unittests src/lib.rs (/opt/rustwide/target/debug/deps/wordle_solver-62605d27439f6d65)
[INFO] [stdout] 
[INFO] [stdout] running 23 tests
[INFO] [stdout] test status::test::parse_long ... ok
[INFO] [stdout] test status::test::parse_success ... ok
[INFO] [stdout] test status::test::parse_invalid_char ... ok
[INFO] [stdout] test status::test::parse_short ... ok
[INFO] [stdout] test status::test::test_format ... ok
[INFO] [stdout] test word::test::parse_from_lower ... ok
[INFO] [stdout] test word::test::parse_invalid_char ... ok
[INFO] [stdout] test word::test::parse_long ... ok
[INFO] [stdout] test word::test::parse_short ... ok
[INFO] [stdout] test word::test::parse_success ... ok
[INFO] [stdout] test word::test::status_1 ... ok
[INFO] [stdout] test word::test::status_2 ... ok
[INFO] [stdout] test word::test::status_3 ... ok
[INFO] [stdout] test word::test::status_4 ... ok
[INFO] [stdout] test word::test::status_5 ... ok
[INFO] [stdout] test word::test::status_6 ... ok
[INFO] [stdout] test word::test::test_format ... ok
[INFO] [stdout] test word_set::test::answer_1 ... ok
[INFO] [stdout] test word_set::test::answer_2 ... ok
[INFO] [stdout] test word_set::test::answer_3 ... ok
[INFO] [stdout] test word_set::test::full ... ok
[INFO] [stdout] test word_set::test::filter_1 ... ok
[INFO] [stdout] test word_set::test::filter_2 ... ok
[INFO] [stdout] 
[INFO] [stdout] test result: ok. 23 passed; 0 failed; 0 ignored; 0 measured; 0 filtered out; finished in 0.00s
[INFO] [stdout] 
[INFO] [stderr]      Running unittests src/main.rs (/opt/rustwide/target/debug/deps/wordle_solver-6b46c57b09487889)
[INFO] [stdout] 
[INFO] [stdout] running 0 tests
[INFO] [stdout] 
[INFO] [stdout] test result: ok. 0 passed; 0 failed; 0 ignored; 0 measured; 0 filtered out; finished in 0.00s
[INFO] [stdout] 
[INFO] [stderr]    Doc-tests wordle-solver
[INFO] [stdout] 
[INFO] [stdout] running 1 test
[INFO] [stdout] test src/lib.rs - (line 7) ... FAILED
[INFO] [stdout] 
[INFO] [stdout] failures:
[INFO] [stdout] 
[INFO] [stdout] ---- src/lib.rs - (line 7) stdout ----
[INFO] [stdout] error[E0433]: failed to resolve: use of undeclared type `Solver`
[INFO] [stdout]  --> src/lib.rs:8:18
[INFO] [stdout]   |
[INFO] [stdout] 3 | let mut solver = Solver::new();
[INFO] [stdout]   |                  ^^^^^^ use of undeclared type `Solver`
[INFO] [stdout]   |
[INFO] [stdout] help: consider importing this struct
[INFO] [stdout]   |
[INFO] [stdout] 2 + use wordle_solver::Solver;
[INFO] [stdout]   |
[INFO] [stdout] 
[INFO] [stdout] error: aborting due to previous error
[INFO] [stdout] 
[INFO] [stdout] For more information about this error, try `rustc --explain E0433`.
[INFO] [stdout] Couldn't compile the test.
[INFO] [stdout] 
[INFO] [stdout] failures:
[INFO] [stdout]     src/lib.rs - (line 7)
[INFO] [stdout] 
[INFO] [stdout] test result: FAILED. 0 passed; 1 failed; 0 ignored; 0 measured; 0 filtered out; finished in 0.04s
[INFO] [stdout] 
[INFO] [stderr] error: doctest failed, to rerun pass `--doc`
[INFO] running `Command { std: "docker" "inspect" "3863b53d430c2acec8dd35f74e1cc7205d52eeccbce668cd548bc3cacccf243f", kill_on_drop: false }`
[INFO] running `Command { std: "docker" "rm" "-f" "3863b53d430c2acec8dd35f74e1cc7205d52eeccbce668cd548bc3cacccf243f", kill_on_drop: false }`
[INFO] [stdout] 3863b53d430c2acec8dd35f74e1cc7205d52eeccbce668cd548bc3cacccf243f
[INFO] testing cm-ayf/wordle-solver against beta-2023-12-22 for beta-1.76-1
[INFO] running `Command { std: "git" "clone" "/workspace/cache/git-repos/https%3A%2F%2Fgithub.com%2Fcm-ayf%2Fwordle-solver" "/workspace/builds/worker-6-tc2/source", kill_on_drop: false }`
[INFO] [stderr] Cloning into '/workspace/builds/worker-6-tc2/source'...
[INFO] [stderr] done.
[INFO] validating manifest of git repo https://github.com/cm-ayf/wordle-solver on toolchain beta-2023-12-22
[INFO] running `Command { std: CARGO_HOME="/workspace/cargo-home" RUSTUP_HOME="/workspace/rustup-home" "/workspace/cargo-home/bin/cargo" "+beta-2023-12-22" "metadata" "--manifest-path" "Cargo.toml" "--no-deps", kill_on_drop: false }`
[INFO] started tweaking git repo https://github.com/cm-ayf/wordle-solver
[INFO] finished tweaking git repo https://github.com/cm-ayf/wordle-solver
[INFO] tweaked toml for git repo https://github.com/cm-ayf/wordle-solver written to /workspace/builds/worker-6-tc2/source/Cargo.toml
[INFO] crate git repo https://github.com/cm-ayf/wordle-solver already has a lockfile, it will not be regenerated
[INFO] running `Command { std: CARGO_HOME="/workspace/cargo-home" RUSTUP_HOME="/workspace/rustup-home" "/workspace/cargo-home/bin/cargo" "+beta-2023-12-22" "fetch" "--manifest-path" "Cargo.toml", kill_on_drop: false }`
[INFO] running `Command { std: "docker" "create" "-v" "/var/lib/crater-agent-workspace/builds/worker-6-tc2/target:/opt/rustwide/target:rw,Z" "-v" "/var/lib/crater-agent-workspace/builds/worker-6-tc2/source:/opt/rustwide/workdir:ro,Z" "-v" "/var/lib/crater-agent-workspace/cargo-home:/opt/rustwide/cargo-home:ro,Z" "-v" "/var/lib/crater-agent-workspace/rustup-home:/opt/rustwide/rustup-home:ro,Z" "-e" "SOURCE_DIR=/opt/rustwide/workdir" "-e" "CARGO_TARGET_DIR=/opt/rustwide/target" "-e" "CARGO_HOME=/opt/rustwide/cargo-home" "-e" "RUSTUP_HOME=/opt/rustwide/rustup-home" "-w" "/opt/rustwide/workdir" "-m" "1610612736" "--user" "0:0" "--network" "none" "ghcr.io/rust-lang/crates-build-env/linux@sha256:2788e3201cd34a07e3172128adcd8b3090168a8e3bcc40d7c032b9dda1df7d1c" "/opt/rustwide/cargo-home/bin/cargo" "+beta-2023-12-22" "metadata" "--no-deps" "--format-version=1", kill_on_drop: false }`
[INFO] [stdout] fd42f8ec2897b397e4d221947826f02530832197dcec96e357bb85410c553bd3
[INFO] running `Command { std: "docker" "start" "-a" "fd42f8ec2897b397e4d221947826f02530832197dcec96e357bb85410c553bd3", kill_on_drop: false }`
[INFO] running `Command { std: "docker" "inspect" "fd42f8ec2897b397e4d221947826f02530832197dcec96e357bb85410c553bd3", kill_on_drop: false }`
[INFO] running `Command { std: "docker" "rm" "-f" "fd42f8ec2897b397e4d221947826f02530832197dcec96e357bb85410c553bd3", kill_on_drop: false }`
[INFO] [stdout] fd42f8ec2897b397e4d221947826f02530832197dcec96e357bb85410c553bd3
[INFO] running `Command { std: "docker" "create" "-v" "/var/lib/crater-agent-workspace/builds/worker-6-tc2/target:/opt/rustwide/target:rw,Z" "-v" "/var/lib/crater-agent-workspace/builds/worker-6-tc2/source:/opt/rustwide/workdir:ro,Z" "-v" "/var/lib/crater-agent-workspace/cargo-home:/opt/rustwide/cargo-home:ro,Z" "-v" "/var/lib/crater-agent-workspace/rustup-home:/opt/rustwide/rustup-home:ro,Z" "-e" "SOURCE_DIR=/opt/rustwide/workdir" "-e" "CARGO_TARGET_DIR=/opt/rustwide/target" "-e" "CARGO_INCREMENTAL=0" "-e" "RUST_BACKTRACE=full" "-e" "RUSTFLAGS=--cap-lints=warn" "-e" "RUSTDOCFLAGS=--cap-lints=warn" "-e" "CARGO_HOME=/opt/rustwide/cargo-home" "-e" "RUSTUP_HOME=/opt/rustwide/rustup-home" "-w" "/opt/rustwide/workdir" "-m" "1610612736" "--user" "0:0" "--network" "none" "ghcr.io/rust-lang/crates-build-env/linux@sha256:2788e3201cd34a07e3172128adcd8b3090168a8e3bcc40d7c032b9dda1df7d1c" "/opt/rustwide/cargo-home/bin/cargo" "+beta-2023-12-22" "build" "--frozen" "--message-format=json", kill_on_drop: false }`
[INFO] [stdout] 221276aa24f8152911899f1ff6c30933ce18f096f9b6d501d29254f0ff96186c
[INFO] running `Command { std: "docker" "start" "-a" "221276aa24f8152911899f1ff6c30933ce18f096f9b6d501d29254f0ff96186c", kill_on_drop: false }`
[INFO] [stderr]    Compiling proc-macro2 v1.0.36
[INFO] [stderr]    Compiling unicode-xid v0.2.2
[INFO] [stderr]    Compiling syn v1.0.86
[INFO] [stderr]    Compiling log v0.4.14
[INFO] [stderr]    Compiling wasm-bindgen-shared v0.2.79
[INFO] [stderr]    Compiling cfg-if v1.0.0
[INFO] [stderr]    Compiling lazy_static v1.4.0
[INFO] [stderr]    Compiling bumpalo v3.9.1
[INFO] [stderr]    Compiling wasm-bindgen v0.2.79
[INFO] [stderr]    Compiling wordle-solver-data v0.1.0 (/opt/rustwide/workdir/data)
[INFO] [stderr]    Compiling quote v1.0.15
[INFO] [stderr]    Compiling wasm-bindgen-backend v0.2.79
[INFO] [stderr]    Compiling wasm-bindgen-macro-support v0.2.79
[INFO] [stderr]    Compiling wasm-bindgen-macro v0.2.79
[INFO] [stderr]    Compiling wordle-solver v0.2.0 (/opt/rustwide/workdir)
[INFO] [stderr]     Finished dev [unoptimized + debuginfo] target(s) in 5.72s
[INFO] running `Command { std: "docker" "inspect" "221276aa24f8152911899f1ff6c30933ce18f096f9b6d501d29254f0ff96186c", kill_on_drop: false }`
[INFO] running `Command { std: "docker" "rm" "-f" "221276aa24f8152911899f1ff6c30933ce18f096f9b6d501d29254f0ff96186c", kill_on_drop: false }`
[INFO] [stdout] 221276aa24f8152911899f1ff6c30933ce18f096f9b6d501d29254f0ff96186c
[INFO] running `Command { std: "docker" "create" "-v" "/var/lib/crater-agent-workspace/builds/worker-6-tc2/target:/opt/rustwide/target:rw,Z" "-v" "/var/lib/crater-agent-workspace/builds/worker-6-tc2/source:/opt/rustwide/workdir:ro,Z" "-v" "/var/lib/crater-agent-workspace/cargo-home:/opt/rustwide/cargo-home:ro,Z" "-v" "/var/lib/crater-agent-workspace/rustup-home:/opt/rustwide/rustup-home:ro,Z" "-e" "SOURCE_DIR=/opt/rustwide/workdir" "-e" "CARGO_TARGET_DIR=/opt/rustwide/target" "-e" "CARGO_INCREMENTAL=0" "-e" "RUST_BACKTRACE=full" "-e" "RUSTFLAGS=--cap-lints=warn" "-e" "RUSTDOCFLAGS=--cap-lints=warn" "-e" "CARGO_HOME=/opt/rustwide/cargo-home" "-e" "RUSTUP_HOME=/opt/rustwide/rustup-home" "-w" "/opt/rustwide/workdir" "-m" "1610612736" "--user" "0:0" "--network" "none" "ghcr.io/rust-lang/crates-build-env/linux@sha256:2788e3201cd34a07e3172128adcd8b3090168a8e3bcc40d7c032b9dda1df7d1c" "/opt/rustwide/cargo-home/bin/cargo" "+beta-2023-12-22" "test" "--frozen" "--no-run" "--message-format=json", kill_on_drop: false }`
[INFO] [stdout] 688f6a4ed54d49536731ca79f1e59432745426ab781ea72413bc1d91ab893d88
[INFO] running `Command { std: "docker" "start" "-a" "688f6a4ed54d49536731ca79f1e59432745426ab781ea72413bc1d91ab893d88", kill_on_drop: false }`
[INFO] [stderr]    Compiling wordle-solver v0.2.0 (/opt/rustwide/workdir)
[INFO] [stderr]     Finished test [unoptimized + debuginfo] target(s) in 0.51s
[INFO] running `Command { std: "docker" "inspect" "688f6a4ed54d49536731ca79f1e59432745426ab781ea72413bc1d91ab893d88", kill_on_drop: false }`
[INFO] running `Command { std: "docker" "rm" "-f" "688f6a4ed54d49536731ca79f1e59432745426ab781ea72413bc1d91ab893d88", kill_on_drop: false }`
[INFO] [stdout] 688f6a4ed54d49536731ca79f1e59432745426ab781ea72413bc1d91ab893d88
[INFO] running `Command { std: "docker" "create" "-v" "/var/lib/crater-agent-workspace/builds/worker-6-tc2/target:/opt/rustwide/target:rw,Z" "-v" "/var/lib/crater-agent-workspace/builds/worker-6-tc2/source:/opt/rustwide/workdir:ro,Z" "-v" "/var/lib/crater-agent-workspace/cargo-home:/opt/rustwide/cargo-home:ro,Z" "-v" "/var/lib/crater-agent-workspace/rustup-home:/opt/rustwide/rustup-home:ro,Z" "-e" "SOURCE_DIR=/opt/rustwide/workdir" "-e" "CARGO_TARGET_DIR=/opt/rustwide/target" "-e" "CARGO_INCREMENTAL=0" "-e" "RUST_BACKTRACE=full" "-e" "RUSTFLAGS=--cap-lints=warn" "-e" "RUSTDOCFLAGS=--cap-lints=warn" "-e" "CARGO_HOME=/opt/rustwide/cargo-home" "-e" "RUSTUP_HOME=/opt/rustwide/rustup-home" "-w" "/opt/rustwide/workdir" "-m" "1610612736" "--user" "0:0" "--network" "none" "ghcr.io/rust-lang/crates-build-env/linux@sha256:2788e3201cd34a07e3172128adcd8b3090168a8e3bcc40d7c032b9dda1df7d1c" "/opt/rustwide/cargo-home/bin/cargo" "+beta-2023-12-22" "test" "--frozen", kill_on_drop: false }`
[INFO] [stdout] ec2f0413646cfe6699b5c425242332bbedd0efbbe7a6f85b40d583b1a4871e14
[INFO] running `Command { std: "docker" "start" "-a" "ec2f0413646cfe6699b5c425242332bbedd0efbbe7a6f85b40d583b1a4871e14", kill_on_drop: false }`
[INFO] [stderr]     Finished test [unoptimized + debuginfo] target(s) in 0.01s
[INFO] [stderr]      Running unittests src/lib.rs (/opt/rustwide/target/debug/deps/wordle_solver-30d93f326aa2d311)
[INFO] [stdout] 
[INFO] [stdout] running 23 tests
[INFO] [stdout] test status::test::parse_invalid_char ... ok
[INFO] [stdout] test status::test::parse_short ... ok
[INFO] [stdout] test status::test::test_format ... ok
[INFO] [stdout] test status::test::parse_long ... ok
[INFO] [stdout] test status::test::parse_success ... ok
[INFO] [stdout] test word::test::parse_from_lower ... ok
[INFO] [stdout] test word::test::parse_invalid_char ... ok
[INFO] [stdout] test word::test::parse_long ... ok
[INFO] [stdout] test word::test::parse_short ... ok
[INFO] [stdout] test word::test::parse_success ... ok
[INFO] [stdout] test word::test::status_1 ... ok
[INFO] [stdout] test word::test::status_2 ... ok
[INFO] [stdout] test word::test::status_3 ... ok
[INFO] [stdout] test word::test::status_4 ... ok
[INFO] [stdout] test word::test::status_5 ... ok
[INFO] [stdout] test word::test::status_6 ... ok
[INFO] [stdout] test word::test::test_format ... ok
[INFO] [stdout] test word_set::test::answer_1 ... ok
[INFO] [stdout] test word_set::test::answer_3 ... ok
[INFO] [stdout] test word_set::test::answer_2 ... ok
[INFO] [stdout] test word_set::test::filter_1 ... ok
[INFO] [stdout] test word_set::test::full ... ok
[INFO] [stdout] test word_set::test::filter_2 ... ok
[INFO] [stdout] 
[INFO] [stdout] test result: ok. 23 passed; 0 failed; 0 ignored; 0 measured; 0 filtered out; finished in 0.01s
[INFO] [stdout] 
[INFO] [stderr]      Running unittests src/main.rs (/opt/rustwide/target/debug/deps/wordle_solver-f54db1c516ce26e3)
[INFO] [stdout] 
[INFO] [stdout] running 0 tests
[INFO] [stdout] 
[INFO] [stdout] test result: ok. 0 passed; 0 failed; 0 ignored; 0 measured; 0 filtered out; finished in 0.00s
[INFO] [stdout] 
[INFO] [stderr]    Doc-tests wordle-solver
[INFO] [stdout] 
[INFO] [stdout] running 1 test
[INFO] [stdout] test src/lib.rs - (line 7) ... FAILED
[INFO] [stdout] 
[INFO] [stdout] failures:
[INFO] [stdout] 
[INFO] [stdout] ---- src/lib.rs - (line 7) stdout ----
[INFO] [stdout] error[E0433]: failed to resolve: use of undeclared type `Solver`
[INFO] [stdout]  --> src/lib.rs:8:18
[INFO] [stdout]   |
[INFO] [stdout] 3 | let mut solver = Solver::new();
[INFO] [stdout]   |                  ^^^^^^ use of undeclared type `Solver`
[INFO] [stdout]   |
[INFO] [stdout] help: consider importing this struct
[INFO] [stdout]   |
[INFO] [stdout] 2 + use wordle_solver::Solver;
[INFO] [stdout]   |
[INFO] [stdout] 
[INFO] [stdout] error: aborting due to 1 previous error
[INFO] [stdout] 
[INFO] [stdout] For more information about this error, try `rustc --explain E0433`.
[INFO] [stdout] Couldn't compile the test.
[INFO] [stdout] 
[INFO] [stdout] failures:
[INFO] [stdout]     src/lib.rs - (line 7)
[INFO] [stdout] 
[INFO] [stdout] test result: FAILED. 0 passed; 1 failed; 0 ignored; 0 measured; 0 filtered out; finished in 0.05s
[INFO] [stdout] 
[INFO] [stderr] error: doctest failed, to rerun pass `--doc`
[INFO] running `Command { std: "docker" "inspect" "ec2f0413646cfe6699b5c425242332bbedd0efbbe7a6f85b40d583b1a4871e14", kill_on_drop: false }`
[INFO] running `Command { std: "docker" "rm" "-f" "ec2f0413646cfe6699b5c425242332bbedd0efbbe7a6f85b40d583b1a4871e14", kill_on_drop: false }`
[INFO] [stdout] ec2f0413646cfe6699b5c425242332bbedd0efbbe7a6f85b40d583b1a4871e14
