[INFO] cloning repository https://github.com/cm-ayf/prop-logic
[INFO] running `Command { std: "git" "-c" "credential.helper=" "-c" "credential.helper=/workspace/cargo-home/bin/git-credential-null" "clone" "--bare" "https://github.com/cm-ayf/prop-logic" "/workspace/cache/git-repos/https%3A%2F%2Fgithub.com%2Fcm-ayf%2Fprop-logic", kill_on_drop: false }`
[INFO] [stderr] Cloning into bare repository '/workspace/cache/git-repos/https%3A%2F%2Fgithub.com%2Fcm-ayf%2Fprop-logic'...
[INFO] running `Command { std: "git" "rev-parse" "HEAD", kill_on_drop: false }`
[INFO] [stdout] 4a63d5b059a6685bda34af4301f434dfa774d443
[INFO] testing cm-ayf/prop-logic against 1.75.0 for beta-1.76-1
[INFO] running `Command { std: "git" "clone" "/workspace/cache/git-repos/https%3A%2F%2Fgithub.com%2Fcm-ayf%2Fprop-logic" "/workspace/builds/worker-2-tc1/source", kill_on_drop: false }`
[INFO] [stderr] Cloning into '/workspace/builds/worker-2-tc1/source'...
[INFO] [stderr] done.
[INFO] validating manifest of git repo https://github.com/cm-ayf/prop-logic on toolchain 1.75.0
[INFO] running `Command { std: CARGO_HOME="/workspace/cargo-home" RUSTUP_HOME="/workspace/rustup-home" "/workspace/cargo-home/bin/cargo" "+1.75.0" "metadata" "--manifest-path" "Cargo.toml" "--no-deps", kill_on_drop: false }`
[INFO] started tweaking git repo https://github.com/cm-ayf/prop-logic
[INFO] finished tweaking git repo https://github.com/cm-ayf/prop-logic
[INFO] tweaked toml for git repo https://github.com/cm-ayf/prop-logic written to /workspace/builds/worker-2-tc1/source/Cargo.toml
[INFO] crate git repo https://github.com/cm-ayf/prop-logic already has a lockfile, it will not be regenerated
[INFO] running `Command { std: CARGO_HOME="/workspace/cargo-home" RUSTUP_HOME="/workspace/rustup-home" "/workspace/cargo-home/bin/cargo" "+1.75.0" "fetch" "--manifest-path" "Cargo.toml", kill_on_drop: false }`
[INFO] running `Command { std: "docker" "create" "-v" "/var/lib/crater-agent-workspace/builds/worker-2-tc1/target:/opt/rustwide/target:rw,Z" "-v" "/var/lib/crater-agent-workspace/builds/worker-2-tc1/source:/opt/rustwide/workdir:ro,Z" "-v" "/var/lib/crater-agent-workspace/cargo-home:/opt/rustwide/cargo-home:ro,Z" "-v" "/var/lib/crater-agent-workspace/rustup-home:/opt/rustwide/rustup-home:ro,Z" "-e" "SOURCE_DIR=/opt/rustwide/workdir" "-e" "CARGO_TARGET_DIR=/opt/rustwide/target" "-e" "CARGO_HOME=/opt/rustwide/cargo-home" "-e" "RUSTUP_HOME=/opt/rustwide/rustup-home" "-w" "/opt/rustwide/workdir" "-m" "1610612736" "--user" "0:0" "--network" "none" "ghcr.io/rust-lang/crates-build-env/linux@sha256:2788e3201cd34a07e3172128adcd8b3090168a8e3bcc40d7c032b9dda1df7d1c" "/opt/rustwide/cargo-home/bin/cargo" "+1.75.0" "metadata" "--no-deps" "--format-version=1", kill_on_drop: false }`
[INFO] [stdout] bbc3acc268bc5800037ff0b8bcc5140394fac6c73a72a4d001253c6624d3a400
[INFO] running `Command { std: "docker" "start" "-a" "bbc3acc268bc5800037ff0b8bcc5140394fac6c73a72a4d001253c6624d3a400", kill_on_drop: false }`
[INFO] running `Command { std: "docker" "inspect" "bbc3acc268bc5800037ff0b8bcc5140394fac6c73a72a4d001253c6624d3a400", kill_on_drop: false }`
[INFO] running `Command { std: "docker" "rm" "-f" "bbc3acc268bc5800037ff0b8bcc5140394fac6c73a72a4d001253c6624d3a400", kill_on_drop: false }`
[INFO] [stdout] bbc3acc268bc5800037ff0b8bcc5140394fac6c73a72a4d001253c6624d3a400
[INFO] running `Command { std: "docker" "create" "-v" "/var/lib/crater-agent-workspace/builds/worker-2-tc1/target:/opt/rustwide/target:rw,Z" "-v" "/var/lib/crater-agent-workspace/builds/worker-2-tc1/source:/opt/rustwide/workdir:ro,Z" "-v" "/var/lib/crater-agent-workspace/cargo-home:/opt/rustwide/cargo-home:ro,Z" "-v" "/var/lib/crater-agent-workspace/rustup-home:/opt/rustwide/rustup-home:ro,Z" "-e" "SOURCE_DIR=/opt/rustwide/workdir" "-e" "CARGO_TARGET_DIR=/opt/rustwide/target" "-e" "CARGO_INCREMENTAL=0" "-e" "RUST_BACKTRACE=full" "-e" "RUSTFLAGS=--cap-lints=warn" "-e" "RUSTDOCFLAGS=--cap-lints=warn" "-e" "CARGO_HOME=/opt/rustwide/cargo-home" "-e" "RUSTUP_HOME=/opt/rustwide/rustup-home" "-w" "/opt/rustwide/workdir" "-m" "1610612736" "--user" "0:0" "--network" "none" "ghcr.io/rust-lang/crates-build-env/linux@sha256:2788e3201cd34a07e3172128adcd8b3090168a8e3bcc40d7c032b9dda1df7d1c" "/opt/rustwide/cargo-home/bin/cargo" "+1.75.0" "build" "--frozen" "--message-format=json", kill_on_drop: false }`
[INFO] [stdout] 33fdee09b6d09b6fc0937f268683a83542d4aad02e0e6802130972641aa18230
[INFO] running `Command { std: "docker" "start" "-a" "33fdee09b6d09b6fc0937f268683a83542d4aad02e0e6802130972641aa18230", kill_on_drop: false }`
[INFO] [stderr]    Compiling version_check v0.9.3
[INFO] [stderr]    Compiling proc-macro2 v1.0.32
[INFO] [stderr]    Compiling unicode-xid v0.2.2
[INFO] [stderr]    Compiling syn v1.0.81
[INFO] [stderr]    Compiling libc v0.2.108
[INFO] [stderr]    Compiling unicode-width v0.1.9
[INFO] [stderr]    Compiling memchr v2.4.1
[INFO] [stderr]    Compiling unicode-segmentation v1.8.0
[INFO] [stderr]    Compiling vec_map v0.8.2
[INFO] [stderr]    Compiling strsim v0.8.0
[INFO] [stderr]    Compiling ansi_term v0.11.0
[INFO] [stderr]    Compiling paw-raw v1.0.0
[INFO] [stderr]    Compiling textwrap v0.11.0
[INFO] [stderr]    Compiling proc-macro-error-attr v1.0.4
[INFO] [stderr]    Compiling proc-macro-error v1.0.4
[INFO] [stderr]    Compiling nom v7.1.0
[INFO] [stderr]    Compiling heck v0.3.3
[INFO] [stderr]    Compiling quote v1.0.10
[INFO] [stderr]    Compiling atty v0.2.14
[INFO] [stderr]    Compiling clap v2.33.3
[INFO] [stderr]    Compiling paw-attributes v1.0.2
[INFO] [stderr]    Compiling structopt-derive v0.4.18
[INFO] [stderr]    Compiling paw v1.0.0
[INFO] [stderr]    Compiling structopt v0.3.25
[INFO] [stderr]    Compiling prop-logic v0.1.0 (/opt/rustwide/workdir)
[INFO] [stderr]     Finished dev [unoptimized + debuginfo] target(s) in 5.80s
[INFO] running `Command { std: "docker" "inspect" "33fdee09b6d09b6fc0937f268683a83542d4aad02e0e6802130972641aa18230", kill_on_drop: false }`
[INFO] running `Command { std: "docker" "rm" "-f" "33fdee09b6d09b6fc0937f268683a83542d4aad02e0e6802130972641aa18230", kill_on_drop: false }`
[INFO] [stdout] 33fdee09b6d09b6fc0937f268683a83542d4aad02e0e6802130972641aa18230
[INFO] running `Command { std: "docker" "create" "-v" "/var/lib/crater-agent-workspace/builds/worker-2-tc1/target:/opt/rustwide/target:rw,Z" "-v" "/var/lib/crater-agent-workspace/builds/worker-2-tc1/source:/opt/rustwide/workdir:ro,Z" "-v" "/var/lib/crater-agent-workspace/cargo-home:/opt/rustwide/cargo-home:ro,Z" "-v" "/var/lib/crater-agent-workspace/rustup-home:/opt/rustwide/rustup-home:ro,Z" "-e" "SOURCE_DIR=/opt/rustwide/workdir" "-e" "CARGO_TARGET_DIR=/opt/rustwide/target" "-e" "CARGO_INCREMENTAL=0" "-e" "RUST_BACKTRACE=full" "-e" "RUSTFLAGS=--cap-lints=warn" "-e" "RUSTDOCFLAGS=--cap-lints=warn" "-e" "CARGO_HOME=/opt/rustwide/cargo-home" "-e" "RUSTUP_HOME=/opt/rustwide/rustup-home" "-w" "/opt/rustwide/workdir" "-m" "1610612736" "--user" "0:0" "--network" "none" "ghcr.io/rust-lang/crates-build-env/linux@sha256:2788e3201cd34a07e3172128adcd8b3090168a8e3bcc40d7c032b9dda1df7d1c" "/opt/rustwide/cargo-home/bin/cargo" "+1.75.0" "test" "--frozen" "--no-run" "--message-format=json", kill_on_drop: false }`
[INFO] [stdout] f502bc0e40a2fc8b16e33a6ff5f16c68b3db4ad7192fb727b42d59591cad7a6a
[INFO] running `Command { std: "docker" "start" "-a" "f502bc0e40a2fc8b16e33a6ff5f16c68b3db4ad7192fb727b42d59591cad7a6a", kill_on_drop: false }`
[INFO] [stderr]    Compiling prop-logic v0.1.0 (/opt/rustwide/workdir)
[INFO] [stderr]     Finished test [unoptimized + debuginfo] target(s) in 0.66s
[INFO] running `Command { std: "docker" "inspect" "f502bc0e40a2fc8b16e33a6ff5f16c68b3db4ad7192fb727b42d59591cad7a6a", kill_on_drop: false }`
[INFO] running `Command { std: "docker" "rm" "-f" "f502bc0e40a2fc8b16e33a6ff5f16c68b3db4ad7192fb727b42d59591cad7a6a", kill_on_drop: false }`
[INFO] [stdout] f502bc0e40a2fc8b16e33a6ff5f16c68b3db4ad7192fb727b42d59591cad7a6a
[INFO] running `Command { std: "docker" "create" "-v" "/var/lib/crater-agent-workspace/builds/worker-2-tc1/target:/opt/rustwide/target:rw,Z" "-v" "/var/lib/crater-agent-workspace/builds/worker-2-tc1/source:/opt/rustwide/workdir:ro,Z" "-v" "/var/lib/crater-agent-workspace/cargo-home:/opt/rustwide/cargo-home:ro,Z" "-v" "/var/lib/crater-agent-workspace/rustup-home:/opt/rustwide/rustup-home:ro,Z" "-e" "SOURCE_DIR=/opt/rustwide/workdir" "-e" "CARGO_TARGET_DIR=/opt/rustwide/target" "-e" "CARGO_INCREMENTAL=0" "-e" "RUST_BACKTRACE=full" "-e" "RUSTFLAGS=--cap-lints=warn" "-e" "RUSTDOCFLAGS=--cap-lints=warn" "-e" "CARGO_HOME=/opt/rustwide/cargo-home" "-e" "RUSTUP_HOME=/opt/rustwide/rustup-home" "-w" "/opt/rustwide/workdir" "-m" "1610612736" "--user" "0:0" "--network" "none" "ghcr.io/rust-lang/crates-build-env/linux@sha256:2788e3201cd34a07e3172128adcd8b3090168a8e3bcc40d7c032b9dda1df7d1c" "/opt/rustwide/cargo-home/bin/cargo" "+1.75.0" "test" "--frozen", kill_on_drop: false }`
[INFO] [stdout] 2b0bd65e70844c949f8fdcd09162e3278c944049e7305fec7999908571ff7a7c
[INFO] running `Command { std: "docker" "start" "-a" "2b0bd65e70844c949f8fdcd09162e3278c944049e7305fec7999908571ff7a7c", kill_on_drop: false }`
[INFO] [stderr]     Finished test [unoptimized + debuginfo] target(s) in 0.02s
[INFO] [stderr]      Running unittests src/lib.rs (/opt/rustwide/target/debug/deps/prop_logic-bde685b2eae9335f)
[INFO] [stdout] 
[INFO] [stdout] running 8 tests
[INFO] [stdout] test parser::test::test_base ... ok
[INFO] [stdout] test parser::test::test_and ... ok
[INFO] [stdout] test logic::test::test_base_set ... ok
[INFO] [stdout] test parser::test::test_not ... ok
[INFO] [stdout] test parser::test::test_or ... ok
[INFO] [stdout] test parser::test::test_paren ... ok
[INFO] [stdout] test parser::test::test_to ... ok
[INFO] [stdout] test parser::test::test_parse ... ok
[INFO] [stdout] 
[INFO] [stdout] test result: ok. 8 passed; 0 failed; 0 ignored; 0 measured; 0 filtered out; finished in 0.00s
[INFO] [stdout] 
[INFO] [stderr]      Running unittests src/main.rs (/opt/rustwide/target/debug/deps/prop_logic-d8a269835a325000)
[INFO] [stdout] 
[INFO] [stdout] running 0 tests
[INFO] [stdout] 
[INFO] [stdout] test result: ok. 0 passed; 0 failed; 0 ignored; 0 measured; 0 filtered out; finished in 0.00s
[INFO] [stdout] 
[INFO] [stderr]    Doc-tests prop-logic
[INFO] [stdout] 
[INFO] [stdout] running 1 test
[INFO] [stdout] test src/cli.rs - cli (line 7) - compile ... FAILED
[INFO] [stdout] 
[INFO] [stdout] failures:
[INFO] [stdout] 
[INFO] [stdout] ---- src/cli.rs - cli (line 7) stdout ----
[INFO] [stdout] error[E0412]: cannot find type `Args` in this scope
[INFO] [stdout]  --> src/cli.rs:9:15
[INFO] [stdout]   |
[INFO] [stdout] 3 | fn main(args: Args) {
[INFO] [stdout]   |               ^^^^ not found in this scope
[INFO] [stdout]   |
[INFO] [stdout] help: consider importing one of these items
[INFO] [stdout]   |
[INFO] [stdout] 2 + use paw::Args;
[INFO] [stdout]   |
[INFO] [stdout] 2 + use prop_logic::Args;
[INFO] [stdout]   |
[INFO] [stdout] 2 + use std::env::Args;
[INFO] [stdout]   |
[INFO] [stdout] 
[INFO] [stdout] error: aborting due to previous error
[INFO] [stdout] 
[INFO] [stdout] For more information about this error, try `rustc --explain E0412`.
[INFO] [stdout] Couldn't compile the test.
[INFO] [stdout] 
[INFO] [stdout] failures:
[INFO] [stdout]     src/cli.rs - cli (line 7)
[INFO] [stdout] 
[INFO] [stdout] test result: FAILED. 0 passed; 1 failed; 0 ignored; 0 measured; 0 filtered out; finished in 0.08s
[INFO] [stdout] 
[INFO] [stderr] error: doctest failed, to rerun pass `--doc`
[INFO] running `Command { std: "docker" "inspect" "2b0bd65e70844c949f8fdcd09162e3278c944049e7305fec7999908571ff7a7c", kill_on_drop: false }`
[INFO] running `Command { std: "docker" "rm" "-f" "2b0bd65e70844c949f8fdcd09162e3278c944049e7305fec7999908571ff7a7c", kill_on_drop: false }`
[INFO] [stdout] 2b0bd65e70844c949f8fdcd09162e3278c944049e7305fec7999908571ff7a7c
[INFO] testing cm-ayf/prop-logic against beta-2023-12-22 for beta-1.76-1
[INFO] running `Command { std: "git" "clone" "/workspace/cache/git-repos/https%3A%2F%2Fgithub.com%2Fcm-ayf%2Fprop-logic" "/workspace/builds/worker-2-tc2/source", kill_on_drop: false }`
[INFO] [stderr] Cloning into '/workspace/builds/worker-2-tc2/source'...
[INFO] [stderr] done.
[INFO] validating manifest of git repo https://github.com/cm-ayf/prop-logic on toolchain beta-2023-12-22
[INFO] running `Command { std: CARGO_HOME="/workspace/cargo-home" RUSTUP_HOME="/workspace/rustup-home" "/workspace/cargo-home/bin/cargo" "+beta-2023-12-22" "metadata" "--manifest-path" "Cargo.toml" "--no-deps", kill_on_drop: false }`
[INFO] started tweaking git repo https://github.com/cm-ayf/prop-logic
[INFO] finished tweaking git repo https://github.com/cm-ayf/prop-logic
[INFO] tweaked toml for git repo https://github.com/cm-ayf/prop-logic written to /workspace/builds/worker-2-tc2/source/Cargo.toml
[INFO] crate git repo https://github.com/cm-ayf/prop-logic already has a lockfile, it will not be regenerated
[INFO] running `Command { std: CARGO_HOME="/workspace/cargo-home" RUSTUP_HOME="/workspace/rustup-home" "/workspace/cargo-home/bin/cargo" "+beta-2023-12-22" "fetch" "--manifest-path" "Cargo.toml", kill_on_drop: false }`
[INFO] running `Command { std: "docker" "create" "-v" "/var/lib/crater-agent-workspace/builds/worker-2-tc2/target:/opt/rustwide/target:rw,Z" "-v" "/var/lib/crater-agent-workspace/builds/worker-2-tc2/source:/opt/rustwide/workdir:ro,Z" "-v" "/var/lib/crater-agent-workspace/cargo-home:/opt/rustwide/cargo-home:ro,Z" "-v" "/var/lib/crater-agent-workspace/rustup-home:/opt/rustwide/rustup-home:ro,Z" "-e" "SOURCE_DIR=/opt/rustwide/workdir" "-e" "CARGO_TARGET_DIR=/opt/rustwide/target" "-e" "CARGO_HOME=/opt/rustwide/cargo-home" "-e" "RUSTUP_HOME=/opt/rustwide/rustup-home" "-w" "/opt/rustwide/workdir" "-m" "1610612736" "--user" "0:0" "--network" "none" "ghcr.io/rust-lang/crates-build-env/linux@sha256:2788e3201cd34a07e3172128adcd8b3090168a8e3bcc40d7c032b9dda1df7d1c" "/opt/rustwide/cargo-home/bin/cargo" "+beta-2023-12-22" "metadata" "--no-deps" "--format-version=1", kill_on_drop: false }`
[INFO] [stdout] 84de049d4f08f0d9c7c334bc2b7cf6c11a6fa4b300fde6c1ff75ebdd0bcfe37a
[INFO] running `Command { std: "docker" "start" "-a" "84de049d4f08f0d9c7c334bc2b7cf6c11a6fa4b300fde6c1ff75ebdd0bcfe37a", kill_on_drop: false }`
[INFO] running `Command { std: "docker" "inspect" "84de049d4f08f0d9c7c334bc2b7cf6c11a6fa4b300fde6c1ff75ebdd0bcfe37a", kill_on_drop: false }`
[INFO] running `Command { std: "docker" "rm" "-f" "84de049d4f08f0d9c7c334bc2b7cf6c11a6fa4b300fde6c1ff75ebdd0bcfe37a", kill_on_drop: false }`
[INFO] [stdout] 84de049d4f08f0d9c7c334bc2b7cf6c11a6fa4b300fde6c1ff75ebdd0bcfe37a
[INFO] running `Command { std: "docker" "create" "-v" "/var/lib/crater-agent-workspace/builds/worker-2-tc2/target:/opt/rustwide/target:rw,Z" "-v" "/var/lib/crater-agent-workspace/builds/worker-2-tc2/source:/opt/rustwide/workdir:ro,Z" "-v" "/var/lib/crater-agent-workspace/cargo-home:/opt/rustwide/cargo-home:ro,Z" "-v" "/var/lib/crater-agent-workspace/rustup-home:/opt/rustwide/rustup-home:ro,Z" "-e" "SOURCE_DIR=/opt/rustwide/workdir" "-e" "CARGO_TARGET_DIR=/opt/rustwide/target" "-e" "CARGO_INCREMENTAL=0" "-e" "RUST_BACKTRACE=full" "-e" "RUSTFLAGS=--cap-lints=warn" "-e" "RUSTDOCFLAGS=--cap-lints=warn" "-e" "CARGO_HOME=/opt/rustwide/cargo-home" "-e" "RUSTUP_HOME=/opt/rustwide/rustup-home" "-w" "/opt/rustwide/workdir" "-m" "1610612736" "--user" "0:0" "--network" "none" "ghcr.io/rust-lang/crates-build-env/linux@sha256:2788e3201cd34a07e3172128adcd8b3090168a8e3bcc40d7c032b9dda1df7d1c" "/opt/rustwide/cargo-home/bin/cargo" "+beta-2023-12-22" "build" "--frozen" "--message-format=json", kill_on_drop: false }`
[INFO] [stdout] d0336ae73c2f0c15e4cfa763db37ca9727aca6374453243d68b5869bf9104440
[INFO] running `Command { std: "docker" "start" "-a" "d0336ae73c2f0c15e4cfa763db37ca9727aca6374453243d68b5869bf9104440", kill_on_drop: false }`
[INFO] [stderr]    Compiling version_check v0.9.3
[INFO] [stderr]    Compiling proc-macro2 v1.0.32
[INFO] [stderr]    Compiling unicode-xid v0.2.2
[INFO] [stderr]    Compiling syn v1.0.81
[INFO] [stderr]    Compiling libc v0.2.108
[INFO] [stderr]    Compiling memchr v2.4.1
[INFO] [stderr]    Compiling unicode-width v0.1.9
[INFO] [stderr]    Compiling unicode-segmentation v1.8.0
[INFO] [stderr]    Compiling vec_map v0.8.2
[INFO] [stderr]    Compiling strsim v0.8.0
[INFO] [stderr]    Compiling ansi_term v0.11.0
[INFO] [stderr]    Compiling paw-raw v1.0.0
[INFO] [stderr]    Compiling textwrap v0.11.0
[INFO] [stderr]    Compiling proc-macro-error-attr v1.0.4
[INFO] [stderr]    Compiling proc-macro-error v1.0.4
[INFO] [stderr]    Compiling nom v7.1.0
[INFO] [stderr]    Compiling heck v0.3.3
[INFO] [stderr]    Compiling quote v1.0.10
[INFO] [stderr]    Compiling atty v0.2.14
[INFO] [stderr]    Compiling clap v2.33.3
[INFO] [stderr]    Compiling paw-attributes v1.0.2
[INFO] [stderr]    Compiling structopt-derive v0.4.18
[INFO] [stderr]    Compiling paw v1.0.0
[INFO] [stderr]    Compiling structopt v0.3.25
[INFO] [stderr]    Compiling prop-logic v0.1.0 (/opt/rustwide/workdir)
[INFO] [stderr]     Finished dev [unoptimized + debuginfo] target(s) in 5.41s
[INFO] running `Command { std: "docker" "inspect" "d0336ae73c2f0c15e4cfa763db37ca9727aca6374453243d68b5869bf9104440", kill_on_drop: false }`
[INFO] running `Command { std: "docker" "rm" "-f" "d0336ae73c2f0c15e4cfa763db37ca9727aca6374453243d68b5869bf9104440", kill_on_drop: false }`
[INFO] [stdout] d0336ae73c2f0c15e4cfa763db37ca9727aca6374453243d68b5869bf9104440
[INFO] running `Command { std: "docker" "create" "-v" "/var/lib/crater-agent-workspace/builds/worker-2-tc2/target:/opt/rustwide/target:rw,Z" "-v" "/var/lib/crater-agent-workspace/builds/worker-2-tc2/source:/opt/rustwide/workdir:ro,Z" "-v" "/var/lib/crater-agent-workspace/cargo-home:/opt/rustwide/cargo-home:ro,Z" "-v" "/var/lib/crater-agent-workspace/rustup-home:/opt/rustwide/rustup-home:ro,Z" "-e" "SOURCE_DIR=/opt/rustwide/workdir" "-e" "CARGO_TARGET_DIR=/opt/rustwide/target" "-e" "CARGO_INCREMENTAL=0" "-e" "RUST_BACKTRACE=full" "-e" "RUSTFLAGS=--cap-lints=warn" "-e" "RUSTDOCFLAGS=--cap-lints=warn" "-e" "CARGO_HOME=/opt/rustwide/cargo-home" "-e" "RUSTUP_HOME=/opt/rustwide/rustup-home" "-w" "/opt/rustwide/workdir" "-m" "1610612736" "--user" "0:0" "--network" "none" "ghcr.io/rust-lang/crates-build-env/linux@sha256:2788e3201cd34a07e3172128adcd8b3090168a8e3bcc40d7c032b9dda1df7d1c" "/opt/rustwide/cargo-home/bin/cargo" "+beta-2023-12-22" "test" "--frozen" "--no-run" "--message-format=json", kill_on_drop: false }`
[INFO] [stdout] cdb19550eee7dea2024ef2f83d012464af58d903254362476efff1ad6b206892
[INFO] running `Command { std: "docker" "start" "-a" "cdb19550eee7dea2024ef2f83d012464af58d903254362476efff1ad6b206892", kill_on_drop: false }`
[INFO] [stderr]    Compiling prop-logic v0.1.0 (/opt/rustwide/workdir)
[INFO] [stderr]     Finished test [unoptimized + debuginfo] target(s) in 0.65s
[INFO] running `Command { std: "docker" "inspect" "cdb19550eee7dea2024ef2f83d012464af58d903254362476efff1ad6b206892", kill_on_drop: false }`
[INFO] running `Command { std: "docker" "rm" "-f" "cdb19550eee7dea2024ef2f83d012464af58d903254362476efff1ad6b206892", kill_on_drop: false }`
[INFO] [stdout] cdb19550eee7dea2024ef2f83d012464af58d903254362476efff1ad6b206892
[INFO] running `Command { std: "docker" "create" "-v" "/var/lib/crater-agent-workspace/builds/worker-2-tc2/target:/opt/rustwide/target:rw,Z" "-v" "/var/lib/crater-agent-workspace/builds/worker-2-tc2/source:/opt/rustwide/workdir:ro,Z" "-v" "/var/lib/crater-agent-workspace/cargo-home:/opt/rustwide/cargo-home:ro,Z" "-v" "/var/lib/crater-agent-workspace/rustup-home:/opt/rustwide/rustup-home:ro,Z" "-e" "SOURCE_DIR=/opt/rustwide/workdir" "-e" "CARGO_TARGET_DIR=/opt/rustwide/target" "-e" "CARGO_INCREMENTAL=0" "-e" "RUST_BACKTRACE=full" "-e" "RUSTFLAGS=--cap-lints=warn" "-e" "RUSTDOCFLAGS=--cap-lints=warn" "-e" "CARGO_HOME=/opt/rustwide/cargo-home" "-e" "RUSTUP_HOME=/opt/rustwide/rustup-home" "-w" "/opt/rustwide/workdir" "-m" "1610612736" "--user" "0:0" "--network" "none" "ghcr.io/rust-lang/crates-build-env/linux@sha256:2788e3201cd34a07e3172128adcd8b3090168a8e3bcc40d7c032b9dda1df7d1c" "/opt/rustwide/cargo-home/bin/cargo" "+beta-2023-12-22" "test" "--frozen", kill_on_drop: false }`
[INFO] [stdout] d50752e2ddc181b812fff7e2880727a01843b0945d0ee74e64284529e1986fa7
[INFO] running `Command { std: "docker" "start" "-a" "d50752e2ddc181b812fff7e2880727a01843b0945d0ee74e64284529e1986fa7", kill_on_drop: false }`
[INFO] [stderr]     Finished test [unoptimized + debuginfo] target(s) in 0.02s
[INFO] [stderr]      Running unittests src/lib.rs (/opt/rustwide/target/debug/deps/prop_logic-2db7b58e4feede51)
[INFO] [stdout] 
[INFO] [stdout] running 8 tests
[INFO] [stdout] test parser::test::test_not ... ok
[INFO] [stdout] test parser::test::test_base ... ok
[INFO] [stdout] test parser::test::test_paren ... ok
[INFO] [stdout] test parser::test::test_or ... ok
[INFO] [stdout] test parser::test::test_and ... ok
[INFO] [stdout] test logic::test::test_base_set ... ok
[INFO] [stdout] test parser::test::test_to ... ok
[INFO] [stdout] test parser::test::test_parse ... ok
[INFO] [stdout] 
[INFO] [stdout] test result: ok. 8 passed; 0 failed; 0 ignored; 0 measured; 0 filtered out; finished in 0.00s
[INFO] [stdout] 
[INFO] [stderr]      Running unittests src/main.rs (/opt/rustwide/target/debug/deps/prop_logic-7cc67716a32a7815)
[INFO] [stdout] 
[INFO] [stdout] running 0 tests
[INFO] [stdout] 
[INFO] [stdout] test result: ok. 0 passed; 0 failed; 0 ignored; 0 measured; 0 filtered out; finished in 0.00s
[INFO] [stdout] 
[INFO] [stderr]    Doc-tests prop-logic
[INFO] [stdout] 
[INFO] [stdout] running 1 test
[INFO] [stdout] test src/cli.rs - cli (line 7) - compile ... FAILED
[INFO] [stdout] 
[INFO] [stdout] failures:
[INFO] [stdout] 
[INFO] [stdout] ---- src/cli.rs - cli (line 7) stdout ----
[INFO] [stdout] error[E0412]: cannot find type `Args` in this scope
[INFO] [stdout]  --> src/cli.rs:9:15
[INFO] [stdout]   |
[INFO] [stdout] 3 | fn main(args: Args) {
[INFO] [stdout]   |               ^^^^ not found in this scope
[INFO] [stdout]   |
[INFO] [stdout] help: consider importing one of these items
[INFO] [stdout]   |
[INFO] [stdout] 2 + use paw::Args;
[INFO] [stdout]   |
[INFO] [stdout] 2 + use prop_logic::Args;
[INFO] [stdout]   |
[INFO] [stdout] 2 + use std::env::Args;
[INFO] [stdout]   |
[INFO] [stdout] 
[INFO] [stdout] error: aborting due to 1 previous error
[INFO] [stdout] 
[INFO] [stdout] For more information about this error, try `rustc --explain E0412`.
[INFO] [stdout] Couldn't compile the test.
[INFO] [stdout] 
[INFO] [stdout] failures:
[INFO] [stdout]     src/cli.rs - cli (line 7)
[INFO] [stdout] 
[INFO] [stdout] test result: FAILED. 0 passed; 1 failed; 0 ignored; 0 measured; 0 filtered out; finished in 0.07s
[INFO] [stdout] 
[INFO] [stderr] error: doctest failed, to rerun pass `--doc`
[INFO] running `Command { std: "docker" "inspect" "d50752e2ddc181b812fff7e2880727a01843b0945d0ee74e64284529e1986fa7", kill_on_drop: false }`
[INFO] running `Command { std: "docker" "rm" "-f" "d50752e2ddc181b812fff7e2880727a01843b0945d0ee74e64284529e1986fa7", kill_on_drop: false }`
[INFO] [stdout] d50752e2ddc181b812fff7e2880727a01843b0945d0ee74e64284529e1986fa7
