[INFO] cloning repository https://github.com/cloudwego/motore
[INFO] running `Command { std: "git" "-c" "credential.helper=" "-c" "credential.helper=/workspace/cargo-home/bin/git-credential-null" "clone" "--bare" "https://github.com/cloudwego/motore" "/workspace/cache/git-repos/https%3A%2F%2Fgithub.com%2Fcloudwego%2Fmotore", kill_on_drop: false }`
[INFO] [stderr] Cloning into bare repository '/workspace/cache/git-repos/https%3A%2F%2Fgithub.com%2Fcloudwego%2Fmotore'...
[INFO] running `Command { std: "git" "rev-parse" "HEAD", kill_on_drop: false }`
[INFO] [stdout] f840541d077130b2b7d1e61250575d28363b234e
[INFO] testing cloudwego/motore against 1.75.0 for beta-1.76-1
[INFO] running `Command { std: "git" "clone" "/workspace/cache/git-repos/https%3A%2F%2Fgithub.com%2Fcloudwego%2Fmotore" "/workspace/builds/worker-5-tc1/source", kill_on_drop: false }`
[INFO] [stderr] Cloning into '/workspace/builds/worker-5-tc1/source'...
[INFO] [stderr] done.
[INFO] validating manifest of git repo https://github.com/cloudwego/motore on toolchain 1.75.0
[INFO] running `Command { std: CARGO_HOME="/workspace/cargo-home" RUSTUP_HOME="/workspace/rustup-home" "/workspace/cargo-home/bin/cargo" "+1.75.0" "metadata" "--manifest-path" "Cargo.toml" "--no-deps", kill_on_drop: false }`
[INFO] removed /workspace/builds/worker-5-tc1/source/rust-toolchain.toml
[INFO] started tweaking git repo https://github.com/cloudwego/motore
[INFO] finished tweaking git repo https://github.com/cloudwego/motore
[INFO] tweaked toml for git repo https://github.com/cloudwego/motore written to /workspace/builds/worker-5-tc1/source/Cargo.toml
[INFO] crate git repo https://github.com/cloudwego/motore already has a lockfile, it will not be regenerated
[INFO] running `Command { std: CARGO_HOME="/workspace/cargo-home" RUSTUP_HOME="/workspace/rustup-home" "/workspace/cargo-home/bin/cargo" "+1.75.0" "fetch" "--manifest-path" "Cargo.toml", kill_on_drop: false }`
[INFO] running `Command { std: "docker" "create" "-v" "/var/lib/crater-agent-workspace/builds/worker-5-tc1/target:/opt/rustwide/target:rw,Z" "-v" "/var/lib/crater-agent-workspace/builds/worker-5-tc1/source:/opt/rustwide/workdir:ro,Z" "-v" "/var/lib/crater-agent-workspace/cargo-home:/opt/rustwide/cargo-home:ro,Z" "-v" "/var/lib/crater-agent-workspace/rustup-home:/opt/rustwide/rustup-home:ro,Z" "-e" "SOURCE_DIR=/opt/rustwide/workdir" "-e" "CARGO_TARGET_DIR=/opt/rustwide/target" "-e" "CARGO_HOME=/opt/rustwide/cargo-home" "-e" "RUSTUP_HOME=/opt/rustwide/rustup-home" "-w" "/opt/rustwide/workdir" "-m" "1610612736" "--user" "0:0" "--network" "none" "ghcr.io/rust-lang/crates-build-env/linux@sha256:2788e3201cd34a07e3172128adcd8b3090168a8e3bcc40d7c032b9dda1df7d1c" "/opt/rustwide/cargo-home/bin/cargo" "+1.75.0" "metadata" "--no-deps" "--format-version=1", kill_on_drop: false }`
[INFO] [stdout] 350104624e373d98957a01f5ee76f4e9c2ab888e90dd4132125b693d1ca3f44d
[INFO] running `Command { std: "docker" "start" "-a" "350104624e373d98957a01f5ee76f4e9c2ab888e90dd4132125b693d1ca3f44d", kill_on_drop: false }`
[INFO] running `Command { std: "docker" "inspect" "350104624e373d98957a01f5ee76f4e9c2ab888e90dd4132125b693d1ca3f44d", kill_on_drop: false }`
[INFO] running `Command { std: "docker" "rm" "-f" "350104624e373d98957a01f5ee76f4e9c2ab888e90dd4132125b693d1ca3f44d", kill_on_drop: false }`
[INFO] [stdout] 350104624e373d98957a01f5ee76f4e9c2ab888e90dd4132125b693d1ca3f44d
[INFO] running `Command { std: "docker" "create" "-v" "/var/lib/crater-agent-workspace/builds/worker-5-tc1/target:/opt/rustwide/target:rw,Z" "-v" "/var/lib/crater-agent-workspace/builds/worker-5-tc1/source:/opt/rustwide/workdir:ro,Z" "-v" "/var/lib/crater-agent-workspace/cargo-home:/opt/rustwide/cargo-home:ro,Z" "-v" "/var/lib/crater-agent-workspace/rustup-home:/opt/rustwide/rustup-home:ro,Z" "-e" "SOURCE_DIR=/opt/rustwide/workdir" "-e" "CARGO_TARGET_DIR=/opt/rustwide/target" "-e" "CARGO_INCREMENTAL=0" "-e" "RUST_BACKTRACE=full" "-e" "RUSTFLAGS=--cap-lints=warn" "-e" "RUSTDOCFLAGS=--cap-lints=warn" "-e" "CARGO_HOME=/opt/rustwide/cargo-home" "-e" "RUSTUP_HOME=/opt/rustwide/rustup-home" "-w" "/opt/rustwide/workdir" "-m" "1610612736" "--user" "0:0" "--network" "none" "ghcr.io/rust-lang/crates-build-env/linux@sha256:2788e3201cd34a07e3172128adcd8b3090168a8e3bcc40d7c032b9dda1df7d1c" "/opt/rustwide/cargo-home/bin/cargo" "+1.75.0" "build" "--frozen" "--message-format=json", kill_on_drop: false }`
[INFO] [stdout] f18006bde7fe48a282377b58f1c38deb8c4f9708c82c05564157681f0d8b884d
[INFO] running `Command { std: "docker" "start" "-a" "f18006bde7fe48a282377b58f1c38deb8c4f9708c82c05564157681f0d8b884d", kill_on_drop: false }`
[INFO] [stderr]    Compiling proc-macro2 v1.0.66
[INFO] [stderr]    Compiling unicode-ident v1.0.11
[INFO] [stderr]    Compiling autocfg v1.1.0
[INFO] [stderr]    Compiling futures-core v0.3.28
[INFO] [stderr]    Compiling futures-task v0.3.28
[INFO] [stderr]    Compiling futures-channel v0.3.28
[INFO] [stderr]    Compiling memchr v2.5.0
[INFO] [stderr]    Compiling futures-sink v0.3.28
[INFO] [stderr]    Compiling pin-project-lite v0.2.12
[INFO] [stderr]    Compiling futures-util v0.3.28
[INFO] [stderr]    Compiling syn v1.0.109
[INFO] [stderr]    Compiling futures-io v0.3.28
[INFO] [stderr]    Compiling pin-utils v0.1.0
[INFO] [stderr]    Compiling slab v0.4.9
[INFO] [stderr]    Compiling quote v1.0.33
[INFO] [stderr]    Compiling syn v2.0.29
[INFO] [stderr]    Compiling motore-macros v0.4.0 (/opt/rustwide/workdir/motore-macros)
[INFO] [stderr]    Compiling futures-macro v0.3.28
[INFO] [stderr]    Compiling pin-project-internal v1.1.3
[INFO] [stderr]    Compiling tokio-macros v2.1.0
[INFO] [stderr]    Compiling tokio v1.32.0
[INFO] [stderr]    Compiling pin-project v1.1.3
[INFO] [stderr]    Compiling futures-executor v0.3.28
[INFO] [stderr]    Compiling futures v0.3.28
[INFO] [stderr]    Compiling motore v0.4.0 (/opt/rustwide/workdir/motore)
[INFO] [stderr]     Finished dev [unoptimized + debuginfo] target(s) in 5.73s
[INFO] running `Command { std: "docker" "inspect" "f18006bde7fe48a282377b58f1c38deb8c4f9708c82c05564157681f0d8b884d", kill_on_drop: false }`
[INFO] running `Command { std: "docker" "rm" "-f" "f18006bde7fe48a282377b58f1c38deb8c4f9708c82c05564157681f0d8b884d", kill_on_drop: false }`
[INFO] [stdout] f18006bde7fe48a282377b58f1c38deb8c4f9708c82c05564157681f0d8b884d
[INFO] running `Command { std: "docker" "create" "-v" "/var/lib/crater-agent-workspace/builds/worker-5-tc1/target:/opt/rustwide/target:rw,Z" "-v" "/var/lib/crater-agent-workspace/builds/worker-5-tc1/source:/opt/rustwide/workdir:ro,Z" "-v" "/var/lib/crater-agent-workspace/cargo-home:/opt/rustwide/cargo-home:ro,Z" "-v" "/var/lib/crater-agent-workspace/rustup-home:/opt/rustwide/rustup-home:ro,Z" "-e" "SOURCE_DIR=/opt/rustwide/workdir" "-e" "CARGO_TARGET_DIR=/opt/rustwide/target" "-e" "CARGO_INCREMENTAL=0" "-e" "RUST_BACKTRACE=full" "-e" "RUSTFLAGS=--cap-lints=warn" "-e" "RUSTDOCFLAGS=--cap-lints=warn" "-e" "CARGO_HOME=/opt/rustwide/cargo-home" "-e" "RUSTUP_HOME=/opt/rustwide/rustup-home" "-w" "/opt/rustwide/workdir" "-m" "1610612736" "--user" "0:0" "--network" "none" "ghcr.io/rust-lang/crates-build-env/linux@sha256:2788e3201cd34a07e3172128adcd8b3090168a8e3bcc40d7c032b9dda1df7d1c" "/opt/rustwide/cargo-home/bin/cargo" "+1.75.0" "test" "--frozen" "--no-run" "--message-format=json", kill_on_drop: false }`
[INFO] [stdout] 7f075f73f5b58312c49c78eac4088d12284860da829e18745f8321801a3a0cb6
[INFO] running `Command { std: "docker" "start" "-a" "7f075f73f5b58312c49c78eac4088d12284860da829e18745f8321801a3a0cb6", kill_on_drop: false }`
[INFO] [stderr]    Compiling itoa v1.0.9
[INFO] [stderr]    Compiling bytes v1.4.0
[INFO] [stderr]    Compiling fnv v1.0.7
[INFO] [stderr]    Compiling motore-macros v0.4.0 (/opt/rustwide/workdir/motore-macros)
[INFO] [stderr]    Compiling http v0.2.9
[INFO] [stderr]    Compiling motore v0.4.0 (/opt/rustwide/workdir/motore)
[INFO] [stderr]     Finished test [unoptimized + debuginfo] target(s) in 1.33s
[INFO] running `Command { std: "docker" "inspect" "7f075f73f5b58312c49c78eac4088d12284860da829e18745f8321801a3a0cb6", kill_on_drop: false }`
[INFO] running `Command { std: "docker" "rm" "-f" "7f075f73f5b58312c49c78eac4088d12284860da829e18745f8321801a3a0cb6", kill_on_drop: false }`
[INFO] [stdout] 7f075f73f5b58312c49c78eac4088d12284860da829e18745f8321801a3a0cb6
[INFO] running `Command { std: "docker" "create" "-v" "/var/lib/crater-agent-workspace/builds/worker-5-tc1/target:/opt/rustwide/target:rw,Z" "-v" "/var/lib/crater-agent-workspace/builds/worker-5-tc1/source:/opt/rustwide/workdir:ro,Z" "-v" "/var/lib/crater-agent-workspace/cargo-home:/opt/rustwide/cargo-home:ro,Z" "-v" "/var/lib/crater-agent-workspace/rustup-home:/opt/rustwide/rustup-home:ro,Z" "-e" "SOURCE_DIR=/opt/rustwide/workdir" "-e" "CARGO_TARGET_DIR=/opt/rustwide/target" "-e" "CARGO_INCREMENTAL=0" "-e" "RUST_BACKTRACE=full" "-e" "RUSTFLAGS=--cap-lints=warn" "-e" "RUSTDOCFLAGS=--cap-lints=warn" "-e" "CARGO_HOME=/opt/rustwide/cargo-home" "-e" "RUSTUP_HOME=/opt/rustwide/rustup-home" "-w" "/opt/rustwide/workdir" "-m" "1610612736" "--user" "0:0" "--network" "none" "ghcr.io/rust-lang/crates-build-env/linux@sha256:2788e3201cd34a07e3172128adcd8b3090168a8e3bcc40d7c032b9dda1df7d1c" "/opt/rustwide/cargo-home/bin/cargo" "+1.75.0" "test" "--frozen", kill_on_drop: false }`
[INFO] [stdout] e63cdfac9a79651cbeb902b88f357f356f56e6935aa0518275bb2ba98c476a76
[INFO] running `Command { std: "docker" "start" "-a" "e63cdfac9a79651cbeb902b88f357f356f56e6935aa0518275bb2ba98c476a76", kill_on_drop: false }`
[INFO] [stderr]     Finished test [unoptimized + debuginfo] target(s) in 0.02s
[INFO] [stderr]      Running unittests src/lib.rs (/opt/rustwide/target/debug/deps/motore-f587b86463cc2b69)
[INFO] [stdout] 
[INFO] [stdout] running 3 tests
[INFO] [stdout] test service::service_fn::tests::debug_impl_ok ... ok
[INFO] [stdout] test layer::layer_fn::tests::debug_impl_ok ... ok
[INFO] [stdout] test tests::test_service_macro ... ok
[INFO] [stdout] 
[INFO] [stdout] test result: ok. 3 passed; 0 failed; 0 ignored; 0 measured; 0 filtered out; finished in 0.00s
[INFO] [stdout] 
[INFO] [stderr]      Running unittests src/lib.rs (/opt/rustwide/target/debug/deps/motore_macros-937ef9ccead8b870)
[INFO] [stdout] 
[INFO] [stdout] running 0 tests
[INFO] [stdout] 
[INFO] [stdout] test result: ok. 0 passed; 0 failed; 0 ignored; 0 measured; 0 filtered out; finished in 0.00s
[INFO] [stdout] 
[INFO] [stderr]    Doc-tests motore
[INFO] [stdout] 
[INFO] [stdout] running 5 tests
[INFO] [stdout] test motore/src/layer/mod.rs - layer::Layer (line 38) ... ok
[INFO] [stdout] test motore/src/utils/option.rs - utils::option::option_layer (line 5) ... ok
[INFO] [stdout] test motore/src/service/service_fn.rs - service::service_fn::service_fn (line 13) ... ok
[INFO] [stdout] test motore/src/service/mod.rs - service::Service (line 50) ... ok
[INFO] [stdout] test motore/src/layer/layer_fn.rs - layer::layer_fn::layer_fn (line 16) ... ok
[INFO] [stdout] 
[INFO] [stdout] test result: ok. 5 passed; 0 failed; 0 ignored; 0 measured; 0 filtered out; finished in 0.16s
[INFO] [stdout] 
[INFO] [stderr]    Doc-tests motore-macros
[INFO] [stdout] 
[INFO] [stdout] running 1 test
[INFO] [stdout] test motore-macros/src/lib.rs - service (line 13) ... FAILED
[INFO] [stdout] 
[INFO] [stdout] failures:
[INFO] [stdout] 
[INFO] [stdout] ---- motore-macros/src/lib.rs - service (line 13) stdout ----
[INFO] [stdout] error[E0554]: `#![feature]` may not be used on the stable release channel
[INFO] [stdout]  --> motore-macros/src/lib.rs:13:1
[INFO] [stdout]   |
[INFO] [stdout] 2 | #![feature(impl_trait_in_assoc_type)]
[INFO] [stdout]   | ^^^^^^^^^^^^^^^^^^^^^^^^^^^^^^^^^^^^^
[INFO] [stdout] 
[INFO] [stdout] error: aborting due to previous error
[INFO] [stdout] 
[INFO] [stdout] For more information about this error, try `rustc --explain E0554`.
[INFO] [stdout] Couldn't compile the test.
[INFO] [stdout] 
[INFO] [stdout] failures:
[INFO] [stdout]     motore-macros/src/lib.rs - service (line 13)
[INFO] [stdout] 
[INFO] [stdout] test result: FAILED. 0 passed; 1 failed; 0 ignored; 0 measured; 0 filtered out; finished in 0.03s
[INFO] [stdout] 
[INFO] [stderr] error: doctest failed, to rerun pass `-p motore-macros --doc`
[INFO] running `Command { std: "docker" "inspect" "e63cdfac9a79651cbeb902b88f357f356f56e6935aa0518275bb2ba98c476a76", kill_on_drop: false }`
[INFO] running `Command { std: "docker" "rm" "-f" "e63cdfac9a79651cbeb902b88f357f356f56e6935aa0518275bb2ba98c476a76", kill_on_drop: false }`
[INFO] [stdout] e63cdfac9a79651cbeb902b88f357f356f56e6935aa0518275bb2ba98c476a76
[INFO] testing cloudwego/motore against beta-2023-12-22 for beta-1.76-1
[INFO] running `Command { std: "git" "clone" "/workspace/cache/git-repos/https%3A%2F%2Fgithub.com%2Fcloudwego%2Fmotore" "/workspace/builds/worker-5-tc2/source", kill_on_drop: false }`
[INFO] [stderr] Cloning into '/workspace/builds/worker-5-tc2/source'...
[INFO] [stderr] done.
[INFO] validating manifest of git repo https://github.com/cloudwego/motore on toolchain beta-2023-12-22
[INFO] running `Command { std: CARGO_HOME="/workspace/cargo-home" RUSTUP_HOME="/workspace/rustup-home" "/workspace/cargo-home/bin/cargo" "+beta-2023-12-22" "metadata" "--manifest-path" "Cargo.toml" "--no-deps", kill_on_drop: false }`
[INFO] removed /workspace/builds/worker-5-tc2/source/rust-toolchain.toml
[INFO] started tweaking git repo https://github.com/cloudwego/motore
[INFO] finished tweaking git repo https://github.com/cloudwego/motore
[INFO] tweaked toml for git repo https://github.com/cloudwego/motore written to /workspace/builds/worker-5-tc2/source/Cargo.toml
[INFO] crate git repo https://github.com/cloudwego/motore already has a lockfile, it will not be regenerated
[INFO] running `Command { std: CARGO_HOME="/workspace/cargo-home" RUSTUP_HOME="/workspace/rustup-home" "/workspace/cargo-home/bin/cargo" "+beta-2023-12-22" "fetch" "--manifest-path" "Cargo.toml", kill_on_drop: false }`
[INFO] running `Command { std: "docker" "create" "-v" "/var/lib/crater-agent-workspace/builds/worker-5-tc2/target:/opt/rustwide/target:rw,Z" "-v" "/var/lib/crater-agent-workspace/builds/worker-5-tc2/source:/opt/rustwide/workdir:ro,Z" "-v" "/var/lib/crater-agent-workspace/cargo-home:/opt/rustwide/cargo-home:ro,Z" "-v" "/var/lib/crater-agent-workspace/rustup-home:/opt/rustwide/rustup-home:ro,Z" "-e" "SOURCE_DIR=/opt/rustwide/workdir" "-e" "CARGO_TARGET_DIR=/opt/rustwide/target" "-e" "CARGO_HOME=/opt/rustwide/cargo-home" "-e" "RUSTUP_HOME=/opt/rustwide/rustup-home" "-w" "/opt/rustwide/workdir" "-m" "1610612736" "--user" "0:0" "--network" "none" "ghcr.io/rust-lang/crates-build-env/linux@sha256:2788e3201cd34a07e3172128adcd8b3090168a8e3bcc40d7c032b9dda1df7d1c" "/opt/rustwide/cargo-home/bin/cargo" "+beta-2023-12-22" "metadata" "--no-deps" "--format-version=1", kill_on_drop: false }`
[INFO] [stdout] a4e52ba5eb5d87edcf5ca66cfa4ce71aec3c21e0f2fa97607c9a465d949de63f
[INFO] running `Command { std: "docker" "start" "-a" "a4e52ba5eb5d87edcf5ca66cfa4ce71aec3c21e0f2fa97607c9a465d949de63f", kill_on_drop: false }`
[INFO] running `Command { std: "docker" "inspect" "a4e52ba5eb5d87edcf5ca66cfa4ce71aec3c21e0f2fa97607c9a465d949de63f", kill_on_drop: false }`
[INFO] running `Command { std: "docker" "rm" "-f" "a4e52ba5eb5d87edcf5ca66cfa4ce71aec3c21e0f2fa97607c9a465d949de63f", kill_on_drop: false }`
[INFO] [stdout] a4e52ba5eb5d87edcf5ca66cfa4ce71aec3c21e0f2fa97607c9a465d949de63f
[INFO] running `Command { std: "docker" "create" "-v" "/var/lib/crater-agent-workspace/builds/worker-5-tc2/target:/opt/rustwide/target:rw,Z" "-v" "/var/lib/crater-agent-workspace/builds/worker-5-tc2/source:/opt/rustwide/workdir:ro,Z" "-v" "/var/lib/crater-agent-workspace/cargo-home:/opt/rustwide/cargo-home:ro,Z" "-v" "/var/lib/crater-agent-workspace/rustup-home:/opt/rustwide/rustup-home:ro,Z" "-e" "SOURCE_DIR=/opt/rustwide/workdir" "-e" "CARGO_TARGET_DIR=/opt/rustwide/target" "-e" "CARGO_INCREMENTAL=0" "-e" "RUST_BACKTRACE=full" "-e" "RUSTFLAGS=--cap-lints=warn" "-e" "RUSTDOCFLAGS=--cap-lints=warn" "-e" "CARGO_HOME=/opt/rustwide/cargo-home" "-e" "RUSTUP_HOME=/opt/rustwide/rustup-home" "-w" "/opt/rustwide/workdir" "-m" "1610612736" "--user" "0:0" "--network" "none" "ghcr.io/rust-lang/crates-build-env/linux@sha256:2788e3201cd34a07e3172128adcd8b3090168a8e3bcc40d7c032b9dda1df7d1c" "/opt/rustwide/cargo-home/bin/cargo" "+beta-2023-12-22" "build" "--frozen" "--message-format=json", kill_on_drop: false }`
[INFO] [stdout] f0cfcdd1c499be461ffd107e7b337aeb67f835daa63f6aa91ba182d3f04a97d8
[INFO] running `Command { std: "docker" "start" "-a" "f0cfcdd1c499be461ffd107e7b337aeb67f835daa63f6aa91ba182d3f04a97d8", kill_on_drop: false }`
[INFO] [stderr]    Compiling proc-macro2 v1.0.66
[INFO] [stderr]    Compiling unicode-ident v1.0.11
[INFO] [stderr]    Compiling futures-core v0.3.28
[INFO] [stderr]    Compiling autocfg v1.1.0
[INFO] [stderr]    Compiling futures-task v0.3.28
[INFO] [stderr]    Compiling futures-channel v0.3.28
[INFO] [stderr]    Compiling memchr v2.5.0
[INFO] [stderr]    Compiling pin-project-lite v0.2.12
[INFO] [stderr]    Compiling futures-util v0.3.28
[INFO] [stderr]    Compiling futures-sink v0.3.28
[INFO] [stderr]    Compiling futures-io v0.3.28
[INFO] [stderr]    Compiling syn v1.0.109
[INFO] [stderr]    Compiling pin-utils v0.1.0
[INFO] [stderr]    Compiling slab v0.4.9
[INFO] [stderr]    Compiling quote v1.0.33
[INFO] [stderr]    Compiling syn v2.0.29
[INFO] [stderr]    Compiling motore-macros v0.4.0 (/opt/rustwide/workdir/motore-macros)
[INFO] [stderr]    Compiling futures-macro v0.3.28
[INFO] [stderr]    Compiling pin-project-internal v1.1.3
[INFO] [stderr]    Compiling tokio-macros v2.1.0
[INFO] [stderr]    Compiling tokio v1.32.0
[INFO] [stderr]    Compiling pin-project v1.1.3
[INFO] [stderr]    Compiling futures-executor v0.3.28
[INFO] [stderr]    Compiling futures v0.3.28
[INFO] [stderr]    Compiling motore v0.4.0 (/opt/rustwide/workdir/motore)
[INFO] [stderr]     Finished dev [unoptimized + debuginfo] target(s) in 5.49s
[INFO] running `Command { std: "docker" "inspect" "f0cfcdd1c499be461ffd107e7b337aeb67f835daa63f6aa91ba182d3f04a97d8", kill_on_drop: false }`
[INFO] running `Command { std: "docker" "rm" "-f" "f0cfcdd1c499be461ffd107e7b337aeb67f835daa63f6aa91ba182d3f04a97d8", kill_on_drop: false }`
[INFO] [stdout] f0cfcdd1c499be461ffd107e7b337aeb67f835daa63f6aa91ba182d3f04a97d8
[INFO] running `Command { std: "docker" "create" "-v" "/var/lib/crater-agent-workspace/builds/worker-5-tc2/target:/opt/rustwide/target:rw,Z" "-v" "/var/lib/crater-agent-workspace/builds/worker-5-tc2/source:/opt/rustwide/workdir:ro,Z" "-v" "/var/lib/crater-agent-workspace/cargo-home:/opt/rustwide/cargo-home:ro,Z" "-v" "/var/lib/crater-agent-workspace/rustup-home:/opt/rustwide/rustup-home:ro,Z" "-e" "SOURCE_DIR=/opt/rustwide/workdir" "-e" "CARGO_TARGET_DIR=/opt/rustwide/target" "-e" "CARGO_INCREMENTAL=0" "-e" "RUST_BACKTRACE=full" "-e" "RUSTFLAGS=--cap-lints=warn" "-e" "RUSTDOCFLAGS=--cap-lints=warn" "-e" "CARGO_HOME=/opt/rustwide/cargo-home" "-e" "RUSTUP_HOME=/opt/rustwide/rustup-home" "-w" "/opt/rustwide/workdir" "-m" "1610612736" "--user" "0:0" "--network" "none" "ghcr.io/rust-lang/crates-build-env/linux@sha256:2788e3201cd34a07e3172128adcd8b3090168a8e3bcc40d7c032b9dda1df7d1c" "/opt/rustwide/cargo-home/bin/cargo" "+beta-2023-12-22" "test" "--frozen" "--no-run" "--message-format=json", kill_on_drop: false }`
[INFO] [stdout] 75f0abafc13983c66b3bf6060fec7114b2701612144a16292a042747ee18ef9c
[INFO] running `Command { std: "docker" "start" "-a" "75f0abafc13983c66b3bf6060fec7114b2701612144a16292a042747ee18ef9c", kill_on_drop: false }`
[INFO] [stderr]    Compiling fnv v1.0.7
[INFO] [stderr]    Compiling itoa v1.0.9
[INFO] [stderr]    Compiling bytes v1.4.0
[INFO] [stderr]    Compiling motore-macros v0.4.0 (/opt/rustwide/workdir/motore-macros)
[INFO] [stderr]    Compiling http v0.2.9
[INFO] [stderr]    Compiling motore v0.4.0 (/opt/rustwide/workdir/motore)
[INFO] [stderr]     Finished test [unoptimized + debuginfo] target(s) in 1.33s
[INFO] running `Command { std: "docker" "inspect" "75f0abafc13983c66b3bf6060fec7114b2701612144a16292a042747ee18ef9c", kill_on_drop: false }`
[INFO] running `Command { std: "docker" "rm" "-f" "75f0abafc13983c66b3bf6060fec7114b2701612144a16292a042747ee18ef9c", kill_on_drop: false }`
[INFO] [stdout] 75f0abafc13983c66b3bf6060fec7114b2701612144a16292a042747ee18ef9c
[INFO] running `Command { std: "docker" "create" "-v" "/var/lib/crater-agent-workspace/builds/worker-5-tc2/target:/opt/rustwide/target:rw,Z" "-v" "/var/lib/crater-agent-workspace/builds/worker-5-tc2/source:/opt/rustwide/workdir:ro,Z" "-v" "/var/lib/crater-agent-workspace/cargo-home:/opt/rustwide/cargo-home:ro,Z" "-v" "/var/lib/crater-agent-workspace/rustup-home:/opt/rustwide/rustup-home:ro,Z" "-e" "SOURCE_DIR=/opt/rustwide/workdir" "-e" "CARGO_TARGET_DIR=/opt/rustwide/target" "-e" "CARGO_INCREMENTAL=0" "-e" "RUST_BACKTRACE=full" "-e" "RUSTFLAGS=--cap-lints=warn" "-e" "RUSTDOCFLAGS=--cap-lints=warn" "-e" "CARGO_HOME=/opt/rustwide/cargo-home" "-e" "RUSTUP_HOME=/opt/rustwide/rustup-home" "-w" "/opt/rustwide/workdir" "-m" "1610612736" "--user" "0:0" "--network" "none" "ghcr.io/rust-lang/crates-build-env/linux@sha256:2788e3201cd34a07e3172128adcd8b3090168a8e3bcc40d7c032b9dda1df7d1c" "/opt/rustwide/cargo-home/bin/cargo" "+beta-2023-12-22" "test" "--frozen", kill_on_drop: false }`
[INFO] [stdout] 2e008a4242d332ac3c5cac18cbed93105d37d27f848867771b3f20250ae65c5a
[INFO] running `Command { std: "docker" "start" "-a" "2e008a4242d332ac3c5cac18cbed93105d37d27f848867771b3f20250ae65c5a", kill_on_drop: false }`
[INFO] [stderr]     Finished test [unoptimized + debuginfo] target(s) in 0.04s
[INFO] [stderr]      Running unittests src/lib.rs (/opt/rustwide/target/debug/deps/motore-283be91c3f01be02)
[INFO] [stdout] 
[INFO] [stdout] running 3 tests
[INFO] [stdout] test layer::layer_fn::tests::debug_impl_ok ... ok
[INFO] [stdout] test service::service_fn::tests::debug_impl_ok ... ok
[INFO] [stdout] test tests::test_service_macro ... ok
[INFO] [stdout] 
[INFO] [stdout] test result: ok. 3 passed; 0 failed; 0 ignored; 0 measured; 0 filtered out; finished in 0.00s
[INFO] [stdout] 
[INFO] [stderr]      Running unittests src/lib.rs (/opt/rustwide/target/debug/deps/motore_macros-8d66b47d6725867c)
[INFO] [stdout] 
[INFO] [stdout] running 0 tests
[INFO] [stdout] 
[INFO] [stdout] test result: ok. 0 passed; 0 failed; 0 ignored; 0 measured; 0 filtered out; finished in 0.00s
[INFO] [stdout] 
[INFO] [stderr]    Doc-tests motore
[INFO] [stdout] 
[INFO] [stdout] running 5 tests
[INFO] [stdout] test motore/src/service/mod.rs - service::Service (line 50) ... ok
[INFO] [stdout] test motore/src/utils/option.rs - utils::option::option_layer (line 5) ... ok
[INFO] [stdout] test motore/src/service/service_fn.rs - service::service_fn::service_fn (line 13) ... ok
[INFO] [stdout] test motore/src/layer/layer_fn.rs - layer::layer_fn::layer_fn (line 16) ... ok
[INFO] [stdout] test motore/src/layer/mod.rs - layer::Layer (line 38) ... ok
[INFO] [stdout] 
[INFO] [stdout] test result: ok. 5 passed; 0 failed; 0 ignored; 0 measured; 0 filtered out; finished in 0.27s
[INFO] [stdout] 
[INFO] [stderr]    Doc-tests motore-macros
[INFO] [stdout] 
[INFO] [stdout] running 1 test
[INFO] [stdout] test motore-macros/src/lib.rs - service (line 13) ... FAILED
[INFO] [stdout] 
[INFO] [stdout] failures:
[INFO] [stdout] 
[INFO] [stdout] ---- motore-macros/src/lib.rs - service (line 13) stdout ----
[INFO] [stdout] error[E0554]: `#![feature]` may not be used on the beta release channel
[INFO] [stdout]  --> motore-macros/src/lib.rs:13:1
[INFO] [stdout]   |
[INFO] [stdout] 2 | #![feature(impl_trait_in_assoc_type)]
[INFO] [stdout]   | ^^^^^^^^^^^^^^^^^^^^^^^^^^^^^^^^^^^^^
[INFO] [stdout] 
[INFO] [stdout] error: aborting due to 1 previous error
[INFO] [stdout] 
[INFO] [stdout] For more information about this error, try `rustc --explain E0554`.
[INFO] [stdout] Couldn't compile the test.
[INFO] [stdout] 
[INFO] [stdout] failures:
[INFO] [stdout]     motore-macros/src/lib.rs - service (line 13)
[INFO] [stdout] 
[INFO] [stdout] test result: FAILED. 0 passed; 1 failed; 0 ignored; 0 measured; 0 filtered out; finished in 0.05s
[INFO] [stdout] 
[INFO] [stderr] error: doctest failed, to rerun pass `-p motore-macros --doc`
[INFO] running `Command { std: "docker" "inspect" "2e008a4242d332ac3c5cac18cbed93105d37d27f848867771b3f20250ae65c5a", kill_on_drop: false }`
[INFO] running `Command { std: "docker" "rm" "-f" "2e008a4242d332ac3c5cac18cbed93105d37d27f848867771b3f20250ae65c5a", kill_on_drop: false }`
[INFO] [stdout] 2e008a4242d332ac3c5cac18cbed93105d37d27f848867771b3f20250ae65c5a
