[INFO] cloning repository https://github.com/claudiofsr/read_xml
[INFO] running `Command { std: "git" "-c" "credential.helper=" "-c" "credential.helper=/workspace/cargo-home/bin/git-credential-null" "clone" "--bare" "https://github.com/claudiofsr/read_xml" "/workspace/cache/git-repos/https%3A%2F%2Fgithub.com%2Fclaudiofsr%2Fread_xml", kill_on_drop: false }`
[INFO] [stderr] Cloning into bare repository '/workspace/cache/git-repos/https%3A%2F%2Fgithub.com%2Fclaudiofsr%2Fread_xml'...
[INFO] running `Command { std: "git" "rev-parse" "HEAD", kill_on_drop: false }`
[INFO] [stdout] 7d67084b00d15e132cd61cf1b358397a9336fae9
[INFO] testing claudiofsr/read_xml against 1.75.0 for beta-1.76-1
[INFO] running `Command { std: "git" "clone" "/workspace/cache/git-repos/https%3A%2F%2Fgithub.com%2Fclaudiofsr%2Fread_xml" "/workspace/builds/worker-3-tc1/source", kill_on_drop: false }`
[INFO] [stderr] Cloning into '/workspace/builds/worker-3-tc1/source'...
[INFO] [stderr] done.
[INFO] validating manifest of git repo https://github.com/claudiofsr/read_xml on toolchain 1.75.0
[INFO] running `Command { std: CARGO_HOME="/workspace/cargo-home" RUSTUP_HOME="/workspace/rustup-home" "/workspace/cargo-home/bin/cargo" "+1.75.0" "metadata" "--manifest-path" "Cargo.toml" "--no-deps", kill_on_drop: false }`
[INFO] removed /workspace/builds/worker-3-tc1/source/.cargo/config.toml
[INFO] started tweaking git repo https://github.com/claudiofsr/read_xml
[INFO] finished tweaking git repo https://github.com/claudiofsr/read_xml
[INFO] tweaked toml for git repo https://github.com/claudiofsr/read_xml written to /workspace/builds/worker-3-tc1/source/Cargo.toml
[INFO] crate git repo https://github.com/claudiofsr/read_xml already has a lockfile, it will not be regenerated
[INFO] running `Command { std: CARGO_HOME="/workspace/cargo-home" RUSTUP_HOME="/workspace/rustup-home" "/workspace/cargo-home/bin/cargo" "+1.75.0" "fetch" "--manifest-path" "Cargo.toml", kill_on_drop: false }`
[INFO] [stderr]     Updating crates.io index
[INFO] [stderr]  Downloading crates ...
[INFO] [stderr]   Downloaded struct_iterable v0.1.1
[INFO] [stderr]   Downloaded struct_iterable_internal v0.1.1
[INFO] [stderr]   Downloaded struct_iterable_derive v0.1.0
[INFO] [stderr]   Downloaded ilog v1.0.1
[INFO] [stderr]   Downloaded claudiofsr_lib v0.3.1
[INFO] [stderr]   Downloaded rust_xlsxwriter v0.60.0
[INFO] [stderr]   Downloaded convert_string v0.1.3
[INFO] [stderr]   Downloaded xml_schema_generator v0.6.5
[INFO] running `Command { std: "docker" "create" "-v" "/var/lib/crater-agent-workspace/builds/worker-3-tc1/target:/opt/rustwide/target:rw,Z" "-v" "/var/lib/crater-agent-workspace/builds/worker-3-tc1/source:/opt/rustwide/workdir:ro,Z" "-v" "/var/lib/crater-agent-workspace/cargo-home:/opt/rustwide/cargo-home:ro,Z" "-v" "/var/lib/crater-agent-workspace/rustup-home:/opt/rustwide/rustup-home:ro,Z" "-e" "SOURCE_DIR=/opt/rustwide/workdir" "-e" "CARGO_TARGET_DIR=/opt/rustwide/target" "-e" "CARGO_HOME=/opt/rustwide/cargo-home" "-e" "RUSTUP_HOME=/opt/rustwide/rustup-home" "-w" "/opt/rustwide/workdir" "-m" "1610612736" "--user" "0:0" "--network" "none" "ghcr.io/rust-lang/crates-build-env/linux@sha256:2788e3201cd34a07e3172128adcd8b3090168a8e3bcc40d7c032b9dda1df7d1c" "/opt/rustwide/cargo-home/bin/cargo" "+1.75.0" "metadata" "--no-deps" "--format-version=1", kill_on_drop: false }`
[INFO] [stdout] 2184f84f02a3ce4b57fc59bb8f11de6aebc81b23515e340a04d1d88669fa3e11
[INFO] running `Command { std: "docker" "start" "-a" "2184f84f02a3ce4b57fc59bb8f11de6aebc81b23515e340a04d1d88669fa3e11", kill_on_drop: false }`
[INFO] running `Command { std: "docker" "inspect" "2184f84f02a3ce4b57fc59bb8f11de6aebc81b23515e340a04d1d88669fa3e11", kill_on_drop: false }`
[INFO] running `Command { std: "docker" "rm" "-f" "2184f84f02a3ce4b57fc59bb8f11de6aebc81b23515e340a04d1d88669fa3e11", kill_on_drop: false }`
[INFO] [stdout] 2184f84f02a3ce4b57fc59bb8f11de6aebc81b23515e340a04d1d88669fa3e11
[INFO] running `Command { std: "docker" "create" "-v" "/var/lib/crater-agent-workspace/builds/worker-3-tc1/target:/opt/rustwide/target:rw,Z" "-v" "/var/lib/crater-agent-workspace/builds/worker-3-tc1/source:/opt/rustwide/workdir:ro,Z" "-v" "/var/lib/crater-agent-workspace/cargo-home:/opt/rustwide/cargo-home:ro,Z" "-v" "/var/lib/crater-agent-workspace/rustup-home:/opt/rustwide/rustup-home:ro,Z" "-e" "SOURCE_DIR=/opt/rustwide/workdir" "-e" "CARGO_TARGET_DIR=/opt/rustwide/target" "-e" "CARGO_INCREMENTAL=0" "-e" "RUST_BACKTRACE=full" "-e" "RUSTFLAGS=--cap-lints=warn" "-e" "RUSTDOCFLAGS=--cap-lints=warn" "-e" "CARGO_HOME=/opt/rustwide/cargo-home" "-e" "RUSTUP_HOME=/opt/rustwide/rustup-home" "-w" "/opt/rustwide/workdir" "-m" "1610612736" "--user" "0:0" "--network" "none" "ghcr.io/rust-lang/crates-build-env/linux@sha256:2788e3201cd34a07e3172128adcd8b3090168a8e3bcc40d7c032b9dda1df7d1c" "/opt/rustwide/cargo-home/bin/cargo" "+1.75.0" "build" "--frozen" "--message-format=json", kill_on_drop: false }`
[INFO] [stdout] be29839d313e8b3bc5a91bd6d35f2504906b3f90807a2bc5d12c385a2e3c0fe6
[INFO] running `Command { std: "docker" "start" "-a" "be29839d313e8b3bc5a91bd6d35f2504906b3f90807a2bc5d12c385a2e3c0fe6", kill_on_drop: false }`
[INFO] [stderr]    Compiling proc-macro2 v1.0.74
[INFO] [stderr]    Compiling unicode-ident v1.0.12
[INFO] [stderr]    Compiling cfg-if v1.0.0
[INFO] [stderr]    Compiling libc v0.2.151
[INFO] [stderr]    Compiling serde v1.0.194
[INFO] [stderr]    Compiling memchr v2.7.1
[INFO] [stderr]    Compiling crossbeam-utils v0.8.18
[INFO] [stderr]    Compiling lock_api v0.4.11
[INFO] [stderr]    Compiling num-traits v0.2.17
[INFO] [stderr]    Compiling parking_lot_core v0.9.9
[INFO] [stderr]    Compiling vcpkg v0.2.15
[INFO] [stderr]    Compiling pkg-config v0.3.28
[INFO] [stderr]    Compiling rayon-core v1.12.0
[INFO] [stderr]    Compiling aho-corasick v1.1.2
[INFO] [stderr]    Compiling quote v1.0.35
[INFO] [stderr]    Compiling cc v1.0.83
[INFO] [stderr]    Compiling syn v2.0.46
[INFO] [stderr]    Compiling crossbeam-epoch v0.9.17
[INFO] [stderr]    Compiling regex-syntax v0.8.2
[INFO] [stderr]    Compiling crossbeam-deque v0.8.4
[INFO] [stderr]    Compiling smallvec v1.11.2
[INFO] [stderr]    Compiling utf8parse v0.2.1
[INFO] [stderr]    Compiling either v1.9.0
[INFO] [stderr]    Compiling scopeguard v1.2.0
[INFO] [stderr]    Compiling rustix v0.38.28
[INFO] [stderr]    Compiling crc32fast v1.3.2
[INFO] [stderr]    Compiling anstyle-parse v0.2.3
[INFO] [stderr]    Compiling libz-sys v1.1.12
[INFO] [stderr]    Compiling iana-time-zone v0.1.59
[INFO] [stderr]    Compiling regex-automata v0.4.3
[INFO] [stderr]    Compiling colorchoice v1.0.0
[INFO] [stderr]    Compiling portable-atomic v1.6.0
[INFO] [stderr]    Compiling anstyle v1.0.4
[INFO] [stderr]    Compiling anstyle-query v1.0.2
[INFO] [stderr]    Compiling lazy_static v1.4.0
[INFO] [stderr]    Compiling adler v1.0.2
[INFO] [stderr]    Compiling bitflags v2.4.1
[INFO] [stderr]    Compiling linux-raw-sys v0.4.12
[INFO] [stderr]    Compiling miniz_oxide v0.7.1
[INFO] [stderr]    Compiling anstream v0.6.5
[INFO] [stderr]    Compiling rayon v1.8.0
[INFO] [stderr]    Compiling parking_lot v0.12.1
[INFO] [stderr]    Compiling serde_derive v1.0.194
[INFO] [stderr]    Compiling regex v1.10.2
[INFO] [stderr]    Compiling tokio-macros v2.2.0
[INFO] [stderr]    Compiling blake3 v1.5.0
[INFO] [stderr]    Compiling signal-hook-registry v1.4.1
[INFO] [stderr]    Compiling num_cpus v1.16.0
[INFO] [stderr]    Compiling mio v0.8.10
[INFO] [stderr]    Compiling socket2 v0.5.5
[INFO] [stderr]    Compiling bytes v1.5.0
[INFO] [stderr]    Compiling heck v0.4.1
[INFO] [stderr]    Compiling clap_lex v0.6.0
[INFO] [stderr]    Compiling pin-project-lite v0.2.13
[INFO] [stderr]    Compiling strsim v0.10.0
[INFO] [stderr]    Compiling serde_json v1.0.110
[INFO] [stderr]    Compiling ryu v1.0.16
[INFO] [stderr]    Compiling itoa v1.0.10
[INFO] [stderr]    Compiling unicode-width v0.1.11
[INFO] [stderr]    Compiling clap_builder v4.4.12
[INFO] [stderr]    Compiling console v0.15.7
[INFO] [stderr]    Compiling erased-serde v0.3.31
[INFO] [stderr]    Compiling tokio v1.35.1
[INFO] [stderr]    Compiling clap_derive v4.4.7
[INFO] [stderr]    Compiling flate2 v1.0.28
[INFO] [stderr]    Compiling is-terminal v0.4.10
[INFO] [stderr]    Compiling chrono v0.4.31
[INFO] [stderr]    Compiling encoding_rs v0.8.33
[INFO] [stderr]    Compiling number_prefix v0.4.0
[INFO] [stderr]    Compiling arrayref v0.3.7
[INFO] [stderr]    Compiling humantime v2.1.0
[INFO] [stderr]    Compiling termcolor v1.4.0
[INFO] [stderr]    Compiling struct_iterable_internal v0.1.1
[INFO] [stderr]    Compiling arrayvec v0.7.4
[INFO] [stderr]    Compiling constant_time_eq v0.3.0
[INFO] [stderr]    Compiling byteorder v1.5.0
[INFO] [stderr]    Compiling log v0.4.20
[INFO] [stderr]    Compiling zip v0.6.6
[INFO] [stderr]    Compiling env_logger v0.10.1
[INFO] [stderr]    Compiling quick-xml v0.31.0
[INFO] [stderr]    Compiling struct_iterable_derive v0.1.0
[INFO] [stderr]    Compiling clap v4.4.12
[INFO] [stderr]    Compiling indicatif v0.17.7
[INFO] [stderr]    Compiling csv-core v0.1.11
[INFO] [stderr]    Compiling once_cell v1.19.0
[INFO] [stderr]    Compiling convert_string v0.1.3
[INFO] [stderr]    Compiling ilog v1.0.1
[INFO] [stderr]    Compiling same-file v1.0.6
[INFO] [stderr]    Compiling walkdir v2.4.0
[INFO] [stderr]    Compiling claudiofsr_lib v0.3.1
[INFO] [stderr]    Compiling xml_schema_generator v0.6.5
[INFO] [stderr]    Compiling struct_iterable v0.1.1
[INFO] [stderr]    Compiling csv v1.3.0
[INFO] [stderr]    Compiling serde-aux v4.3.1
[INFO] [stderr]    Compiling rust_xlsxwriter v0.60.0
[INFO] [stderr]    Compiling itertools v0.12.0
[INFO] [stderr]    Compiling read_xml v0.1.0 (/opt/rustwide/workdir)
[INFO] [stderr]     Finished dev [optimized + debuginfo] target(s) in 2m 44s
[INFO] running `Command { std: "docker" "inspect" "be29839d313e8b3bc5a91bd6d35f2504906b3f90807a2bc5d12c385a2e3c0fe6", kill_on_drop: false }`
[INFO] running `Command { std: "docker" "rm" "-f" "be29839d313e8b3bc5a91bd6d35f2504906b3f90807a2bc5d12c385a2e3c0fe6", kill_on_drop: false }`
[INFO] [stdout] be29839d313e8b3bc5a91bd6d35f2504906b3f90807a2bc5d12c385a2e3c0fe6
[INFO] running `Command { std: "docker" "create" "-v" "/var/lib/crater-agent-workspace/builds/worker-3-tc1/target:/opt/rustwide/target:rw,Z" "-v" "/var/lib/crater-agent-workspace/builds/worker-3-tc1/source:/opt/rustwide/workdir:ro,Z" "-v" "/var/lib/crater-agent-workspace/cargo-home:/opt/rustwide/cargo-home:ro,Z" "-v" "/var/lib/crater-agent-workspace/rustup-home:/opt/rustwide/rustup-home:ro,Z" "-e" "SOURCE_DIR=/opt/rustwide/workdir" "-e" "CARGO_TARGET_DIR=/opt/rustwide/target" "-e" "CARGO_INCREMENTAL=0" "-e" "RUST_BACKTRACE=full" "-e" "RUSTFLAGS=--cap-lints=warn" "-e" "RUSTDOCFLAGS=--cap-lints=warn" "-e" "CARGO_HOME=/opt/rustwide/cargo-home" "-e" "RUSTUP_HOME=/opt/rustwide/rustup-home" "-w" "/opt/rustwide/workdir" "-m" "1610612736" "--user" "0:0" "--network" "none" "ghcr.io/rust-lang/crates-build-env/linux@sha256:2788e3201cd34a07e3172128adcd8b3090168a8e3bcc40d7c032b9dda1df7d1c" "/opt/rustwide/cargo-home/bin/cargo" "+1.75.0" "test" "--frozen" "--no-run" "--message-format=json", kill_on_drop: false }`
[INFO] [stdout] 74f497147b2b28b84c27af1ddbbdefab2fb0ef40c8eaa3791bd3bd63c81b0120
[INFO] running `Command { std: "docker" "start" "-a" "74f497147b2b28b84c27af1ddbbdefab2fb0ef40c8eaa3791bd3bd63c81b0120", kill_on_drop: false }`
[INFO] [stderr]    Compiling read_xml v0.1.0 (/opt/rustwide/workdir)
[INFO] [stderr]     Finished test [optimized + debuginfo] target(s) in 57.30s
[INFO] running `Command { std: "docker" "inspect" "74f497147b2b28b84c27af1ddbbdefab2fb0ef40c8eaa3791bd3bd63c81b0120", kill_on_drop: false }`
[INFO] running `Command { std: "docker" "rm" "-f" "74f497147b2b28b84c27af1ddbbdefab2fb0ef40c8eaa3791bd3bd63c81b0120", kill_on_drop: false }`
[INFO] [stdout] 74f497147b2b28b84c27af1ddbbdefab2fb0ef40c8eaa3791bd3bd63c81b0120
[INFO] running `Command { std: "docker" "create" "-v" "/var/lib/crater-agent-workspace/builds/worker-3-tc1/target:/opt/rustwide/target:rw,Z" "-v" "/var/lib/crater-agent-workspace/builds/worker-3-tc1/source:/opt/rustwide/workdir:ro,Z" "-v" "/var/lib/crater-agent-workspace/cargo-home:/opt/rustwide/cargo-home:ro,Z" "-v" "/var/lib/crater-agent-workspace/rustup-home:/opt/rustwide/rustup-home:ro,Z" "-e" "SOURCE_DIR=/opt/rustwide/workdir" "-e" "CARGO_TARGET_DIR=/opt/rustwide/target" "-e" "CARGO_INCREMENTAL=0" "-e" "RUST_BACKTRACE=full" "-e" "RUSTFLAGS=--cap-lints=warn" "-e" "RUSTDOCFLAGS=--cap-lints=warn" "-e" "CARGO_HOME=/opt/rustwide/cargo-home" "-e" "RUSTUP_HOME=/opt/rustwide/rustup-home" "-w" "/opt/rustwide/workdir" "-m" "1610612736" "--user" "0:0" "--network" "none" "ghcr.io/rust-lang/crates-build-env/linux@sha256:2788e3201cd34a07e3172128adcd8b3090168a8e3bcc40d7c032b9dda1df7d1c" "/opt/rustwide/cargo-home/bin/cargo" "+1.75.0" "test" "--frozen", kill_on_drop: false }`
[INFO] [stdout] 3fc59275636c96fa8fb326fb8ead20294a735132b802e1112e0b30deacfbe615
[INFO] running `Command { std: "docker" "start" "-a" "3fc59275636c96fa8fb326fb8ead20294a735132b802e1112e0b30deacfbe615", kill_on_drop: false }`
[INFO] [stderr]     Finished test [optimized + debuginfo] target(s) in 0.16s
[INFO] [stderr]      Running unittests src/lib.rs (/opt/rustwide/target/debug/deps/read_xml-e4338b67896a92f8)
[INFO] [stdout] 
[INFO] [stdout] running 9 tests
[INFO] [stdout] test xml_structs::cte_version_3_00::test_functions::documentos_anteriores_eletronicos ... ok
[INFO] [stdout] test example01::test_example01::deserialize_xml_defects ... ok
[INFO] [stdout] test lib_functions::parse_xml_and_get_struct_from_str ... ok
[INFO] [stdout] test xml_structs::nfe_version_4_00::test_functions::deserialize_xml_nfe ... FAILED
[INFO] [stdout] test lib_functions::deep_keys_test ... FAILED
[INFO] [stdout] test xml_structs::efinanceira::lib_functions::get_struct_field_names ... ok
[INFO] [stdout] test lib_functions::parse_xml_and_get_struct_from_file ... FAILED
[INFO] [stdout] test xml_structs::cte_version_3_00::test_functions::deserialize_xml_cte ... FAILED
[INFO] [stdout] test xml_structs::efinanceira::lib_functions::struct_iterator ... ok
[INFO] [stdout] 
[INFO] [stdout] failures:
[INFO] [stdout] 
[INFO] [stdout] ---- xml_structs::nfe_version_4_00::test_functions::deserialize_xml_nfe stdout ----
[INFO] [stdout] xml: 35220412345678901234567890123456789012345678_NFe.xml
[INFO] [stdout] Error: Os { code: 2, kind: NotFound, message: "No such file or directory" }
[INFO] [stdout] 
[INFO] [stdout] ---- lib_functions::deep_keys_test stdout ----
[INFO] [stdout] Error: Io(Os { code: 2, kind: NotFound, message: "No such file or directory" })
[INFO] [stdout] 
[INFO] [stdout] ---- lib_functions::parse_xml_and_get_struct_from_file stdout ----
[INFO] [stdout] Error: Io(Os { code: 2, kind: NotFound, message: "No such file or directory" })
[INFO] [stdout] 
[INFO] [stdout] ---- xml_structs::cte_version_3_00::test_functions::deserialize_xml_cte stdout ----
[INFO] [stdout] xml: 35220998765432101234567894741048320396789012_CTe.xml
[INFO] [stdout] Error: Os { code: 2, kind: NotFound, message: "No such file or directory" }
[INFO] [stdout] 
[INFO] [stdout] 
[INFO] [stdout] failures:
[INFO] [stdout]     lib_functions::deep_keys_test
[INFO] [stdout]     lib_functions::parse_xml_and_get_struct_from_file
[INFO] [stdout]     xml_structs::cte_version_3_00::test_functions::deserialize_xml_cte
[INFO] [stdout]     xml_structs::nfe_version_4_00::test_functions::deserialize_xml_nfe
[INFO] [stdout] 
[INFO] [stdout] test result: FAILED. 5 passed; 4 failed; 0 ignored; 0 measured; 0 filtered out; finished in 0.03s
[INFO] [stdout] 
[INFO] [stderr] error: test failed, to rerun pass `--lib`
[INFO] running `Command { std: "docker" "inspect" "3fc59275636c96fa8fb326fb8ead20294a735132b802e1112e0b30deacfbe615", kill_on_drop: false }`
[INFO] running `Command { std: "docker" "rm" "-f" "3fc59275636c96fa8fb326fb8ead20294a735132b802e1112e0b30deacfbe615", kill_on_drop: false }`
[INFO] [stdout] 3fc59275636c96fa8fb326fb8ead20294a735132b802e1112e0b30deacfbe615
