[INFO] cloning repository https://github.com/claravanstaden/kvs
[INFO] running `Command { std: "git" "-c" "credential.helper=" "-c" "credential.helper=/workspace/cargo-home/bin/git-credential-null" "clone" "--bare" "https://github.com/claravanstaden/kvs" "/workspace/cache/git-repos/https%3A%2F%2Fgithub.com%2Fclaravanstaden%2Fkvs", kill_on_drop: false }`
[INFO] [stderr] Cloning into bare repository '/workspace/cache/git-repos/https%3A%2F%2Fgithub.com%2Fclaravanstaden%2Fkvs'...
[INFO] running `Command { std: "git" "rev-parse" "HEAD", kill_on_drop: false }`
[INFO] [stdout] 171d454677dcafe672c450182a41cdd5d29319e6
[INFO] testing claravanstaden/kvs against 1.75.0 for beta-1.76-1
[INFO] running `Command { std: "git" "clone" "/workspace/cache/git-repos/https%3A%2F%2Fgithub.com%2Fclaravanstaden%2Fkvs" "/workspace/builds/worker-7-tc1/source", kill_on_drop: false }`
[INFO] [stderr] Cloning into '/workspace/builds/worker-7-tc1/source'...
[INFO] [stderr] done.
[INFO] validating manifest of git repo https://github.com/claravanstaden/kvs on toolchain 1.75.0
[INFO] running `Command { std: CARGO_HOME="/workspace/cargo-home" RUSTUP_HOME="/workspace/rustup-home" "/workspace/cargo-home/bin/cargo" "+1.75.0" "metadata" "--manifest-path" "Cargo.toml" "--no-deps", kill_on_drop: false }`
[INFO] started tweaking git repo https://github.com/claravanstaden/kvs
[INFO] finished tweaking git repo https://github.com/claravanstaden/kvs
[INFO] tweaked toml for git repo https://github.com/claravanstaden/kvs written to /workspace/builds/worker-7-tc1/source/Cargo.toml
[INFO] crate git repo https://github.com/claravanstaden/kvs already has a lockfile, it will not be regenerated
[INFO] running `Command { std: CARGO_HOME="/workspace/cargo-home" RUSTUP_HOME="/workspace/rustup-home" "/workspace/cargo-home/bin/cargo" "+1.75.0" "fetch" "--manifest-path" "Cargo.toml", kill_on_drop: false }`
[INFO] [stderr]  Downloading crates ...
[INFO] [stderr]   Downloaded serde_derive v1.0.134
[INFO] [stderr]   Downloaded serde v1.0.134
[INFO] running `Command { std: "docker" "create" "-v" "/var/lib/crater-agent-workspace/builds/worker-7-tc1/target:/opt/rustwide/target:rw,Z" "-v" "/var/lib/crater-agent-workspace/builds/worker-7-tc1/source:/opt/rustwide/workdir:ro,Z" "-v" "/var/lib/crater-agent-workspace/cargo-home:/opt/rustwide/cargo-home:ro,Z" "-v" "/var/lib/crater-agent-workspace/rustup-home:/opt/rustwide/rustup-home:ro,Z" "-e" "SOURCE_DIR=/opt/rustwide/workdir" "-e" "CARGO_TARGET_DIR=/opt/rustwide/target" "-e" "CARGO_HOME=/opt/rustwide/cargo-home" "-e" "RUSTUP_HOME=/opt/rustwide/rustup-home" "-w" "/opt/rustwide/workdir" "-m" "1610612736" "--user" "0:0" "--network" "none" "ghcr.io/rust-lang/crates-build-env/linux@sha256:2788e3201cd34a07e3172128adcd8b3090168a8e3bcc40d7c032b9dda1df7d1c" "/opt/rustwide/cargo-home/bin/cargo" "+1.75.0" "metadata" "--no-deps" "--format-version=1", kill_on_drop: false }`
[INFO] [stdout] f9cbdf3055ad058ef74d0d02d8904b0965c5ddeae4ae61bc460dfb81e9d29b23
[INFO] running `Command { std: "docker" "start" "-a" "f9cbdf3055ad058ef74d0d02d8904b0965c5ddeae4ae61bc460dfb81e9d29b23", kill_on_drop: false }`
[INFO] running `Command { std: "docker" "inspect" "f9cbdf3055ad058ef74d0d02d8904b0965c5ddeae4ae61bc460dfb81e9d29b23", kill_on_drop: false }`
[INFO] running `Command { std: "docker" "rm" "-f" "f9cbdf3055ad058ef74d0d02d8904b0965c5ddeae4ae61bc460dfb81e9d29b23", kill_on_drop: false }`
[INFO] [stdout] f9cbdf3055ad058ef74d0d02d8904b0965c5ddeae4ae61bc460dfb81e9d29b23
[INFO] running `Command { std: "docker" "create" "-v" "/var/lib/crater-agent-workspace/builds/worker-7-tc1/target:/opt/rustwide/target:rw,Z" "-v" "/var/lib/crater-agent-workspace/builds/worker-7-tc1/source:/opt/rustwide/workdir:ro,Z" "-v" "/var/lib/crater-agent-workspace/cargo-home:/opt/rustwide/cargo-home:ro,Z" "-v" "/var/lib/crater-agent-workspace/rustup-home:/opt/rustwide/rustup-home:ro,Z" "-e" "SOURCE_DIR=/opt/rustwide/workdir" "-e" "CARGO_TARGET_DIR=/opt/rustwide/target" "-e" "CARGO_INCREMENTAL=0" "-e" "RUST_BACKTRACE=full" "-e" "RUSTFLAGS=--cap-lints=warn" "-e" "RUSTDOCFLAGS=--cap-lints=warn" "-e" "CARGO_HOME=/opt/rustwide/cargo-home" "-e" "RUSTUP_HOME=/opt/rustwide/rustup-home" "-w" "/opt/rustwide/workdir" "-m" "1610612736" "--user" "0:0" "--network" "none" "ghcr.io/rust-lang/crates-build-env/linux@sha256:2788e3201cd34a07e3172128adcd8b3090168a8e3bcc40d7c032b9dda1df7d1c" "/opt/rustwide/cargo-home/bin/cargo" "+1.75.0" "build" "--frozen" "--message-format=json", kill_on_drop: false }`
[INFO] [stdout] cf37f123f4b04f5871905d076ac47c4bf3c076d8ed80e6ac4a5530a96690ecbb
[INFO] running `Command { std: "docker" "start" "-a" "cf37f123f4b04f5871905d076ac47c4bf3c076d8ed80e6ac4a5530a96690ecbb", kill_on_drop: false }`
[INFO] [stderr]    Compiling version_check v0.9.4
[INFO] [stderr]    Compiling proc-macro2 v1.0.36
[INFO] [stderr]    Compiling unicode-xid v0.2.2
[INFO] [stderr]    Compiling syn v1.0.86
[INFO] [stderr]    Compiling libc v0.2.113
[INFO] [stderr]    Compiling autocfg v1.0.1
[INFO] [stderr]    Compiling memchr v2.4.1
[INFO] [stderr]    Compiling heck v0.4.0
[INFO] [stderr]    Compiling hashbrown v0.11.2
[INFO] [stderr]    Compiling lazy_static v1.4.0
[INFO] [stderr]    Compiling textwrap v0.14.2
[INFO] [stderr]    Compiling termcolor v1.1.2
[INFO] [stderr]    Compiling strsim v0.10.0
[INFO] [stderr]    Compiling bitflags v1.3.2
[INFO] [stderr]    Compiling proc-macro-error-attr v1.0.4
[INFO] [stderr]    Compiling proc-macro-error v1.0.4
[INFO] [stderr]    Compiling indexmap v1.8.0
[INFO] [stderr]    Compiling os_str_bytes v6.0.0
[INFO] [stderr]    Compiling quote v1.0.14
[INFO] [stderr]    Compiling atty v0.2.14
[INFO] [stderr]    Compiling clap_derive v3.0.6
[INFO] [stderr]    Compiling clap v3.0.10
[INFO] [stderr]    Compiling kvs v0.1.0 (/opt/rustwide/workdir)
[INFO] [stdout] warning: unused import: `kvs::KvStore`
[INFO] [stdout]  --> src/bin/kvs.rs:2:5
[INFO] [stdout]   |
[INFO] [stdout] 2 | use kvs::KvStore;
[INFO] [stdout]   |     ^^^^^^^^^^^^
[INFO] [stdout]   |
[INFO] [stdout]   = note: `#[warn(unused_imports)]` on by default
[INFO] [stdout] 
[INFO] [stdout] 
[INFO] [stdout] warning: unused variable: `matches`
[INFO] [stdout]   --> src/bin/kvs.rs:27:17
[INFO] [stdout]    |
[INFO] [stdout] 27 |     if let Some(matches) = matches.subcommand_matches("set") {
[INFO] [stdout]    |                 ^^^^^^^ help: if this is intentional, prefix it with an underscore: `_matches`
[INFO] [stdout]    |
[INFO] [stdout]    = note: `#[warn(unused_variables)]` on by default
[INFO] [stdout] 
[INFO] [stdout] 
[INFO] [stdout] warning: unused variable: `matches`
[INFO] [stdout]   --> src/bin/kvs.rs:29:24
[INFO] [stdout]    |
[INFO] [stdout] 29 |     } else if let Some(matches) = matches.subcommand_matches("get") {
[INFO] [stdout]    |                        ^^^^^^^ help: if this is intentional, prefix it with an underscore: `_matches`
[INFO] [stdout] 
[INFO] [stdout] 
[INFO] [stdout] warning: unused variable: `matches`
[INFO] [stdout]   --> src/bin/kvs.rs:31:24
[INFO] [stdout]    |
[INFO] [stdout] 31 |     } else if let Some(matches) = matches.subcommand_matches("rm") {
[INFO] [stdout]    |                        ^^^^^^^ help: if this is intentional, prefix it with an underscore: `_matches`
[INFO] [stdout] 
[INFO] [stdout] 
[INFO] [stdout] warning: 4 warnings emitted
[INFO] [stdout] 
[INFO] [stdout] 
[INFO] [stderr]     Finished dev [unoptimized + debuginfo] target(s) in 9.74s
[INFO] running `Command { std: "docker" "inspect" "cf37f123f4b04f5871905d076ac47c4bf3c076d8ed80e6ac4a5530a96690ecbb", kill_on_drop: false }`
[INFO] running `Command { std: "docker" "rm" "-f" "cf37f123f4b04f5871905d076ac47c4bf3c076d8ed80e6ac4a5530a96690ecbb", kill_on_drop: false }`
[INFO] [stdout] cf37f123f4b04f5871905d076ac47c4bf3c076d8ed80e6ac4a5530a96690ecbb
[INFO] running `Command { std: "docker" "create" "-v" "/var/lib/crater-agent-workspace/builds/worker-7-tc1/target:/opt/rustwide/target:rw,Z" "-v" "/var/lib/crater-agent-workspace/builds/worker-7-tc1/source:/opt/rustwide/workdir:ro,Z" "-v" "/var/lib/crater-agent-workspace/cargo-home:/opt/rustwide/cargo-home:ro,Z" "-v" "/var/lib/crater-agent-workspace/rustup-home:/opt/rustwide/rustup-home:ro,Z" "-e" "SOURCE_DIR=/opt/rustwide/workdir" "-e" "CARGO_TARGET_DIR=/opt/rustwide/target" "-e" "CARGO_INCREMENTAL=0" "-e" "RUST_BACKTRACE=full" "-e" "RUSTFLAGS=--cap-lints=warn" "-e" "RUSTDOCFLAGS=--cap-lints=warn" "-e" "CARGO_HOME=/opt/rustwide/cargo-home" "-e" "RUSTUP_HOME=/opt/rustwide/rustup-home" "-w" "/opt/rustwide/workdir" "-m" "1610612736" "--user" "0:0" "--network" "none" "ghcr.io/rust-lang/crates-build-env/linux@sha256:2788e3201cd34a07e3172128adcd8b3090168a8e3bcc40d7c032b9dda1df7d1c" "/opt/rustwide/cargo-home/bin/cargo" "+1.75.0" "test" "--frozen" "--no-run" "--message-format=json", kill_on_drop: false }`
[INFO] [stdout] b68866594e1b04800c22e7961d0895c40024f91b1e1e13bfa0649c6be0ccccfc
[INFO] running `Command { std: "docker" "start" "-a" "b68866594e1b04800c22e7961d0895c40024f91b1e1e13bfa0649c6be0ccccfc", kill_on_drop: false }`
[INFO] [stderr]    Compiling serde_derive v1.0.134
[INFO] [stderr]    Compiling num-traits v0.2.14
[INFO] [stderr]    Compiling serde v1.0.134
[INFO] [stderr]    Compiling serde_json v1.0.75
[INFO] [stderr]    Compiling log v0.4.14
[INFO] [stderr]    Compiling itoa v1.0.1
[INFO] [stderr]    Compiling predicates-core v1.0.3
[INFO] [stderr]    Compiling escargot v0.4.0
[INFO] [stderr]    Compiling ryu v1.0.9
[INFO] [stderr]    Compiling aho-corasick v0.7.18
[INFO] [stderr]    Compiling regex-syntax v0.6.25
[INFO] [stderr]    Compiling cfg-if v1.0.0
[INFO] [stderr]    Compiling difference v2.0.0
[INFO] [stderr]    Compiling normalize-line-endings v0.3.0
[INFO] [stderr]    Compiling termtree v0.2.4
[INFO] [stdout] warning: unused import: `kvs::KvStore`
[INFO] [stdout]  --> src/bin/kvs.rs:2:5
[INFO] [stdout]   |
[INFO] [stdout] 2 | use kvs::KvStore;
[INFO] [stdout]   |     ^^^^^^^^^^^^
[INFO] [stdout]   |
[INFO] [stdout]   = note: `#[warn(unused_imports)]` on by default
[INFO] [stdout] 
[INFO] [stdout] 
[INFO] [stdout] warning: unused variable: `matches`
[INFO] [stdout]   --> src/bin/kvs.rs:27:17
[INFO] [stdout]    |
[INFO] [stdout] 27 |     if let Some(matches) = matches.subcommand_matches("set") {
[INFO] [stdout]    |                 ^^^^^^^ help: if this is intentional, prefix it with an underscore: `_matches`
[INFO] [stdout]    |
[INFO] [stdout]    = note: `#[warn(unused_variables)]` on by default
[INFO] [stdout] 
[INFO] [stdout] 
[INFO] [stdout] warning: unused variable: `matches`
[INFO] [stdout]   --> src/bin/kvs.rs:29:24
[INFO] [stdout]    |
[INFO] [stdout] 29 |     } else if let Some(matches) = matches.subcommand_matches("get") {
[INFO] [stdout]    |                        ^^^^^^^ help: if this is intentional, prefix it with an underscore: `_matches`
[INFO] [stdout] 
[INFO] [stdout] 
[INFO] [stdout] warning: unused variable: `matches`
[INFO] [stdout]   --> src/bin/kvs.rs:31:24
[INFO] [stdout]    |
[INFO] [stdout] 31 |     } else if let Some(matches) = matches.subcommand_matches("rm") {
[INFO] [stdout]    |                        ^^^^^^^ help: if this is intentional, prefix it with an underscore: `_matches`
[INFO] [stdout] 
[INFO] [stdout] 
[INFO] [stdout] warning: 4 warnings emitted
[INFO] [stdout] 
[INFO] [stdout] 
[INFO] [stderr]    Compiling predicates-tree v1.0.5
[INFO] [stderr]    Compiling float-cmp v0.8.0
[INFO] [stderr]    Compiling regex v1.5.4
[INFO] [stderr]    Compiling predicates v1.0.8
[INFO] [stderr]    Compiling assert_cmd v0.11.1
[INFO] [stderr]    Compiling kvs v0.1.0 (/opt/rustwide/workdir)
[INFO] [stdout] warning: unused import: `kvs::KvStore`
[INFO] [stdout]  --> src/bin/kvs.rs:2:5
[INFO] [stdout]   |
[INFO] [stdout] 2 | use kvs::KvStore;
[INFO] [stdout]   |     ^^^^^^^^^^^^
[INFO] [stdout]   |
[INFO] [stdout]   = note: `#[warn(unused_imports)]` on by default
[INFO] [stdout] 
[INFO] [stdout] 
[INFO] [stdout] warning: unused variable: `matches`
[INFO] [stdout]   --> src/bin/kvs.rs:27:17
[INFO] [stdout]    |
[INFO] [stdout] 27 |     if let Some(matches) = matches.subcommand_matches("set") {
[INFO] [stdout]    |                 ^^^^^^^ help: if this is intentional, prefix it with an underscore: `_matches`
[INFO] [stdout]    |
[INFO] [stdout]    = note: `#[warn(unused_variables)]` on by default
[INFO] [stdout] 
[INFO] [stdout] 
[INFO] [stdout] warning: unused variable: `matches`
[INFO] [stdout]   --> src/bin/kvs.rs:29:24
[INFO] [stdout]    |
[INFO] [stdout] 29 |     } else if let Some(matches) = matches.subcommand_matches("get") {
[INFO] [stdout]    |                        ^^^^^^^ help: if this is intentional, prefix it with an underscore: `_matches`
[INFO] [stdout] 
[INFO] [stdout] 
[INFO] [stdout] warning: unused variable: `matches`
[INFO] [stdout]   --> src/bin/kvs.rs:31:24
[INFO] [stdout]    |
[INFO] [stdout] 31 |     } else if let Some(matches) = matches.subcommand_matches("rm") {
[INFO] [stdout]    |                        ^^^^^^^ help: if this is intentional, prefix it with an underscore: `_matches`
[INFO] [stdout] 
[INFO] [stdout] 
[INFO] [stdout] warning: 4 warnings emitted
[INFO] [stdout] 
[INFO] [stdout] 
[INFO] [stderr]     Finished test [unoptimized + debuginfo] target(s) in 10.12s
[INFO] running `Command { std: "docker" "inspect" "b68866594e1b04800c22e7961d0895c40024f91b1e1e13bfa0649c6be0ccccfc", kill_on_drop: false }`
[INFO] running `Command { std: "docker" "rm" "-f" "b68866594e1b04800c22e7961d0895c40024f91b1e1e13bfa0649c6be0ccccfc", kill_on_drop: false }`
[INFO] [stdout] b68866594e1b04800c22e7961d0895c40024f91b1e1e13bfa0649c6be0ccccfc
[INFO] running `Command { std: "docker" "create" "-v" "/var/lib/crater-agent-workspace/builds/worker-7-tc1/target:/opt/rustwide/target:rw,Z" "-v" "/var/lib/crater-agent-workspace/builds/worker-7-tc1/source:/opt/rustwide/workdir:ro,Z" "-v" "/var/lib/crater-agent-workspace/cargo-home:/opt/rustwide/cargo-home:ro,Z" "-v" "/var/lib/crater-agent-workspace/rustup-home:/opt/rustwide/rustup-home:ro,Z" "-e" "SOURCE_DIR=/opt/rustwide/workdir" "-e" "CARGO_TARGET_DIR=/opt/rustwide/target" "-e" "CARGO_INCREMENTAL=0" "-e" "RUST_BACKTRACE=full" "-e" "RUSTFLAGS=--cap-lints=warn" "-e" "RUSTDOCFLAGS=--cap-lints=warn" "-e" "CARGO_HOME=/opt/rustwide/cargo-home" "-e" "RUSTUP_HOME=/opt/rustwide/rustup-home" "-w" "/opt/rustwide/workdir" "-m" "1610612736" "--user" "0:0" "--network" "none" "ghcr.io/rust-lang/crates-build-env/linux@sha256:2788e3201cd34a07e3172128adcd8b3090168a8e3bcc40d7c032b9dda1df7d1c" "/opt/rustwide/cargo-home/bin/cargo" "+1.75.0" "test" "--frozen", kill_on_drop: false }`
[INFO] [stdout] 365215c05d07a9eb567623850d3e9999f9def867278dfe003fbf5c2e6bbd3b08
[INFO] running `Command { std: "docker" "start" "-a" "365215c05d07a9eb567623850d3e9999f9def867278dfe003fbf5c2e6bbd3b08", kill_on_drop: false }`
[INFO] [stderr] warning: unused import: `kvs::KvStore`
[INFO] [stderr]  --> src/bin/kvs.rs:2:5
[INFO] [stderr]   |
[INFO] [stderr] 2 | use kvs::KvStore;
[INFO] [stderr]   |     ^^^^^^^^^^^^
[INFO] [stderr]   |
[INFO] [stderr]   = note: `#[warn(unused_imports)]` on by default
[INFO] [stderr] 
[INFO] [stderr] warning: unused variable: `matches`
[INFO] [stderr]   --> src/bin/kvs.rs:27:17
[INFO] [stderr]    |
[INFO] [stderr] 27 |     if let Some(matches) = matches.subcommand_matches("set") {
[INFO] [stderr]    |                 ^^^^^^^ help: if this is intentional, prefix it with an underscore: `_matches`
[INFO] [stderr]    |
[INFO] [stderr]    = note: `#[warn(unused_variables)]` on by default
[INFO] [stderr] 
[INFO] [stderr] warning: unused variable: `matches`
[INFO] [stderr]   --> src/bin/kvs.rs:29:24
[INFO] [stderr]    |
[INFO] [stderr] 29 |     } else if let Some(matches) = matches.subcommand_matches("get") {
[INFO] [stderr]    |                        ^^^^^^^ help: if this is intentional, prefix it with an underscore: `_matches`
[INFO] [stderr] 
[INFO] [stderr] warning: unused variable: `matches`
[INFO] [stderr]   --> src/bin/kvs.rs:31:24
[INFO] [stderr]    |
[INFO] [stderr] 31 |     } else if let Some(matches) = matches.subcommand_matches("rm") {
[INFO] [stderr]    |                        ^^^^^^^ help: if this is intentional, prefix it with an underscore: `_matches`
[INFO] [stderr] 
[INFO] [stderr] warning: `kvs` (bin "kvs" test) generated 4 warnings (run `cargo fix --bin "kvs" --tests` to apply 4 suggestions)
[INFO] [stderr] warning: `kvs` (bin "kvs") generated 4 warnings (4 duplicates)
[INFO] [stderr]     Finished test [unoptimized + debuginfo] target(s) in 0.05s
[INFO] [stderr]      Running unittests src/lib.rs (/opt/rustwide/target/debug/deps/kvs-b4bfbf525585be2c)
[INFO] [stdout] 
[INFO] [stdout] running 0 tests
[INFO] [stdout] 
[INFO] [stdout] test result: ok. 0 passed; 0 failed; 0 ignored; 0 measured; 0 filtered out; finished in 0.00s
[INFO] [stdout] 
[INFO] [stderr]      Running unittests src/bin/kvs.rs (/opt/rustwide/target/debug/deps/kvs-a0fd602e97cee780)
[INFO] [stdout] 
[INFO] [stderr]      Running tests/tests.rs (/opt/rustwide/target/debug/deps/tests-79bdc6abcb97bb84)
[INFO] [stdout] running 0 tests
[INFO] [stdout] 
[INFO] [stdout] test result: ok. 0 passed; 0 failed; 0 ignored; 0 measured; 0 filtered out; finished in 0.00s
[INFO] [stdout] 
[INFO] [stdout] 
[INFO] [stdout] running 13 tests
[INFO] [stdout] test cli_version ... ok
[INFO] [stdout] test get_stored_value ... ok
[INFO] [stdout] test get_non_existent_value ... ok
[INFO] [stdout] test overwrite_value ... ok
[INFO] [stdout] test remove_key ... ok
[INFO] [stdout] test cli_invalid_subcommand ... ok
[INFO] [stdout] test cli_rm ... ok
[INFO] [stdout] test cli_get ... ok
[INFO] [stdout] test cli_invalid_rm ... ok
[INFO] [stdout] test cli_no_args ... ok
[INFO] [stdout] test cli_set ... ok
[INFO] [stdout] test cli_invalid_get ... ok
[INFO] [stdout] test cli_invalid_set ... ok
[INFO] [stdout] 
[INFO] [stdout] test result: ok. 13 passed; 0 failed; 0 ignored; 0 measured; 0 filtered out; finished in 0.07s
[INFO] [stdout] 
[INFO] [stderr]    Doc-tests kvs
[INFO] [stdout] 
[INFO] [stdout] running 3 tests
[INFO] [stdout] test src/lib.rs - KvStore::get (line 36) ... FAILED
[INFO] [stdout] test src/lib.rs - KvStore::remove (line 62) ... FAILED
[INFO] [stdout] test src/lib.rs - KvStore::set (line 21) ... ok
[INFO] [stdout] 
[INFO] [stdout] failures:
[INFO] [stdout] 
[INFO] [stdout] ---- src/lib.rs - KvStore::get (line 36) stdout ----
[INFO] [stdout] error: format argument must be a string literal
[INFO] [stdout]   --> src/lib.rs:46:8
[INFO] [stdout]    |
[INFO] [stdout] 13 | print!(kvs.get(String::from("foo")));
[INFO] [stdout]    |        ^^^^^^^^^^^^^^^^^^^^^^^^^^^^
[INFO] [stdout]    |
[INFO] [stdout] help: you might be missing a string literal to format with
[INFO] [stdout]    |
[INFO] [stdout] 13 | print!("{}", kvs.get(String::from("foo")));
[INFO] [stdout]    |        +++++
[INFO] [stdout] 
[INFO] [stdout] error: aborting due to previous error
[INFO] [stdout] 
[INFO] [stdout] Couldn't compile the test.
[INFO] [stdout] ---- src/lib.rs - KvStore::remove (line 62) stdout ----
[INFO] [stdout] error[E0599]: no method named `rm` found for struct `KvStore` in the current scope
[INFO] [stdout]   --> src/lib.rs:72:5
[INFO] [stdout]    |
[INFO] [stdout] 13 | kvs.rm(String::from("foo"));
[INFO] [stdout]    |     ^^ method not found in `KvStore`
[INFO] [stdout] 
[INFO] [stdout] error: aborting due to previous error
[INFO] [stdout] 
[INFO] [stdout] For more information about this error, try `rustc --explain E0599`.
[INFO] [stdout] Couldn't compile the test.
[INFO] [stdout] 
[INFO] [stdout] failures:
[INFO] [stdout]     src/lib.rs - KvStore::get (line 36)
[INFO] [stdout]     src/lib.rs - KvStore::remove (line 62)
[INFO] [stdout] 
[INFO] [stdout] test result: FAILED. 1 passed; 2 failed; 0 ignored; 0 measured; 0 filtered out; finished in 0.26s
[INFO] [stdout] 
[INFO] [stderr] error: doctest failed, to rerun pass `--doc`
[INFO] running `Command { std: "docker" "inspect" "365215c05d07a9eb567623850d3e9999f9def867278dfe003fbf5c2e6bbd3b08", kill_on_drop: false }`
[INFO] running `Command { std: "docker" "rm" "-f" "365215c05d07a9eb567623850d3e9999f9def867278dfe003fbf5c2e6bbd3b08", kill_on_drop: false }`
[INFO] [stdout] 365215c05d07a9eb567623850d3e9999f9def867278dfe003fbf5c2e6bbd3b08
[INFO] testing claravanstaden/kvs against beta-2023-12-22 for beta-1.76-1
[INFO] running `Command { std: "git" "clone" "/workspace/cache/git-repos/https%3A%2F%2Fgithub.com%2Fclaravanstaden%2Fkvs" "/workspace/builds/worker-7-tc2/source", kill_on_drop: false }`
[INFO] [stderr] Cloning into '/workspace/builds/worker-7-tc2/source'...
[INFO] [stderr] done.
[INFO] validating manifest of git repo https://github.com/claravanstaden/kvs on toolchain beta-2023-12-22
[INFO] running `Command { std: CARGO_HOME="/workspace/cargo-home" RUSTUP_HOME="/workspace/rustup-home" "/workspace/cargo-home/bin/cargo" "+beta-2023-12-22" "metadata" "--manifest-path" "Cargo.toml" "--no-deps", kill_on_drop: false }`
[INFO] started tweaking git repo https://github.com/claravanstaden/kvs
[INFO] finished tweaking git repo https://github.com/claravanstaden/kvs
[INFO] tweaked toml for git repo https://github.com/claravanstaden/kvs written to /workspace/builds/worker-7-tc2/source/Cargo.toml
[INFO] crate git repo https://github.com/claravanstaden/kvs already has a lockfile, it will not be regenerated
[INFO] running `Command { std: CARGO_HOME="/workspace/cargo-home" RUSTUP_HOME="/workspace/rustup-home" "/workspace/cargo-home/bin/cargo" "+beta-2023-12-22" "fetch" "--manifest-path" "Cargo.toml", kill_on_drop: false }`
[INFO] running `Command { std: "docker" "create" "-v" "/var/lib/crater-agent-workspace/builds/worker-7-tc2/target:/opt/rustwide/target:rw,Z" "-v" "/var/lib/crater-agent-workspace/builds/worker-7-tc2/source:/opt/rustwide/workdir:ro,Z" "-v" "/var/lib/crater-agent-workspace/cargo-home:/opt/rustwide/cargo-home:ro,Z" "-v" "/var/lib/crater-agent-workspace/rustup-home:/opt/rustwide/rustup-home:ro,Z" "-e" "SOURCE_DIR=/opt/rustwide/workdir" "-e" "CARGO_TARGET_DIR=/opt/rustwide/target" "-e" "CARGO_HOME=/opt/rustwide/cargo-home" "-e" "RUSTUP_HOME=/opt/rustwide/rustup-home" "-w" "/opt/rustwide/workdir" "-m" "1610612736" "--user" "0:0" "--network" "none" "ghcr.io/rust-lang/crates-build-env/linux@sha256:2788e3201cd34a07e3172128adcd8b3090168a8e3bcc40d7c032b9dda1df7d1c" "/opt/rustwide/cargo-home/bin/cargo" "+beta-2023-12-22" "metadata" "--no-deps" "--format-version=1", kill_on_drop: false }`
[INFO] [stdout] 49b485ffc4d0d5296ef9c5739ae982acc7f15b56f96362e29dfabbc7a2ee3443
[INFO] running `Command { std: "docker" "start" "-a" "49b485ffc4d0d5296ef9c5739ae982acc7f15b56f96362e29dfabbc7a2ee3443", kill_on_drop: false }`
[INFO] running `Command { std: "docker" "inspect" "49b485ffc4d0d5296ef9c5739ae982acc7f15b56f96362e29dfabbc7a2ee3443", kill_on_drop: false }`
[INFO] running `Command { std: "docker" "rm" "-f" "49b485ffc4d0d5296ef9c5739ae982acc7f15b56f96362e29dfabbc7a2ee3443", kill_on_drop: false }`
[INFO] [stdout] 49b485ffc4d0d5296ef9c5739ae982acc7f15b56f96362e29dfabbc7a2ee3443
[INFO] running `Command { std: "docker" "create" "-v" "/var/lib/crater-agent-workspace/builds/worker-7-tc2/target:/opt/rustwide/target:rw,Z" "-v" "/var/lib/crater-agent-workspace/builds/worker-7-tc2/source:/opt/rustwide/workdir:ro,Z" "-v" "/var/lib/crater-agent-workspace/cargo-home:/opt/rustwide/cargo-home:ro,Z" "-v" "/var/lib/crater-agent-workspace/rustup-home:/opt/rustwide/rustup-home:ro,Z" "-e" "SOURCE_DIR=/opt/rustwide/workdir" "-e" "CARGO_TARGET_DIR=/opt/rustwide/target" "-e" "CARGO_INCREMENTAL=0" "-e" "RUST_BACKTRACE=full" "-e" "RUSTFLAGS=--cap-lints=warn" "-e" "RUSTDOCFLAGS=--cap-lints=warn" "-e" "CARGO_HOME=/opt/rustwide/cargo-home" "-e" "RUSTUP_HOME=/opt/rustwide/rustup-home" "-w" "/opt/rustwide/workdir" "-m" "1610612736" "--user" "0:0" "--network" "none" "ghcr.io/rust-lang/crates-build-env/linux@sha256:2788e3201cd34a07e3172128adcd8b3090168a8e3bcc40d7c032b9dda1df7d1c" "/opt/rustwide/cargo-home/bin/cargo" "+beta-2023-12-22" "build" "--frozen" "--message-format=json", kill_on_drop: false }`
[INFO] [stdout] b05200b4aedb4990be8a778caf59510fda6b7485e3e1f4f4fdc92d487d039976
[INFO] running `Command { std: "docker" "start" "-a" "b05200b4aedb4990be8a778caf59510fda6b7485e3e1f4f4fdc92d487d039976", kill_on_drop: false }`
[INFO] [stderr]    Compiling proc-macro2 v1.0.36
[INFO] [stderr]    Compiling version_check v0.9.4
[INFO] [stderr]    Compiling unicode-xid v0.2.2
[INFO] [stderr]    Compiling syn v1.0.86
[INFO] [stderr]    Compiling memchr v2.4.1
[INFO] [stderr]    Compiling libc v0.2.113
[INFO] [stderr]    Compiling autocfg v1.0.1
[INFO] [stderr]    Compiling hashbrown v0.11.2
[INFO] [stderr]    Compiling heck v0.4.0
[INFO] [stderr]    Compiling termcolor v1.1.2
[INFO] [stderr]    Compiling bitflags v1.3.2
[INFO] [stderr]    Compiling textwrap v0.14.2
[INFO] [stderr]    Compiling lazy_static v1.4.0
[INFO] [stderr]    Compiling strsim v0.10.0
[INFO] [stderr]    Compiling indexmap v1.8.0
[INFO] [stderr]    Compiling proc-macro-error-attr v1.0.4
[INFO] [stderr]    Compiling proc-macro-error v1.0.4
[INFO] [stderr]    Compiling os_str_bytes v6.0.0
[INFO] [stderr]    Compiling quote v1.0.14
[INFO] [stderr]    Compiling atty v0.2.14
[INFO] [stderr]    Compiling clap_derive v3.0.6
[INFO] [stderr]    Compiling clap v3.0.10
[INFO] [stderr]    Compiling kvs v0.1.0 (/opt/rustwide/workdir)
[INFO] [stdout] warning: unused import: `kvs::KvStore`
[INFO] [stdout]  --> src/bin/kvs.rs:2:5
[INFO] [stdout]   |
[INFO] [stdout] 2 | use kvs::KvStore;
[INFO] [stdout]   |     ^^^^^^^^^^^^
[INFO] [stdout]   |
[INFO] [stdout]   = note: `#[warn(unused_imports)]` on by default
[INFO] [stdout] 
[INFO] [stdout] 
[INFO] [stdout] warning: unused variable: `matches`
[INFO] [stdout]   --> src/bin/kvs.rs:27:17
[INFO] [stdout]    |
[INFO] [stdout] 27 |     if let Some(matches) = matches.subcommand_matches("set") {
[INFO] [stdout]    |                 ^^^^^^^ help: if this is intentional, prefix it with an underscore: `_matches`
[INFO] [stdout]    |
[INFO] [stdout]    = note: `#[warn(unused_variables)]` on by default
[INFO] [stdout] 
[INFO] [stdout] 
[INFO] [stdout] warning: unused variable: `matches`
[INFO] [stdout]   --> src/bin/kvs.rs:29:24
[INFO] [stdout]    |
[INFO] [stdout] 29 |     } else if let Some(matches) = matches.subcommand_matches("get") {
[INFO] [stdout]    |                        ^^^^^^^ help: if this is intentional, prefix it with an underscore: `_matches`
[INFO] [stdout] 
[INFO] [stdout] 
[INFO] [stdout] warning: unused variable: `matches`
[INFO] [stdout]   --> src/bin/kvs.rs:31:24
[INFO] [stdout]    |
[INFO] [stdout] 31 |     } else if let Some(matches) = matches.subcommand_matches("rm") {
[INFO] [stdout]    |                        ^^^^^^^ help: if this is intentional, prefix it with an underscore: `_matches`
[INFO] [stdout] 
[INFO] [stdout] 
[INFO] [stdout] warning: 4 warnings emitted
[INFO] [stdout] 
[INFO] [stdout] 
[INFO] [stderr]     Finished dev [unoptimized + debuginfo] target(s) in 6.85s
[INFO] running `Command { std: "docker" "inspect" "b05200b4aedb4990be8a778caf59510fda6b7485e3e1f4f4fdc92d487d039976", kill_on_drop: false }`
[INFO] running `Command { std: "docker" "rm" "-f" "b05200b4aedb4990be8a778caf59510fda6b7485e3e1f4f4fdc92d487d039976", kill_on_drop: false }`
[INFO] [stdout] b05200b4aedb4990be8a778caf59510fda6b7485e3e1f4f4fdc92d487d039976
[INFO] running `Command { std: "docker" "create" "-v" "/var/lib/crater-agent-workspace/builds/worker-7-tc2/target:/opt/rustwide/target:rw,Z" "-v" "/var/lib/crater-agent-workspace/builds/worker-7-tc2/source:/opt/rustwide/workdir:ro,Z" "-v" "/var/lib/crater-agent-workspace/cargo-home:/opt/rustwide/cargo-home:ro,Z" "-v" "/var/lib/crater-agent-workspace/rustup-home:/opt/rustwide/rustup-home:ro,Z" "-e" "SOURCE_DIR=/opt/rustwide/workdir" "-e" "CARGO_TARGET_DIR=/opt/rustwide/target" "-e" "CARGO_INCREMENTAL=0" "-e" "RUST_BACKTRACE=full" "-e" "RUSTFLAGS=--cap-lints=warn" "-e" "RUSTDOCFLAGS=--cap-lints=warn" "-e" "CARGO_HOME=/opt/rustwide/cargo-home" "-e" "RUSTUP_HOME=/opt/rustwide/rustup-home" "-w" "/opt/rustwide/workdir" "-m" "1610612736" "--user" "0:0" "--network" "none" "ghcr.io/rust-lang/crates-build-env/linux@sha256:2788e3201cd34a07e3172128adcd8b3090168a8e3bcc40d7c032b9dda1df7d1c" "/opt/rustwide/cargo-home/bin/cargo" "+beta-2023-12-22" "test" "--frozen" "--no-run" "--message-format=json", kill_on_drop: false }`
[INFO] [stdout] c1c30979c497a731314a96ab1a7a1d54abfaab54df1646c966d73b8d8480e8d2
[INFO] running `Command { std: "docker" "start" "-a" "c1c30979c497a731314a96ab1a7a1d54abfaab54df1646c966d73b8d8480e8d2", kill_on_drop: false }`
[INFO] [stderr]    Compiling serde_derive v1.0.134
[INFO] [stderr]    Compiling num-traits v0.2.14
[INFO] [stderr]    Compiling serde v1.0.134
[INFO] [stderr]    Compiling serde_json v1.0.75
[INFO] [stderr]    Compiling log v0.4.14
[INFO] [stderr]    Compiling escargot v0.4.0
[INFO] [stderr]    Compiling ryu v1.0.9
[INFO] [stderr]    Compiling predicates-core v1.0.3
[INFO] [stderr]    Compiling regex-syntax v0.6.25
[INFO] [stderr]    Compiling itoa v1.0.1
[INFO] [stderr]    Compiling aho-corasick v0.7.18
[INFO] [stderr]    Compiling cfg-if v1.0.0
[INFO] [stderr]    Compiling difference v2.0.0
[INFO] [stderr]    Compiling normalize-line-endings v0.3.0
[INFO] [stderr]    Compiling termtree v0.2.4
[INFO] [stdout] warning: unused import: `kvs::KvStore`
[INFO] [stdout]  --> src/bin/kvs.rs:2:5
[INFO] [stdout]   |
[INFO] [stdout] 2 | use kvs::KvStore;
[INFO] [stdout]   |     ^^^^^^^^^^^^
[INFO] [stdout]   |
[INFO] [stdout]   = note: `#[warn(unused_imports)]` on by default
[INFO] [stdout] 
[INFO] [stdout] 
[INFO] [stdout] warning: unused variable: `matches`
[INFO] [stdout]   --> src/bin/kvs.rs:27:17
[INFO] [stdout]    |
[INFO] [stdout] 27 |     if let Some(matches) = matches.subcommand_matches("set") {
[INFO] [stdout]    |                 ^^^^^^^ help: if this is intentional, prefix it with an underscore: `_matches`
[INFO] [stdout]    |
[INFO] [stdout]    = note: `#[warn(unused_variables)]` on by default
[INFO] [stdout] 
[INFO] [stdout] 
[INFO] [stdout] warning: unused variable: `matches`
[INFO] [stdout]   --> src/bin/kvs.rs:29:24
[INFO] [stdout]    |
[INFO] [stdout] 29 |     } else if let Some(matches) = matches.subcommand_matches("get") {
[INFO] [stdout]    |                        ^^^^^^^ help: if this is intentional, prefix it with an underscore: `_matches`
[INFO] [stdout] 
[INFO] [stdout] 
[INFO] [stdout] warning: unused variable: `matches`
[INFO] [stdout]   --> src/bin/kvs.rs:31:24
[INFO] [stdout]    |
[INFO] [stdout] 31 |     } else if let Some(matches) = matches.subcommand_matches("rm") {
[INFO] [stdout]    |                        ^^^^^^^ help: if this is intentional, prefix it with an underscore: `_matches`
[INFO] [stdout] 
[INFO] [stdout] 
[INFO] [stdout] warning: 4 warnings emitted
[INFO] [stdout] 
[INFO] [stdout] 
[INFO] [stderr]    Compiling predicates-tree v1.0.5
[INFO] [stderr]    Compiling float-cmp v0.8.0
[INFO] [stderr]    Compiling regex v1.5.4
[INFO] [stderr]    Compiling predicates v1.0.8
[INFO] [stderr]    Compiling assert_cmd v0.11.1
[INFO] [stderr]    Compiling kvs v0.1.0 (/opt/rustwide/workdir)
[INFO] [stdout] warning: unused import: `kvs::KvStore`
[INFO] [stdout]  --> src/bin/kvs.rs:2:5
[INFO] [stdout]   |
[INFO] [stdout] 2 | use kvs::KvStore;
[INFO] [stdout]   |     ^^^^^^^^^^^^
[INFO] [stdout]   |
[INFO] [stdout]   = note: `#[warn(unused_imports)]` on by default
[INFO] [stdout] 
[INFO] [stdout] 
[INFO] [stdout] warning: unused variable: `matches`
[INFO] [stdout]   --> src/bin/kvs.rs:27:17
[INFO] [stdout]    |
[INFO] [stdout] 27 |     if let Some(matches) = matches.subcommand_matches("set") {
[INFO] [stdout]    |                 ^^^^^^^ help: if this is intentional, prefix it with an underscore: `_matches`
[INFO] [stdout]    |
[INFO] [stdout]    = note: `#[warn(unused_variables)]` on by default
[INFO] [stdout] 
[INFO] [stdout] 
[INFO] [stdout] warning: unused variable: `matches`
[INFO] [stdout]   --> src/bin/kvs.rs:29:24
[INFO] [stdout]    |
[INFO] [stdout] 29 |     } else if let Some(matches) = matches.subcommand_matches("get") {
[INFO] [stdout]    |                        ^^^^^^^ help: if this is intentional, prefix it with an underscore: `_matches`
[INFO] [stdout] 
[INFO] [stdout] 
[INFO] [stdout] warning: unused variable: `matches`
[INFO] [stdout]   --> src/bin/kvs.rs:31:24
[INFO] [stdout]    |
[INFO] [stdout] 31 |     } else if let Some(matches) = matches.subcommand_matches("rm") {
[INFO] [stdout]    |                        ^^^^^^^ help: if this is intentional, prefix it with an underscore: `_matches`
[INFO] [stdout] 
[INFO] [stdout] 
[INFO] [stdout] warning: 4 warnings emitted
[INFO] [stdout] 
[INFO] [stdout] 
[INFO] [stderr]     Finished test [unoptimized + debuginfo] target(s) in 5.72s
[INFO] running `Command { std: "docker" "inspect" "c1c30979c497a731314a96ab1a7a1d54abfaab54df1646c966d73b8d8480e8d2", kill_on_drop: false }`
[INFO] running `Command { std: "docker" "rm" "-f" "c1c30979c497a731314a96ab1a7a1d54abfaab54df1646c966d73b8d8480e8d2", kill_on_drop: false }`
[INFO] [stdout] c1c30979c497a731314a96ab1a7a1d54abfaab54df1646c966d73b8d8480e8d2
[INFO] running `Command { std: "docker" "create" "-v" "/var/lib/crater-agent-workspace/builds/worker-7-tc2/target:/opt/rustwide/target:rw,Z" "-v" "/var/lib/crater-agent-workspace/builds/worker-7-tc2/source:/opt/rustwide/workdir:ro,Z" "-v" "/var/lib/crater-agent-workspace/cargo-home:/opt/rustwide/cargo-home:ro,Z" "-v" "/var/lib/crater-agent-workspace/rustup-home:/opt/rustwide/rustup-home:ro,Z" "-e" "SOURCE_DIR=/opt/rustwide/workdir" "-e" "CARGO_TARGET_DIR=/opt/rustwide/target" "-e" "CARGO_INCREMENTAL=0" "-e" "RUST_BACKTRACE=full" "-e" "RUSTFLAGS=--cap-lints=warn" "-e" "RUSTDOCFLAGS=--cap-lints=warn" "-e" "CARGO_HOME=/opt/rustwide/cargo-home" "-e" "RUSTUP_HOME=/opt/rustwide/rustup-home" "-w" "/opt/rustwide/workdir" "-m" "1610612736" "--user" "0:0" "--network" "none" "ghcr.io/rust-lang/crates-build-env/linux@sha256:2788e3201cd34a07e3172128adcd8b3090168a8e3bcc40d7c032b9dda1df7d1c" "/opt/rustwide/cargo-home/bin/cargo" "+beta-2023-12-22" "test" "--frozen", kill_on_drop: false }`
[INFO] [stdout] 3427ab80613ac7fea8e777ab2ccc1f93e85702bb1f0e36ea7d7818ef0e5f26e9
[INFO] running `Command { std: "docker" "start" "-a" "3427ab80613ac7fea8e777ab2ccc1f93e85702bb1f0e36ea7d7818ef0e5f26e9", kill_on_drop: false }`
[INFO] [stderr] warning: unused import: `kvs::KvStore`
[INFO] [stderr]  --> src/bin/kvs.rs:2:5
[INFO] [stderr]   |
[INFO] [stderr] 2 | use kvs::KvStore;
[INFO] [stderr]   |     ^^^^^^^^^^^^
[INFO] [stderr]   |
[INFO] [stderr]   = note: `#[warn(unused_imports)]` on by default
[INFO] [stderr] 
[INFO] [stderr] warning: unused variable: `matches`
[INFO] [stderr]   --> src/bin/kvs.rs:27:17
[INFO] [stderr]    |
[INFO] [stderr] 27 |     if let Some(matches) = matches.subcommand_matches("set") {
[INFO] [stderr]    |                 ^^^^^^^ help: if this is intentional, prefix it with an underscore: `_matches`
[INFO] [stderr]    |
[INFO] [stderr]    = note: `#[warn(unused_variables)]` on by default
[INFO] [stderr] 
[INFO] [stderr] warning: unused variable: `matches`
[INFO] [stderr]   --> src/bin/kvs.rs:29:24
[INFO] [stderr]    |
[INFO] [stderr] 29 |     } else if let Some(matches) = matches.subcommand_matches("get") {
[INFO] [stderr]    |                        ^^^^^^^ help: if this is intentional, prefix it with an underscore: `_matches`
[INFO] [stderr] 
[INFO] [stderr] warning: unused variable: `matches`
[INFO] [stderr]   --> src/bin/kvs.rs:31:24
[INFO] [stderr]    |
[INFO] [stderr] 31 |     } else if let Some(matches) = matches.subcommand_matches("rm") {
[INFO] [stderr]    |                        ^^^^^^^ help: if this is intentional, prefix it with an underscore: `_matches`
[INFO] [stderr] 
[INFO] [stderr] warning: `kvs` (bin "kvs") generated 4 warnings (run `cargo fix --bin "kvs"` to apply 4 suggestions)
[INFO] [stderr] warning: `kvs` (bin "kvs" test) generated 4 warnings (4 duplicates)
[INFO] [stderr]     Finished test [unoptimized + debuginfo] target(s) in 0.03s
[INFO] [stderr]      Running unittests src/lib.rs (/opt/rustwide/target/debug/deps/kvs-4e680b7f16387c4c)
[INFO] [stdout] 
[INFO] [stdout] running 0 tests
[INFO] [stdout] 
[INFO] [stdout] test result: ok. 0 passed; 0 failed; 0 ignored; 0 measured; 0 filtered out; finished in 0.00s
[INFO] [stdout] 
[INFO] [stderr]      Running unittests src/bin/kvs.rs (/opt/rustwide/target/debug/deps/kvs-106affd0e7e609b4)
[INFO] [stdout] 
[INFO] [stdout] running 0 tests
[INFO] [stdout] 
[INFO] [stdout] test result: ok. 0 passed; 0 failed; 0 ignored; 0 measured; 0 filtered out; finished in 0.00s
[INFO] [stdout] 
[INFO] [stderr]      Running tests/tests.rs (/opt/rustwide/target/debug/deps/tests-d27626fe719112fa)
[INFO] [stdout] 
[INFO] [stdout] running 13 tests
[INFO] [stdout] test overwrite_value ... ok
[INFO] [stdout] test get_stored_value ... ok
[INFO] [stdout] test get_non_existent_value ... ok
[INFO] [stdout] test remove_key ... ok
[INFO] [stdout] test cli_invalid_subcommand ... ok
[INFO] [stdout] test cli_version ... ok
[INFO] [stdout] test cli_set ... ok
[INFO] [stdout] test cli_no_args ... ok
[INFO] [stdout] test cli_invalid_rm ... ok
[INFO] [stdout] test cli_invalid_get ... ok
[INFO] [stdout] test cli_get ... ok
[INFO] [stdout] test cli_rm ... ok
[INFO] [stdout] test cli_invalid_set ... ok
[INFO] [stdout] 
[INFO] [stdout] test result: ok. 13 passed; 0 failed; 0 ignored; 0 measured; 0 filtered out; finished in 0.03s
[INFO] [stdout] 
[INFO] [stderr]    Doc-tests kvs
[INFO] [stdout] 
[INFO] [stdout] running 3 tests
[INFO] [stdout] test src/lib.rs - KvStore::get (line 36) ... FAILED
[INFO] [stdout] test src/lib.rs - KvStore::remove (line 62) ... FAILED
[INFO] [stdout] test src/lib.rs - KvStore::set (line 21) ... ok
[INFO] [stdout] 
[INFO] [stdout] failures:
[INFO] [stdout] 
[INFO] [stdout] ---- src/lib.rs - KvStore::get (line 36) stdout ----
[INFO] [stdout] error: format argument must be a string literal
[INFO] [stdout]   --> src/lib.rs:46:8
[INFO] [stdout]    |
[INFO] [stdout] 13 | print!(kvs.get(String::from("foo")));
[INFO] [stdout]    |        ^^^^^^^^^^^^^^^^^^^^^^^^^^^^
[INFO] [stdout]    |
[INFO] [stdout] help: you might be missing a string literal to format with
[INFO] [stdout]    |
[INFO] [stdout] 13 | print!("{}", kvs.get(String::from("foo")));
[INFO] [stdout]    |        +++++
[INFO] [stdout] 
[INFO] [stdout] error: aborting due to 1 previous error
[INFO] [stdout] 
[INFO] [stdout] Couldn't compile the test.
[INFO] [stdout] ---- src/lib.rs - KvStore::remove (line 62) stdout ----
[INFO] [stdout] error[E0599]: no method named `rm` found for struct `KvStore` in the current scope
[INFO] [stdout]   --> src/lib.rs:72:5
[INFO] [stdout]    |
[INFO] [stdout] 13 | kvs.rm(String::from("foo"));
[INFO] [stdout]    |     ^^ method not found in `KvStore`
[INFO] [stdout] 
[INFO] [stdout] error: aborting due to 1 previous error
[INFO] [stdout] 
[INFO] [stdout] For more information about this error, try `rustc --explain E0599`.
[INFO] [stdout] Couldn't compile the test.
[INFO] [stdout] 
[INFO] [stdout] failures:
[INFO] [stdout]     src/lib.rs - KvStore::get (line 36)
[INFO] [stdout]     src/lib.rs - KvStore::remove (line 62)
[INFO] [stdout] 
[INFO] [stdout] test result: FAILED. 1 passed; 2 failed; 0 ignored; 0 measured; 0 filtered out; finished in 0.15s
[INFO] [stdout] 
[INFO] [stderr] error: doctest failed, to rerun pass `--doc`
[INFO] running `Command { std: "docker" "inspect" "3427ab80613ac7fea8e777ab2ccc1f93e85702bb1f0e36ea7d7818ef0e5f26e9", kill_on_drop: false }`
[INFO] running `Command { std: "docker" "rm" "-f" "3427ab80613ac7fea8e777ab2ccc1f93e85702bb1f0e36ea7d7818ef0e5f26e9", kill_on_drop: false }`
[INFO] [stdout] 3427ab80613ac7fea8e777ab2ccc1f93e85702bb1f0e36ea7d7818ef0e5f26e9
