[INFO] cloning repository https://github.com/cjab/bevy_eq_assets
[INFO] running `Command { std: "git" "-c" "credential.helper=" "-c" "credential.helper=/workspace/cargo-home/bin/git-credential-null" "clone" "--bare" "https://github.com/cjab/bevy_eq_assets" "/workspace/cache/git-repos/https%3A%2F%2Fgithub.com%2Fcjab%2Fbevy_eq_assets", kill_on_drop: false }`
[INFO] [stderr] Cloning into bare repository '/workspace/cache/git-repos/https%3A%2F%2Fgithub.com%2Fcjab%2Fbevy_eq_assets'...
[INFO] running `Command { std: "git" "rev-parse" "HEAD", kill_on_drop: false }`
[INFO] [stdout] b8849702f5313807d0ea8ec276a69cfa7a81c606
[INFO] testing cjab/bevy_eq_assets against 1.75.0 for beta-1.76-1
[INFO] running `Command { std: "git" "clone" "/workspace/cache/git-repos/https%3A%2F%2Fgithub.com%2Fcjab%2Fbevy_eq_assets" "/workspace/builds/worker-0-tc1/source", kill_on_drop: false }`
[INFO] [stderr] Cloning into '/workspace/builds/worker-0-tc1/source'...
[INFO] [stderr] done.
[INFO] validating manifest of git repo https://github.com/cjab/bevy_eq_assets on toolchain 1.75.0
[INFO] running `Command { std: CARGO_HOME="/workspace/cargo-home" RUSTUP_HOME="/workspace/rustup-home" "/workspace/cargo-home/bin/cargo" "+1.75.0" "metadata" "--manifest-path" "Cargo.toml" "--no-deps", kill_on_drop: false }`
[INFO] started tweaking git repo https://github.com/cjab/bevy_eq_assets
[INFO] finished tweaking git repo https://github.com/cjab/bevy_eq_assets
[INFO] tweaked toml for git repo https://github.com/cjab/bevy_eq_assets written to /workspace/builds/worker-0-tc1/source/Cargo.toml
[INFO] crate git repo https://github.com/cjab/bevy_eq_assets already has a lockfile, it will not be regenerated
[INFO] running `Command { std: CARGO_HOME="/workspace/cargo-home" RUSTUP_HOME="/workspace/rustup-home" "/workspace/cargo-home/bin/cargo" "+1.75.0" "fetch" "--manifest-path" "Cargo.toml", kill_on_drop: false }`
[INFO] [stderr]     Updating git repository `https://github.com/cjab/eq_archive`
[INFO] [stderr]     Updating crates.io index
[INFO] [stderr]     Updating git repository `https://github.com/mcpar-land/bevy_fly_camera`
[INFO] [stderr]  Downloading crates ...
[INFO] [stderr]   Downloaded eq_wld v0.2.1
[INFO] running `Command { std: "docker" "create" "-v" "/var/lib/crater-agent-workspace/builds/worker-0-tc1/target:/opt/rustwide/target:rw,Z" "-v" "/var/lib/crater-agent-workspace/builds/worker-0-tc1/source:/opt/rustwide/workdir:ro,Z" "-v" "/var/lib/crater-agent-workspace/cargo-home:/opt/rustwide/cargo-home:ro,Z" "-v" "/var/lib/crater-agent-workspace/rustup-home:/opt/rustwide/rustup-home:ro,Z" "-e" "SOURCE_DIR=/opt/rustwide/workdir" "-e" "CARGO_TARGET_DIR=/opt/rustwide/target" "-e" "CARGO_HOME=/opt/rustwide/cargo-home" "-e" "RUSTUP_HOME=/opt/rustwide/rustup-home" "-w" "/opt/rustwide/workdir" "-m" "1610612736" "--user" "0:0" "--network" "none" "ghcr.io/rust-lang/crates-build-env/linux@sha256:2788e3201cd34a07e3172128adcd8b3090168a8e3bcc40d7c032b9dda1df7d1c" "/opt/rustwide/cargo-home/bin/cargo" "+1.75.0" "metadata" "--no-deps" "--format-version=1", kill_on_drop: false }`
[INFO] [stdout] 1531c1d6914fdf2ccb2e461db427643948a0130f4cfa3710c34089e3feaab22a
[INFO] running `Command { std: "docker" "start" "-a" "1531c1d6914fdf2ccb2e461db427643948a0130f4cfa3710c34089e3feaab22a", kill_on_drop: false }`
[INFO] running `Command { std: "docker" "inspect" "1531c1d6914fdf2ccb2e461db427643948a0130f4cfa3710c34089e3feaab22a", kill_on_drop: false }`
[INFO] running `Command { std: "docker" "rm" "-f" "1531c1d6914fdf2ccb2e461db427643948a0130f4cfa3710c34089e3feaab22a", kill_on_drop: false }`
[INFO] [stdout] 1531c1d6914fdf2ccb2e461db427643948a0130f4cfa3710c34089e3feaab22a
[INFO] running `Command { std: "docker" "create" "-v" "/var/lib/crater-agent-workspace/builds/worker-0-tc1/target:/opt/rustwide/target:rw,Z" "-v" "/var/lib/crater-agent-workspace/builds/worker-0-tc1/source:/opt/rustwide/workdir:ro,Z" "-v" "/var/lib/crater-agent-workspace/cargo-home:/opt/rustwide/cargo-home:ro,Z" "-v" "/var/lib/crater-agent-workspace/rustup-home:/opt/rustwide/rustup-home:ro,Z" "-e" "SOURCE_DIR=/opt/rustwide/workdir" "-e" "CARGO_TARGET_DIR=/opt/rustwide/target" "-e" "CARGO_INCREMENTAL=0" "-e" "RUST_BACKTRACE=full" "-e" "RUSTFLAGS=--cap-lints=warn" "-e" "RUSTDOCFLAGS=--cap-lints=warn" "-e" "CARGO_HOME=/opt/rustwide/cargo-home" "-e" "RUSTUP_HOME=/opt/rustwide/rustup-home" "-w" "/opt/rustwide/workdir" "-m" "1610612736" "--user" "0:0" "--network" "none" "ghcr.io/rust-lang/crates-build-env/linux@sha256:2788e3201cd34a07e3172128adcd8b3090168a8e3bcc40d7c032b9dda1df7d1c" "/opt/rustwide/cargo-home/bin/cargo" "+1.75.0" "build" "--frozen" "--message-format=json", kill_on_drop: false }`
[INFO] [stdout] e71c7dd357b7aa870be60f50fef098252fa8634820aeaf5cd3acf6e072e8aa06
[INFO] running `Command { std: "docker" "start" "-a" "e71c7dd357b7aa870be60f50fef098252fa8634820aeaf5cd3acf6e072e8aa06", kill_on_drop: false }`
[INFO] [stderr]    Compiling proc-macro2 v1.0.51
[INFO] [stderr]    Compiling quote v1.0.23
[INFO] [stderr]    Compiling unicode-ident v1.0.6
[INFO] [stderr]    Compiling syn v1.0.109
[INFO] [stderr]    Compiling libc v0.2.139
[INFO] [stderr]    Compiling serde_derive v1.0.152
[INFO] [stderr]    Compiling serde v1.0.152
[INFO] [stderr]    Compiling once_cell v1.17.1
[INFO] [stderr]    Compiling crossbeam-utils v0.8.15
[INFO] [stderr]    Compiling ahash v0.7.6
[INFO] [stderr]    Compiling memchr v2.5.0
[INFO] [stderr]    Compiling thiserror v1.0.38
[INFO] [stderr]    Compiling byteorder v1.4.3
[INFO] [stderr]    Compiling lock_api v0.4.9
[INFO] [stderr]    Compiling parking_lot_core v0.9.7
[INFO] [stderr]    Compiling futures-core v0.3.26
[INFO] [stderr]    Compiling getrandom v0.2.8
[INFO] [stderr]    Compiling tracing-core v0.1.30
[INFO] [stderr]    Compiling fixedbitset v0.4.2
[INFO] [stderr]    Compiling slab v0.4.8
[INFO] [stderr]    Compiling event-listener v2.5.3
[INFO] [stderr]    Compiling fxhash v0.2.1
[INFO] [stderr]    Compiling concurrent-queue v2.1.0
[INFO] [stderr]    Compiling tracing v0.1.37
[INFO] [stderr]    Compiling bit-vec v0.6.3
[INFO] [stderr]    Compiling erased-serde v0.3.24
[INFO] [stderr]    Compiling parking v2.0.0
[INFO] [stderr]    Compiling fastrand v1.9.0
[INFO] [stderr]    Compiling futures-io v0.3.26
[INFO] [stderr]    Compiling waker-fn v1.1.0
[INFO] [stderr]    Compiling futures-lite v1.12.0
[INFO] [stderr]    Compiling bit-set v0.5.3
[INFO] [stderr]    Compiling uuid v1.3.0
[INFO] [stderr]    Compiling async-lock v2.7.0
[INFO] [stderr]    Compiling instant v0.1.12
[INFO] [stderr]    Compiling num-traits v0.2.15
[INFO] [stderr]    Compiling async-task v4.3.0
[INFO] [stderr]    Compiling cache-padded v1.2.0
[INFO] [stderr]    Compiling concurrent-queue v1.2.4
[INFO] [stderr]    Compiling async-channel v1.8.0
[INFO] [stderr]    Compiling thread_local v1.1.7
[INFO] [stderr]    Compiling regex-syntax v0.6.28
[INFO] [stderr]    Compiling bevy_ptr v0.9.1
[INFO] [stderr]    Compiling downcast-rs v1.2.0
[INFO] [stderr]    Compiling aho-corasick v0.7.20
[INFO] [stderr]    Compiling crossbeam-channel v0.5.7
[INFO] [stderr]    Compiling termcolor v1.2.0
[INFO] [stderr]    Compiling async-executor v1.5.0
[INFO] [stderr]    Compiling bevy_tasks v0.9.1
[INFO] [stderr]    Compiling num-integer v0.1.45
[INFO] [stderr]    Compiling indexmap v1.9.2
[INFO] [stderr]    Compiling overload v0.1.1
[INFO] [stderr]    Compiling nu-ansi-term v0.46.0
[INFO] [stderr]    Compiling sharded-slab v0.1.4
[INFO] [stderr]    Compiling tracing-log v0.1.3
[INFO] [stderr]    Compiling libloading v0.7.4
[INFO] [stderr]    Compiling memoffset v0.8.0
[INFO] [stderr]    Compiling cty v0.2.2
[INFO] [stderr]    Compiling unicode-xid v0.2.4
[INFO] [stderr]    Compiling toml v0.5.11
[INFO] [stderr]    Compiling static_assertions v1.1.0
[INFO] [stderr]    Compiling unicode-width v0.1.10
[INFO] [stderr]    Compiling khronos-egl v4.1.0
[INFO] [stderr]    Compiling ash v0.37.2+1.3.238
[INFO] [stderr]    Compiling codespan-reporting v0.11.1
[INFO] [stderr]    Compiling pp-rs v0.2.1
[INFO] [stderr]    Compiling raw-window-handle v0.5.0
[INFO] [stderr]    Compiling spirv v0.2.0+1.5.4
[INFO] [stderr]    Compiling gpu-descriptor-types v0.1.1
[INFO] [stderr]    Compiling gpu-alloc-types v0.2.0
[INFO] [stderr]    Compiling crossbeam-epoch v0.9.14
[INFO] [stderr]    Compiling regex v1.7.1
[INFO] [stderr]    Compiling regex-automata v0.1.10
[INFO] [stderr]    Compiling bevy_macro_utils v0.9.1
[INFO] [stderr]    Compiling hexf-parse v0.2.1
[INFO] [stderr]    Compiling cfg_aliases v0.1.1
[INFO] [stderr]    Compiling matchers v0.1.0
[INFO] [stderr]    Compiling rustc-hash v1.1.0
[INFO] [stderr]    Compiling wgpu-core v0.14.2
[INFO] [stderr]    Compiling gpu-alloc v0.5.3
[INFO] [stderr]    Compiling encase_derive_impl v0.4.1
[INFO] [stderr]    Compiling bytemuck_derive v1.4.0
[INFO] [stderr]    Compiling thiserror-impl v1.0.38
[INFO] [stderr]    Compiling bevy_reflect_derive v0.9.1
[INFO] [stderr]    Compiling bevy_ecs_macros v0.9.1
[INFO] [stderr]    Compiling bevy_derive v0.9.1
[INFO] [stderr]    Compiling wgpu-types v0.14.1
[INFO] [stderr]    Compiling bytemuck v1.13.1
[INFO] [stderr]    Compiling num-rational v0.4.1
[INFO] [stderr]    Compiling profiling v1.0.7
[INFO] [stderr]    Compiling anyhow v1.0.69
[INFO] [stderr]    Compiling color_quant v1.1.0
[INFO] [stderr]    Compiling glow v0.11.2
[INFO] [stderr]    Compiling arrayvec v0.7.2
[INFO] [stderr]    Compiling renderdoc-sys v0.7.1
[INFO] [stderr]    Compiling rayon-core v1.10.2
[INFO] [stderr]    Compiling encase_derive v0.4.1
[INFO] [stderr]    Compiling crossbeam-deque v0.8.3
[INFO] [stderr]    Compiling num_cpus v1.15.0
[INFO] [stderr]    Compiling lexical-core v0.7.6
[INFO] [stderr]    Compiling const_panic v0.2.7
[INFO] [stderr]    Compiling image v0.24.5
[INFO] [stderr]    Compiling bevy_encase_derive v0.9.1
[INFO] [stderr]    Compiling bevy_render_macros v0.9.1
[INFO] [stderr]    Compiling nom v5.1.2
[INFO] [stderr]    Compiling miniz_oxide v0.4.4
[INFO] [stderr]    Compiling ryu v1.0.12
[INFO] [stderr]    Compiling either v1.8.1
[INFO] [stderr]    Compiling quick-error v1.2.3
[INFO] [stderr]    Compiling arrayvec v0.5.2
[INFO] [stderr]    Compiling adler32 v1.2.0
[INFO] [stderr]    Compiling humantime v1.3.0
[INFO] [stderr]    Compiling rayon v1.6.1
[INFO] [stderr]    Compiling atty v0.2.14
[INFO] [stderr]    Compiling num-iter v0.1.43
[INFO] [stderr]    Compiling num-rational v0.3.2
[INFO] [stderr]    Compiling weezl v0.1.7
[INFO] [stderr]    Compiling env_logger v0.7.1
[INFO] [stderr]    Compiling deflate v0.8.6
[INFO] [stderr]    Compiling miniz_oxide v0.3.7
[INFO] [stderr]    Compiling miniz_oxide v0.6.2
[INFO] [stderr]    Compiling base64 v0.13.1
[INFO] [stderr]    Compiling jpeg-decoder v0.1.22
[INFO] [stderr]    Compiling radsort v0.1.0
[INFO] [stderr]    Compiling flate2 v1.0.25
[INFO] [stderr]    Compiling png v0.16.8
[INFO] [stderr]    Compiling gif v0.11.4
[INFO] [stderr]    Compiling hashbrown v0.12.3
[INFO] [stderr]    Compiling smallvec v1.10.0
[INFO] [stderr]    Compiling glam v0.22.0
[INFO] [stderr]    Compiling parking_lot v0.12.1
[INFO] [stderr]    Compiling tracing-subscriber v0.3.16
[INFO] [stderr]    Compiling bevy_utils v0.9.1
[INFO] [stderr]    Compiling gpu-descriptor v0.2.3
[INFO] [stderr]    Compiling tiff v0.6.1
[INFO] [stderr]    Compiling ron v0.8.0
[INFO] [stderr]    Compiling petgraph v0.6.3
[INFO] [stderr]    Compiling scoped_threadpool v0.1.9
[INFO] [stderr]    Compiling image v0.23.14
[INFO] [stderr]    Compiling eq_wld v0.2.1
[INFO] [stderr]    Compiling eq_archive v0.1.0 (https://github.com/cjab/eq_archive#2ecfc87a)
[INFO] [stderr]    Compiling bevy_math v0.9.1
[INFO] [stderr]    Compiling encase v0.4.1
[INFO] [stderr]    Compiling bevy_reflect v0.9.1
[INFO] [stderr]    Compiling naga v0.10.0
[INFO] [stderr]    Compiling bevy_mikktspace v0.9.1
[INFO] [stderr]    Compiling hexasphere v8.0.0
[INFO] [stderr]    Compiling bevy_ecs v0.9.1
[INFO] [stderr]    Compiling wgpu-hal v0.14.1
[INFO] [stderr]    Compiling bevy_app v0.9.1
[INFO] [stderr]    Compiling bevy_log v0.9.1
[INFO] [stderr]    Compiling bevy_core v0.9.1
[INFO] [stderr]    Compiling bevy_time v0.9.1
[INFO] [stderr]    Compiling bevy_input v0.9.1
[INFO] [stderr]    Compiling bevy_hierarchy v0.9.1
[INFO] [stderr]    Compiling bevy_diagnostic v0.9.1
[INFO] [stderr]    Compiling bevy_asset v0.9.1
[INFO] [stderr]    Compiling bevy_transform v0.9.1
[INFO] [stderr]    Compiling bevy_window v0.9.1
[INFO] [stderr]    Compiling wgpu v0.14.2
[INFO] [stderr]    Compiling bevy_render v0.9.1
[INFO] [stderr]    Compiling bevy_core_pipeline v0.9.1
[INFO] [stderr]    Compiling bevy_scene v0.9.1
[INFO] [stderr]    Compiling bevy_pbr v0.9.1
[INFO] [stderr]    Compiling bevy_eq_assets v0.1.0 (/opt/rustwide/workdir)
[INFO] [stderr]     Finished dev [unoptimized + debuginfo] target(s) in 2m 01s
[INFO] [stderr] warning: the following packages contain code that will be rejected by a future version of Rust: nom v5.1.2
[INFO] [stderr] note: to see what the problems were, use the option `--future-incompat-report`, or run `cargo report future-incompatibilities --id 1`
[INFO] running `Command { std: "docker" "inspect" "e71c7dd357b7aa870be60f50fef098252fa8634820aeaf5cd3acf6e072e8aa06", kill_on_drop: false }`
[INFO] running `Command { std: "docker" "rm" "-f" "e71c7dd357b7aa870be60f50fef098252fa8634820aeaf5cd3acf6e072e8aa06", kill_on_drop: false }`
[INFO] [stdout] e71c7dd357b7aa870be60f50fef098252fa8634820aeaf5cd3acf6e072e8aa06
[INFO] running `Command { std: "docker" "create" "-v" "/var/lib/crater-agent-workspace/builds/worker-0-tc1/target:/opt/rustwide/target:rw,Z" "-v" "/var/lib/crater-agent-workspace/builds/worker-0-tc1/source:/opt/rustwide/workdir:ro,Z" "-v" "/var/lib/crater-agent-workspace/cargo-home:/opt/rustwide/cargo-home:ro,Z" "-v" "/var/lib/crater-agent-workspace/rustup-home:/opt/rustwide/rustup-home:ro,Z" "-e" "SOURCE_DIR=/opt/rustwide/workdir" "-e" "CARGO_TARGET_DIR=/opt/rustwide/target" "-e" "CARGO_INCREMENTAL=0" "-e" "RUST_BACKTRACE=full" "-e" "RUSTFLAGS=--cap-lints=warn" "-e" "RUSTDOCFLAGS=--cap-lints=warn" "-e" "CARGO_HOME=/opt/rustwide/cargo-home" "-e" "RUSTUP_HOME=/opt/rustwide/rustup-home" "-w" "/opt/rustwide/workdir" "-m" "1610612736" "--user" "0:0" "--network" "none" "ghcr.io/rust-lang/crates-build-env/linux@sha256:2788e3201cd34a07e3172128adcd8b3090168a8e3bcc40d7c032b9dda1df7d1c" "/opt/rustwide/cargo-home/bin/cargo" "+1.75.0" "test" "--frozen" "--no-run" "--message-format=json", kill_on_drop: false }`
[INFO] [stdout] 15969e70ae7bec7e888aec70d455a74cac17d219820b509ddf788286b7af58c1
[INFO] running `Command { std: "docker" "start" "-a" "15969e70ae7bec7e888aec70d455a74cac17d219820b509ddf788286b7af58c1", kill_on_drop: false }`
[INFO] [stderr]    Compiling libc v0.2.139
[INFO] [stderr]    Compiling pkg-config v0.3.26
[INFO] [stderr]    Compiling same-file v1.0.6
[INFO] [stderr]    Compiling miniz_oxide v0.6.2
[INFO] [stderr]    Compiling memoffset v0.6.5
[INFO] [stderr]    Compiling ttf-parser v0.18.1
[INFO] [stderr]    Compiling serde_json v1.0.93
[INFO] [stderr]    Compiling euclid v0.22.7
[INFO] [stderr]    Compiling walkdir v2.3.2
[INFO] [stderr]    Compiling approx v0.5.1
[INFO] [stderr]    Compiling inflections v1.1.1
[INFO] [stderr]    Compiling ab_glyph_rasterizer v0.1.8
[INFO] [stderr]    Compiling flate2 v1.0.25
[INFO] [stderr]    Compiling alsa-sys v0.3.1
[INFO] [stderr]    Compiling libudev-sys v0.1.4
[INFO] [stderr]    Compiling x11-dl v2.21.0
[INFO] [stderr]    Compiling cpal v0.14.2
[INFO] [stderr]    Compiling typenum v1.16.0
[INFO] [stderr]    Compiling png v0.17.7
[INFO] [stderr]    Compiling tinyvec_macros v0.1.1
[INFO] [stderr]    Compiling svg_fmt v0.4.1
[INFO] [stderr]    Compiling itoa v1.0.6
[INFO] [stderr]    Compiling guillotiere v0.6.2
[INFO] [stderr]    Compiling tinyvec v1.6.0
[INFO] [stderr]    Compiling gltf-derive v1.1.0
[INFO] [stderr]    Compiling ogg v0.8.0
[INFO] [stderr]    Compiling xi-unicode v0.3.0
[INFO] [stderr]    Compiling image v0.24.5
[INFO] [stderr]    Compiling gilrs v0.10.1
[INFO] [stderr]    Compiling getrandom v0.2.8
[INFO] [stderr]    Compiling parking_lot_core v0.9.7
[INFO] [stderr]    Compiling mio v0.8.6
[INFO] [stderr]    Compiling ahash v0.7.6
[INFO] [stderr]    Compiling hashbrown v0.12.3
[INFO] [stderr]    Compiling parking_lot v0.12.1
[INFO] [stderr]    Compiling uuid v1.3.0
[INFO] [stderr]    Compiling inotify-sys v0.1.5
[INFO] [stderr]    Compiling inotify v0.9.6
[INFO] [stderr]    Compiling filetime v0.2.20
[INFO] [stderr]    Compiling khronos-egl v4.1.0
[INFO] [stderr]    Compiling owned_ttf_parser v0.18.1
[INFO] [stderr]    Compiling notify v5.1.0
[INFO] [stderr]    Compiling nix v0.23.2
[INFO] [stderr]    Compiling bevy_utils v0.9.1
[INFO] [stderr]    Compiling bevy_reflect v0.9.1
[INFO] [stderr]    Compiling indexmap v1.9.2
[INFO] [stderr]    Compiling gpu-descriptor v0.2.3
[INFO] [stderr]    Compiling ab_glyph v0.2.20
[INFO] [stderr]    Compiling num_cpus v1.15.0
[INFO] [stderr]    Compiling nix v0.25.1
[INFO] [stderr]    Compiling petgraph v0.6.3
[INFO] [stderr]    Compiling vec_map v0.8.2
[INFO] [stderr]    Compiling percent-encoding v2.2.0
[INFO] [stderr]    Compiling rectangle-pack v0.4.2
[INFO] [stderr]    Compiling gilrs-core v0.5.2
[INFO] [stderr]    Compiling glyph_brush_layout v0.2.3
[INFO] [stderr]    Compiling rayon-core v1.10.2
[INFO] [stderr]    Compiling gltf-json v1.1.0
[INFO] [stderr]    Compiling lewton v0.10.2
[INFO] [stderr]    Compiling naga v0.10.0
[INFO] [stderr]    Compiling alsa v0.6.0
[INFO] [stderr]    Compiling bevy_ecs v0.9.1
[INFO] [stderr]    Compiling raw-window-handle v0.4.3
[INFO] [stderr]    Compiling hash32-derive v0.1.1
[INFO] [stderr]    Compiling hash32 v0.2.1
[INFO] [stderr]    Compiling urlencoding v2.1.2
[INFO] [stderr]    Compiling rayon v1.6.1
[INFO] [stderr]    Compiling rodio v0.16.0
[INFO] [stderr]    Compiling winit v0.27.5
[INFO] [stderr]    Compiling gltf v1.1.0
[INFO] [stderr]    Compiling taffy v0.1.0
[INFO] [stderr]    Compiling atty v0.2.14
[INFO] [stderr]    Compiling env_logger v0.7.1
[INFO] [stderr]    Compiling jpeg-decoder v0.1.22
[INFO] [stderr]    Compiling eq_archive v0.1.0 (https://github.com/cjab/eq_archive#2ecfc87a)
[INFO] [stderr]    Compiling eq_wld v0.2.1
[INFO] [stderr]    Compiling bevy_app v0.9.1
[INFO] [stderr]    Compiling bevy_core v0.9.1
[INFO] [stderr]    Compiling bevy_log v0.9.1
[INFO] [stderr]    Compiling bevy_time v0.9.1
[INFO] [stderr]    Compiling bevy_input v0.9.1
[INFO] [stderr]    Compiling wgpu-hal v0.14.1
[INFO] [stderr]    Compiling bevy_diagnostic v0.9.1
[INFO] [stderr]    Compiling bevy_asset v0.9.1
[INFO] [stderr]    Compiling bevy_hierarchy v0.9.1
[INFO] [stderr]    Compiling tiff v0.6.1
[INFO] [stderr]    Compiling bevy_window v0.9.1
[INFO] [stderr]    Compiling bevy_transform v0.9.1
[INFO] [stderr]    Compiling bevy_winit v0.9.1
[INFO] [stderr]    Compiling wgpu-core v0.14.2
[INFO] [stderr]    Compiling bevy_animation v0.9.1
[INFO] [stderr]    Compiling bevy_audio v0.9.1
[INFO] [stderr]    Compiling bevy_gilrs v0.9.1
[INFO] [stderr]    Compiling image v0.23.14
[INFO] [stderr]    Compiling wgpu v0.14.2
[INFO] [stderr]    Compiling bevy_render v0.9.1
[INFO] [stderr]    Compiling bevy_core_pipeline v0.9.1
[INFO] [stderr]    Compiling bevy_scene v0.9.1
[INFO] [stderr]    Compiling bevy_sprite v0.9.1
[INFO] [stderr]    Compiling bevy_pbr v0.9.1
[INFO] [stderr]    Compiling bevy_gltf v0.9.1
[INFO] [stderr]    Compiling bevy_eq_assets v0.1.0 (/opt/rustwide/workdir)
[INFO] [stderr]    Compiling bevy_text v0.9.1
[INFO] [stderr]    Compiling bevy_ui v0.9.1
[INFO] [stderr]    Compiling bevy_internal v0.9.1
[INFO] [stderr]    Compiling bevy v0.9.1
[INFO] [stderr]    Compiling bevy_fly_camera v0.9.0 (https://github.com/mcpar-land/bevy_fly_camera?branch=master#910827d1)
[INFO] [stderr]     Finished test [unoptimized + debuginfo] target(s) in 2m 07s
[INFO] [stderr] warning: the following packages contain code that will be rejected by a future version of Rust: nom v5.1.2
[INFO] [stderr] note: to see what the problems were, use the option `--future-incompat-report`, or run `cargo report future-incompatibilities --id 1`
[INFO] running `Command { std: "docker" "inspect" "15969e70ae7bec7e888aec70d455a74cac17d219820b509ddf788286b7af58c1", kill_on_drop: false }`
[INFO] running `Command { std: "docker" "rm" "-f" "15969e70ae7bec7e888aec70d455a74cac17d219820b509ddf788286b7af58c1", kill_on_drop: false }`
[INFO] [stdout] 15969e70ae7bec7e888aec70d455a74cac17d219820b509ddf788286b7af58c1
[INFO] running `Command { std: "docker" "create" "-v" "/var/lib/crater-agent-workspace/builds/worker-0-tc1/target:/opt/rustwide/target:rw,Z" "-v" "/var/lib/crater-agent-workspace/builds/worker-0-tc1/source:/opt/rustwide/workdir:ro,Z" "-v" "/var/lib/crater-agent-workspace/cargo-home:/opt/rustwide/cargo-home:ro,Z" "-v" "/var/lib/crater-agent-workspace/rustup-home:/opt/rustwide/rustup-home:ro,Z" "-e" "SOURCE_DIR=/opt/rustwide/workdir" "-e" "CARGO_TARGET_DIR=/opt/rustwide/target" "-e" "CARGO_INCREMENTAL=0" "-e" "RUST_BACKTRACE=full" "-e" "RUSTFLAGS=--cap-lints=warn" "-e" "RUSTDOCFLAGS=--cap-lints=warn" "-e" "CARGO_HOME=/opt/rustwide/cargo-home" "-e" "RUSTUP_HOME=/opt/rustwide/rustup-home" "-w" "/opt/rustwide/workdir" "-m" "1610612736" "--user" "0:0" "--network" "none" "ghcr.io/rust-lang/crates-build-env/linux@sha256:2788e3201cd34a07e3172128adcd8b3090168a8e3bcc40d7c032b9dda1df7d1c" "/opt/rustwide/cargo-home/bin/cargo" "+1.75.0" "test" "--frozen", kill_on_drop: false }`
[INFO] [stdout] 229471da2f4ef87551618b91147ddc24377b089675bc56b36ca8eaac3a46945c
[INFO] running `Command { std: "docker" "start" "-a" "229471da2f4ef87551618b91147ddc24377b089675bc56b36ca8eaac3a46945c", kill_on_drop: false }`
[INFO] [stderr]     Finished test [unoptimized + debuginfo] target(s) in 0.66s
[INFO] [stderr] warning: the following packages contain code that will be rejected by a future version of Rust: nom v5.1.2
[INFO] [stderr] note: to see what the problems were, use the option `--future-incompat-report`, or run `cargo report future-incompatibilities --id 1`
[INFO] [stderr]      Running unittests src/lib.rs (/opt/rustwide/target/debug/deps/bevy_eq_assets-ef69932d4cd2e3f1)
[INFO] [stdout] 
[INFO] [stdout] running 0 tests
[INFO] [stdout] 
[INFO] [stdout] test result: ok. 0 passed; 0 failed; 0 ignored; 0 measured; 0 filtered out; finished in 0.00s
[INFO] [stdout] 
[INFO] [stderr]    Doc-tests bevy_eq_assets
[INFO] [stdout] 
[INFO] [stdout] running 1 test
[INFO] [stdout] test src/lib.rs - (line 4) ... FAILED
[INFO] [stdout] 
[INFO] [stdout] failures:
[INFO] [stdout] 
[INFO] [stdout] ---- src/lib.rs - (line 4) stdout ----
[INFO] [stdout] Test executable failed (exit status: 101).
[INFO] [stdout] 
[INFO] [stdout] stderr:
[INFO] [stdout] thread 'main' panicked at /opt/rustwide/cargo-home/registry/src/index.crates.io-6f17d22bba15001f/winit-0.27.5/src/platform_impl/linux/mod.rs:719:9:
[INFO] [stdout] Failed to initialize any backend! Wayland status: "backend disabled" X11 status: XOpenDisplayFailed
[INFO] [stdout] stack backtrace:
[INFO] [stdout]    0:     0x56054615c6ac - std::backtrace_rs::backtrace::libunwind::trace::ha637c64ce894333a
[INFO] [stdout]                                at /rustc/82e1608dfa6e0b5569232559e3d385fea5a93112/library/std/src/../../backtrace/src/backtrace/libunwind.rs:104:5
[INFO] [stdout]    1:     0x56054615c6ac - std::backtrace_rs::backtrace::trace_unsynchronized::h47f62dea28e0c88d
[INFO] [stdout]                                at /rustc/82e1608dfa6e0b5569232559e3d385fea5a93112/library/std/src/../../backtrace/src/backtrace/mod.rs:66:5
[INFO] [stdout]    2:     0x56054615c6ac - std::sys_common::backtrace::_print_fmt::h9eef0abe20ede486
[INFO] [stdout]                                at /rustc/82e1608dfa6e0b5569232559e3d385fea5a93112/library/std/src/sys_common/backtrace.rs:67:5
[INFO] [stdout]    3:     0x56054615c6ac - <std::sys_common::backtrace::_print::DisplayBacktrace as core::fmt::Display>::fmt::hed7f999df88cc644
[INFO] [stdout]                                at /rustc/82e1608dfa6e0b5569232559e3d385fea5a93112/library/std/src/sys_common/backtrace.rs:44:22
[INFO] [stdout]    4:     0x560546186580 - core::fmt::rt::Argument::fmt::h1539a9308b8d058d
[INFO] [stdout]                                at /rustc/82e1608dfa6e0b5569232559e3d385fea5a93112/library/core/src/fmt/rt.rs:142:9
[INFO] [stdout]    5:     0x560546186580 - core::fmt::write::h3a39390d8560d9c9
[INFO] [stdout]                                at /rustc/82e1608dfa6e0b5569232559e3d385fea5a93112/library/core/src/fmt/mod.rs:1120:17
[INFO] [stdout]    6:     0x56054615a14f - std::io::Write::write_fmt::h5fc9997dfe05f882
[INFO] [stdout]                                at /rustc/82e1608dfa6e0b5569232559e3d385fea5a93112/library/std/src/io/mod.rs:1762:15
[INFO] [stdout]    7:     0x56054615c494 - std::sys_common::backtrace::_print::h894006fb5c6f3d45
[INFO] [stdout]                                at /rustc/82e1608dfa6e0b5569232559e3d385fea5a93112/library/std/src/sys_common/backtrace.rs:47:5
[INFO] [stdout]    8:     0x56054615c494 - std::sys_common::backtrace::print::h23a2d212c6fff936
[INFO] [stdout]                                at /rustc/82e1608dfa6e0b5569232559e3d385fea5a93112/library/std/src/sys_common/backtrace.rs:34:9
[INFO] [stdout]    9:     0x56054615dc47 - std::panicking::default_hook::{{closure}}::h8a1d2ee00185001a
[INFO] [stdout]   10:     0x56054615d9af - std::panicking::default_hook::h6038f2eba384e475
[INFO] [stdout]                                at /rustc/82e1608dfa6e0b5569232559e3d385fea5a93112/library/std/src/panicking.rs:292:9
[INFO] [stdout]   11:     0x56054615e0c8 - std::panicking::rust_panic_with_hook::h2b5517d590cab22e
[INFO] [stdout]                                at /rustc/82e1608dfa6e0b5569232559e3d385fea5a93112/library/std/src/panicking.rs:779:13
[INFO] [stdout]   12:     0x56054615dfae - std::panicking::begin_panic_handler::{{closure}}::h233112c06e0ef43e
[INFO] [stdout]                                at /rustc/82e1608dfa6e0b5569232559e3d385fea5a93112/library/std/src/panicking.rs:657:13
[INFO] [stdout]   13:     0x56054615cb76 - std::sys_common::backtrace::__rust_end_short_backtrace::h6e893f24d7ebbff8
[INFO] [stdout]                                at /rustc/82e1608dfa6e0b5569232559e3d385fea5a93112/library/std/src/sys_common/backtrace.rs:170:18
[INFO] [stdout]   14:     0x56054615dd12 - rust_begin_unwind
[INFO] [stdout]                                at /rustc/82e1608dfa6e0b5569232559e3d385fea5a93112/library/std/src/panicking.rs:645:5
[INFO] [stdout]   15:     0x560543b1ae45 - core::panicking::panic_fmt::hbf0e066aabfa482c
[INFO] [stdout]                                at /rustc/82e1608dfa6e0b5569232559e3d385fea5a93112/library/core/src/panicking.rs:72:14
[INFO] [stdout]   16:     0x560543c276f0 - winit::platform_impl::platform::EventLoop<T>::new::h787cb7bb0cbbfb5e
[INFO] [stdout]                                at /opt/rustwide/cargo-home/registry/src/index.crates.io-6f17d22bba15001f/winit-0.27.5/src/platform_impl/linux/mod.rs:719:9
[INFO] [stdout]   17:     0x560543c30050 - winit::event_loop::EventLoopBuilder<T>::build::h6b1f870e8e147f08
[INFO] [stdout]                                at /opt/rustwide/cargo-home/registry/src/index.crates.io-6f17d22bba15001f/winit-0.27.5/src/event_loop.rs:111:25
[INFO] [stdout]   18:     0x560543b72039 - winit::event_loop::EventLoop<()>::new::hf29963d355a2cc73
[INFO] [stdout]                                at /opt/rustwide/cargo-home/registry/src/index.crates.io-6f17d22bba15001f/winit-0.27.5/src/event_loop.rs:242:9
[INFO] [stdout]   19:     0x560543b5fcac - <bevy_winit::WinitPlugin as bevy_app::plugin::Plugin>::build::h28ec433349932bad
[INFO] [stdout]                                at /opt/rustwide/cargo-home/registry/src/index.crates.io-6f17d22bba15001f/bevy_winit-0.9.1/src/lib.rs:47:26
[INFO] [stdout]   20:     0x560545e84d56 - bevy_app::app::App::add_boxed_plugin::h7fc0324fad3b9f61
[INFO] [stdout]                                at /opt/rustwide/cargo-home/registry/src/index.crates.io-6f17d22bba15001f/bevy_app-0.9.1/src/app.rs:859:9
[INFO] [stdout]   21:     0x560545e8e051 - bevy_app::plugin_group::PluginGroupBuilder::finish::hbaa490320e18d752
[INFO] [stdout]                                at /opt/rustwide/cargo-home/registry/src/index.crates.io-6f17d22bba15001f/bevy_app-0.9.1/src/plugin_group.rs:181:25
[INFO] [stdout]   22:     0x560543b1fb92 - bevy_app::app::App::add_plugins::h2558ed68705d1d01
[INFO] [stdout]   23:     0x560543b28544 - rust_out::main::hc20c0d07e2402830
[INFO] [stdout]   24:     0x560543b1ddf3 - core::ops::function::FnOnce::call_once::hbc459743598298c4
[INFO] [stdout]   25:     0x560543b1ca76 - std::sys_common::backtrace::__rust_begin_short_backtrace::h62debe7d3058b76a
[INFO] [stdout]   26:     0x560543b1d289 - std::rt::lang_start::{{closure}}::h8f486f3e1e6418b2
[INFO] [stdout]   27:     0x560546154347 - core::ops::function::impls::<impl core::ops::function::FnOnce<A> for &F>::call_once::hd95060ecd5e1ca24
[INFO] [stdout]                                at /rustc/82e1608dfa6e0b5569232559e3d385fea5a93112/library/core/src/ops/function.rs:284:13
[INFO] [stdout]   28:     0x560546154347 - std::panicking::try::do_call::h6e8cf51db32a6e4b
[INFO] [stdout]                                at /rustc/82e1608dfa6e0b5569232559e3d385fea5a93112/library/std/src/panicking.rs:552:40
[INFO] [stdout]   29:     0x560546154347 - std::panicking::try::h3a52eefe24fe3c29
[INFO] [stdout]                                at /rustc/82e1608dfa6e0b5569232559e3d385fea5a93112/library/std/src/panicking.rs:516:19
[INFO] [stdout]   30:     0x560546154347 - std::panic::catch_unwind::h24c28c23c02c3841
[INFO] [stdout]                                at /rustc/82e1608dfa6e0b5569232559e3d385fea5a93112/library/std/src/panic.rs:142:14
[INFO] [stdout]   31:     0x560546154347 - std::rt::lang_start_internal::{{closure}}::h705d3c9cbc06ef47
[INFO] [stdout]                                at /rustc/82e1608dfa6e0b5569232559e3d385fea5a93112/library/std/src/rt.rs:148:48
[INFO] [stdout]   32:     0x560546154347 - std::panicking::try::do_call::ha21f52ba13158470
[INFO] [stdout]                                at /rustc/82e1608dfa6e0b5569232559e3d385fea5a93112/library/std/src/panicking.rs:552:40
[INFO] [stdout]   33:     0x560546154347 - std::panicking::try::h5581346bf6aeb1f8
[INFO] [stdout]                                at /rustc/82e1608dfa6e0b5569232559e3d385fea5a93112/library/std/src/panicking.rs:516:19
[INFO] [stdout]   34:     0x560546154347 - std::panic::catch_unwind::h7919645a6b72e25b
[INFO] [stdout]                                at /rustc/82e1608dfa6e0b5569232559e3d385fea5a93112/library/std/src/panic.rs:142:14
[INFO] [stdout]   35:     0x560546154347 - std::rt::lang_start_internal::h12de51168669836e
[INFO] [stdout]                                at /rustc/82e1608dfa6e0b5569232559e3d385fea5a93112/library/std/src/rt.rs:148:20
[INFO] [stdout]   36:     0x560543b1d267 - std::rt::lang_start::h2c48f91a7bf85629
[INFO] [stdout]   37:     0x560543b28cd5 - main
[INFO] [stdout]   38:     0x7f0eb7bd6d90 - <unknown>
[INFO] [stdout]   39:     0x7f0eb7bd6e40 - __libc_start_main
[INFO] [stdout]   40:     0x560543b1b715 - _start
[INFO] [stdout]   41:                0x0 - <unknown>
[INFO] [stdout] 
[INFO] [stdout] 
[INFO] [stdout] 
[INFO] [stdout] failures:
[INFO] [stdout]     src/lib.rs - (line 4)
[INFO] [stdout] 
[INFO] [stdout] test result: FAILED. 0 passed; 1 failed; 0 ignored; 0 measured; 0 filtered out; finished in 26.56s
[INFO] [stdout] 
[INFO] [stderr] error: doctest failed, to rerun pass `--doc`
[INFO] running `Command { std: "docker" "inspect" "229471da2f4ef87551618b91147ddc24377b089675bc56b36ca8eaac3a46945c", kill_on_drop: false }`
[INFO] running `Command { std: "docker" "rm" "-f" "229471da2f4ef87551618b91147ddc24377b089675bc56b36ca8eaac3a46945c", kill_on_drop: false }`
[INFO] [stdout] 229471da2f4ef87551618b91147ddc24377b089675bc56b36ca8eaac3a46945c
