[INFO] cloning repository https://github.com/chronicl/ts-api
[INFO] running `Command { std: "git" "-c" "credential.helper=" "-c" "credential.helper=/workspace/cargo-home/bin/git-credential-null" "clone" "--bare" "https://github.com/chronicl/ts-api" "/workspace/cache/git-repos/https%3A%2F%2Fgithub.com%2Fchronicl%2Fts-api", kill_on_drop: false }`
[INFO] [stderr] Cloning into bare repository '/workspace/cache/git-repos/https%3A%2F%2Fgithub.com%2Fchronicl%2Fts-api'...
[INFO] running `Command { std: "git" "rev-parse" "HEAD", kill_on_drop: false }`
[INFO] [stdout] 22adaa91b0a44f6cb24ae6bdf4bec2b136ae1a49
[INFO] testing chronicl/ts-api against 1.75.0 for beta-1.76-1
[INFO] running `Command { std: "git" "clone" "/workspace/cache/git-repos/https%3A%2F%2Fgithub.com%2Fchronicl%2Fts-api" "/workspace/builds/worker-6-tc1/source", kill_on_drop: false }`
[INFO] [stderr] Cloning into '/workspace/builds/worker-6-tc1/source'...
[INFO] [stderr] done.
[INFO] validating manifest of git repo https://github.com/chronicl/ts-api on toolchain 1.75.0
[INFO] running `Command { std: CARGO_HOME="/workspace/cargo-home" RUSTUP_HOME="/workspace/rustup-home" "/workspace/cargo-home/bin/cargo" "+1.75.0" "metadata" "--manifest-path" "Cargo.toml" "--no-deps", kill_on_drop: false }`
[INFO] started tweaking git repo https://github.com/chronicl/ts-api
[INFO] finished tweaking git repo https://github.com/chronicl/ts-api
[INFO] tweaked toml for git repo https://github.com/chronicl/ts-api written to /workspace/builds/worker-6-tc1/source/Cargo.toml
[INFO] crate git repo https://github.com/chronicl/ts-api already has a lockfile, it will not be regenerated
[INFO] running `Command { std: CARGO_HOME="/workspace/cargo-home" RUSTUP_HOME="/workspace/rustup-home" "/workspace/cargo-home/bin/cargo" "+1.75.0" "fetch" "--manifest-path" "Cargo.toml", kill_on_drop: false }`
[INFO] [stderr] warning: virtual workspace defaulting to `resolver = "1"` despite one or more workspace members being on edition 2021 which implies `resolver = "2"`
[INFO] [stderr] note: to keep the current resolver, specify `workspace.resolver = "1"` in the workspace root's manifest
[INFO] [stderr] note: to use the edition 2021 resolver, specify `workspace.resolver = "2"` in the workspace root's manifest
[INFO] [stderr] note: for more details see https://doc.rust-lang.org/cargo/reference/resolver.html#resolver-versions
[INFO] [stderr]     Updating git repository `https://github.com/chronicl/ts-rs.git`
[INFO] [stderr]  Downloading crates ...
[INFO] [stderr]   Downloaded quote v1.0.22
[INFO] [stderr]   Downloaded trybuild v1.0.73
[INFO] [stderr]   Downloaded poem-derive v1.3.50
[INFO] [stderr]   Downloaded proc-macro2 v1.0.48
[INFO] [stderr]   Downloaded poem v1.3.50
[INFO] [stderr]   Downloaded syn v1.0.106
[INFO] running `Command { std: "docker" "create" "-v" "/var/lib/crater-agent-workspace/builds/worker-6-tc1/target:/opt/rustwide/target:rw,Z" "-v" "/var/lib/crater-agent-workspace/builds/worker-6-tc1/source:/opt/rustwide/workdir:ro,Z" "-v" "/var/lib/crater-agent-workspace/cargo-home:/opt/rustwide/cargo-home:ro,Z" "-v" "/var/lib/crater-agent-workspace/rustup-home:/opt/rustwide/rustup-home:ro,Z" "-e" "SOURCE_DIR=/opt/rustwide/workdir" "-e" "CARGO_TARGET_DIR=/opt/rustwide/target" "-e" "CARGO_HOME=/opt/rustwide/cargo-home" "-e" "RUSTUP_HOME=/opt/rustwide/rustup-home" "-w" "/opt/rustwide/workdir" "-m" "1610612736" "--user" "0:0" "--network" "none" "ghcr.io/rust-lang/crates-build-env/linux@sha256:2788e3201cd34a07e3172128adcd8b3090168a8e3bcc40d7c032b9dda1df7d1c" "/opt/rustwide/cargo-home/bin/cargo" "+1.75.0" "metadata" "--no-deps" "--format-version=1", kill_on_drop: false }`
[INFO] [stdout] 752549d0e6c832c920277f9d9e94cfe0094e44a235c87253bcf417bebfc2f02a
[INFO] running `Command { std: "docker" "start" "-a" "752549d0e6c832c920277f9d9e94cfe0094e44a235c87253bcf417bebfc2f02a", kill_on_drop: false }`
[INFO] running `Command { std: "docker" "inspect" "752549d0e6c832c920277f9d9e94cfe0094e44a235c87253bcf417bebfc2f02a", kill_on_drop: false }`
[INFO] running `Command { std: "docker" "rm" "-f" "752549d0e6c832c920277f9d9e94cfe0094e44a235c87253bcf417bebfc2f02a", kill_on_drop: false }`
[INFO] [stdout] 752549d0e6c832c920277f9d9e94cfe0094e44a235c87253bcf417bebfc2f02a
[INFO] running `Command { std: "docker" "create" "-v" "/var/lib/crater-agent-workspace/builds/worker-6-tc1/target:/opt/rustwide/target:rw,Z" "-v" "/var/lib/crater-agent-workspace/builds/worker-6-tc1/source:/opt/rustwide/workdir:ro,Z" "-v" "/var/lib/crater-agent-workspace/cargo-home:/opt/rustwide/cargo-home:ro,Z" "-v" "/var/lib/crater-agent-workspace/rustup-home:/opt/rustwide/rustup-home:ro,Z" "-e" "SOURCE_DIR=/opt/rustwide/workdir" "-e" "CARGO_TARGET_DIR=/opt/rustwide/target" "-e" "CARGO_INCREMENTAL=0" "-e" "RUST_BACKTRACE=full" "-e" "RUSTFLAGS=--cap-lints=warn" "-e" "RUSTDOCFLAGS=--cap-lints=warn" "-e" "CARGO_HOME=/opt/rustwide/cargo-home" "-e" "RUSTUP_HOME=/opt/rustwide/rustup-home" "-w" "/opt/rustwide/workdir" "-m" "1610612736" "--user" "0:0" "--network" "none" "ghcr.io/rust-lang/crates-build-env/linux@sha256:2788e3201cd34a07e3172128adcd8b3090168a8e3bcc40d7c032b9dda1df7d1c" "/opt/rustwide/cargo-home/bin/cargo" "+1.75.0" "build" "--frozen" "--message-format=json", kill_on_drop: false }`
[INFO] [stdout] 16164fd236d7525f26e617601e0beb4c1389ed214bd03222620abb597d321774
[INFO] running `Command { std: "docker" "start" "-a" "16164fd236d7525f26e617601e0beb4c1389ed214bd03222620abb597d321774", kill_on_drop: false }`
[INFO] [stderr] warning: virtual workspace defaulting to `resolver = "1"` despite one or more workspace members being on edition 2021 which implies `resolver = "2"`
[INFO] [stderr] note: to keep the current resolver, specify `workspace.resolver = "1"` in the workspace root's manifest
[INFO] [stderr] note: to use the edition 2021 resolver, specify `workspace.resolver = "2"` in the workspace root's manifest
[INFO] [stderr] note: for more details see https://doc.rust-lang.org/cargo/reference/resolver.html#resolver-versions
[INFO] [stderr]    Compiling cfg-if v1.0.0
[INFO] [stderr]    Compiling libc v0.2.138
[INFO] [stderr]    Compiling proc-macro2 v1.0.48
[INFO] [stderr]    Compiling quote v1.0.22
[INFO] [stderr]    Compiling unicode-ident v1.0.6
[INFO] [stderr]    Compiling syn v1.0.106
[INFO] [stderr]    Compiling version_check v0.9.4
[INFO] [stderr]    Compiling autocfg v1.1.0
[INFO] [stderr]    Compiling typenum v1.16.0
[INFO] [stderr]    Compiling subtle v2.4.1
[INFO] [stderr]    Compiling itoa v1.0.5
[INFO] [stderr]    Compiling bytes v1.3.0
[INFO] [stderr]    Compiling fnv v1.0.7
[INFO] [stderr]    Compiling memchr v2.5.0
[INFO] [stderr]    Compiling log v0.4.17
[INFO] [stderr]    Compiling cpufeatures v0.2.5
[INFO] [stderr]    Compiling pin-project-lite v0.2.9
[INFO] [stderr]    Compiling serde_derive v1.0.151
[INFO] [stderr]    Compiling futures-core v0.3.25
[INFO] [stderr]    Compiling serde v1.0.151
[INFO] [stderr]    Compiling once_cell v1.16.0
[INFO] [stderr]    Compiling thiserror v1.0.38
[INFO] [stderr]    Compiling ppv-lite86 v0.2.17
[INFO] [stderr]    Compiling futures-task v0.3.25
[INFO] [stderr]    Compiling generic-array v0.14.6
[INFO] [stderr]    Compiling tracing-core v0.1.30
[INFO] [stderr]    Compiling opaque-debug v0.3.0
[INFO] [stderr]    Compiling tokio v1.23.0
[INFO] [stderr]    Compiling slab v0.4.7
[INFO] [stderr]    Compiling num-traits v0.2.15
[INFO] [stderr]    Compiling http v0.2.8
[INFO] [stderr]    Compiling indexmap v1.9.2
[INFO] [stderr]    Compiling futures-util v0.3.25
[INFO] [stderr]    Compiling futures-sink v0.3.25
[INFO] [stderr]    Compiling num-integer v0.1.45
[INFO] [stderr]    Compiling lock_api v0.4.9
[INFO] [stderr]    Compiling uncased v0.9.7
[INFO] [stderr]    Compiling percent-encoding v2.2.0
[INFO] [stderr]    Compiling futures-channel v0.3.25
[INFO] [stderr]    Compiling parking_lot_core v0.9.5
[INFO] [stderr]    Compiling httparse v1.8.0
[INFO] [stderr]    Compiling time-core v0.1.0
[INFO] [stderr]    Compiling hashbrown v0.12.3
[INFO] [stderr]    Compiling pin-utils v0.1.0
[INFO] [stderr]    Compiling time-macros v0.2.6
[INFO] [stderr]    Compiling cookie v0.16.2
[INFO] [stderr]    Compiling ident_case v1.0.1
[INFO] [stderr]    Compiling async-trait v0.1.60
[INFO] [stderr]    Compiling ryu v1.0.12
[INFO] [stderr]    Compiling try-lock v0.2.3
[INFO] [stderr]    Compiling scopeguard v1.1.0
[INFO] [stderr]    Compiling strsim v0.10.0
[INFO] [stderr]    Compiling getrandom v0.2.8
[INFO] [stderr]    Compiling mio v0.8.5
[INFO] [stderr]    Compiling socket2 v0.4.7
[INFO] [stderr]    Compiling smallvec v1.10.0
[INFO] [stderr]    Compiling httpdate v1.0.2
[INFO] [stderr]    Compiling serde_json v1.0.90
[INFO] [stderr]    Compiling rand_core v0.6.4
[INFO] [stderr]    Compiling want v0.3.0
[INFO] [stderr]    Compiling http-body v0.4.5
[INFO] [stderr]    Compiling rand_chacha v0.3.1
[INFO] [stderr]    Compiling headers-core v0.2.0
[INFO] [stderr]    Compiling aho-corasick v0.7.20
[INFO] [stderr]    Compiling rand v0.8.5
[INFO] [stderr]    Compiling form_urlencoded v1.1.0
[INFO] [stderr]    Compiling bitflags v1.3.2
[INFO] [stderr]    Compiling mime v0.3.16
[INFO] [stderr]    Compiling iana-time-zone v0.1.53
[INFO] [stderr]    Compiling base64 v0.20.0
[INFO] [stderr]    Compiling regex-syntax v0.6.28
[INFO] [stderr]    Compiling Inflector v0.11.4
[INFO] [stderr]    Compiling base64 v0.13.1
[INFO] [stderr]    Compiling termcolor v1.1.3
[INFO] [stderr]    Compiling tower-service v0.3.2
[INFO] [stderr]    Compiling parking_lot v0.12.1
[INFO] [stderr]    Compiling chrono v0.4.23
[INFO] [stderr]    Compiling rfc7239 v0.1.0
[INFO] [stderr]    Compiling unicode-segmentation v1.10.0
[INFO] [stderr]    Compiling crypto-common v0.1.6
[INFO] [stderr]    Compiling block-buffer v0.10.3
[INFO] [stderr]    Compiling inout v0.1.3
[INFO] [stderr]    Compiling time v0.3.17
[INFO] [stderr]    Compiling universal-hash v0.5.0
[INFO] [stderr]    Compiling aead v0.5.1
[INFO] [stderr]    Compiling digest v0.10.6
[INFO] [stderr]    Compiling cipher v0.4.3
[INFO] [stderr]    Compiling polyval v0.6.0
[INFO] [stderr]    Compiling convert_case v0.6.0
[INFO] [stderr]    Compiling hmac v0.12.1
[INFO] [stderr]    Compiling sha1 v0.10.5
[INFO] [stderr]    Compiling sha2 v0.10.6
[INFO] [stderr]    Compiling ghash v0.5.0
[INFO] [stderr]    Compiling aes v0.8.2
[INFO] [stderr]    Compiling ctr v0.9.2
[INFO] [stderr]    Compiling hkdf v0.12.3
[INFO] [stderr]    Compiling headers v0.3.8
[INFO] [stderr]    Compiling aes-gcm v0.10.1
[INFO] [stderr]    Compiling regex v1.7.0
[INFO] [stderr]    Compiling darling_core v0.14.2
[INFO] [stderr]    Compiling tokio-macros v1.8.2
[INFO] [stderr]    Compiling thiserror-impl v1.0.38
[INFO] [stderr]    Compiling tracing-attributes v0.1.23
[INFO] [stderr]    Compiling futures-macro v0.3.25
[INFO] [stderr]    Compiling ts-rs-macros v6.2.0 (https://github.com/chronicl/ts-rs.git#6ac0aa0e)
[INFO] [stderr]    Compiling darling_macro v0.14.2
[INFO] [stderr]    Compiling ts-rs v6.2.0 (https://github.com/chronicl/ts-rs.git#6ac0aa0e)
[INFO] [stderr]    Compiling darling v0.14.2
[INFO] [stderr]    Compiling tracing v0.1.37
[INFO] [stderr]    Compiling tokio-util v0.7.4
[INFO] [stderr]    Compiling tokio-stream v0.1.11
[INFO] [stderr]    Compiling h2 v0.3.15
[INFO] [stderr]    Compiling toml v0.5.10
[INFO] [stderr]    Compiling serde_urlencoded v0.7.1
[INFO] [stderr]    Compiling proc-macro-crate v1.2.1
[INFO] [stderr]    Compiling hyper v0.14.23
[INFO] [stderr]    Compiling poem-derive v1.3.50
[INFO] [stderr]    Compiling poem v1.3.50
[INFO] [stderr]    Compiling ts-api-core v0.1.0 (/opt/rustwide/workdir/ts-api-core)
[INFO] [stdout] warning: unused import: `Cookie`
[INFO] [stdout]  --> ts-api-core/src/lib.rs:3:14
[INFO] [stdout]   |
[INFO] [stdout] 3 |     cookie::{Cookie, CookieJar},
[INFO] [stdout]   |              ^^^^^^
[INFO] [stdout]   |
[INFO] [stdout]   = note: `#[warn(unused_imports)]` on by default
[INFO] [stdout] 
[INFO] [stdout] 
[INFO] [stdout] warning: unused variable: `dependencies`
[INFO] [stdout]   --> ts-api-core/src/lib.rs:24:25
[INFO] [stdout]    |
[INFO] [stdout] 24 |     fn add_dependencies(dependencies: &mut Dependencies) {}
[INFO] [stdout]    |                         ^^^^^^^^^^^^ help: if this is intentional, prefix it with an underscore: `_dependencies`
[INFO] [stdout]    |
[INFO] [stdout]    = note: `#[warn(unused_variables)]` on by default
[INFO] [stdout] 
[INFO] [stdout] 
[INFO] [stdout] warning: 2 warnings emitted
[INFO] [stdout] 
[INFO] [stdout] 
[INFO] [stderr]    Compiling ts-api-macros v0.1.0 (/opt/rustwide/workdir/ts-api-macros)
[INFO] [stdout] warning: unused import: `Attribute`
[INFO] [stdout]  --> ts-api-macros/src/lib.rs:7:19
[INFO] [stdout]   |
[INFO] [stdout] 7 | use syn::{parse2, Attribute, Error, FnArg, Ident, ItemFn, NestedMeta, Result, ReturnType, Token};
[INFO] [stdout]   |                   ^^^^^^^^^
[INFO] [stdout]   |
[INFO] [stdout]   = note: `#[warn(unused_imports)]` on by default
[INFO] [stdout] 
[INFO] [stdout] 
[INFO] [stdout] warning: unused import: `ApiRequest`
[INFO] [stdout]  --> ts-api-macros/src/lib.rs:8:30
[INFO] [stdout]   |
[INFO] [stdout] 8 | use ts_api_core::{ApiMethod, ApiRequest};
[INFO] [stdout]   |                              ^^^^^^^^^^
[INFO] [stdout] 
[INFO] [stdout] 
[INFO] [stdout] warning: function `rustfmt` is never used
[INFO] [stdout]    --> ts-api-macros/src/lib.rs:185:4
[INFO] [stdout]     |
[INFO] [stdout] 185 | fn rustfmt(s: impl AsRef<[u8]>) -> String {
[INFO] [stdout]     |    ^^^^^^^
[INFO] [stdout]     |
[INFO] [stdout]     = note: `#[warn(dead_code)]` on by default
[INFO] [stdout] 
[INFO] [stdout] 
[INFO] [stdout] warning: 3 warnings emitted
[INFO] [stdout] 
[INFO] [stdout] 
[INFO] [stderr]    Compiling ts-api v0.1.0 (/opt/rustwide/workdir/ts-api)
[INFO] [stderr]     Finished dev [unoptimized + debuginfo] target(s) in 15.47s
[INFO] running `Command { std: "docker" "inspect" "16164fd236d7525f26e617601e0beb4c1389ed214bd03222620abb597d321774", kill_on_drop: false }`
[INFO] running `Command { std: "docker" "rm" "-f" "16164fd236d7525f26e617601e0beb4c1389ed214bd03222620abb597d321774", kill_on_drop: false }`
[INFO] [stdout] 16164fd236d7525f26e617601e0beb4c1389ed214bd03222620abb597d321774
[INFO] running `Command { std: "docker" "create" "-v" "/var/lib/crater-agent-workspace/builds/worker-6-tc1/target:/opt/rustwide/target:rw,Z" "-v" "/var/lib/crater-agent-workspace/builds/worker-6-tc1/source:/opt/rustwide/workdir:ro,Z" "-v" "/var/lib/crater-agent-workspace/cargo-home:/opt/rustwide/cargo-home:ro,Z" "-v" "/var/lib/crater-agent-workspace/rustup-home:/opt/rustwide/rustup-home:ro,Z" "-e" "SOURCE_DIR=/opt/rustwide/workdir" "-e" "CARGO_TARGET_DIR=/opt/rustwide/target" "-e" "CARGO_INCREMENTAL=0" "-e" "RUST_BACKTRACE=full" "-e" "RUSTFLAGS=--cap-lints=warn" "-e" "RUSTDOCFLAGS=--cap-lints=warn" "-e" "CARGO_HOME=/opt/rustwide/cargo-home" "-e" "RUSTUP_HOME=/opt/rustwide/rustup-home" "-w" "/opt/rustwide/workdir" "-m" "1610612736" "--user" "0:0" "--network" "none" "ghcr.io/rust-lang/crates-build-env/linux@sha256:2788e3201cd34a07e3172128adcd8b3090168a8e3bcc40d7c032b9dda1df7d1c" "/opt/rustwide/cargo-home/bin/cargo" "+1.75.0" "test" "--frozen" "--no-run" "--message-format=json", kill_on_drop: false }`
[INFO] [stdout] 44d6dd85428d70cf6c65f025f6b30b2c67a51156a7e7745a34ff4052bf672414
[INFO] running `Command { std: "docker" "start" "-a" "44d6dd85428d70cf6c65f025f6b30b2c67a51156a7e7745a34ff4052bf672414", kill_on_drop: false }`
[INFO] [stderr] warning: virtual workspace defaulting to `resolver = "1"` despite one or more workspace members being on edition 2021 which implies `resolver = "2"`
[INFO] [stderr] note: to keep the current resolver, specify `workspace.resolver = "1"` in the workspace root's manifest
[INFO] [stderr] note: to use the edition 2021 resolver, specify `workspace.resolver = "2"` in the workspace root's manifest
[INFO] [stderr] note: for more details see https://doc.rust-lang.org/cargo/reference/resolver.html#resolver-versions
[INFO] [stderr]    Compiling toml v0.5.10
[INFO] [stderr]    Compiling termcolor v1.1.3
[INFO] [stderr]    Compiling trybuild v1.0.73
[INFO] [stderr]    Compiling glob v0.3.0
[INFO] [stderr]    Compiling ts-rs-macros v6.2.0 (https://github.com/chronicl/ts-rs.git#6ac0aa0e)
[INFO] [stderr]    Compiling proc-macro-crate v1.2.1
[INFO] [stderr]    Compiling poem-derive v1.3.50
[INFO] [stderr]    Compiling ts-rs v6.2.0 (https://github.com/chronicl/ts-rs.git#6ac0aa0e)
[INFO] [stderr]    Compiling poem v1.3.50
[INFO] [stderr]    Compiling ts-api-core v0.1.0 (/opt/rustwide/workdir/ts-api-core)
[INFO] [stdout] warning: unused import: `Cookie`
[INFO] [stdout]  --> ts-api-core/src/lib.rs:3:14
[INFO] [stdout]   |
[INFO] [stdout] 3 |     cookie::{Cookie, CookieJar},
[INFO] [stdout]   |              ^^^^^^
[INFO] [stdout]   |
[INFO] [stdout]   = note: `#[warn(unused_imports)]` on by default
[INFO] [stdout] 
[INFO] [stdout] 
[INFO] [stdout] warning: unused variable: `dependencies`
[INFO] [stdout]   --> ts-api-core/src/lib.rs:24:25
[INFO] [stdout]    |
[INFO] [stdout] 24 |     fn add_dependencies(dependencies: &mut Dependencies) {}
[INFO] [stdout]    |                         ^^^^^^^^^^^^ help: if this is intentional, prefix it with an underscore: `_dependencies`
[INFO] [stdout]    |
[INFO] [stdout]    = note: `#[warn(unused_variables)]` on by default
[INFO] [stdout] 
[INFO] [stdout] 
[INFO] [stdout] warning: 2 warnings emitted
[INFO] [stdout] 
[INFO] [stdout] 
[INFO] [stderr]    Compiling ts-api-macros v0.1.0 (/opt/rustwide/workdir/ts-api-macros)
[INFO] [stdout] warning: unused import: `Cookie`
[INFO] [stdout]  --> ts-api-core/src/lib.rs:3:14
[INFO] [stdout]   |
[INFO] [stdout] 3 |     cookie::{Cookie, CookieJar},
[INFO] [stdout]   |              ^^^^^^
[INFO] [stdout]   |
[INFO] [stdout]   = note: `#[warn(unused_imports)]` on by default
[INFO] [stdout] 
[INFO] [stdout] 
[INFO] [stdout] warning: unused import: `Attribute`
[INFO] [stdout]  --> ts-api-macros/src/lib.rs:7:19
[INFO] [stdout]   |
[INFO] [stdout] 7 | use syn::{parse2, Attribute, Error, FnArg, Ident, ItemFn, NestedMeta, Result, ReturnType, Token};
[INFO] [stdout]   |                   ^^^^^^^^^
[INFO] [stdout]   |
[INFO] [stdout]   = note: `#[warn(unused_imports)]` on by default
[INFO] [stdout] 
[INFO] [stdout] 
[INFO] [stdout] warning: unused import: `ApiRequest`
[INFO] [stdout]  --> ts-api-macros/src/lib.rs:8:30
[INFO] [stdout]   |
[INFO] [stdout] 8 | use ts_api_core::{ApiMethod, ApiRequest};
[INFO] [stdout]   |                              ^^^^^^^^^^
[INFO] [stdout] 
[INFO] [stdout] 
[INFO] [stdout] warning: unused variable: `dependencies`
[INFO] [stdout]   --> ts-api-core/src/lib.rs:24:25
[INFO] [stdout]    |
[INFO] [stdout] 24 |     fn add_dependencies(dependencies: &mut Dependencies) {}
[INFO] [stdout]    |                         ^^^^^^^^^^^^ help: if this is intentional, prefix it with an underscore: `_dependencies`
[INFO] [stdout]    |
[INFO] [stdout]    = note: `#[warn(unused_variables)]` on by default
[INFO] [stdout] 
[INFO] [stdout] 
[INFO] [stdout] warning: function `rustfmt` is never used
[INFO] [stdout]    --> ts-api-macros/src/lib.rs:185:4
[INFO] [stdout]     |
[INFO] [stdout] 185 | fn rustfmt(s: impl AsRef<[u8]>) -> String {
[INFO] [stdout]     |    ^^^^^^^
[INFO] [stdout]     |
[INFO] [stdout]     = note: `#[warn(dead_code)]` on by default
[INFO] [stdout] 
[INFO] [stdout] 
[INFO] [stdout] warning: 2 warnings emitted
[INFO] [stdout] 
[INFO] [stdout] 
[INFO] [stdout] warning: 3 warnings emitted
[INFO] [stdout] 
[INFO] [stdout] 
[INFO] [stderr]    Compiling ts-api v0.1.0 (/opt/rustwide/workdir/ts-api)
[INFO] [stdout] "user"
[INFO] [stdout] "login"
[INFO] [stdout] warning: unused imports: `Data`, `Path`, `Query`
[INFO] [stdout]   --> ts-api/src/lib.rs:66:21
[INFO] [stdout]    |
[INFO] [stdout] 66 |     use poem::web::{Data, Json, Path, Query};
[INFO] [stdout]    |                     ^^^^        ^^^^  ^^^^^
[INFO] [stdout]    |
[INFO] [stdout]    = note: `#[warn(unused_imports)]` on by default
[INFO] [stdout] 
[INFO] [stdout] 
[INFO] [stdout] warning: unused variable: `b`
[INFO] [stdout]   --> ts-api/src/lib.rs:89:19
[INFO] [stdout]    |
[INFO] [stdout] 89 |     async fn user(b: Json<String>) -> Json<u32> {
[INFO] [stdout]    |                   ^ help: if this is intentional, prefix it with an underscore: `_b`
[INFO] [stdout]    |
[INFO] [stdout]    = note: `#[warn(unused_variables)]` on by default
[INFO] [stdout] 
[INFO] [stdout] 
[INFO] [stdout] warning: unused variable: `b`
[INFO] [stdout]   --> ts-api/src/lib.rs:94:20
[INFO] [stdout]    |
[INFO] [stdout] 94 |     async fn login(b: Json<Auth>) -> Json<Result<AuthResponse, Error>> {
[INFO] [stdout]    |                    ^ help: if this is intentional, prefix it with an underscore: `_b`
[INFO] [stdout] 
[INFO] [stdout] 
[INFO] [stdout] "a"
[INFO] [stdout] warning: unused import: `ts_rs::TS`
[INFO] [stdout]  --> ts-api-macros/tests/test1.rs:3:5
[INFO] [stdout]   |
[INFO] [stdout] 3 | use ts_rs::TS;
[INFO] [stdout]   |     ^^^^^^^^^
[INFO] [stdout]   |
[INFO] [stdout]   = note: `#[warn(unused_imports)]` on by default
[INFO] [stdout] 
[INFO] [stdout] 
[INFO] [stdout] warning: unused import: `Attribute`
[INFO] [stdout]  --> ts-api-macros/src/lib.rs:7:19
[INFO] [stdout]   |
[INFO] [stdout] 7 | use syn::{parse2, Attribute, Error, FnArg, Ident, ItemFn, NestedMeta, Result, ReturnType, Token};
[INFO] [stdout]   |                   ^^^^^^^^^
[INFO] [stdout]   |
[INFO] [stdout]   = note: `#[warn(unused_imports)]` on by default
[INFO] [stdout] 
[INFO] [stdout] 
[INFO] [stdout] warning: unused import: `ts_rs::TS`
[INFO] [stdout]   --> ts-api-macros/src/lib.rs:92:9
[INFO] [stdout]    |
[INFO] [stdout] 92 |     use ts_rs::TS;
[INFO] [stdout]    |         ^^^^^^^^^
[INFO] [stdout] 
[INFO] [stdout] 
[INFO] [stdout] warning: field `a` is never read
[INFO] [stdout]   --> ts-api-macros/src/lib.rs:96:9
[INFO] [stdout]    |
[INFO] [stdout] 95 |     struct A {
[INFO] [stdout]    |            - field in this struct
[INFO] [stdout] 96 |         a: B,
[INFO] [stdout]    |         ^
[INFO] [stdout]    |
[INFO] [stdout]    = note: `#[warn(dead_code)]` on by default
[INFO] [stdout] 
[INFO] [stdout] 
[INFO] [stdout] warning: field `b` is never read
[INFO] [stdout]    --> ts-api-macros/src/lib.rs:101:9
[INFO] [stdout]     |
[INFO] [stdout] 100 |     struct B {
[INFO] [stdout]     |            - field in this struct
[INFO] [stdout] 101 |         b: c::C,
[INFO] [stdout]     |         ^
[INFO] [stdout] 
[INFO] [stdout] 
[INFO] [stdout] warning: field `c` is never read
[INFO] [stdout]    --> ts-api-macros/src/lib.rs:107:13
[INFO] [stdout]     |
[INFO] [stdout] 106 |         pub struct C {
[INFO] [stdout]     |                    - field in this struct
[INFO] [stdout] 107 |             c: u16,
[INFO] [stdout]     |             ^
[INFO] [stdout] 
[INFO] [stdout] 
[INFO] [stdout] warning: 1 warning emitted
[INFO] [stdout] 
[INFO] [stdout] 
[INFO] [stdout] warning: 5 warnings emitted
[INFO] [stdout] 
[INFO] [stdout] 
[INFO] [stdout] warning: 3 warnings emitted
[INFO] [stdout] 
[INFO] [stdout] 
[INFO] [stderr]     Finished test [unoptimized + debuginfo] target(s) in 7.27s
[INFO] running `Command { std: "docker" "inspect" "44d6dd85428d70cf6c65f025f6b30b2c67a51156a7e7745a34ff4052bf672414", kill_on_drop: false }`
[INFO] running `Command { std: "docker" "rm" "-f" "44d6dd85428d70cf6c65f025f6b30b2c67a51156a7e7745a34ff4052bf672414", kill_on_drop: false }`
[INFO] [stdout] 44d6dd85428d70cf6c65f025f6b30b2c67a51156a7e7745a34ff4052bf672414
[INFO] running `Command { std: "docker" "create" "-v" "/var/lib/crater-agent-workspace/builds/worker-6-tc1/target:/opt/rustwide/target:rw,Z" "-v" "/var/lib/crater-agent-workspace/builds/worker-6-tc1/source:/opt/rustwide/workdir:ro,Z" "-v" "/var/lib/crater-agent-workspace/cargo-home:/opt/rustwide/cargo-home:ro,Z" "-v" "/var/lib/crater-agent-workspace/rustup-home:/opt/rustwide/rustup-home:ro,Z" "-e" "SOURCE_DIR=/opt/rustwide/workdir" "-e" "CARGO_TARGET_DIR=/opt/rustwide/target" "-e" "CARGO_INCREMENTAL=0" "-e" "RUST_BACKTRACE=full" "-e" "RUSTFLAGS=--cap-lints=warn" "-e" "RUSTDOCFLAGS=--cap-lints=warn" "-e" "CARGO_HOME=/opt/rustwide/cargo-home" "-e" "RUSTUP_HOME=/opt/rustwide/rustup-home" "-w" "/opt/rustwide/workdir" "-m" "1610612736" "--user" "0:0" "--network" "none" "ghcr.io/rust-lang/crates-build-env/linux@sha256:2788e3201cd34a07e3172128adcd8b3090168a8e3bcc40d7c032b9dda1df7d1c" "/opt/rustwide/cargo-home/bin/cargo" "+1.75.0" "test" "--frozen", kill_on_drop: false }`
[INFO] [stdout] 06c0ad6f5425f52047da5a7001b625cab5936a4dd76c417cacfcb28df4291bb2
[INFO] running `Command { std: "docker" "start" "-a" "06c0ad6f5425f52047da5a7001b625cab5936a4dd76c417cacfcb28df4291bb2", kill_on_drop: false }`
[INFO] [stderr] warning: virtual workspace defaulting to `resolver = "1"` despite one or more workspace members being on edition 2021 which implies `resolver = "2"`
[INFO] [stderr] note: to keep the current resolver, specify `workspace.resolver = "1"` in the workspace root's manifest
[INFO] [stderr] note: to use the edition 2021 resolver, specify `workspace.resolver = "2"` in the workspace root's manifest
[INFO] [stderr] note: for more details see https://doc.rust-lang.org/cargo/reference/resolver.html#resolver-versions
[INFO] [stderr] warning: unused import: `Cookie`
[INFO] [stderr]  --> ts-api-core/src/lib.rs:3:14
[INFO] [stderr]   |
[INFO] [stderr] 3 |     cookie::{Cookie, CookieJar},
[INFO] [stderr]   |              ^^^^^^
[INFO] [stderr]   |
[INFO] [stderr]   = note: `#[warn(unused_imports)]` on by default
[INFO] [stderr] 
[INFO] [stderr] warning: unused variable: `dependencies`
[INFO] [stderr]   --> ts-api-core/src/lib.rs:24:25
[INFO] [stderr]    |
[INFO] [stderr] 24 |     fn add_dependencies(dependencies: &mut Dependencies) {}
[INFO] [stderr]    |                         ^^^^^^^^^^^^ help: if this is intentional, prefix it with an underscore: `_dependencies`
[INFO] [stderr]    |
[INFO] [stderr]    = note: `#[warn(unused_variables)]` on by default
[INFO] [stderr] 
[INFO] [stderr] warning: `ts-api-core` (lib) generated 2 warnings (run `cargo fix --lib -p ts-api-core` to apply 2 suggestions)
[INFO] [stderr] warning: `ts-api-core` (lib test) generated 2 warnings (2 duplicates)
[INFO] [stderr] warning: unused import: `Attribute`
[INFO] [stderr]  --> ts-api-macros/src/lib.rs:7:19
[INFO] [stderr]   |
[INFO] [stderr] 7 | use syn::{parse2, Attribute, Error, FnArg, Ident, ItemFn, NestedMeta, Result, ReturnType, Token};
[INFO] [stderr]   |                   ^^^^^^^^^
[INFO] [stderr]   |
[INFO] [stderr]   = note: `#[warn(unused_imports)]` on by default
[INFO] [stderr] 
[INFO] [stderr] warning: unused import: `ApiRequest`
[INFO] [stderr]  --> ts-api-macros/src/lib.rs:8:30
[INFO] [stderr]   |
[INFO] [stderr] 8 | use ts_api_core::{ApiMethod, ApiRequest};
[INFO] [stderr]   |                              ^^^^^^^^^^
[INFO] [stderr] 
[INFO] [stderr] warning: function `rustfmt` is never used
[INFO] [stderr]    --> ts-api-macros/src/lib.rs:185:4
[INFO] [stderr]     |
[INFO] [stderr] 185 | fn rustfmt(s: impl AsRef<[u8]>) -> String {
[INFO] [stderr]     |    ^^^^^^^
[INFO] [stderr]     |
[INFO] [stderr]     = note: `#[warn(dead_code)]` on by default
[INFO] [stderr] 
[INFO] [stderr] warning: `ts-api-macros` (lib) generated 3 warnings (run `cargo fix --lib -p ts-api-macros` to apply 2 suggestions)
[INFO] [stderr] warning: unused imports: `Data`, `Path`, `Query`
[INFO] [stderr]   --> ts-api/src/lib.rs:66:21
[INFO] [stderr]    |
[INFO] [stderr] 66 |     use poem::web::{Data, Json, Path, Query};
[INFO] [stderr]    |                     ^^^^        ^^^^  ^^^^^
[INFO] [stderr]    |
[INFO] [stderr]    = note: `#[warn(unused_imports)]` on by default
[INFO] [stderr] 
[INFO] [stderr] warning: unused variable: `b`
[INFO] [stderr]   --> ts-api/src/lib.rs:89:19
[INFO] [stderr]    |
[INFO] [stderr] 89 |     async fn user(b: Json<String>) -> Json<u32> {
[INFO] [stderr]    |                   ^ help: if this is intentional, prefix it with an underscore: `_b`
[INFO] [stderr]    |
[INFO] [stderr]    = note: `#[warn(unused_variables)]` on by default
[INFO] [stderr] 
[INFO] [stderr] warning: unused variable: `b`
[INFO] [stderr]   --> ts-api/src/lib.rs:94:20
[INFO] [stderr]    |
[INFO] [stderr] 94 |     async fn login(b: Json<Auth>) -> Json<Result<AuthResponse, Error>> {
[INFO] [stderr]    |                    ^ help: if this is intentional, prefix it with an underscore: `_b`
[INFO] [stderr] 
[INFO] [stderr] warning: `ts-api` (lib test) generated 3 warnings (run `cargo fix --lib -p ts-api --tests` to apply 3 suggestions)
[INFO] [stderr] warning: unused import: `ts_rs::TS`
[INFO] [stderr]   --> ts-api-macros/src/lib.rs:92:9
[INFO] [stderr]    |
[INFO] [stderr] 92 |     use ts_rs::TS;
[INFO] [stderr]    |         ^^^^^^^^^
[INFO] [stderr] 
[INFO] [stderr] warning: field `a` is never read
[INFO] [stderr]   --> ts-api-macros/src/lib.rs:96:9
[INFO] [stderr]    |
[INFO] [stderr] 95 |     struct A {
[INFO] [stderr]    |            - field in this struct
[INFO] [stderr] 96 |         a: B,
[INFO] [stderr]    |         ^
[INFO] [stderr]    |
[INFO] [stderr]    = note: `#[warn(dead_code)]` on by default
[INFO] [stderr] 
[INFO] [stderr] warning: field `b` is never read
[INFO] [stderr]    --> ts-api-macros/src/lib.rs:101:9
[INFO] [stderr]     |
[INFO] [stderr] 100 |     struct B {
[INFO] [stderr]     |            - field in this struct
[INFO] [stderr] 101 |         b: c::C,
[INFO] [stderr]     |         ^
[INFO] [stderr] 
[INFO] [stderr] warning: field `c` is never read
[INFO] [stderr]    --> ts-api-macros/src/lib.rs:107:13
[INFO] [stderr]     |
[INFO] [stderr] 106 |         pub struct C {
[INFO] [stderr]     |                    - field in this struct
[INFO] [stderr] 107 |             c: u16,
[INFO] [stderr]     |             ^
[INFO] [stderr] 
[INFO] [stderr] warning: unused import: `ts_rs::TS`
[INFO] [stderr]  --> ts-api-macros/tests/test1.rs:3:5
[INFO] [stderr]   |
[INFO] [stderr] 3 | use ts_rs::TS;
[INFO] [stderr]   |     ^^^^^^^^^
[INFO] [stderr]   |
[INFO] [stderr]   = note: `#[warn(unused_imports)]` on by default
[INFO] [stderr] 
[INFO] [stderr] warning: `ts-api-macros` (lib test) generated 5 warnings (1 duplicate)
[INFO] [stderr] warning: `ts-api-macros` (test "test1") generated 1 warning (run `cargo fix --test "test1"` to apply 1 suggestion)
[INFO] [stderr]     Finished test [unoptimized + debuginfo] target(s) in 0.09s
[INFO] [stderr]      Running unittests src/lib.rs (/opt/rustwide/target/debug/deps/ts_api-2e71c33216e76ef2)
[INFO] [stdout] 
[INFO] [stdout] running 1 test
[INFO] [stdout] test test_api ... FAILED
[INFO] [stdout] 
[INFO] [stdout] failures:
[INFO] [stdout] 
[INFO] [stdout] ---- test_api stdout ----
[INFO] [stdout] thread 'test_api' panicked at ts-api/src/lib.rs:102:41:
[INFO] [stdout] called `Result::unwrap()` on an `Err` value: Os { code: 30, kind: ReadOnlyFilesystem, message: "Read-only file system" }
[INFO] [stdout] stack backtrace:
[INFO] [stdout]    0:     0x55f345833d1c - std::backtrace_rs::backtrace::libunwind::trace::ha637c64ce894333a
[INFO] [stdout]                                at /rustc/82e1608dfa6e0b5569232559e3d385fea5a93112/library/std/src/../../backtrace/src/backtrace/libunwind.rs:104:5
[INFO] [stdout]    1:     0x55f345833d1c - std::backtrace_rs::backtrace::trace_unsynchronized::h47f62dea28e0c88d
[INFO] [stdout]                                at /rustc/82e1608dfa6e0b5569232559e3d385fea5a93112/library/std/src/../../backtrace/src/backtrace/mod.rs:66:5
[INFO] [stdout]    2:     0x55f345833d1c - std::sys_common::backtrace::_print_fmt::h9eef0abe20ede486
[INFO] [stdout]                                at /rustc/82e1608dfa6e0b5569232559e3d385fea5a93112/library/std/src/sys_common/backtrace.rs:67:5
[INFO] [stdout]    3:     0x55f345833d1c - <std::sys_common::backtrace::_print::DisplayBacktrace as core::fmt::Display>::fmt::hed7f999df88cc644
[INFO] [stdout]                                at /rustc/82e1608dfa6e0b5569232559e3d385fea5a93112/library/std/src/sys_common/backtrace.rs:44:22
[INFO] [stdout]    4:     0x55f34585e6d0 - core::fmt::rt::Argument::fmt::h1539a9308b8d058d
[INFO] [stdout]                                at /rustc/82e1608dfa6e0b5569232559e3d385fea5a93112/library/core/src/fmt/rt.rs:142:9
[INFO] [stdout]    5:     0x55f34585e6d0 - core::fmt::write::h3a39390d8560d9c9
[INFO] [stdout]                                at /rustc/82e1608dfa6e0b5569232559e3d385fea5a93112/library/core/src/fmt/mod.rs:1120:17
[INFO] [stdout]    6:     0x55f34583131f - std::io::Write::write_fmt::h040b369f3a0f9cbc
[INFO] [stdout]                                at /rustc/82e1608dfa6e0b5569232559e3d385fea5a93112/library/std/src/io/mod.rs:1762:15
[INFO] [stdout]    7:     0x55f345833b04 - std::sys_common::backtrace::_print::h894006fb5c6f3d45
[INFO] [stdout]                                at /rustc/82e1608dfa6e0b5569232559e3d385fea5a93112/library/std/src/sys_common/backtrace.rs:47:5
[INFO] [stdout]    8:     0x55f345833b04 - std::sys_common::backtrace::print::h23a2d212c6fff936
[INFO] [stdout]                                at /rustc/82e1608dfa6e0b5569232559e3d385fea5a93112/library/std/src/sys_common/backtrace.rs:34:9
[INFO] [stdout]    9:     0x55f3458357c7 - std::panicking::default_hook::{{closure}}::h8a1d2ee00185001a
[INFO] [stdout]   10:     0x55f3458354b3 - std::panicking::default_hook::h6038f2eba384e475
[INFO] [stdout]                                at /rustc/82e1608dfa6e0b5569232559e3d385fea5a93112/library/std/src/panicking.rs:289:9
[INFO] [stdout]   11:     0x55f3455f3c67 - <alloc::boxed::Box<F,A> as core::ops::function::Fn<Args>>::call::h0ad024c9bdc6d768
[INFO] [stdout]                                at /rustc/82e1608dfa6e0b5569232559e3d385fea5a93112/library/alloc/src/boxed.rs:2021:9
[INFO] [stdout]   12:     0x55f3455f3c67 - test::test_main::{{closure}}::h7500b54257359db6
[INFO] [stdout]                                at /rustc/82e1608dfa6e0b5569232559e3d385fea5a93112/library/test/src/lib.rs:138:21
[INFO] [stdout]   13:     0x55f345835dd8 - <alloc::boxed::Box<F,A> as core::ops::function::Fn<Args>>::call::h1f8f335eaa9cfaee
[INFO] [stdout]                                at /rustc/82e1608dfa6e0b5569232559e3d385fea5a93112/library/alloc/src/boxed.rs:2021:9
[INFO] [stdout]   14:     0x55f345835dd8 - std::panicking::rust_panic_with_hook::h2b5517d590cab22e
[INFO] [stdout]                                at /rustc/82e1608dfa6e0b5569232559e3d385fea5a93112/library/std/src/panicking.rs:783:13
[INFO] [stdout]   15:     0x55f345835b2e - std::panicking::begin_panic_handler::{{closure}}::h233112c06e0ef43e
[INFO] [stdout]                                at /rustc/82e1608dfa6e0b5569232559e3d385fea5a93112/library/std/src/panicking.rs:657:13
[INFO] [stdout]   16:     0x55f3458341e6 - std::sys_common::backtrace::__rust_end_short_backtrace::h6e893f24d7ebbff8
[INFO] [stdout]                                at /rustc/82e1608dfa6e0b5569232559e3d385fea5a93112/library/std/src/sys_common/backtrace.rs:170:18
[INFO] [stdout]   17:     0x55f345835892 - rust_begin_unwind
[INFO] [stdout]                                at /rustc/82e1608dfa6e0b5569232559e3d385fea5a93112/library/std/src/panicking.rs:645:5
[INFO] [stdout]   18:     0x55f34558c345 - core::panicking::panic_fmt::hbf0e066aabfa482c
[INFO] [stdout]                                at /rustc/82e1608dfa6e0b5569232559e3d385fea5a93112/library/core/src/panicking.rs:72:14
[INFO] [stdout]   19:     0x55f34558c913 - core::result::unwrap_failed::hddb4fea594200c52
[INFO] [stdout]                                at /rustc/82e1608dfa6e0b5569232559e3d385fea5a93112/library/core/src/result.rs:1653:5
[INFO] [stdout]   20:     0x55f3455aafbd - core::result::Result<T,E>::unwrap::h6a5329fa7c9d0c3a
[INFO] [stdout]                                at /rustc/82e1608dfa6e0b5569232559e3d385fea5a93112/library/core/src/result.rs:1077:23
[INFO] [stdout]   21:     0x55f345599f60 - ts_api::test_api::ha186d7bb7ddcabdc
[INFO] [stdout]                                at /opt/rustwide/workdir/ts-api/src/lib.rs:102:5
[INFO] [stdout]   22:     0x55f345599ea7 - ts_api::test_api::{{closure}}::h6cfe497c2edef875
[INFO] [stdout]                                at /opt/rustwide/workdir/ts-api/src/lib.rs:64:14
[INFO] [stdout]   23:     0x55f3455a1436 - core::ops::function::FnOnce::call_once::ha3b28c16f6cb5e24
[INFO] [stdout]                                at /rustc/82e1608dfa6e0b5569232559e3d385fea5a93112/library/core/src/ops/function.rs:250:5
[INFO] [stdout]   24:     0x55f3455f92bf - core::ops::function::FnOnce::call_once::h2b5d431d5046312d
[INFO] [stdout]                                at /rustc/82e1608dfa6e0b5569232559e3d385fea5a93112/library/core/src/ops/function.rs:250:5
[INFO] [stdout]   25:     0x55f3455f92bf - test::__rust_begin_short_backtrace::h7714669af176e207
[INFO] [stdout]                                at /rustc/82e1608dfa6e0b5569232559e3d385fea5a93112/library/test/src/lib.rs:628:18
[INFO] [stdout]   26:     0x55f3455f82d5 - test::run_test_in_process::{{closure}}::h85218797dcbcec12
[INFO] [stdout]                                at /rustc/82e1608dfa6e0b5569232559e3d385fea5a93112/library/test/src/lib.rs:651:60
[INFO] [stdout]   27:     0x55f3455f82d5 - <core::panic::unwind_safe::AssertUnwindSafe<F> as core::ops::function::FnOnce<()>>::call_once::h76c106ea31c14d7b
[INFO] [stdout]                                at /rustc/82e1608dfa6e0b5569232559e3d385fea5a93112/library/core/src/panic/unwind_safe.rs:272:9
[INFO] [stdout]   28:     0x55f3455f82d5 - std::panicking::try::do_call::h3bd5d0f6620ee946
[INFO] [stdout]                                at /rustc/82e1608dfa6e0b5569232559e3d385fea5a93112/library/std/src/panicking.rs:552:40
[INFO] [stdout]   29:     0x55f3455f82d5 - std::panicking::try::h232e535e4744fe31
[INFO] [stdout]                                at /rustc/82e1608dfa6e0b5569232559e3d385fea5a93112/library/std/src/panicking.rs:516:19
[INFO] [stdout]   30:     0x55f3455f82d5 - std::panic::catch_unwind::h3ce3bd6ca8dbac68
[INFO] [stdout]                                at /rustc/82e1608dfa6e0b5569232559e3d385fea5a93112/library/std/src/panic.rs:142:14
[INFO] [stdout]   31:     0x55f3455f82d5 - test::run_test_in_process::hc97b257c9621286a
[INFO] [stdout]                                at /rustc/82e1608dfa6e0b5569232559e3d385fea5a93112/library/test/src/lib.rs:651:27
[INFO] [stdout]   32:     0x55f3455f82d5 - test::run_test::{{closure}}::h2aa798823a438d38
[INFO] [stdout]                                at /rustc/82e1608dfa6e0b5569232559e3d385fea5a93112/library/test/src/lib.rs:574:43
[INFO] [stdout]   33:     0x55f3455c0596 - test::run_test::{{closure}}::h87d231c78fb59832
[INFO] [stdout]                                at /rustc/82e1608dfa6e0b5569232559e3d385fea5a93112/library/test/src/lib.rs:602:41
[INFO] [stdout]   34:     0x55f3455c0596 - std::sys_common::backtrace::__rust_begin_short_backtrace::he6df152596625789
[INFO] [stdout]                                at /rustc/82e1608dfa6e0b5569232559e3d385fea5a93112/library/std/src/sys_common/backtrace.rs:154:18
[INFO] [stdout]   35:     0x55f3455c5647 - std::thread::Builder::spawn_unchecked_::{{closure}}::{{closure}}::ha94be15d1e0acf36
[INFO] [stdout]                                at /rustc/82e1608dfa6e0b5569232559e3d385fea5a93112/library/std/src/thread/mod.rs:529:17
[INFO] [stdout]   36:     0x55f3455c5647 - <core::panic::unwind_safe::AssertUnwindSafe<F> as core::ops::function::FnOnce<()>>::call_once::h9dc6bd6372f16606
[INFO] [stdout]                                at /rustc/82e1608dfa6e0b5569232559e3d385fea5a93112/library/core/src/panic/unwind_safe.rs:272:9
[INFO] [stdout]   37:     0x55f3455c5647 - std::panicking::try::do_call::h9057517f80303cd4
[INFO] [stdout]                                at /rustc/82e1608dfa6e0b5569232559e3d385fea5a93112/library/std/src/panicking.rs:552:40
[INFO] [stdout]   38:     0x55f3455c5647 - std::panicking::try::he3a30b11ee45340c
[INFO] [stdout]                                at /rustc/82e1608dfa6e0b5569232559e3d385fea5a93112/library/std/src/panicking.rs:516:19
[INFO] [stdout]   39:     0x55f3455c5647 - std::panic::catch_unwind::h410458cfd3528b8b
[INFO] [stdout]                                at /rustc/82e1608dfa6e0b5569232559e3d385fea5a93112/library/std/src/panic.rs:142:14
[INFO] [stdout]   40:     0x55f3455c5647 - std::thread::Builder::spawn_unchecked_::{{closure}}::h72ac3bdb567b737b
[INFO] [stdout]                                at /rustc/82e1608dfa6e0b5569232559e3d385fea5a93112/library/std/src/thread/mod.rs:528:30
[INFO] [stdout]   41:     0x55f3455c5647 - core::ops::function::FnOnce::call_once{{vtable.shim}}::h38f34da3654a8344
[INFO] [stdout]                                at /rustc/82e1608dfa6e0b5569232559e3d385fea5a93112/library/core/src/ops/function.rs:250:5
[INFO] [stdout]   42:     0x55f34583a865 - <alloc::boxed::Box<F,A> as core::ops::function::FnOnce<Args>>::call_once::hc7eafaff61e32df9
[INFO] [stdout]                                at /rustc/82e1608dfa6e0b5569232559e3d385fea5a93112/library/alloc/src/boxed.rs:2007:9
[INFO] [stdout]   43:     0x55f34583a865 - <alloc::boxed::Box<F,A> as core::ops::function::FnOnce<Args>>::call_once::h6ba4a5de48dd2304
[INFO] [stdout]                                at /rustc/82e1608dfa6e0b5569232559e3d385fea5a93112/library/alloc/src/boxed.rs:2007:9
[INFO] [stdout]   44:     0x55f34583a865 - std::sys::unix::thread::Thread::new::thread_start::he469335aef763e45
[INFO] [stdout]                                at /rustc/82e1608dfa6e0b5569232559e3d385fea5a93112/library/std/src/sys/unix/thread.rs:108:17
[INFO] [stdout]   45:     0x7f0e02394ac3 - <unknown>
[INFO] [stdout]   46:     0x7f0e02425bf4 - __clone
[INFO] [stdout]   47:                0x0 - <unknown>
[INFO] [stdout] 
[INFO] [stdout] 
[INFO] [stdout] failures:
[INFO] [stdout]     test_api
[INFO] [stdout] 
[INFO] [stdout] test result: FAILED. 0 passed; 1 failed; 0 ignored; 0 measured; 0 filtered out; finished in 0.04s
[INFO] [stdout] 
[INFO] [stderr] error: test failed, to rerun pass `-p ts-api --lib`
[INFO] running `Command { std: "docker" "inspect" "06c0ad6f5425f52047da5a7001b625cab5936a4dd76c417cacfcb28df4291bb2", kill_on_drop: false }`
[INFO] running `Command { std: "docker" "rm" "-f" "06c0ad6f5425f52047da5a7001b625cab5936a4dd76c417cacfcb28df4291bb2", kill_on_drop: false }`
[INFO] [stdout] 06c0ad6f5425f52047da5a7001b625cab5936a4dd76c417cacfcb28df4291bb2
