[INFO] cloning repository https://github.com/christoff-linde/axum-full-course-v2
[INFO] running `Command { std: "git" "-c" "credential.helper=" "-c" "credential.helper=/workspace/cargo-home/bin/git-credential-null" "clone" "--bare" "https://github.com/christoff-linde/axum-full-course-v2" "/workspace/cache/git-repos/https%3A%2F%2Fgithub.com%2Fchristoff-linde%2Faxum-full-course-v2", kill_on_drop: false }`
[INFO] [stderr] Cloning into bare repository '/workspace/cache/git-repos/https%3A%2F%2Fgithub.com%2Fchristoff-linde%2Faxum-full-course-v2'...
[INFO] running `Command { std: "git" "rev-parse" "HEAD", kill_on_drop: false }`
[INFO] [stdout] f9fc526f21799bd74a4dc499fe3ab820af95f86d
[INFO] testing christoff-linde/axum-full-course-v2 against 1.75.0 for beta-1.76-1
[INFO] running `Command { std: "git" "clone" "/workspace/cache/git-repos/https%3A%2F%2Fgithub.com%2Fchristoff-linde%2Faxum-full-course-v2" "/workspace/builds/worker-3-tc1/source", kill_on_drop: false }`
[INFO] [stderr] Cloning into '/workspace/builds/worker-3-tc1/source'...
[INFO] [stderr] done.
[INFO] validating manifest of git repo https://github.com/christoff-linde/axum-full-course-v2 on toolchain 1.75.0
[INFO] running `Command { std: CARGO_HOME="/workspace/cargo-home" RUSTUP_HOME="/workspace/rustup-home" "/workspace/cargo-home/bin/cargo" "+1.75.0" "metadata" "--manifest-path" "Cargo.toml" "--no-deps", kill_on_drop: false }`
[INFO] started tweaking git repo https://github.com/christoff-linde/axum-full-course-v2
[INFO] finished tweaking git repo https://github.com/christoff-linde/axum-full-course-v2
[INFO] tweaked toml for git repo https://github.com/christoff-linde/axum-full-course-v2 written to /workspace/builds/worker-3-tc1/source/Cargo.toml
[INFO] crate git repo https://github.com/christoff-linde/axum-full-course-v2 already has a lockfile, it will not be regenerated
[INFO] running `Command { std: CARGO_HOME="/workspace/cargo-home" RUSTUP_HOME="/workspace/rustup-home" "/workspace/cargo-home/bin/cargo" "+1.75.0" "fetch" "--manifest-path" "Cargo.toml", kill_on_drop: false }`
[INFO] [stderr]     Updating crates.io index
[INFO] [stderr]  Downloading crates ...
[INFO] [stderr]   Downloaded tower-http v0.5.0
[INFO] [stderr]   Downloaded httpc-test v0.1.8
[INFO] [stderr]   Downloaded reqwest_cookie_store v0.6.0
[INFO] [stderr]   Downloaded http-range-header v0.4.0
[INFO] running `Command { std: "docker" "create" "-v" "/var/lib/crater-agent-workspace/builds/worker-3-tc1/target:/opt/rustwide/target:rw,Z" "-v" "/var/lib/crater-agent-workspace/builds/worker-3-tc1/source:/opt/rustwide/workdir:ro,Z" "-v" "/var/lib/crater-agent-workspace/cargo-home:/opt/rustwide/cargo-home:ro,Z" "-v" "/var/lib/crater-agent-workspace/rustup-home:/opt/rustwide/rustup-home:ro,Z" "-e" "SOURCE_DIR=/opt/rustwide/workdir" "-e" "CARGO_TARGET_DIR=/opt/rustwide/target" "-e" "CARGO_HOME=/opt/rustwide/cargo-home" "-e" "RUSTUP_HOME=/opt/rustwide/rustup-home" "-w" "/opt/rustwide/workdir" "-m" "1610612736" "--user" "0:0" "--network" "none" "ghcr.io/rust-lang/crates-build-env/linux@sha256:2788e3201cd34a07e3172128adcd8b3090168a8e3bcc40d7c032b9dda1df7d1c" "/opt/rustwide/cargo-home/bin/cargo" "+1.75.0" "metadata" "--no-deps" "--format-version=1", kill_on_drop: false }`
[INFO] [stdout] f839d7727ffdfd09deb0c963e59a422b9a2f6e3551c6593faecf91404fda16ba
[INFO] running `Command { std: "docker" "start" "-a" "f839d7727ffdfd09deb0c963e59a422b9a2f6e3551c6593faecf91404fda16ba", kill_on_drop: false }`
[INFO] running `Command { std: "docker" "inspect" "f839d7727ffdfd09deb0c963e59a422b9a2f6e3551c6593faecf91404fda16ba", kill_on_drop: false }`
[INFO] running `Command { std: "docker" "rm" "-f" "f839d7727ffdfd09deb0c963e59a422b9a2f6e3551c6593faecf91404fda16ba", kill_on_drop: false }`
[INFO] [stdout] f839d7727ffdfd09deb0c963e59a422b9a2f6e3551c6593faecf91404fda16ba
[INFO] running `Command { std: "docker" "create" "-v" "/var/lib/crater-agent-workspace/builds/worker-3-tc1/target:/opt/rustwide/target:rw,Z" "-v" "/var/lib/crater-agent-workspace/builds/worker-3-tc1/source:/opt/rustwide/workdir:ro,Z" "-v" "/var/lib/crater-agent-workspace/cargo-home:/opt/rustwide/cargo-home:ro,Z" "-v" "/var/lib/crater-agent-workspace/rustup-home:/opt/rustwide/rustup-home:ro,Z" "-e" "SOURCE_DIR=/opt/rustwide/workdir" "-e" "CARGO_TARGET_DIR=/opt/rustwide/target" "-e" "CARGO_INCREMENTAL=0" "-e" "RUST_BACKTRACE=full" "-e" "RUSTFLAGS=--cap-lints=warn" "-e" "RUSTDOCFLAGS=--cap-lints=warn" "-e" "CARGO_HOME=/opt/rustwide/cargo-home" "-e" "RUSTUP_HOME=/opt/rustwide/rustup-home" "-w" "/opt/rustwide/workdir" "-m" "1610612736" "--user" "0:0" "--network" "none" "ghcr.io/rust-lang/crates-build-env/linux@sha256:2788e3201cd34a07e3172128adcd8b3090168a8e3bcc40d7c032b9dda1df7d1c" "/opt/rustwide/cargo-home/bin/cargo" "+1.75.0" "build" "--frozen" "--message-format=json", kill_on_drop: false }`
[INFO] [stdout] cee848d367120cc9eaa602eb1bf8f5b65dcb92590c2a87c55a913f29e5301d3a
[INFO] running `Command { std: "docker" "start" "-a" "cee848d367120cc9eaa602eb1bf8f5b65dcb92590c2a87c55a913f29e5301d3a", kill_on_drop: false }`
[INFO] [stderr]    Compiling proc-macro2 v1.0.70
[INFO] [stderr]    Compiling unicode-ident v1.0.12
[INFO] [stderr]    Compiling libc v0.2.151
[INFO] [stderr]    Compiling itoa v1.0.10
[INFO] [stderr]    Compiling futures-core v0.3.29
[INFO] [stderr]    Compiling pin-project-lite v0.2.13
[INFO] [stderr]    Compiling bytes v1.5.0
[INFO] [stderr]    Compiling parking_lot_core v0.9.9
[INFO] [stderr]    Compiling futures-task v0.3.29
[INFO] [stderr]    Compiling smallvec v1.11.2
[INFO] [stderr]    Compiling scopeguard v1.2.0
[INFO] [stderr]    Compiling futures-util v0.3.29
[INFO] [stderr]    Compiling lock_api v0.4.11
[INFO] [stderr]    Compiling slab v0.4.9
[INFO] [stderr]    Compiling once_cell v1.19.0
[INFO] [stderr]    Compiling rustversion v1.0.14
[INFO] [stderr]    Compiling log v0.4.20
[INFO] [stderr]    Compiling serde v1.0.193
[INFO] [stderr]    Compiling unicase v2.7.0
[INFO] [stderr]    Compiling futures-sink v0.3.29
[INFO] [stderr]    Compiling tracing-core v0.1.32
[INFO] [stderr]    Compiling memchr v2.6.4
[INFO] [stderr]    Compiling tower-layer v0.3.2
[INFO] [stderr]    Compiling percent-encoding v2.3.1
[INFO] [stderr]    Compiling async-trait v0.1.74
[INFO] [stderr]    Compiling equivalent v1.0.1
[INFO] [stderr]    Compiling http v1.0.0
[INFO] [stderr]    Compiling hashbrown v0.14.3
[INFO] [stderr]    Compiling futures-channel v0.3.29
[INFO] [stderr]    Compiling strsim v0.10.0
[INFO] [stderr]    Compiling mime v0.3.17
[INFO] [stderr]    Compiling regex-syntax v0.8.2
[INFO] [stderr]    Compiling tracing v0.1.40
[INFO] [stderr]    Compiling powerfmt v0.2.0
[INFO] [stderr]    Compiling httpdate v1.0.3
[INFO] [stderr]    Compiling time-core v0.1.2
[INFO] [stderr]    Compiling mime_guess v2.0.4
[INFO] [stderr]    Compiling time-macros v0.2.15
[INFO] [stderr]    Compiling quote v1.0.33
[INFO] [stderr]    Compiling aho-corasick v1.1.2
[INFO] [stderr]    Compiling deranged v0.3.10
[INFO] [stderr]    Compiling cookie v0.18.0
[INFO] [stderr]    Compiling heck v0.4.1
[INFO] [stderr]    Compiling syn v2.0.41
[INFO] [stderr]    Compiling sync_wrapper v0.1.2
[INFO] [stderr]    Compiling indexmap v2.1.0
[INFO] [stderr]    Compiling serde_json v1.0.108
[INFO] [stderr]    Compiling mio v0.8.10
[INFO] [stderr]    Compiling num_cpus v1.16.0
[INFO] [stderr]    Compiling signal-hook-registry v1.4.1
[INFO] [stderr]    Compiling socket2 v0.5.5
[INFO] [stderr]    Compiling getrandom v0.2.11
[INFO] [stderr]    Compiling parking_lot v0.12.1
[INFO] [stderr]    Compiling http-body v1.0.0
[INFO] [stderr]    Compiling axum-core v0.4.1
[INFO] [stderr]    Compiling rand_core v0.6.4
[INFO] [stderr]    Compiling ryu v1.0.16
[INFO] [stderr]    Compiling axum v0.7.2
[INFO] [stderr]    Compiling rand_chacha v0.3.1
[INFO] [stderr]    Compiling form_urlencoded v1.2.1
[INFO] [stderr]    Compiling http-range-header v0.4.0
[INFO] [stderr]    Compiling matchit v0.7.3
[INFO] [stderr]    Compiling bitflags v2.4.1
[INFO] [stderr]    Compiling rand v0.8.5
[INFO] [stderr]    Compiling regex-automata v0.4.3
[INFO] [stderr]    Compiling time v0.3.30
[INFO] [stderr]    Compiling uuid v1.6.1
[INFO] [stderr]    Compiling darling_core v0.20.3
[INFO] [stderr]    Compiling regex v1.10.2
[INFO] [stderr]    Compiling futures-macro v0.3.29
[INFO] [stderr]    Compiling tokio-macros v2.2.0
[INFO] [stderr]    Compiling serde_derive v1.0.193
[INFO] [stderr]    Compiling pin-project-internal v1.1.3
[INFO] [stderr]    Compiling axum-macros v0.4.0
[INFO] [stderr]    Compiling strum_macros v0.25.3
[INFO] [stderr]    Compiling tokio v1.35.0
[INFO] [stderr]    Compiling lazy-regex-proc_macros v3.1.0
[INFO] [stderr]    Compiling darling_macro v0.20.3
[INFO] [stderr]    Compiling pin-project v1.1.3
[INFO] [stderr]    Compiling darling v0.20.3
[INFO] [stderr]    Compiling serde_with_macros v3.4.0
[INFO] [stderr]    Compiling lazy-regex v3.1.0
[INFO] [stderr]    Compiling http-body-util v0.1.0
[INFO] [stderr]    Compiling tokio-util v0.7.10
[INFO] [stderr]    Compiling tower v0.4.13
[INFO] [stderr]    Compiling tower-cookies v0.10.0
[INFO] [stderr]    Compiling serde_path_to_error v0.1.14
[INFO] [stderr]    Compiling serde_urlencoded v0.7.1
[INFO] [stderr]    Compiling serde_with v3.4.0
[INFO] [stderr]    Compiling h2 v0.4.0
[INFO] [stderr]    Compiling tower-http v0.5.0
[INFO] [stderr]    Compiling hyper v1.0.1
[INFO] [stderr]    Compiling hyper-util v0.1.1
[INFO] [stderr]    Compiling axum-full-course-v2 v0.1.0 (/opt/rustwide/workdir)
[INFO] [stdout] warning: unused import: `RequestPartsExt`
[INFO] [stdout]  --> src/web/mw_auth.rs:9:5
[INFO] [stdout]   |
[INFO] [stdout] 9 |     RequestPartsExt,
[INFO] [stdout]   |     ^^^^^^^^^^^^^^^
[INFO] [stdout]   |
[INFO] [stdout]   = note: `#[warn(unused_imports)]` on by default
[INFO] [stdout] 
[INFO] [stdout] 
[INFO] [stdout] warning: use of deprecated associated function `tower_cookies::Cookie::<'c>::named`: use `Cookie::build(name)` or `Cookie::from(name)`
[INFO] [stdout]   --> src/web/mw_auth.rs:53:32
[INFO] [stdout]    |
[INFO] [stdout] 53 |         cookies.remove(Cookie::named(AUTH_TOKEN))
[INFO] [stdout]    |                                ^^^^^
[INFO] [stdout]    |
[INFO] [stdout]    = note: `#[warn(deprecated)]` on by default
[INFO] [stdout] 
[INFO] [stdout] 
[INFO] [stdout] warning: enum `ServerError` is never used
[INFO] [stdout]   --> src/error.rs:81:10
[INFO] [stdout]    |
[INFO] [stdout] 81 | pub enum ServerError {}
[INFO] [stdout]    |          ^^^^^^^^^^^
[INFO] [stdout]    |
[INFO] [stdout]    = note: `#[warn(dead_code)]` on by default
[INFO] [stdout] 
[INFO] [stdout] 
[INFO] [stdout] warning: unused `std::result::Result` that must be used
[INFO] [stdout]   --> src/main.rs:89:5
[INFO] [stdout]    |
[INFO] [stdout] 89 |     log_request(uuid, req_method, uri, ctx, service_error, client_error).await;
[INFO] [stdout]    |     ^^^^^^^^^^^^^^^^^^^^^^^^^^^^^^^^^^^^^^^^^^^^^^^^^^^^^^^^^^^^^^^^^^^^^^^^^^
[INFO] [stdout]    |
[INFO] [stdout]    = note: this `Result` may be an `Err` variant, which should be handled
[INFO] [stdout]    = note: `#[warn(unused_must_use)]` on by default
[INFO] [stdout] help: use `let _ = ...` to ignore the resulting value
[INFO] [stdout]    |
[INFO] [stdout] 89 |     let _ = log_request(uuid, req_method, uri, ctx, service_error, client_error).await;
[INFO] [stdout]    |     +++++++
[INFO] [stdout] 
[INFO] [stdout] 
[INFO] [stdout] warning: 4 warnings emitted
[INFO] [stdout] 
[INFO] [stdout] 
[INFO] [stderr]     Finished dev [unoptimized + debuginfo] target(s) in 21.90s
[INFO] running `Command { std: "docker" "inspect" "cee848d367120cc9eaa602eb1bf8f5b65dcb92590c2a87c55a913f29e5301d3a", kill_on_drop: false }`
[INFO] running `Command { std: "docker" "rm" "-f" "cee848d367120cc9eaa602eb1bf8f5b65dcb92590c2a87c55a913f29e5301d3a", kill_on_drop: false }`
[INFO] [stdout] cee848d367120cc9eaa602eb1bf8f5b65dcb92590c2a87c55a913f29e5301d3a
[INFO] running `Command { std: "docker" "create" "-v" "/var/lib/crater-agent-workspace/builds/worker-3-tc1/target:/opt/rustwide/target:rw,Z" "-v" "/var/lib/crater-agent-workspace/builds/worker-3-tc1/source:/opt/rustwide/workdir:ro,Z" "-v" "/var/lib/crater-agent-workspace/cargo-home:/opt/rustwide/cargo-home:ro,Z" "-v" "/var/lib/crater-agent-workspace/rustup-home:/opt/rustwide/rustup-home:ro,Z" "-e" "SOURCE_DIR=/opt/rustwide/workdir" "-e" "CARGO_TARGET_DIR=/opt/rustwide/target" "-e" "CARGO_INCREMENTAL=0" "-e" "RUST_BACKTRACE=full" "-e" "RUSTFLAGS=--cap-lints=warn" "-e" "RUSTDOCFLAGS=--cap-lints=warn" "-e" "CARGO_HOME=/opt/rustwide/cargo-home" "-e" "RUSTUP_HOME=/opt/rustwide/rustup-home" "-w" "/opt/rustwide/workdir" "-m" "1610612736" "--user" "0:0" "--network" "none" "ghcr.io/rust-lang/crates-build-env/linux@sha256:2788e3201cd34a07e3172128adcd8b3090168a8e3bcc40d7c032b9dda1df7d1c" "/opt/rustwide/cargo-home/bin/cargo" "+1.75.0" "test" "--frozen" "--no-run" "--message-format=json", kill_on_drop: false }`
[INFO] [stdout] 5662923f7ccff417cf1b20feeca294f16867e11acaef7695dbc06f454f821cb3
[INFO] running `Command { std: "docker" "start" "-a" "5662923f7ccff417cf1b20feeca294f16867e11acaef7695dbc06f454f821cb3", kill_on_drop: false }`
[INFO] [stderr]    Compiling libc v0.2.151
[INFO] [stderr]    Compiling tinyvec_macros v0.1.1
[INFO] [stderr]    Compiling pkg-config v0.3.27
[INFO] [stderr]    Compiling vcpkg v0.2.15
[INFO] [stderr]    Compiling time v0.3.30
[INFO] [stderr]    Compiling unicode-bidi v0.3.14
[INFO] [stderr]    Compiling openssl v0.10.61
[INFO] [stderr]    Compiling openssl-macros v0.1.1
[INFO] [stderr]    Compiling http v0.2.11
[INFO] [stderr]    Compiling native-tls v0.2.11
[INFO] [stderr]    Compiling cookie v0.16.2
[INFO] [stderr]    Compiling psl-types v2.0.11
[INFO] [stderr]    Compiling try-lock v0.2.5
[INFO] [stderr]    Compiling openssl-probe v0.1.5
[INFO] [stderr]    Compiling tinyvec v1.6.0
[INFO] [stderr]    Compiling socket2 v0.4.10
[INFO] [stderr]    Compiling cookie v0.17.0
[INFO] [stderr]    Compiling want v0.3.1
[INFO] [stderr]    Compiling matches v0.1.10
[INFO] [stderr]    Compiling encoding_rs v0.8.33
[INFO] [stderr]    Compiling thiserror v1.0.51
[INFO] [stderr]    Compiling base64 v0.21.5
[INFO] [stderr]    Compiling ipnet v2.9.0
[INFO] [stderr]    Compiling thiserror-impl v1.0.51
[INFO] [stderr]    Compiling anyhow v1.0.75
[INFO] [stderr]    Compiling http-body v0.4.6
[INFO] [stderr]    Compiling h2 v0.3.22
[INFO] [stderr]    Compiling unicode-normalization v0.1.22
[INFO] [stderr]    Compiling cc v1.0.83
[INFO] [stderr]    Compiling idna v0.3.0
[INFO] [stderr]    Compiling idna v0.5.0
[INFO] [stderr]    Compiling idna v0.2.3
[INFO] [stderr]    Compiling cookie v0.18.0
[INFO] [stderr]    Compiling url v2.5.0
[INFO] [stderr]    Compiling publicsuffix v2.2.3
[INFO] [stderr]    Compiling openssl-sys v0.9.97
[INFO] [stderr]    Compiling tower-cookies v0.10.0
[INFO] [stderr]    Compiling cookie_store v0.16.2
[INFO] [stderr]    Compiling cookie_store v0.20.0
[INFO] [stderr]    Compiling axum-full-course-v2 v0.1.0 (/opt/rustwide/workdir)
[INFO] [stdout] warning: unused import: `RequestPartsExt`
[INFO] [stdout]  --> src/web/mw_auth.rs:9:5
[INFO] [stdout]   |
[INFO] [stdout] 9 |     RequestPartsExt,
[INFO] [stdout]   |     ^^^^^^^^^^^^^^^
[INFO] [stdout]   |
[INFO] [stdout]   = note: `#[warn(unused_imports)]` on by default
[INFO] [stdout] 
[INFO] [stdout] 
[INFO] [stdout] warning: use of deprecated associated function `tower_cookies::Cookie::<'c>::named`: use `Cookie::build(name)` or `Cookie::from(name)`
[INFO] [stdout]   --> src/web/mw_auth.rs:53:32
[INFO] [stdout]    |
[INFO] [stdout] 53 |         cookies.remove(Cookie::named(AUTH_TOKEN))
[INFO] [stdout]    |                                ^^^^^
[INFO] [stdout]    |
[INFO] [stdout]    = note: `#[warn(deprecated)]` on by default
[INFO] [stdout] 
[INFO] [stdout] 
[INFO] [stdout] warning: enum `ServerError` is never used
[INFO] [stdout]   --> src/error.rs:81:10
[INFO] [stdout]    |
[INFO] [stdout] 81 | pub enum ServerError {}
[INFO] [stdout]    |          ^^^^^^^^^^^
[INFO] [stdout]    |
[INFO] [stdout]    = note: `#[warn(dead_code)]` on by default
[INFO] [stdout] 
[INFO] [stdout] 
[INFO] [stdout] warning: unused `std::result::Result` that must be used
[INFO] [stdout]   --> src/main.rs:89:5
[INFO] [stdout]    |
[INFO] [stdout] 89 |     log_request(uuid, req_method, uri, ctx, service_error, client_error).await;
[INFO] [stdout]    |     ^^^^^^^^^^^^^^^^^^^^^^^^^^^^^^^^^^^^^^^^^^^^^^^^^^^^^^^^^^^^^^^^^^^^^^^^^^
[INFO] [stdout]    |
[INFO] [stdout]    = note: this `Result` may be an `Err` variant, which should be handled
[INFO] [stdout]    = note: `#[warn(unused_must_use)]` on by default
[INFO] [stdout] help: use `let _ = ...` to ignore the resulting value
[INFO] [stdout]    |
[INFO] [stdout] 89 |     let _ = log_request(uuid, req_method, uri, ctx, service_error, client_error).await;
[INFO] [stdout]    |     +++++++
[INFO] [stdout] 
[INFO] [stdout] 
[INFO] [stderr]    Compiling hyper v0.14.27
[INFO] [stderr]    Compiling tokio-native-tls v0.3.1
[INFO] [stderr]    Compiling hyper-tls v0.5.0
[INFO] [stdout] warning: 4 warnings emitted
[INFO] [stdout] 
[INFO] [stdout] 
[INFO] [stderr]    Compiling reqwest v0.11.22
[INFO] [stderr]    Compiling reqwest_cookie_store v0.6.0
[INFO] [stderr]    Compiling httpc-test v0.1.8
[INFO] [stdout] warning: unused import: `RequestPartsExt`
[INFO] [stdout]  --> src/web/mw_auth.rs:9:5
[INFO] [stdout]   |
[INFO] [stdout] 9 |     RequestPartsExt,
[INFO] [stdout]   |     ^^^^^^^^^^^^^^^
[INFO] [stdout]   |
[INFO] [stdout]   = note: `#[warn(unused_imports)]` on by default
[INFO] [stdout] 
[INFO] [stdout] 
[INFO] [stdout] warning: use of deprecated associated function `tower_cookies::Cookie::<'c>::named`: use `Cookie::build(name)` or `Cookie::from(name)`
[INFO] [stdout]   --> src/web/mw_auth.rs:53:32
[INFO] [stdout]    |
[INFO] [stdout] 53 |         cookies.remove(Cookie::named(AUTH_TOKEN))
[INFO] [stdout]    |                                ^^^^^
[INFO] [stdout]    |
[INFO] [stdout]    = note: `#[warn(deprecated)]` on by default
[INFO] [stdout] 
[INFO] [stdout] 
[INFO] [stdout] warning: enum `ServerError` is never used
[INFO] [stdout]   --> src/error.rs:81:10
[INFO] [stdout]    |
[INFO] [stdout] 81 | pub enum ServerError {}
[INFO] [stdout]    |          ^^^^^^^^^^^
[INFO] [stdout]    |
[INFO] [stdout]    = note: `#[warn(dead_code)]` on by default
[INFO] [stdout] 
[INFO] [stdout] 
[INFO] [stdout] warning: unused `std::result::Result` that must be used
[INFO] [stdout]   --> src/main.rs:89:5
[INFO] [stdout]    |
[INFO] [stdout] 89 |     log_request(uuid, req_method, uri, ctx, service_error, client_error).await;
[INFO] [stdout]    |     ^^^^^^^^^^^^^^^^^^^^^^^^^^^^^^^^^^^^^^^^^^^^^^^^^^^^^^^^^^^^^^^^^^^^^^^^^^
[INFO] [stdout]    |
[INFO] [stdout]    = note: this `Result` may be an `Err` variant, which should be handled
[INFO] [stdout]    = note: `#[warn(unused_must_use)]` on by default
[INFO] [stdout] help: use `let _ = ...` to ignore the resulting value
[INFO] [stdout]    |
[INFO] [stdout] 89 |     let _ = log_request(uuid, req_method, uri, ctx, service_error, client_error).await;
[INFO] [stdout]    |     +++++++
[INFO] [stdout] 
[INFO] [stdout] 
[INFO] [stdout] warning: 4 warnings emitted
[INFO] [stdout] 
[INFO] [stdout] 
[INFO] [stderr]     Finished test [unoptimized + debuginfo] target(s) in 10.99s
[INFO] running `Command { std: "docker" "inspect" "5662923f7ccff417cf1b20feeca294f16867e11acaef7695dbc06f454f821cb3", kill_on_drop: false }`
[INFO] running `Command { std: "docker" "rm" "-f" "5662923f7ccff417cf1b20feeca294f16867e11acaef7695dbc06f454f821cb3", kill_on_drop: false }`
[INFO] [stdout] 5662923f7ccff417cf1b20feeca294f16867e11acaef7695dbc06f454f821cb3
[INFO] running `Command { std: "docker" "create" "-v" "/var/lib/crater-agent-workspace/builds/worker-3-tc1/target:/opt/rustwide/target:rw,Z" "-v" "/var/lib/crater-agent-workspace/builds/worker-3-tc1/source:/opt/rustwide/workdir:ro,Z" "-v" "/var/lib/crater-agent-workspace/cargo-home:/opt/rustwide/cargo-home:ro,Z" "-v" "/var/lib/crater-agent-workspace/rustup-home:/opt/rustwide/rustup-home:ro,Z" "-e" "SOURCE_DIR=/opt/rustwide/workdir" "-e" "CARGO_TARGET_DIR=/opt/rustwide/target" "-e" "CARGO_INCREMENTAL=0" "-e" "RUST_BACKTRACE=full" "-e" "RUSTFLAGS=--cap-lints=warn" "-e" "RUSTDOCFLAGS=--cap-lints=warn" "-e" "CARGO_HOME=/opt/rustwide/cargo-home" "-e" "RUSTUP_HOME=/opt/rustwide/rustup-home" "-w" "/opt/rustwide/workdir" "-m" "1610612736" "--user" "0:0" "--network" "none" "ghcr.io/rust-lang/crates-build-env/linux@sha256:2788e3201cd34a07e3172128adcd8b3090168a8e3bcc40d7c032b9dda1df7d1c" "/opt/rustwide/cargo-home/bin/cargo" "+1.75.0" "test" "--frozen", kill_on_drop: false }`
[INFO] [stdout] c2bfb976b83b9b50cae23e05c9fe7b03fc6d82c58672cbace99cbb59c72b2ee6
[INFO] running `Command { std: "docker" "start" "-a" "c2bfb976b83b9b50cae23e05c9fe7b03fc6d82c58672cbace99cbb59c72b2ee6", kill_on_drop: false }`
[INFO] [stderr] warning: unused import: `RequestPartsExt`
[INFO] [stderr]  --> src/web/mw_auth.rs:9:5
[INFO] [stderr]   |
[INFO] [stderr] 9 |     RequestPartsExt,
[INFO] [stderr]   |     ^^^^^^^^^^^^^^^
[INFO] [stderr]   |
[INFO] [stderr]   = note: `#[warn(unused_imports)]` on by default
[INFO] [stderr] 
[INFO] [stderr] warning: use of deprecated associated function `tower_cookies::Cookie::<'c>::named`: use `Cookie::build(name)` or `Cookie::from(name)`
[INFO] [stderr]   --> src/web/mw_auth.rs:53:32
[INFO] [stderr]    |
[INFO] [stderr] 53 |         cookies.remove(Cookie::named(AUTH_TOKEN))
[INFO] [stderr]    |                                ^^^^^
[INFO] [stderr]    |
[INFO] [stderr]    = note: `#[warn(deprecated)]` on by default
[INFO] [stderr] 
[INFO] [stderr] warning: enum `ServerError` is never used
[INFO] [stderr]   --> src/error.rs:81:10
[INFO] [stderr]    |
[INFO] [stderr] 81 | pub enum ServerError {}
[INFO] [stderr]    |          ^^^^^^^^^^^
[INFO] [stderr]    |
[INFO] [stderr]    = note: `#[warn(dead_code)]` on by default
[INFO] [stderr] 
[INFO] [stderr] warning: unused `std::result::Result` that must be used
[INFO] [stderr]   --> src/main.rs:89:5
[INFO] [stderr]    |
[INFO] [stderr] 89 |     log_request(uuid, req_method, uri, ctx, service_error, client_error).await;
[INFO] [stderr]    |     ^^^^^^^^^^^^^^^^^^^^^^^^^^^^^^^^^^^^^^^^^^^^^^^^^^^^^^^^^^^^^^^^^^^^^^^^^^
[INFO] [stderr]    |
[INFO] [stderr]    = note: this `Result` may be an `Err` variant, which should be handled
[INFO] [stderr]    = note: `#[warn(unused_must_use)]` on by default
[INFO] [stderr] help: use `let _ = ...` to ignore the resulting value
[INFO] [stderr]    |
[INFO] [stderr] 89 |     let _ = log_request(uuid, req_method, uri, ctx, service_error, client_error).await;
[INFO] [stderr]    |     +++++++
[INFO] [stderr] 
[INFO] [stderr] warning: `axum-full-course-v2` (bin "axum-full-course-v2") generated 4 warnings (run `cargo fix --bin "axum-full-course-v2"` to apply 1 suggestion)
[INFO] [stderr] warning: `axum-full-course-v2` (bin "axum-full-course-v2" test) generated 4 warnings (4 duplicates)
[INFO] [stderr]     Finished test [unoptimized + debuginfo] target(s) in 0.11s
[INFO] [stderr]      Running unittests src/main.rs (/opt/rustwide/target/debug/deps/axum_full_course_v2-6203de22d680d6f2)
[INFO] [stdout] 
[INFO] [stdout] running 0 tests
[INFO] [stdout] 
[INFO] [stdout] test result: ok. 0 passed; 0 failed; 0 ignored; 0 measured; 0 filtered out; finished in 0.00s
[INFO] [stdout] 
[INFO] [stderr]      Running tests/quick_dev.rs (/opt/rustwide/target/debug/deps/quick_dev-0f89159525679135)
[INFO] [stdout] 
[INFO] [stdout] running 4 tests
[INFO] [stdout] test test_tickets_no_login ... FAILED
[INFO] [stdout] test quick_dev ... FAILED
[INFO] [stdout] test test_tickets_login ... FAILED
[INFO] [stdout] test test_login ... FAILED
[INFO] [stdout] 
[INFO] [stdout] failures:
[INFO] [stdout] 
[INFO] [stdout] ---- test_tickets_no_login stdout ----
[INFO] [stdout] Error: error sending request for url (http://localhost:8080/api/tickets): error trying to connect: tcp connect error: Cannot assign requested address (os error 99)
[INFO] [stdout] 
[INFO] [stdout] Caused by:
[INFO] [stdout]     0: error trying to connect: tcp connect error: Cannot assign requested address (os error 99)
[INFO] [stdout]     1: tcp connect error: Cannot assign requested address (os error 99)
[INFO] [stdout]     2: Cannot assign requested address (os error 99)
[INFO] [stdout] 
[INFO] [stdout] ---- quick_dev stdout ----
[INFO] [stdout] Error: error sending request for url (http://localhost:8080/hello_v2/Christoff): error trying to connect: tcp connect error: Cannot assign requested address (os error 99)
[INFO] [stdout] 
[INFO] [stdout] Caused by:
[INFO] [stdout]     0: error trying to connect: tcp connect error: Cannot assign requested address (os error 99)
[INFO] [stdout]     1: tcp connect error: Cannot assign requested address (os error 99)
[INFO] [stdout]     2: Cannot assign requested address (os error 99)
[INFO] [stdout] 
[INFO] [stdout] ---- test_tickets_login stdout ----
[INFO] [stdout] Error: error sending request for url (http://localhost:8080/api/login): error trying to connect: tcp connect error: Cannot assign requested address (os error 99)
[INFO] [stdout] 
[INFO] [stdout] Caused by:
[INFO] [stdout]     0: error trying to connect: tcp connect error: Cannot assign requested address (os error 99)
[INFO] [stdout]     1: tcp connect error: Cannot assign requested address (os error 99)
[INFO] [stdout]     2: Cannot assign requested address (os error 99)
[INFO] [stdout] 
[INFO] [stdout] ---- test_login stdout ----
[INFO] [stdout] Error: error sending request for url (http://localhost:8080/api/login): error trying to connect: tcp connect error: Cannot assign requested address (os error 99)
[INFO] [stdout] 
[INFO] [stdout] Caused by:
[INFO] [stdout]     0: error trying to connect: tcp connect error: Cannot assign requested address (os error 99)
[INFO] [stdout]     1: tcp connect error: Cannot assign requested address (os error 99)
[INFO] [stdout]     2: Cannot assign requested address (os error 99)
[INFO] [stdout] 
[INFO] [stdout] 
[INFO] [stdout] failures:
[INFO] [stdout]     quick_dev
[INFO] [stdout]     test_login
[INFO] [stdout]     test_tickets_login
[INFO] [stdout]     test_tickets_no_login
[INFO] [stdout] 
[INFO] [stdout] test result: FAILED. 0 passed; 4 failed; 0 ignored; 0 measured; 0 filtered out; finished in 0.57s
[INFO] [stdout] 
[INFO] [stderr] error: test failed, to rerun pass `--test quick_dev`
[INFO] running `Command { std: "docker" "inspect" "c2bfb976b83b9b50cae23e05c9fe7b03fc6d82c58672cbace99cbb59c72b2ee6", kill_on_drop: false }`
[INFO] running `Command { std: "docker" "rm" "-f" "c2bfb976b83b9b50cae23e05c9fe7b03fc6d82c58672cbace99cbb59c72b2ee6", kill_on_drop: false }`
[INFO] [stdout] c2bfb976b83b9b50cae23e05c9fe7b03fc6d82c58672cbace99cbb59c72b2ee6
