[INFO] cloning repository https://github.com/christhirst/rustldap
[INFO] running `Command { std: "git" "-c" "credential.helper=" "-c" "credential.helper=/workspace/cargo-home/bin/git-credential-null" "clone" "--bare" "https://github.com/christhirst/rustldap" "/workspace/cache/git-repos/https%3A%2F%2Fgithub.com%2Fchristhirst%2Frustldap", kill_on_drop: false }`
[INFO] [stderr] Cloning into bare repository '/workspace/cache/git-repos/https%3A%2F%2Fgithub.com%2Fchristhirst%2Frustldap'...
[INFO] running `Command { std: "git" "rev-parse" "HEAD", kill_on_drop: false }`
[INFO] [stdout] ca313648ee89355d44fe77b16d32610d1c7cde51
[INFO] testing christhirst/rustldap against 1.75.0 for beta-1.76-1
[INFO] running `Command { std: "git" "clone" "/workspace/cache/git-repos/https%3A%2F%2Fgithub.com%2Fchristhirst%2Frustldap" "/workspace/builds/worker-2-tc1/source", kill_on_drop: false }`
[INFO] [stderr] Cloning into '/workspace/builds/worker-2-tc1/source'...
[INFO] [stderr] done.
[INFO] validating manifest of git repo https://github.com/christhirst/rustldap on toolchain 1.75.0
[INFO] running `Command { std: CARGO_HOME="/workspace/cargo-home" RUSTUP_HOME="/workspace/rustup-home" "/workspace/cargo-home/bin/cargo" "+1.75.0" "metadata" "--manifest-path" "Cargo.toml" "--no-deps", kill_on_drop: false }`
[INFO] started tweaking git repo https://github.com/christhirst/rustldap
[INFO] finished tweaking git repo https://github.com/christhirst/rustldap
[INFO] tweaked toml for git repo https://github.com/christhirst/rustldap written to /workspace/builds/worker-2-tc1/source/Cargo.toml
[INFO] crate git repo https://github.com/christhirst/rustldap already has a lockfile, it will not be regenerated
[INFO] running `Command { std: CARGO_HOME="/workspace/cargo-home" RUSTUP_HOME="/workspace/rustup-home" "/workspace/cargo-home/bin/cargo" "+1.75.0" "fetch" "--manifest-path" "Cargo.toml", kill_on_drop: false }`
[INFO] [stderr]     Updating crates.io index
[INFO] [stderr]  Downloading crates ...
[INFO] [stderr]   Downloaded mockall v0.12.1
[INFO] [stderr]   Downloaded ldap3 v0.11.3
[INFO] [stderr]   Downloaded mockall_derive v0.12.1
[INFO] running `Command { std: "docker" "create" "-v" "/var/lib/crater-agent-workspace/builds/worker-2-tc1/target:/opt/rustwide/target:rw,Z" "-v" "/var/lib/crater-agent-workspace/builds/worker-2-tc1/source:/opt/rustwide/workdir:ro,Z" "-v" "/var/lib/crater-agent-workspace/cargo-home:/opt/rustwide/cargo-home:ro,Z" "-v" "/var/lib/crater-agent-workspace/rustup-home:/opt/rustwide/rustup-home:ro,Z" "-e" "SOURCE_DIR=/opt/rustwide/workdir" "-e" "CARGO_TARGET_DIR=/opt/rustwide/target" "-e" "CARGO_HOME=/opt/rustwide/cargo-home" "-e" "RUSTUP_HOME=/opt/rustwide/rustup-home" "-w" "/opt/rustwide/workdir" "-m" "1610612736" "--user" "0:0" "--network" "none" "ghcr.io/rust-lang/crates-build-env/linux@sha256:2788e3201cd34a07e3172128adcd8b3090168a8e3bcc40d7c032b9dda1df7d1c" "/opt/rustwide/cargo-home/bin/cargo" "+1.75.0" "metadata" "--no-deps" "--format-version=1", kill_on_drop: false }`
[INFO] [stdout] 23f261016c9cbfd01d023cddfbd1d55bc8246716bac35f62767f914f2976b0ec
[INFO] running `Command { std: "docker" "start" "-a" "23f261016c9cbfd01d023cddfbd1d55bc8246716bac35f62767f914f2976b0ec", kill_on_drop: false }`
[INFO] running `Command { std: "docker" "inspect" "23f261016c9cbfd01d023cddfbd1d55bc8246716bac35f62767f914f2976b0ec", kill_on_drop: false }`
[INFO] running `Command { std: "docker" "rm" "-f" "23f261016c9cbfd01d023cddfbd1d55bc8246716bac35f62767f914f2976b0ec", kill_on_drop: false }`
[INFO] [stdout] 23f261016c9cbfd01d023cddfbd1d55bc8246716bac35f62767f914f2976b0ec
[INFO] running `Command { std: "docker" "create" "-v" "/var/lib/crater-agent-workspace/builds/worker-2-tc1/target:/opt/rustwide/target:rw,Z" "-v" "/var/lib/crater-agent-workspace/builds/worker-2-tc1/source:/opt/rustwide/workdir:ro,Z" "-v" "/var/lib/crater-agent-workspace/cargo-home:/opt/rustwide/cargo-home:ro,Z" "-v" "/var/lib/crater-agent-workspace/rustup-home:/opt/rustwide/rustup-home:ro,Z" "-e" "SOURCE_DIR=/opt/rustwide/workdir" "-e" "CARGO_TARGET_DIR=/opt/rustwide/target" "-e" "CARGO_INCREMENTAL=0" "-e" "RUST_BACKTRACE=full" "-e" "RUSTFLAGS=--cap-lints=warn" "-e" "RUSTDOCFLAGS=--cap-lints=warn" "-e" "CARGO_HOME=/opt/rustwide/cargo-home" "-e" "RUSTUP_HOME=/opt/rustwide/rustup-home" "-w" "/opt/rustwide/workdir" "-m" "1610612736" "--user" "0:0" "--network" "none" "ghcr.io/rust-lang/crates-build-env/linux@sha256:2788e3201cd34a07e3172128adcd8b3090168a8e3bcc40d7c032b9dda1df7d1c" "/opt/rustwide/cargo-home/bin/cargo" "+1.75.0" "build" "--frozen" "--message-format=json", kill_on_drop: false }`
[INFO] [stdout] 5ff00f6a81538c1f92c8114e1239341a05d3260aef81c27501205171c8684948
[INFO] running `Command { std: "docker" "start" "-a" "5ff00f6a81538c1f92c8114e1239341a05d3260aef81c27501205171c8684948", kill_on_drop: false }`
[INFO] [stderr]    Compiling proc-macro2 v1.0.74
[INFO] [stderr]    Compiling libc v0.2.151
[INFO] [stderr]    Compiling memchr v2.6.4
[INFO] [stderr]    Compiling once_cell v1.19.0
[INFO] [stderr]    Compiling futures-core v0.3.30
[INFO] [stderr]    Compiling futures-sink v0.3.30
[INFO] [stderr]    Compiling log v0.4.20
[INFO] [stderr]    Compiling itoa v1.0.10
[INFO] [stderr]    Compiling serde v1.0.194
[INFO] [stderr]    Compiling futures-channel v0.3.30
[INFO] [stderr]    Compiling tracing-core v0.1.32
[INFO] [stderr]    Compiling futures-task v0.3.30
[INFO] [stderr]    Compiling futures-io v0.3.30
[INFO] [stderr]    Compiling pkg-config v0.3.28
[INFO] [stderr]    Compiling vcpkg v0.2.15
[INFO] [stderr]    Compiling http v1.0.0
[INFO] [stderr]    Compiling quote v1.0.35
[INFO] [stderr]    Compiling hashbrown v0.14.3
[INFO] [stderr]    Compiling bitflags v2.4.1
[INFO] [stderr]    Compiling socket2 v0.5.5
[INFO] [stderr]    Compiling num_cpus v1.16.0
[INFO] [stderr]    Compiling syn v2.0.46
[INFO] [stderr]    Compiling mio v0.8.10
[INFO] [stderr]    Compiling cc v1.0.83
[INFO] [stderr]    Compiling equivalent v1.0.1
[INFO] [stderr]    Compiling http-body v1.0.0
[INFO] [stderr]    Compiling ryu v1.0.16
[INFO] [stderr]    Compiling async-trait v0.1.75
[INFO] [stderr]    Compiling indexmap v2.1.0
[INFO] [stderr]    Compiling openssl v0.10.62
[INFO] [stderr]    Compiling percent-encoding v2.3.1
[INFO] [stderr]    Compiling foreign-types-shared v0.1.1
[INFO] [stderr]    Compiling form_urlencoded v1.2.1
[INFO] [stderr]    Compiling rustix v0.38.28
[INFO] [stderr]    Compiling foreign-types v0.3.2
[INFO] [stderr]    Compiling native-tls v0.2.11
[INFO] [stderr]    Compiling unicode-normalization v0.1.22
[INFO] [stderr]    Compiling axum-core v0.4.2
[INFO] [stderr]    Compiling dirs-sys-next v0.1.2
[INFO] [stderr]    Compiling aho-corasick v1.1.2
[INFO] [stderr]    Compiling regex-syntax v0.8.2
[INFO] [stderr]    Compiling serde_json v1.0.110
[INFO] [stderr]    Compiling regex-syntax v0.6.29
[INFO] [stderr]    Compiling thiserror v1.0.52
[INFO] [stderr]    Compiling either v1.9.0
[INFO] [stderr]    Compiling linux-raw-sys v0.4.12
[INFO] [stderr]    Compiling openssl-sys v0.9.98
[INFO] [stderr]    Compiling predicates-core v1.0.6
[INFO] [stderr]    Compiling openssl-probe v0.1.5
[INFO] [stderr]    Compiling unicode-bidi v0.3.14
[INFO] [stderr]    Compiling nom v7.1.3
[INFO] [stderr]    Compiling idna v0.5.0
[INFO] [stderr]    Compiling itertools v0.11.0
[INFO] [stderr]    Compiling regex-automata v0.1.10
[INFO] [stderr]    Compiling regex-automata v0.4.3
[INFO] [stderr]    Compiling dirs-next v2.0.0
[INFO] [stderr]    Compiling axum v0.7.3
[INFO] [stderr]    Compiling csv-core v0.1.11
[INFO] [stderr]    Compiling anstyle v1.0.4
[INFO] [stderr]    Compiling overload v0.1.1
[INFO] [stderr]    Compiling termtree v0.4.1
[INFO] [stderr]    Compiling winnow v0.5.31
[INFO] [stderr]    Compiling predicates-tree v1.0.9
[INFO] [stderr]    Compiling predicates v3.0.4
[INFO] [stderr]    Compiling nu-ansi-term v0.46.0
[INFO] [stderr]    Compiling matchers v0.1.0
[INFO] [stderr]    Compiling term v0.7.0
[INFO] [stderr]    Compiling lber v0.4.2
[INFO] [stderr]    Compiling url v2.5.0
[INFO] [stderr]    Compiling is-terminal v0.4.10
[INFO] [stderr]    Compiling sharded-slab v0.1.7
[INFO] [stderr]    Compiling tracing-log v0.2.0
[INFO] [stderr]    Compiling thread_local v1.1.7
[INFO] [stderr]    Compiling fragile v2.0.0
[INFO] [stderr]    Compiling regex v1.10.2
[INFO] [stderr]    Compiling downcast v0.11.0
[INFO] [stderr]    Compiling encode_unicode v1.0.0
[INFO] [stderr]    Compiling unicode-width v0.1.11
[INFO] [stderr]    Compiling smallvec v1.11.2
[INFO] [stderr]    Compiling serde_derive v1.0.194
[INFO] [stderr]    Compiling futures-macro v0.3.30
[INFO] [stderr]    Compiling tokio-macros v2.2.0
[INFO] [stderr]    Compiling tracing-attributes v0.1.27
[INFO] [stderr]    Compiling openssl-macros v0.1.1
[INFO] [stderr]    Compiling pin-project-internal v1.1.3
[INFO] [stderr]    Compiling tokio v1.35.1
[INFO] [stderr]    Compiling futures-util v0.3.30
[INFO] [stderr]    Compiling thiserror-impl v1.0.52
[INFO] [stderr]    Compiling tracing v0.1.40
[INFO] [stderr]    Compiling pin-project v1.1.3
[INFO] [stderr]    Compiling mockall_derive v0.12.1
[INFO] [stderr]    Compiling tracing-subscriber v0.3.18
[INFO] [stderr]    Compiling tokio-util v0.7.10
[INFO] [stderr]    Compiling http-body-util v0.1.0
[INFO] [stderr]    Compiling h2 v0.4.0
[INFO] [stderr]    Compiling futures-executor v0.3.30
[INFO] [stderr]    Compiling tower v0.4.13
[INFO] [stderr]    Compiling tokio-native-tls v0.3.1
[INFO] [stderr]    Compiling futures v0.3.30
[INFO] [stderr]    Compiling tokio-stream v0.1.14
[INFO] [stderr]    Compiling mockall v0.12.1
[INFO] [stderr]    Compiling ldap3 v0.11.3
[INFO] [stderr]    Compiling toml_datetime v0.6.5
[INFO] [stderr]    Compiling serde_spanned v0.6.5
[INFO] [stderr]    Compiling serde_urlencoded v0.7.1
[INFO] [stderr]    Compiling serde_path_to_error v0.1.15
[INFO] [stderr]    Compiling csv v1.3.0
[INFO] [stderr]    Compiling toml_edit v0.21.0
[INFO] [stderr]    Compiling prettytable v0.10.0
[INFO] [stderr]    Compiling toml v0.8.8
[INFO] [stderr]    Compiling hyper v1.1.0
[INFO] [stderr]    Compiling hyper-util v0.1.2
[INFO] [stderr]    Compiling rustldap v0.1.0 (/opt/rustwide/workdir)
[INFO] [stdout] warning: unused import: `LdapConn`
[INFO] [stdout]  --> src/ldapcrud.rs:5:19
[INFO] [stdout]   |
[INFO] [stdout] 5 | use ldap3::{Ldap, LdapConn, LdapResult, ResultEntry, Scope, SearchEntry};
[INFO] [stdout]   |                   ^^^^^^^^
[INFO] [stdout]   |
[INFO] [stdout]   = note: `#[warn(unused_imports)]` on by default
[INFO] [stdout] 
[INFO] [stdout] 
[INFO] [stdout] warning: unused import: `LdapConn`
[INFO] [stdout]  --> src/main.rs:9:13
[INFO] [stdout]   |
[INFO] [stdout] 9 | use ldap3::{LdapConn, LdapConnAsync, LdapError};
[INFO] [stdout]   |             ^^^^^^^^
[INFO] [stdout] 
[INFO] [stdout] 
[INFO] [stdout] warning: 2 warnings emitted
[INFO] [stdout] 
[INFO] [stdout] 
[INFO] [stderr]     Finished dev [unoptimized + debuginfo] target(s) in 23.20s
[INFO] running `Command { std: "docker" "inspect" "5ff00f6a81538c1f92c8114e1239341a05d3260aef81c27501205171c8684948", kill_on_drop: false }`
[INFO] running `Command { std: "docker" "rm" "-f" "5ff00f6a81538c1f92c8114e1239341a05d3260aef81c27501205171c8684948", kill_on_drop: false }`
[INFO] [stdout] 5ff00f6a81538c1f92c8114e1239341a05d3260aef81c27501205171c8684948
[INFO] running `Command { std: "docker" "create" "-v" "/var/lib/crater-agent-workspace/builds/worker-2-tc1/target:/opt/rustwide/target:rw,Z" "-v" "/var/lib/crater-agent-workspace/builds/worker-2-tc1/source:/opt/rustwide/workdir:ro,Z" "-v" "/var/lib/crater-agent-workspace/cargo-home:/opt/rustwide/cargo-home:ro,Z" "-v" "/var/lib/crater-agent-workspace/rustup-home:/opt/rustwide/rustup-home:ro,Z" "-e" "SOURCE_DIR=/opt/rustwide/workdir" "-e" "CARGO_TARGET_DIR=/opt/rustwide/target" "-e" "CARGO_INCREMENTAL=0" "-e" "RUST_BACKTRACE=full" "-e" "RUSTFLAGS=--cap-lints=warn" "-e" "RUSTDOCFLAGS=--cap-lints=warn" "-e" "CARGO_HOME=/opt/rustwide/cargo-home" "-e" "RUSTUP_HOME=/opt/rustwide/rustup-home" "-w" "/opt/rustwide/workdir" "-m" "1610612736" "--user" "0:0" "--network" "none" "ghcr.io/rust-lang/crates-build-env/linux@sha256:2788e3201cd34a07e3172128adcd8b3090168a8e3bcc40d7c032b9dda1df7d1c" "/opt/rustwide/cargo-home/bin/cargo" "+1.75.0" "test" "--frozen" "--no-run" "--message-format=json", kill_on_drop: false }`
[INFO] [stdout] 44acc87d39fb0f6b3698b2e376efbd5866ca4622f34cf4877b4a70d41f61ef3d
[INFO] running `Command { std: "docker" "start" "-a" "44acc87d39fb0f6b3698b2e376efbd5866ca4622f34cf4877b4a70d41f61ef3d", kill_on_drop: false }`
[INFO] [stderr]    Compiling rustldap v0.1.0 (/opt/rustwide/workdir)
[INFO] [stdout] warning: unused import: `LdapConn`
[INFO] [stdout]  --> src/ldapcrud.rs:5:19
[INFO] [stdout]   |
[INFO] [stdout] 5 | use ldap3::{Ldap, LdapConn, LdapResult, ResultEntry, Scope, SearchEntry};
[INFO] [stdout]   |                   ^^^^^^^^
[INFO] [stdout]   |
[INFO] [stdout]   = note: `#[warn(unused_imports)]` on by default
[INFO] [stdout] 
[INFO] [stdout] 
[INFO] [stdout] warning: unused import: `LdapConn`
[INFO] [stdout]  --> src/main.rs:9:13
[INFO] [stdout]   |
[INFO] [stdout] 9 | use ldap3::{LdapConn, LdapConnAsync, LdapError};
[INFO] [stdout]   |             ^^^^^^^^
[INFO] [stdout] 
[INFO] [stdout] 
[INFO] [stdout] warning: unused variable: `b`
[INFO] [stdout]    --> src/ldapcrud.rs:120:13
[INFO] [stdout]     |
[INFO] [stdout] 120 |         let b = ldapcon
[INFO] [stdout]     |             ^ help: if this is intentional, prefix it with an underscore: `_b`
[INFO] [stdout]     |
[INFO] [stdout]     = note: `#[warn(unused_variables)]` on by default
[INFO] [stdout] 
[INFO] [stdout] 
[INFO] [stdout] warning: 3 warnings emitted
[INFO] [stdout] 
[INFO] [stdout] 
[INFO] [stderr]     Finished test [unoptimized + debuginfo] target(s) in 2.25s
[INFO] running `Command { std: "docker" "inspect" "44acc87d39fb0f6b3698b2e376efbd5866ca4622f34cf4877b4a70d41f61ef3d", kill_on_drop: false }`
[INFO] running `Command { std: "docker" "rm" "-f" "44acc87d39fb0f6b3698b2e376efbd5866ca4622f34cf4877b4a70d41f61ef3d", kill_on_drop: false }`
[INFO] [stdout] 44acc87d39fb0f6b3698b2e376efbd5866ca4622f34cf4877b4a70d41f61ef3d
[INFO] running `Command { std: "docker" "create" "-v" "/var/lib/crater-agent-workspace/builds/worker-2-tc1/target:/opt/rustwide/target:rw,Z" "-v" "/var/lib/crater-agent-workspace/builds/worker-2-tc1/source:/opt/rustwide/workdir:ro,Z" "-v" "/var/lib/crater-agent-workspace/cargo-home:/opt/rustwide/cargo-home:ro,Z" "-v" "/var/lib/crater-agent-workspace/rustup-home:/opt/rustwide/rustup-home:ro,Z" "-e" "SOURCE_DIR=/opt/rustwide/workdir" "-e" "CARGO_TARGET_DIR=/opt/rustwide/target" "-e" "CARGO_INCREMENTAL=0" "-e" "RUST_BACKTRACE=full" "-e" "RUSTFLAGS=--cap-lints=warn" "-e" "RUSTDOCFLAGS=--cap-lints=warn" "-e" "CARGO_HOME=/opt/rustwide/cargo-home" "-e" "RUSTUP_HOME=/opt/rustwide/rustup-home" "-w" "/opt/rustwide/workdir" "-m" "1610612736" "--user" "0:0" "--network" "none" "ghcr.io/rust-lang/crates-build-env/linux@sha256:2788e3201cd34a07e3172128adcd8b3090168a8e3bcc40d7c032b9dda1df7d1c" "/opt/rustwide/cargo-home/bin/cargo" "+1.75.0" "test" "--frozen", kill_on_drop: false }`
[INFO] [stdout] 34871bd8d0ce0a2c04db9ef6e4bbbfa62328f35805a7cfed798355263559c737
[INFO] running `Command { std: "docker" "start" "-a" "34871bd8d0ce0a2c04db9ef6e4bbbfa62328f35805a7cfed798355263559c737", kill_on_drop: false }`
[INFO] [stderr] warning: unused import: `LdapConn`
[INFO] [stderr]  --> src/ldapcrud.rs:5:19
[INFO] [stderr]   |
[INFO] [stderr] 5 | use ldap3::{Ldap, LdapConn, LdapResult, ResultEntry, Scope, SearchEntry};
[INFO] [stderr]   |                   ^^^^^^^^
[INFO] [stderr]   |
[INFO] [stderr]   = note: `#[warn(unused_imports)]` on by default
[INFO] [stderr] 
[INFO] [stderr] warning: unused import: `LdapConn`
[INFO] [stderr]  --> src/main.rs:9:13
[INFO] [stderr]   |
[INFO] [stderr] 9 | use ldap3::{LdapConn, LdapConnAsync, LdapError};
[INFO] [stderr]   |             ^^^^^^^^
[INFO] [stderr] 
[INFO] [stderr] warning: unused variable: `b`
[INFO] [stderr]    --> src/ldapcrud.rs:120:13
[INFO] [stderr]     |
[INFO] [stderr] 120 |         let b = ldapcon
[INFO] [stderr]     |             ^ help: if this is intentional, prefix it with an underscore: `_b`
[INFO] [stderr]     |
[INFO] [stderr]     = note: `#[warn(unused_variables)]` on by default
[INFO] [stderr] 
[INFO] [stderr] warning: `rustldap` (bin "rustldap" test) generated 3 warnings (run `cargo fix --bin "rustldap" --tests` to apply 3 suggestions)
[INFO] [stderr]     Finished test [unoptimized + debuginfo] target(s) in 0.07s
[INFO] [stderr]      Running unittests src/main.rs (/opt/rustwide/target/debug/deps/rustldap-f2865aa94a44a44c)
[INFO] [stdout] 
[INFO] [stdout] running 5 tests
[INFO] [stdout] test ldapcrud::tests::it_works ... ok
[INFO] [stdout] test config::tests::config_parse ... ok
[INFO] [stdout] +----+------+-------+---------+--------+-------+
[INFO] [stdout] | dn | attr | regex | replace | Before | After |
[INFO] [stdout] +----+------+-------+---------+--------+-------+
[INFO] [stdout] | 1  | 2    |       |         |        |       |
[INFO] [stdout] | 3  | 4    |       |         |        |       |
[INFO] [stdout] | 6  | q    |       |         |        |       |
[INFO] [stdout] +----+------+-------+---------+--------+-------+
[INFO] [stdout] test prettytab::tests::it_works ... ok
[INFO] [stdout] test ldapcrud::tests::test_get_plan ... FAILED
[INFO] [stdout] test reg::tests::it_works ... ok
[INFO] [stdout] 
[INFO] [stdout] failures:
[INFO] [stdout] 
[INFO] [stdout] ---- ldapcrud::tests::test_get_plan stdout ----
[INFO] [stdout] Error: Ldap(Io { source: Os { code: 111, kind: ConnectionRefused, message: "Connection refused" } })
[INFO] [stdout] 
[INFO] [stdout] 
[INFO] [stdout] failures:
[INFO] [stdout]     ldapcrud::tests::test_get_plan
[INFO] [stdout] 
[INFO] [stdout] test result: FAILED. 4 passed; 1 failed; 0 ignored; 0 measured; 0 filtered out; finished in 0.00s
[INFO] [stdout] 
[INFO] [stderr] error: test failed, to rerun pass `--bin rustldap`
[INFO] running `Command { std: "docker" "inspect" "34871bd8d0ce0a2c04db9ef6e4bbbfa62328f35805a7cfed798355263559c737", kill_on_drop: false }`
[INFO] running `Command { std: "docker" "rm" "-f" "34871bd8d0ce0a2c04db9ef6e4bbbfa62328f35805a7cfed798355263559c737", kill_on_drop: false }`
[INFO] [stdout] 34871bd8d0ce0a2c04db9ef6e4bbbfa62328f35805a7cfed798355263559c737
[INFO] testing christhirst/rustldap against beta-2023-12-22 for beta-1.76-1
[INFO] running `Command { std: "git" "clone" "/workspace/cache/git-repos/https%3A%2F%2Fgithub.com%2Fchristhirst%2Frustldap" "/workspace/builds/worker-2-tc2/source", kill_on_drop: false }`
[INFO] [stderr] Cloning into '/workspace/builds/worker-2-tc2/source'...
[INFO] [stderr] done.
[INFO] validating manifest of git repo https://github.com/christhirst/rustldap on toolchain beta-2023-12-22
[INFO] running `Command { std: CARGO_HOME="/workspace/cargo-home" RUSTUP_HOME="/workspace/rustup-home" "/workspace/cargo-home/bin/cargo" "+beta-2023-12-22" "metadata" "--manifest-path" "Cargo.toml" "--no-deps", kill_on_drop: false }`
[INFO] started tweaking git repo https://github.com/christhirst/rustldap
[INFO] finished tweaking git repo https://github.com/christhirst/rustldap
[INFO] tweaked toml for git repo https://github.com/christhirst/rustldap written to /workspace/builds/worker-2-tc2/source/Cargo.toml
[INFO] crate git repo https://github.com/christhirst/rustldap already has a lockfile, it will not be regenerated
[INFO] running `Command { std: CARGO_HOME="/workspace/cargo-home" RUSTUP_HOME="/workspace/rustup-home" "/workspace/cargo-home/bin/cargo" "+beta-2023-12-22" "fetch" "--manifest-path" "Cargo.toml", kill_on_drop: false }`
[INFO] running `Command { std: "docker" "create" "-v" "/var/lib/crater-agent-workspace/builds/worker-2-tc2/target:/opt/rustwide/target:rw,Z" "-v" "/var/lib/crater-agent-workspace/builds/worker-2-tc2/source:/opt/rustwide/workdir:ro,Z" "-v" "/var/lib/crater-agent-workspace/cargo-home:/opt/rustwide/cargo-home:ro,Z" "-v" "/var/lib/crater-agent-workspace/rustup-home:/opt/rustwide/rustup-home:ro,Z" "-e" "SOURCE_DIR=/opt/rustwide/workdir" "-e" "CARGO_TARGET_DIR=/opt/rustwide/target" "-e" "CARGO_HOME=/opt/rustwide/cargo-home" "-e" "RUSTUP_HOME=/opt/rustwide/rustup-home" "-w" "/opt/rustwide/workdir" "-m" "1610612736" "--user" "0:0" "--network" "none" "ghcr.io/rust-lang/crates-build-env/linux@sha256:2788e3201cd34a07e3172128adcd8b3090168a8e3bcc40d7c032b9dda1df7d1c" "/opt/rustwide/cargo-home/bin/cargo" "+beta-2023-12-22" "metadata" "--no-deps" "--format-version=1", kill_on_drop: false }`
[INFO] [stdout] 910c81eff1b814d05602f8f26eb28f01012d01137446f0aca3c17671a0816a42
[INFO] running `Command { std: "docker" "start" "-a" "910c81eff1b814d05602f8f26eb28f01012d01137446f0aca3c17671a0816a42", kill_on_drop: false }`
[INFO] running `Command { std: "docker" "inspect" "910c81eff1b814d05602f8f26eb28f01012d01137446f0aca3c17671a0816a42", kill_on_drop: false }`
[INFO] running `Command { std: "docker" "rm" "-f" "910c81eff1b814d05602f8f26eb28f01012d01137446f0aca3c17671a0816a42", kill_on_drop: false }`
[INFO] [stdout] 910c81eff1b814d05602f8f26eb28f01012d01137446f0aca3c17671a0816a42
[INFO] running `Command { std: "docker" "create" "-v" "/var/lib/crater-agent-workspace/builds/worker-2-tc2/target:/opt/rustwide/target:rw,Z" "-v" "/var/lib/crater-agent-workspace/builds/worker-2-tc2/source:/opt/rustwide/workdir:ro,Z" "-v" "/var/lib/crater-agent-workspace/cargo-home:/opt/rustwide/cargo-home:ro,Z" "-v" "/var/lib/crater-agent-workspace/rustup-home:/opt/rustwide/rustup-home:ro,Z" "-e" "SOURCE_DIR=/opt/rustwide/workdir" "-e" "CARGO_TARGET_DIR=/opt/rustwide/target" "-e" "CARGO_INCREMENTAL=0" "-e" "RUST_BACKTRACE=full" "-e" "RUSTFLAGS=--cap-lints=warn" "-e" "RUSTDOCFLAGS=--cap-lints=warn" "-e" "CARGO_HOME=/opt/rustwide/cargo-home" "-e" "RUSTUP_HOME=/opt/rustwide/rustup-home" "-w" "/opt/rustwide/workdir" "-m" "1610612736" "--user" "0:0" "--network" "none" "ghcr.io/rust-lang/crates-build-env/linux@sha256:2788e3201cd34a07e3172128adcd8b3090168a8e3bcc40d7c032b9dda1df7d1c" "/opt/rustwide/cargo-home/bin/cargo" "+beta-2023-12-22" "build" "--frozen" "--message-format=json", kill_on_drop: false }`
[INFO] [stdout] 403356376b5058bbb34c069d6d11256e77fa0111d1c1e3d80107f21191f58e8f
[INFO] running `Command { std: "docker" "start" "-a" "403356376b5058bbb34c069d6d11256e77fa0111d1c1e3d80107f21191f58e8f", kill_on_drop: false }`
[INFO] [stderr]    Compiling proc-macro2 v1.0.74
[INFO] [stderr]    Compiling libc v0.2.151
[INFO] [stderr]    Compiling memchr v2.6.4
[INFO] [stderr]    Compiling once_cell v1.19.0
[INFO] [stderr]    Compiling futures-core v0.3.30
[INFO] [stderr]    Compiling log v0.4.20
[INFO] [stderr]    Compiling futures-sink v0.3.30
[INFO] [stderr]    Compiling itoa v1.0.10
[INFO] [stderr]    Compiling serde v1.0.194
[INFO] [stderr]    Compiling futures-channel v0.3.30
[INFO] [stderr]    Compiling tracing-core v0.1.32
[INFO] [stderr]    Compiling futures-task v0.3.30
[INFO] [stderr]    Compiling futures-io v0.3.30
[INFO] [stderr]    Compiling pkg-config v0.3.28
[INFO] [stderr]    Compiling vcpkg v0.2.15
[INFO] [stderr]    Compiling http v1.0.0
[INFO] [stderr]    Compiling quote v1.0.35
[INFO] [stderr]    Compiling bitflags v2.4.1
[INFO] [stderr]    Compiling socket2 v0.5.5
[INFO] [stderr]    Compiling num_cpus v1.16.0
[INFO] [stderr]    Compiling mio v0.8.10
[INFO] [stderr]    Compiling syn v2.0.46
[INFO] [stderr]    Compiling cc v1.0.83
[INFO] [stderr]    Compiling equivalent v1.0.1
[INFO] [stderr]    Compiling hashbrown v0.14.3
[INFO] [stderr]    Compiling http-body v1.0.0
[INFO] [stderr]    Compiling openssl v0.10.62
[INFO] [stderr]    Compiling ryu v1.0.16
[INFO] [stderr]    Compiling foreign-types-shared v0.1.1
[INFO] [stderr]    Compiling async-trait v0.1.75
[INFO] [stderr]    Compiling percent-encoding v2.3.1
[INFO] [stderr]    Compiling indexmap v2.1.0
[INFO] [stderr]    Compiling foreign-types v0.3.2
[INFO] [stderr]    Compiling native-tls v0.2.11
[INFO] [stderr]    Compiling form_urlencoded v1.2.1
[INFO] [stderr]    Compiling rustix v0.38.28
[INFO] [stderr]    Compiling unicode-normalization v0.1.22
[INFO] [stderr]    Compiling axum-core v0.4.2
[INFO] [stderr]    Compiling dirs-sys-next v0.1.2
[INFO] [stderr]    Compiling aho-corasick v1.1.2
[INFO] [stderr]    Compiling thiserror v1.0.52
[INFO] [stderr]    Compiling regex-syntax v0.8.2
[INFO] [stderr]    Compiling regex-syntax v0.6.29
[INFO] [stderr]    Compiling either v1.9.0
[INFO] [stderr]    Compiling linux-raw-sys v0.4.12
[INFO] [stderr]    Compiling serde_json v1.0.110
[INFO] [stderr]    Compiling openssl-sys v0.9.98
[INFO] [stderr]    Compiling predicates-core v1.0.6
[INFO] [stderr]    Compiling unicode-bidi v0.3.14
[INFO] [stderr]    Compiling openssl-probe v0.1.5
[INFO] [stderr]    Compiling nom v7.1.3
[INFO] [stderr]    Compiling idna v0.5.0
[INFO] [stderr]    Compiling itertools v0.11.0
[INFO] [stderr]    Compiling regex-automata v0.4.3
[INFO] [stderr]    Compiling regex-automata v0.1.10
[INFO] [stderr]    Compiling dirs-next v2.0.0
[INFO] [stderr]    Compiling axum v0.7.3
[INFO] [stderr]    Compiling csv-core v0.1.11
[INFO] [stderr]    Compiling anstyle v1.0.4
[INFO] [stderr]    Compiling winnow v0.5.31
[INFO] [stderr]    Compiling termtree v0.4.1
[INFO] [stderr]    Compiling overload v0.1.1
[INFO] [stderr]    Compiling nu-ansi-term v0.46.0
[INFO] [stderr]    Compiling predicates-tree v1.0.9
[INFO] [stderr]    Compiling predicates v3.0.4
[INFO] [stderr]    Compiling matchers v0.1.0
[INFO] [stderr]    Compiling term v0.7.0
[INFO] [stderr]    Compiling lber v0.4.2
[INFO] [stderr]    Compiling url v2.5.0
[INFO] [stderr]    Compiling regex v1.10.2
[INFO] [stderr]    Compiling is-terminal v0.4.10
[INFO] [stderr]    Compiling sharded-slab v0.1.7
[INFO] [stderr]    Compiling tracing-log v0.2.0
[INFO] [stderr]    Compiling thread_local v1.1.7
[INFO] [stderr]    Compiling smallvec v1.11.2
[INFO] [stderr]    Compiling encode_unicode v1.0.0
[INFO] [stderr]    Compiling downcast v0.11.0
[INFO] [stderr]    Compiling fragile v2.0.0
[INFO] [stderr]    Compiling unicode-width v0.1.11
[INFO] [stderr]    Compiling serde_derive v1.0.194
[INFO] [stderr]    Compiling futures-macro v0.3.30
[INFO] [stderr]    Compiling tokio-macros v2.2.0
[INFO] [stderr]    Compiling tracing-attributes v0.1.27
[INFO] [stderr]    Compiling openssl-macros v0.1.1
[INFO] [stderr]    Compiling pin-project-internal v1.1.3
[INFO] [stderr]    Compiling tokio v1.35.1
[INFO] [stderr]    Compiling futures-util v0.3.30
[INFO] [stderr]    Compiling thiserror-impl v1.0.52
[INFO] [stderr]    Compiling pin-project v1.1.3
[INFO] [stderr]    Compiling mockall_derive v0.12.1
[INFO] [stderr]    Compiling tracing v0.1.40
[INFO] [stderr]    Compiling tracing-subscriber v0.3.18
[INFO] [stderr]    Compiling http-body-util v0.1.0
[INFO] [stderr]    Compiling futures-executor v0.3.30
[INFO] [stderr]    Compiling mockall v0.12.1
[INFO] [stderr]    Compiling tokio-util v0.7.10
[INFO] [stderr]    Compiling tokio-native-tls v0.3.1
[INFO] [stderr]    Compiling tower v0.4.13
[INFO] [stderr]    Compiling tokio-stream v0.1.14
[INFO] [stderr]    Compiling futures v0.3.30
[INFO] [stderr]    Compiling h2 v0.4.0
[INFO] [stderr]    Compiling ldap3 v0.11.3
[INFO] [stderr]    Compiling serde_spanned v0.6.5
[INFO] [stderr]    Compiling toml_datetime v0.6.5
[INFO] [stderr]    Compiling csv v1.3.0
[INFO] [stderr]    Compiling serde_urlencoded v0.7.1
[INFO] [stderr]    Compiling toml_edit v0.21.0
[INFO] [stderr]    Compiling serde_path_to_error v0.1.15
[INFO] [stderr]    Compiling prettytable v0.10.0
[INFO] [stderr]    Compiling toml v0.8.8
[INFO] [stderr]    Compiling hyper v1.1.0
[INFO] [stderr]    Compiling hyper-util v0.1.2
[INFO] [stderr]    Compiling rustldap v0.1.0 (/opt/rustwide/workdir)
[INFO] [stdout] warning: unused import: `LdapConn`
[INFO] [stdout]  --> src/ldapcrud.rs:5:19
[INFO] [stdout]   |
[INFO] [stdout] 5 | use ldap3::{Ldap, LdapConn, LdapResult, ResultEntry, Scope, SearchEntry};
[INFO] [stdout]   |                   ^^^^^^^^
[INFO] [stdout]   |
[INFO] [stdout]   = note: `#[warn(unused_imports)]` on by default
[INFO] [stdout] 
[INFO] [stdout] 
[INFO] [stdout] warning: unused import: `LdapConn`
[INFO] [stdout]  --> src/main.rs:9:13
[INFO] [stdout]   |
[INFO] [stdout] 9 | use ldap3::{LdapConn, LdapConnAsync, LdapError};
[INFO] [stdout]   |             ^^^^^^^^
[INFO] [stdout] 
[INFO] [stdout] 
[INFO] [stdout] warning: 2 warnings emitted
[INFO] [stdout] 
[INFO] [stdout] 
[INFO] [stderr]     Finished dev [unoptimized + debuginfo] target(s) in 22.56s
[INFO] running `Command { std: "docker" "inspect" "403356376b5058bbb34c069d6d11256e77fa0111d1c1e3d80107f21191f58e8f", kill_on_drop: false }`
[INFO] running `Command { std: "docker" "rm" "-f" "403356376b5058bbb34c069d6d11256e77fa0111d1c1e3d80107f21191f58e8f", kill_on_drop: false }`
[INFO] [stdout] 403356376b5058bbb34c069d6d11256e77fa0111d1c1e3d80107f21191f58e8f
[INFO] running `Command { std: "docker" "create" "-v" "/var/lib/crater-agent-workspace/builds/worker-2-tc2/target:/opt/rustwide/target:rw,Z" "-v" "/var/lib/crater-agent-workspace/builds/worker-2-tc2/source:/opt/rustwide/workdir:ro,Z" "-v" "/var/lib/crater-agent-workspace/cargo-home:/opt/rustwide/cargo-home:ro,Z" "-v" "/var/lib/crater-agent-workspace/rustup-home:/opt/rustwide/rustup-home:ro,Z" "-e" "SOURCE_DIR=/opt/rustwide/workdir" "-e" "CARGO_TARGET_DIR=/opt/rustwide/target" "-e" "CARGO_INCREMENTAL=0" "-e" "RUST_BACKTRACE=full" "-e" "RUSTFLAGS=--cap-lints=warn" "-e" "RUSTDOCFLAGS=--cap-lints=warn" "-e" "CARGO_HOME=/opt/rustwide/cargo-home" "-e" "RUSTUP_HOME=/opt/rustwide/rustup-home" "-w" "/opt/rustwide/workdir" "-m" "1610612736" "--user" "0:0" "--network" "none" "ghcr.io/rust-lang/crates-build-env/linux@sha256:2788e3201cd34a07e3172128adcd8b3090168a8e3bcc40d7c032b9dda1df7d1c" "/opt/rustwide/cargo-home/bin/cargo" "+beta-2023-12-22" "test" "--frozen" "--no-run" "--message-format=json", kill_on_drop: false }`
[INFO] [stdout] 823783c9dc7ecb966596f0b2612082a4216c4d164b395d9b12835f7942fa9855
[INFO] running `Command { std: "docker" "start" "-a" "823783c9dc7ecb966596f0b2612082a4216c4d164b395d9b12835f7942fa9855", kill_on_drop: false }`
[INFO] [stderr]    Compiling rustldap v0.1.0 (/opt/rustwide/workdir)
[INFO] [stdout] warning: unused import: `LdapConn`
[INFO] [stdout]  --> src/ldapcrud.rs:5:19
[INFO] [stdout]   |
[INFO] [stdout] 5 | use ldap3::{Ldap, LdapConn, LdapResult, ResultEntry, Scope, SearchEntry};
[INFO] [stdout]   |                   ^^^^^^^^
[INFO] [stdout]   |
[INFO] [stdout]   = note: `#[warn(unused_imports)]` on by default
[INFO] [stdout] 
[INFO] [stdout] 
[INFO] [stdout] warning: unused import: `LdapConn`
[INFO] [stdout]  --> src/main.rs:9:13
[INFO] [stdout]   |
[INFO] [stdout] 9 | use ldap3::{LdapConn, LdapConnAsync, LdapError};
[INFO] [stdout]   |             ^^^^^^^^
[INFO] [stdout] 
[INFO] [stdout] 
[INFO] [stdout] warning: unused variable: `b`
[INFO] [stdout]    --> src/ldapcrud.rs:120:13
[INFO] [stdout]     |
[INFO] [stdout] 120 |         let b = ldapcon
[INFO] [stdout]     |             ^ help: if this is intentional, prefix it with an underscore: `_b`
[INFO] [stdout]     |
[INFO] [stdout]     = note: `#[warn(unused_variables)]` on by default
[INFO] [stdout] 
[INFO] [stdout] 
[INFO] [stdout] warning: 3 warnings emitted
[INFO] [stdout] 
[INFO] [stdout] 
[INFO] [stderr]     Finished test [unoptimized + debuginfo] target(s) in 2.69s
[INFO] running `Command { std: "docker" "inspect" "823783c9dc7ecb966596f0b2612082a4216c4d164b395d9b12835f7942fa9855", kill_on_drop: false }`
[INFO] running `Command { std: "docker" "rm" "-f" "823783c9dc7ecb966596f0b2612082a4216c4d164b395d9b12835f7942fa9855", kill_on_drop: false }`
[INFO] [stdout] 823783c9dc7ecb966596f0b2612082a4216c4d164b395d9b12835f7942fa9855
[INFO] running `Command { std: "docker" "create" "-v" "/var/lib/crater-agent-workspace/builds/worker-2-tc2/target:/opt/rustwide/target:rw,Z" "-v" "/var/lib/crater-agent-workspace/builds/worker-2-tc2/source:/opt/rustwide/workdir:ro,Z" "-v" "/var/lib/crater-agent-workspace/cargo-home:/opt/rustwide/cargo-home:ro,Z" "-v" "/var/lib/crater-agent-workspace/rustup-home:/opt/rustwide/rustup-home:ro,Z" "-e" "SOURCE_DIR=/opt/rustwide/workdir" "-e" "CARGO_TARGET_DIR=/opt/rustwide/target" "-e" "CARGO_INCREMENTAL=0" "-e" "RUST_BACKTRACE=full" "-e" "RUSTFLAGS=--cap-lints=warn" "-e" "RUSTDOCFLAGS=--cap-lints=warn" "-e" "CARGO_HOME=/opt/rustwide/cargo-home" "-e" "RUSTUP_HOME=/opt/rustwide/rustup-home" "-w" "/opt/rustwide/workdir" "-m" "1610612736" "--user" "0:0" "--network" "none" "ghcr.io/rust-lang/crates-build-env/linux@sha256:2788e3201cd34a07e3172128adcd8b3090168a8e3bcc40d7c032b9dda1df7d1c" "/opt/rustwide/cargo-home/bin/cargo" "+beta-2023-12-22" "test" "--frozen", kill_on_drop: false }`
[INFO] [stdout] da5a252cdb1ebe0d653309bfc233b2db9bee35acbf8d284063675ebf65d12650
[INFO] running `Command { std: "docker" "start" "-a" "da5a252cdb1ebe0d653309bfc233b2db9bee35acbf8d284063675ebf65d12650", kill_on_drop: false }`
[INFO] [stderr] warning: unused import: `LdapConn`
[INFO] [stderr]  --> src/ldapcrud.rs:5:19
[INFO] [stderr]   |
[INFO] [stderr] 5 | use ldap3::{Ldap, LdapConn, LdapResult, ResultEntry, Scope, SearchEntry};
[INFO] [stderr]   |                   ^^^^^^^^
[INFO] [stderr]   |
[INFO] [stderr]   = note: `#[warn(unused_imports)]` on by default
[INFO] [stderr] 
[INFO] [stderr] warning: unused import: `LdapConn`
[INFO] [stderr]  --> src/main.rs:9:13
[INFO] [stderr]   |
[INFO] [stderr] 9 | use ldap3::{LdapConn, LdapConnAsync, LdapError};
[INFO] [stderr]   |             ^^^^^^^^
[INFO] [stderr] 
[INFO] [stderr] warning: unused variable: `b`
[INFO] [stderr]    --> src/ldapcrud.rs:120:13
[INFO] [stderr]     |
[INFO] [stderr] 120 |         let b = ldapcon
[INFO] [stderr]     |             ^ help: if this is intentional, prefix it with an underscore: `_b`
[INFO] [stderr]     |
[INFO] [stderr]     = note: `#[warn(unused_variables)]` on by default
[INFO] [stderr] 
[INFO] [stderr] warning: `rustldap` (bin "rustldap" test) generated 3 warnings (run `cargo fix --bin "rustldap" --tests` to apply 3 suggestions)
[INFO] [stderr]     Finished test [unoptimized + debuginfo] target(s) in 0.08s
[INFO] [stderr]      Running unittests src/main.rs (/opt/rustwide/target/debug/deps/rustldap-03189b5286c8e2ea)
[INFO] [stdout] 
[INFO] [stdout] running 5 tests
[INFO] [stdout] +----+------+-------+---------+--------+-------+
[INFO] [stdout] test ldapcrud::tests::it_works ... ok
[INFO] [stdout] | dn | attr | regex | replace | Before | After |
[INFO] [stdout] +----+------+-------+---------+--------+-------+
[INFO] [stdout] | 1  | 2    |       |         |        |       |
[INFO] [stdout] | 3  | 4    |       |         |        |       |
[INFO] [stdout] | 6  | q    |       |         |        |       |
[INFO] [stdout] +----+------+-------+---------+--------+-------+
[INFO] [stdout] test prettytab::tests::it_works ... ok
[INFO] [stdout] test ldapcrud::tests::test_get_plan ... FAILED
[INFO] [stdout] test config::tests::config_parse ... ok
[INFO] [stdout] test reg::tests::it_works ... ok
[INFO] [stdout] 
[INFO] [stdout] failures:
[INFO] [stdout] 
[INFO] [stdout] ---- ldapcrud::tests::test_get_plan stdout ----
[INFO] [stdout] Error: Ldap(Io { source: Os { code: 111, kind: ConnectionRefused, message: "Connection refused" } })
[INFO] [stdout] 
[INFO] [stdout] 
[INFO] [stdout] failures:
[INFO] [stdout]     ldapcrud::tests::test_get_plan
[INFO] [stdout] 
[INFO] [stdout] test result: FAILED. 4 passed; 1 failed; 0 ignored; 0 measured; 0 filtered out; finished in 0.00s
[INFO] [stdout] 
[INFO] [stderr] error: test failed, to rerun pass `--bin rustldap`
[INFO] running `Command { std: "docker" "inspect" "da5a252cdb1ebe0d653309bfc233b2db9bee35acbf8d284063675ebf65d12650", kill_on_drop: false }`
[INFO] running `Command { std: "docker" "rm" "-f" "da5a252cdb1ebe0d653309bfc233b2db9bee35acbf8d284063675ebf65d12650", kill_on_drop: false }`
[INFO] [stdout] da5a252cdb1ebe0d653309bfc233b2db9bee35acbf8d284063675ebf65d12650
