[INFO] cloning repository https://github.com/chops76/AoC2022
[INFO] running `Command { std: "git" "-c" "credential.helper=" "-c" "credential.helper=/workspace/cargo-home/bin/git-credential-null" "clone" "--bare" "https://github.com/chops76/AoC2022" "/workspace/cache/git-repos/https%3A%2F%2Fgithub.com%2Fchops76%2FAoC2022", kill_on_drop: false }`
[INFO] [stderr] Cloning into bare repository '/workspace/cache/git-repos/https%3A%2F%2Fgithub.com%2Fchops76%2FAoC2022'...
[INFO] running `Command { std: "git" "rev-parse" "HEAD", kill_on_drop: false }`
[INFO] [stdout] 4be6977599d9de0caf2ec33fb94d03c593433fa4
[INFO] testing chops76/AoC2022 against 1.75.0 for beta-1.76-1
[INFO] running `Command { std: "git" "clone" "/workspace/cache/git-repos/https%3A%2F%2Fgithub.com%2Fchops76%2FAoC2022" "/workspace/builds/worker-1-tc1/source", kill_on_drop: false }`
[INFO] [stderr] Cloning into '/workspace/builds/worker-1-tc1/source'...
[INFO] [stderr] done.
[INFO] validating manifest of git repo https://github.com/chops76/AoC2022 on toolchain 1.75.0
[INFO] running `Command { std: CARGO_HOME="/workspace/cargo-home" RUSTUP_HOME="/workspace/rustup-home" "/workspace/cargo-home/bin/cargo" "+1.75.0" "metadata" "--manifest-path" "Cargo.toml" "--no-deps", kill_on_drop: false }`
[INFO] started tweaking git repo https://github.com/chops76/AoC2022
[INFO] finished tweaking git repo https://github.com/chops76/AoC2022
[INFO] tweaked toml for git repo https://github.com/chops76/AoC2022 written to /workspace/builds/worker-1-tc1/source/Cargo.toml
[INFO] crate git repo https://github.com/chops76/AoC2022 already has a lockfile, it will not be regenerated
[INFO] running `Command { std: CARGO_HOME="/workspace/cargo-home" RUSTUP_HOME="/workspace/rustup-home" "/workspace/cargo-home/bin/cargo" "+1.75.0" "fetch" "--manifest-path" "Cargo.toml", kill_on_drop: false }`
[INFO] running `Command { std: "docker" "create" "-v" "/var/lib/crater-agent-workspace/builds/worker-1-tc1/target:/opt/rustwide/target:rw,Z" "-v" "/var/lib/crater-agent-workspace/builds/worker-1-tc1/source:/opt/rustwide/workdir:ro,Z" "-v" "/var/lib/crater-agent-workspace/cargo-home:/opt/rustwide/cargo-home:ro,Z" "-v" "/var/lib/crater-agent-workspace/rustup-home:/opt/rustwide/rustup-home:ro,Z" "-e" "SOURCE_DIR=/opt/rustwide/workdir" "-e" "CARGO_TARGET_DIR=/opt/rustwide/target" "-e" "CARGO_HOME=/opt/rustwide/cargo-home" "-e" "RUSTUP_HOME=/opt/rustwide/rustup-home" "-w" "/opt/rustwide/workdir" "-m" "1610612736" "--user" "0:0" "--network" "none" "ghcr.io/rust-lang/crates-build-env/linux@sha256:2788e3201cd34a07e3172128adcd8b3090168a8e3bcc40d7c032b9dda1df7d1c" "/opt/rustwide/cargo-home/bin/cargo" "+1.75.0" "metadata" "--no-deps" "--format-version=1", kill_on_drop: false }`
[INFO] [stdout] 8c4098e7b1862f501f467101c605bc3d97ad35cd702d1bb2c8deb4aa33e40629
[INFO] running `Command { std: "docker" "start" "-a" "8c4098e7b1862f501f467101c605bc3d97ad35cd702d1bb2c8deb4aa33e40629", kill_on_drop: false }`
[INFO] running `Command { std: "docker" "inspect" "8c4098e7b1862f501f467101c605bc3d97ad35cd702d1bb2c8deb4aa33e40629", kill_on_drop: false }`
[INFO] running `Command { std: "docker" "rm" "-f" "8c4098e7b1862f501f467101c605bc3d97ad35cd702d1bb2c8deb4aa33e40629", kill_on_drop: false }`
[INFO] [stdout] 8c4098e7b1862f501f467101c605bc3d97ad35cd702d1bb2c8deb4aa33e40629
[INFO] running `Command { std: "docker" "create" "-v" "/var/lib/crater-agent-workspace/builds/worker-1-tc1/target:/opt/rustwide/target:rw,Z" "-v" "/var/lib/crater-agent-workspace/builds/worker-1-tc1/source:/opt/rustwide/workdir:ro,Z" "-v" "/var/lib/crater-agent-workspace/cargo-home:/opt/rustwide/cargo-home:ro,Z" "-v" "/var/lib/crater-agent-workspace/rustup-home:/opt/rustwide/rustup-home:ro,Z" "-e" "SOURCE_DIR=/opt/rustwide/workdir" "-e" "CARGO_TARGET_DIR=/opt/rustwide/target" "-e" "CARGO_INCREMENTAL=0" "-e" "RUST_BACKTRACE=full" "-e" "RUSTFLAGS=--cap-lints=warn" "-e" "RUSTDOCFLAGS=--cap-lints=warn" "-e" "CARGO_HOME=/opt/rustwide/cargo-home" "-e" "RUSTUP_HOME=/opt/rustwide/rustup-home" "-w" "/opt/rustwide/workdir" "-m" "1610612736" "--user" "0:0" "--network" "none" "ghcr.io/rust-lang/crates-build-env/linux@sha256:2788e3201cd34a07e3172128adcd8b3090168a8e3bcc40d7c032b9dda1df7d1c" "/opt/rustwide/cargo-home/bin/cargo" "+1.75.0" "build" "--frozen" "--message-format=json", kill_on_drop: false }`
[INFO] [stdout] 660238aa8177d076e2d32daa7cd49d0876fb0f7212c6ab73113c57d67102ca7a
[INFO] running `Command { std: "docker" "start" "-a" "660238aa8177d076e2d32daa7cd49d0876fb0f7212c6ab73113c57d67102ca7a", kill_on_drop: false }`
[INFO] [stderr]    Compiling either v1.8.0
[INFO] [stderr]    Compiling itertools v0.10.5
[INFO] [stderr]    Compiling aoc2021 v0.1.0 (/opt/rustwide/workdir)
[INFO] [stdout] warning: unnecessary parentheses around assigned value
[INFO] [stdout]    --> src/day13.rs:100:20
[INFO] [stdout]     |
[INFO] [stdout] 100 |             sum += (i + 1);
[INFO] [stdout]     |                    ^     ^
[INFO] [stdout]     |
[INFO] [stdout]     = note: `#[warn(unused_parens)]` on by default
[INFO] [stdout] help: remove these parentheses
[INFO] [stdout]     |
[INFO] [stdout] 100 -             sum += (i + 1);
[INFO] [stdout] 100 +             sum += i + 1;
[INFO] [stdout]     |
[INFO] [stdout] 
[INFO] [stdout] 
[INFO] [stdout] warning: unused variable: `to_calc`
[INFO] [stdout]    --> src/day17.rs:205:9
[INFO] [stdout]     |
[INFO] [stdout] 205 |     let to_calc:i64 = 1000000000000 - (num_chunks - 1) * 1725;  // This is where the 3325 above came from
[INFO] [stdout]     |         ^^^^^^^ help: if this is intentional, prefix it with an underscore: `_to_calc`
[INFO] [stdout]     |
[INFO] [stdout]     = note: `#[warn(unused_variables)]` on by default
[INFO] [stdout] 
[INFO] [stdout] 
[INFO] [stdout] warning: unused variable: `grid`
[INFO] [stdout]   --> src/day25.rs:70:10
[INFO] [stdout]    |
[INFO] [stdout] 70 | fn part2(grid: &Vec<String>) -> usize {
[INFO] [stdout]    |          ^^^^ help: if this is intentional, prefix it with an underscore: `_grid`
[INFO] [stdout] 
[INFO] [stdout] 
[INFO] [stdout] warning: field `name` is never read
[INFO] [stdout]  --> src/day7.rs:9:5
[INFO] [stdout]   |
[INFO] [stdout] 8 | struct FileEntry {
[INFO] [stdout]   |        --------- field in this struct
[INFO] [stdout] 9 |     name: String,
[INFO] [stdout]   |     ^^^^
[INFO] [stdout]   |
[INFO] [stdout]   = note: `FileEntry` has a derived impl for the trait `Debug`, but this is intentionally ignored during dead code analysis
[INFO] [stdout]   = note: `#[warn(dead_code)]` on by default
[INFO] [stdout] 
[INFO] [stdout] 
[INFO] [stdout] warning: field `width` is never read
[INFO] [stdout]  --> src/day17.rs:7:5
[INFO] [stdout]   |
[INFO] [stdout] 6 | struct Piece {
[INFO] [stdout]   |        ----- field in this struct
[INFO] [stdout] 7 |     width: i64,
[INFO] [stdout]   |     ^^^^^
[INFO] [stdout] 
[INFO] [stdout] 
[INFO] [stdout] warning: function `print_grid` is never used
[INFO] [stdout]   --> src/day17.rs:21:4
[INFO] [stdout]    |
[INFO] [stdout] 21 | fn print_grid(grid: &Vec<Vec<char>>) {
[INFO] [stdout]    |    ^^^^^^^^^^
[INFO] [stdout] 
[INFO] [stdout] 
[INFO] [stdout] warning: function `part2` is never used
[INFO] [stdout]   --> src/day25.rs:70:4
[INFO] [stdout]    |
[INFO] [stdout] 70 | fn part2(grid: &Vec<String>) -> usize {
[INFO] [stdout]    |    ^^^^^
[INFO] [stdout] 
[INFO] [stdout] 
[INFO] [stdout] warning: 7 warnings emitted
[INFO] [stdout] 
[INFO] [stdout] 
[INFO] [stderr]     Finished dev [unoptimized + debuginfo] target(s) in 2.23s
[INFO] running `Command { std: "docker" "inspect" "660238aa8177d076e2d32daa7cd49d0876fb0f7212c6ab73113c57d67102ca7a", kill_on_drop: false }`
[INFO] running `Command { std: "docker" "rm" "-f" "660238aa8177d076e2d32daa7cd49d0876fb0f7212c6ab73113c57d67102ca7a", kill_on_drop: false }`
[INFO] [stdout] 660238aa8177d076e2d32daa7cd49d0876fb0f7212c6ab73113c57d67102ca7a
[INFO] running `Command { std: "docker" "create" "-v" "/var/lib/crater-agent-workspace/builds/worker-1-tc1/target:/opt/rustwide/target:rw,Z" "-v" "/var/lib/crater-agent-workspace/builds/worker-1-tc1/source:/opt/rustwide/workdir:ro,Z" "-v" "/var/lib/crater-agent-workspace/cargo-home:/opt/rustwide/cargo-home:ro,Z" "-v" "/var/lib/crater-agent-workspace/rustup-home:/opt/rustwide/rustup-home:ro,Z" "-e" "SOURCE_DIR=/opt/rustwide/workdir" "-e" "CARGO_TARGET_DIR=/opt/rustwide/target" "-e" "CARGO_INCREMENTAL=0" "-e" "RUST_BACKTRACE=full" "-e" "RUSTFLAGS=--cap-lints=warn" "-e" "RUSTDOCFLAGS=--cap-lints=warn" "-e" "CARGO_HOME=/opt/rustwide/cargo-home" "-e" "RUSTUP_HOME=/opt/rustwide/rustup-home" "-w" "/opt/rustwide/workdir" "-m" "1610612736" "--user" "0:0" "--network" "none" "ghcr.io/rust-lang/crates-build-env/linux@sha256:2788e3201cd34a07e3172128adcd8b3090168a8e3bcc40d7c032b9dda1df7d1c" "/opt/rustwide/cargo-home/bin/cargo" "+1.75.0" "test" "--frozen" "--no-run" "--message-format=json", kill_on_drop: false }`
[INFO] [stdout] aa21859c10c1c8aa6c5b0ce9a44e461f5fbd3c636f5a952e1cf37b10d19878d0
[INFO] running `Command { std: "docker" "start" "-a" "aa21859c10c1c8aa6c5b0ce9a44e461f5fbd3c636f5a952e1cf37b10d19878d0", kill_on_drop: false }`
[INFO] [stderr]    Compiling aoc2021 v0.1.0 (/opt/rustwide/workdir)
[INFO] [stdout] warning: unnecessary parentheses around assigned value
[INFO] [stdout]    --> src/day13.rs:100:20
[INFO] [stdout]     |
[INFO] [stdout] 100 |             sum += (i + 1);
[INFO] [stdout]     |                    ^     ^
[INFO] [stdout]     |
[INFO] [stdout]     = note: `#[warn(unused_parens)]` on by default
[INFO] [stdout] help: remove these parentheses
[INFO] [stdout]     |
[INFO] [stdout] 100 -             sum += (i + 1);
[INFO] [stdout] 100 +             sum += i + 1;
[INFO] [stdout]     |
[INFO] [stdout] 
[INFO] [stdout] 
[INFO] [stdout] warning: unused variable: `to_calc`
[INFO] [stdout]    --> src/day17.rs:205:9
[INFO] [stdout]     |
[INFO] [stdout] 205 |     let to_calc:i64 = 1000000000000 - (num_chunks - 1) * 1725;  // This is where the 3325 above came from
[INFO] [stdout]     |         ^^^^^^^ help: if this is intentional, prefix it with an underscore: `_to_calc`
[INFO] [stdout]     |
[INFO] [stdout]     = note: `#[warn(unused_variables)]` on by default
[INFO] [stdout] 
[INFO] [stdout] 
[INFO] [stdout] warning: unused variable: `grid`
[INFO] [stdout]   --> src/day25.rs:70:10
[INFO] [stdout]    |
[INFO] [stdout] 70 | fn part2(grid: &Vec<String>) -> usize {
[INFO] [stdout]    |          ^^^^ help: if this is intentional, prefix it with an underscore: `_grid`
[INFO] [stdout] 
[INFO] [stdout] 
[INFO] [stdout] warning: field `name` is never read
[INFO] [stdout]  --> src/day7.rs:9:5
[INFO] [stdout]   |
[INFO] [stdout] 8 | struct FileEntry {
[INFO] [stdout]   |        --------- field in this struct
[INFO] [stdout] 9 |     name: String,
[INFO] [stdout]   |     ^^^^
[INFO] [stdout]   |
[INFO] [stdout]   = note: `FileEntry` has a derived impl for the trait `Debug`, but this is intentionally ignored during dead code analysis
[INFO] [stdout]   = note: `#[warn(dead_code)]` on by default
[INFO] [stdout] 
[INFO] [stdout] 
[INFO] [stdout] warning: field `width` is never read
[INFO] [stdout]  --> src/day17.rs:7:5
[INFO] [stdout]   |
[INFO] [stdout] 6 | struct Piece {
[INFO] [stdout]   |        ----- field in this struct
[INFO] [stdout] 7 |     width: i64,
[INFO] [stdout]   |     ^^^^^
[INFO] [stdout] 
[INFO] [stdout] 
[INFO] [stdout] warning: function `print_grid` is never used
[INFO] [stdout]   --> src/day17.rs:21:4
[INFO] [stdout]    |
[INFO] [stdout] 21 | fn print_grid(grid: &Vec<Vec<char>>) {
[INFO] [stdout]    |    ^^^^^^^^^^
[INFO] [stdout] 
[INFO] [stdout] 
[INFO] [stdout] warning: function `part2` is never used
[INFO] [stdout]   --> src/day25.rs:70:4
[INFO] [stdout]    |
[INFO] [stdout] 70 | fn part2(grid: &Vec<String>) -> usize {
[INFO] [stdout]    |    ^^^^^
[INFO] [stdout] 
[INFO] [stdout] 
[INFO] [stdout] warning: 7 warnings emitted
[INFO] [stdout] 
[INFO] [stdout] 
[INFO] [stderr]     Finished test [unoptimized + debuginfo] target(s) in 1.27s
[INFO] running `Command { std: "docker" "inspect" "aa21859c10c1c8aa6c5b0ce9a44e461f5fbd3c636f5a952e1cf37b10d19878d0", kill_on_drop: false }`
[INFO] running `Command { std: "docker" "rm" "-f" "aa21859c10c1c8aa6c5b0ce9a44e461f5fbd3c636f5a952e1cf37b10d19878d0", kill_on_drop: false }`
[INFO] [stdout] aa21859c10c1c8aa6c5b0ce9a44e461f5fbd3c636f5a952e1cf37b10d19878d0
[INFO] running `Command { std: "docker" "create" "-v" "/var/lib/crater-agent-workspace/builds/worker-1-tc1/target:/opt/rustwide/target:rw,Z" "-v" "/var/lib/crater-agent-workspace/builds/worker-1-tc1/source:/opt/rustwide/workdir:ro,Z" "-v" "/var/lib/crater-agent-workspace/cargo-home:/opt/rustwide/cargo-home:ro,Z" "-v" "/var/lib/crater-agent-workspace/rustup-home:/opt/rustwide/rustup-home:ro,Z" "-e" "SOURCE_DIR=/opt/rustwide/workdir" "-e" "CARGO_TARGET_DIR=/opt/rustwide/target" "-e" "CARGO_INCREMENTAL=0" "-e" "RUST_BACKTRACE=full" "-e" "RUSTFLAGS=--cap-lints=warn" "-e" "RUSTDOCFLAGS=--cap-lints=warn" "-e" "CARGO_HOME=/opt/rustwide/cargo-home" "-e" "RUSTUP_HOME=/opt/rustwide/rustup-home" "-w" "/opt/rustwide/workdir" "-m" "1610612736" "--user" "0:0" "--network" "none" "ghcr.io/rust-lang/crates-build-env/linux@sha256:2788e3201cd34a07e3172128adcd8b3090168a8e3bcc40d7c032b9dda1df7d1c" "/opt/rustwide/cargo-home/bin/cargo" "+1.75.0" "test" "--frozen", kill_on_drop: false }`
[INFO] [stdout] f3013aa326eb3661ba3ea57a557934937199f867952696dde16f8e1b52a0d60d
[INFO] running `Command { std: "docker" "start" "-a" "f3013aa326eb3661ba3ea57a557934937199f867952696dde16f8e1b52a0d60d", kill_on_drop: false }`
[INFO] [stderr] warning: unnecessary parentheses around assigned value
[INFO] [stderr]    --> src/day13.rs:100:20
[INFO] [stderr]     |
[INFO] [stderr] 100 |             sum += (i + 1);
[INFO] [stderr]     |                    ^     ^
[INFO] [stderr]     |
[INFO] [stderr]     = note: `#[warn(unused_parens)]` on by default
[INFO] [stderr] help: remove these parentheses
[INFO] [stderr]     |
[INFO] [stderr] 100 -             sum += (i + 1);
[INFO] [stderr] 100 +             sum += i + 1;
[INFO] [stderr]     |
[INFO] [stderr] 
[INFO] [stderr] warning: unused variable: `to_calc`
[INFO] [stderr]    --> src/day17.rs:205:9
[INFO] [stderr]     |
[INFO] [stderr] 205 |     let to_calc:i64 = 1000000000000 - (num_chunks - 1) * 1725;  // This is where the 3325 above came from
[INFO] [stderr]     |         ^^^^^^^ help: if this is intentional, prefix it with an underscore: `_to_calc`
[INFO] [stderr]     |
[INFO] [stderr]     = note: `#[warn(unused_variables)]` on by default
[INFO] [stderr] 
[INFO] [stderr] warning: unused variable: `grid`
[INFO] [stderr]   --> src/day25.rs:70:10
[INFO] [stderr]    |
[INFO] [stderr] 70 | fn part2(grid: &Vec<String>) -> usize {
[INFO] [stderr]    |          ^^^^ help: if this is intentional, prefix it with an underscore: `_grid`
[INFO] [stderr] 
[INFO] [stderr] warning: field `name` is never read
[INFO] [stderr]  --> src/day7.rs:9:5
[INFO] [stderr]   |
[INFO] [stderr] 8 | struct FileEntry {
[INFO] [stderr]   |        --------- field in this struct
[INFO] [stderr] 9 |     name: String,
[INFO] [stderr]   |     ^^^^
[INFO] [stderr]   |
[INFO] [stderr]   = note: `FileEntry` has a derived impl for the trait `Debug`, but this is intentionally ignored during dead code analysis
[INFO] [stderr]   = note: `#[warn(dead_code)]` on by default
[INFO] [stderr] 
[INFO] [stderr] warning: field `width` is never read
[INFO] [stderr]  --> src/day17.rs:7:5
[INFO] [stderr]   |
[INFO] [stderr] 6 | struct Piece {
[INFO] [stderr]   |        ----- field in this struct
[INFO] [stderr] 7 |     width: i64,
[INFO] [stderr]   |     ^^^^^
[INFO] [stderr] 
[INFO] [stderr] warning: function `print_grid` is never used
[INFO] [stderr]   --> src/day17.rs:21:4
[INFO] [stderr]    |
[INFO] [stderr] 21 | fn print_grid(grid: &Vec<Vec<char>>) {
[INFO] [stderr]    |    ^^^^^^^^^^
[INFO] [stderr] 
[INFO] [stderr] warning: function `part2` is never used
[INFO] [stderr]   --> src/day25.rs:70:4
[INFO] [stderr]    |
[INFO] [stderr] 70 | fn part2(grid: &Vec<String>) -> usize {
[INFO] [stderr]    |    ^^^^^
[INFO] [stderr] 
[INFO] [stderr] warning: `aoc2021` (bin "aoc2021" test) generated 7 warnings (run `cargo fix --bin "aoc2021" --tests` to apply 3 suggestions)
[INFO] [stderr]     Finished test [unoptimized + debuginfo] target(s) in 0.00s
[INFO] [stderr]      Running unittests src/main.rs (/opt/rustwide/target/debug/deps/aoc2021-9554c19dca4ebde7)
[INFO] [stdout] 
[INFO] [stdout] running 46 tests
[INFO] [stdout] test day11::tests::day11_test1 ... ok
[INFO] [stdout] test day12::tests::day12_test1 ... ok
[INFO] [stdout] test day10::tests::day8_test1 ... ok
[INFO] [stdout] test day13::tests::day13_test2 ... ok
[INFO] [stdout] test day13::tests::day13_test1 ... ok
[INFO] [stdout] test day12::tests::day12_test2 ... ok
[INFO] [stdout] test day15::tests::day14_test1 ... ok
[INFO] [stdout] test day15::tests::day14_test2 ... ok
[INFO] [stdout] test day18::tests::day18_test1 ... ok
[INFO] [stdout] test day16::tests::day14_test1 ... ok
[INFO] [stdout] test day1::tests::day1_test1 ... ok
[INFO] [stdout] test day1::tests::day1_test2 ... ok
[INFO] [stdout] test day20::tests::day20_test2 ... ok
[INFO] [stdout] test day20::tests::day20_test1 ... ok
[INFO] [stdout] test day16::tests::day14_test2 ... ok
[INFO] [stdout] test day2::tests::day1_test1 ... ok
[INFO] [stdout] test day21::tests::day21_test1 ... ok
[INFO] [stdout] test day3::tests::day1_test1 ... ok
[INFO] [stdout] test day4::tests::day1_test1 ... ok
[INFO] [stdout] test day24::tests::day23_test1 ... ok
[INFO] [stdout] test day3::tests::day1_test2 ... ok
[INFO] [stdout] test day2::tests::day1_test2 ... ok
[INFO] [stdout] test day25::tests::day23_test1 ... ok
[INFO] [stdout] test day21::tests::day21_test2 ... ok
[INFO] [stdout] test day4::tests::day1_test2 ... ok
[INFO] [stdout] test day5::tests::day1_test1 ... ok
[INFO] [stdout] test day5::tests::day1_test2 ... ok
[INFO] [stdout] test day6::tests::day6_test3 ... ok
[INFO] [stdout] test day23::tests::day23_test1 ... ok
[INFO] [stdout] test day6::tests::day6_test2 ... ok
[INFO] [stdout] test day7::tests::day7_test2 ... ok
[INFO] [stdout] test day6::tests::day6_test1 ... ok
[INFO] [stdout] test day6::tests::day6_test4 ... ok
[INFO] [stdout] test day8::tests::day8_test1 ... ok
[INFO] [stdout] test day8::tests::day8_test2 ... ok
[INFO] [stdout] test day7::tests::day7_test1 ... ok
[INFO] [stdout] test day9::tests::day8_test1 ... ok
[INFO] [stdout] test day9::tests::day8_test2 ... ok
[INFO] [stdout] test day23::tests::day23_test2 ... ok
[INFO] [stdout] test day24::tests::day23_test2 ... ok
[INFO] [stdout] test day11::tests::day11_test2 ... ok
[INFO] [stdout] test day14::tests::day14_test1 ... ok
[INFO] [stdout] test day14::tests::day14_test2 ... ok
[INFO] [stdout] test day8::tests::day6_test3 ... FAILED
[INFO] [stdout] test day8::tests::day6_test4 ... FAILED
[INFO] [stdout] test day18::tests::day18_test2 ... ok
[INFO] [stdout] 
[INFO] [stdout] failures:
[INFO] [stdout] 
[INFO] [stdout] ---- day8::tests::day6_test3 stdout ----
[INFO] [stdout] thread 'day8::tests::day6_test3' panicked at src/day8.rs:113:9:
[INFO] [stdout] assertion `left == right` failed
[INFO] [stdout]   left: 28
[INFO] [stdout]  right: 5
[INFO] [stdout] stack backtrace:
[INFO] [stdout]    0:     0x562c4e3e31ac - std::backtrace_rs::backtrace::libunwind::trace::ha637c64ce894333a
[INFO] [stdout]                                at /rustc/82e1608dfa6e0b5569232559e3d385fea5a93112/library/std/src/../../backtrace/src/backtrace/libunwind.rs:104:5
[INFO] [stdout]    1:     0x562c4e3e31ac - std::backtrace_rs::backtrace::trace_unsynchronized::h47f62dea28e0c88d
[INFO] [stdout]                                at /rustc/82e1608dfa6e0b5569232559e3d385fea5a93112/library/std/src/../../backtrace/src/backtrace/mod.rs:66:5
[INFO] [stdout]    2:     0x562c4e3e31ac - std::sys_common::backtrace::_print_fmt::h9eef0abe20ede486
[INFO] [stdout]                                at /rustc/82e1608dfa6e0b5569232559e3d385fea5a93112/library/std/src/sys_common/backtrace.rs:67:5
[INFO] [stdout]    3:     0x562c4e3e31ac - <std::sys_common::backtrace::_print::DisplayBacktrace as core::fmt::Display>::fmt::hed7f999df88cc644
[INFO] [stdout]                                at /rustc/82e1608dfa6e0b5569232559e3d385fea5a93112/library/std/src/sys_common/backtrace.rs:44:22
[INFO] [stdout]    4:     0x562c4e40d370 - core::fmt::rt::Argument::fmt::h1539a9308b8d058d
[INFO] [stdout]                                at /rustc/82e1608dfa6e0b5569232559e3d385fea5a93112/library/core/src/fmt/rt.rs:142:9
[INFO] [stdout]    5:     0x562c4e40d370 - core::fmt::write::h3a39390d8560d9c9
[INFO] [stdout]                                at /rustc/82e1608dfa6e0b5569232559e3d385fea5a93112/library/core/src/fmt/mod.rs:1120:17
[INFO] [stdout]    6:     0x562c4e3e0b5f - std::io::Write::write_fmt::h040b369f3a0f9cbc
[INFO] [stdout]                                at /rustc/82e1608dfa6e0b5569232559e3d385fea5a93112/library/std/src/io/mod.rs:1762:15
[INFO] [stdout]    7:     0x562c4e3e2f94 - std::sys_common::backtrace::_print::h894006fb5c6f3d45
[INFO] [stdout]                                at /rustc/82e1608dfa6e0b5569232559e3d385fea5a93112/library/std/src/sys_common/backtrace.rs:47:5
[INFO] [stdout]    8:     0x562c4e3e2f94 - std::sys_common::backtrace::print::h23a2d212c6fff936
[INFO] [stdout]                                at /rustc/82e1608dfa6e0b5569232559e3d385fea5a93112/library/std/src/sys_common/backtrace.rs:34:9
[INFO] [stdout]    9:     0x562c4e3e4c57 - std::panicking::default_hook::{{closure}}::h8a1d2ee00185001a
[INFO] [stdout]   10:     0x562c4e3e4943 - std::panicking::default_hook::h6038f2eba384e475
[INFO] [stdout]                                at /rustc/82e1608dfa6e0b5569232559e3d385fea5a93112/library/std/src/panicking.rs:289:9
[INFO] [stdout]   11:     0x562c4e3b24e7 - <alloc::boxed::Box<F,A> as core::ops::function::Fn<Args>>::call::h0ad024c9bdc6d768
[INFO] [stdout]                                at /rustc/82e1608dfa6e0b5569232559e3d385fea5a93112/library/alloc/src/boxed.rs:2021:9
[INFO] [stdout]   12:     0x562c4e3b24e7 - test::test_main::{{closure}}::h7500b54257359db6
[INFO] [stdout]                                at /rustc/82e1608dfa6e0b5569232559e3d385fea5a93112/library/test/src/lib.rs:138:21
[INFO] [stdout]   13:     0x562c4e3e5268 - <alloc::boxed::Box<F,A> as core::ops::function::Fn<Args>>::call::h1f8f335eaa9cfaee
[INFO] [stdout]                                at /rustc/82e1608dfa6e0b5569232559e3d385fea5a93112/library/alloc/src/boxed.rs:2021:9
[INFO] [stdout]   14:     0x562c4e3e5268 - std::panicking::rust_panic_with_hook::h2b5517d590cab22e
[INFO] [stdout]                                at /rustc/82e1608dfa6e0b5569232559e3d385fea5a93112/library/std/src/panicking.rs:783:13
[INFO] [stdout]   15:     0x562c4e3e4fbe - std::panicking::begin_panic_handler::{{closure}}::h233112c06e0ef43e
[INFO] [stdout]                                at /rustc/82e1608dfa6e0b5569232559e3d385fea5a93112/library/std/src/panicking.rs:657:13
[INFO] [stdout]   16:     0x562c4e3e3676 - std::sys_common::backtrace::__rust_end_short_backtrace::h6e893f24d7ebbff8
[INFO] [stdout]                                at /rustc/82e1608dfa6e0b5569232559e3d385fea5a93112/library/std/src/sys_common/backtrace.rs:170:18
[INFO] [stdout]   17:     0x562c4e3e4d22 - rust_begin_unwind
[INFO] [stdout]                                at /rustc/82e1608dfa6e0b5569232559e3d385fea5a93112/library/std/src/panicking.rs:645:5
[INFO] [stdout]   18:     0x562c4e2d2cf5 - core::panicking::panic_fmt::hbf0e066aabfa482c
[INFO] [stdout]                                at /rustc/82e1608dfa6e0b5569232559e3d385fea5a93112/library/core/src/panicking.rs:72:14
[INFO] [stdout]   19:     0x562c4e2d310b - core::panicking::assert_failed_inner::h0bba8b7c26ee4492
[INFO] [stdout]   20:     0x562c4e34393e - core::panicking::assert_failed::haca3bc45066b1f95
[INFO] [stdout]                                at /rustc/82e1608dfa6e0b5569232559e3d385fea5a93112/library/core/src/panicking.rs:279:5
[INFO] [stdout]   21:     0x562c4e340250 - aoc2021::day8::tests::day6_test3::hc7b2739aa55034ee
[INFO] [stdout]                                at /opt/rustwide/workdir/src/day8.rs:113:9
[INFO] [stdout]   22:     0x562c4e340167 - aoc2021::day8::tests::day6_test3::{{closure}}::hf483f121de510a44
[INFO] [stdout]                                at /opt/rustwide/workdir/src/day8.rs:111:20
[INFO] [stdout]   23:     0x562c4e371316 - core::ops::function::FnOnce::call_once::hc94a89b968b5de64
[INFO] [stdout]                                at /rustc/82e1608dfa6e0b5569232559e3d385fea5a93112/library/core/src/ops/function.rs:250:5
[INFO] [stdout]   24:     0x562c4e3b7b3f - core::ops::function::FnOnce::call_once::h2b5d431d5046312d
[INFO] [stdout]                                at /rustc/82e1608dfa6e0b5569232559e3d385fea5a93112/library/core/src/ops/function.rs:250:5
[INFO] [stdout]   25:     0x562c4e3b7b3f - test::__rust_begin_short_backtrace::h7714669af176e207
[INFO] [stdout]                                at /rustc/82e1608dfa6e0b5569232559e3d385fea5a93112/library/test/src/lib.rs:628:18
[INFO] [stdout]   26:     0x562c4e3b6b55 - test::run_test_in_process::{{closure}}::h85218797dcbcec12
[INFO] [stdout]                                at /rustc/82e1608dfa6e0b5569232559e3d385fea5a93112/library/test/src/lib.rs:651:60
[INFO] [stdout]   27:     0x562c4e3b6b55 - <core::panic::unwind_safe::AssertUnwindSafe<F> as core::ops::function::FnOnce<()>>::call_once::h76c106ea31c14d7b
[INFO] [stdout]                                at /rustc/82e1608dfa6e0b5569232559e3d385fea5a93112/library/core/src/panic/unwind_safe.rs:272:9
[INFO] [stdout]   28:     0x562c4e3b6b55 - std::panicking::try::do_call::h3bd5d0f6620ee946
[INFO] [stdout]                                at /rustc/82e1608dfa6e0b5569232559e3d385fea5a93112/library/std/src/panicking.rs:552:40
[INFO] [stdout]   29:     0x562c4e3b6b55 - std::panicking::try::h232e535e4744fe31
[INFO] [stdout]                                at /rustc/82e1608dfa6e0b5569232559e3d385fea5a93112/library/std/src/panicking.rs:516:19
[INFO] [stdout]   30:     0x562c4e3b6b55 - std::panic::catch_unwind::h3ce3bd6ca8dbac68
[INFO] [stdout]                                at /rustc/82e1608dfa6e0b5569232559e3d385fea5a93112/library/std/src/panic.rs:142:14
[INFO] [stdout]   31:     0x562c4e3b6b55 - test::run_test_in_process::hc97b257c9621286a
[INFO] [stdout]                                at /rustc/82e1608dfa6e0b5569232559e3d385fea5a93112/library/test/src/lib.rs:651:27
[INFO] [stdout]   32:     0x562c4e3b6b55 - test::run_test::{{closure}}::h2aa798823a438d38
[INFO] [stdout]                                at /rustc/82e1608dfa6e0b5569232559e3d385fea5a93112/library/test/src/lib.rs:574:43
[INFO] [stdout]   33:     0x562c4e37ee16 - test::run_test::{{closure}}::h87d231c78fb59832
[INFO] [stdout]                                at /rustc/82e1608dfa6e0b5569232559e3d385fea5a93112/library/test/src/lib.rs:602:41
[INFO] [stdout]   34:     0x562c4e37ee16 - std::sys_common::backtrace::__rust_begin_short_backtrace::he6df152596625789
[INFO] [stdout]                                at /rustc/82e1608dfa6e0b5569232559e3d385fea5a93112/library/std/src/sys_common/backtrace.rs:154:18
[INFO] [stdout]   35:     0x562c4e383ec7 - std::thread::Builder::spawn_unchecked_::{{closure}}::{{closure}}::ha94be15d1e0acf36
[INFO] [stdout]                                at /rustc/82e1608dfa6e0b5569232559e3d385fea5a93112/library/std/src/thread/mod.rs:529:17
[INFO] [stdout]   36:     0x562c4e383ec7 - <core::panic::unwind_safe::AssertUnwindSafe<F> as core::ops::function::FnOnce<()>>::call_once::h9dc6bd6372f16606
[INFO] [stdout]                                at /rustc/82e1608dfa6e0b5569232559e3d385fea5a93112/library/core/src/panic/unwind_safe.rs:272:9
[INFO] [stdout]   37:     0x562c4e383ec7 - std::panicking::try::do_call::h9057517f80303cd4
[INFO] [stdout]                                at /rustc/82e1608dfa6e0b5569232559e3d385fea5a93112/library/std/src/panicking.rs:552:40
[INFO] [stdout]   38:     0x562c4e383ec7 - std::panicking::try::he3a30b11ee45340c
[INFO] [stdout]                                at /rustc/82e1608dfa6e0b5569232559e3d385fea5a93112/library/std/src/panicking.rs:516:19
[INFO] [stdout]   39:     0x562c4e383ec7 - std::panic::catch_unwind::h410458cfd3528b8b
[INFO] [stdout]                                at /rustc/82e1608dfa6e0b5569232559e3d385fea5a93112/library/std/src/panic.rs:142:14
[INFO] [stdout]   40:     0x562c4e383ec7 - std::thread::Builder::spawn_unchecked_::{{closure}}::h72ac3bdb567b737b
[INFO] [stdout]                                at /rustc/82e1608dfa6e0b5569232559e3d385fea5a93112/library/std/src/thread/mod.rs:528:30
[INFO] [stdout]   41:     0x562c4e383ec7 - core::ops::function::FnOnce::call_once{{vtable.shim}}::h38f34da3654a8344
[INFO] [stdout]                                at /rustc/82e1608dfa6e0b5569232559e3d385fea5a93112/library/core/src/ops/function.rs:250:5
[INFO] [stdout]   42:     0x562c4e3e9d25 - <alloc::boxed::Box<F,A> as core::ops::function::FnOnce<Args>>::call_once::hc7eafaff61e32df9
[INFO] [stdout]                                at /rustc/82e1608dfa6e0b5569232559e3d385fea5a93112/library/alloc/src/boxed.rs:2007:9
[INFO] [stdout]   43:     0x562c4e3e9d25 - <alloc::boxed::Box<F,A> as core::ops::function::FnOnce<Args>>::call_once::h6ba4a5de48dd2304
[INFO] [stdout]                                at /rustc/82e1608dfa6e0b5569232559e3d385fea5a93112/library/alloc/src/boxed.rs:2007:9
[INFO] [stdout]   44:     0x562c4e3e9d25 - std::sys::unix::thread::Thread::new::thread_start::he469335aef763e45
[INFO] [stdout]                                at /rustc/82e1608dfa6e0b5569232559e3d385fea5a93112/library/std/src/sys/unix/thread.rs:108:17
[INFO] [stdout]   45:     0x7f1150bb7ac3 - <unknown>
[INFO] [stdout]   46:     0x7f1150c48bf4 - __clone
[INFO] [stdout]   47:                0x0 - <unknown>
[INFO] [stdout] 
[INFO] [stdout] ---- day8::tests::day6_test4 stdout ----
[INFO] [stdout] thread 'day8::tests::day6_test4' panicked at src/day8.rs:119:9:
[INFO] [stdout] assertion `left == right` failed
[INFO] [stdout]   left: 0
[INFO] [stdout]  right: 23
[INFO] [stdout] stack backtrace:
[INFO] [stdout]    0:     0x562c4e3e31ac - std::backtrace_rs::backtrace::libunwind::trace::ha637c64ce894333a
[INFO] [stdout]                                at /rustc/82e1608dfa6e0b5569232559e3d385fea5a93112/library/std/src/../../backtrace/src/backtrace/libunwind.rs:104:5
[INFO] [stdout]    1:     0x562c4e3e31ac - std::backtrace_rs::backtrace::trace_unsynchronized::h47f62dea28e0c88d
[INFO] [stdout]                                at /rustc/82e1608dfa6e0b5569232559e3d385fea5a93112/library/std/src/../../backtrace/src/backtrace/mod.rs:66:5
[INFO] [stdout]    2:     0x562c4e3e31ac - std::sys_common::backtrace::_print_fmt::h9eef0abe20ede486
[INFO] [stdout]                                at /rustc/82e1608dfa6e0b5569232559e3d385fea5a93112/library/std/src/sys_common/backtrace.rs:67:5
[INFO] [stdout]    3:     0x562c4e3e31ac - <std::sys_common::backtrace::_print::DisplayBacktrace as core::fmt::Display>::fmt::hed7f999df88cc644
[INFO] [stdout]                                at /rustc/82e1608dfa6e0b5569232559e3d385fea5a93112/library/std/src/sys_common/backtrace.rs:44:22
[INFO] [stdout]    4:     0x562c4e40d370 - core::fmt::rt::Argument::fmt::h1539a9308b8d058d
[INFO] [stdout]                                at /rustc/82e1608dfa6e0b5569232559e3d385fea5a93112/library/core/src/fmt/rt.rs:142:9
[INFO] [stdout]    5:     0x562c4e40d370 - core::fmt::write::h3a39390d8560d9c9
[INFO] [stdout]                                at /rustc/82e1608dfa6e0b5569232559e3d385fea5a93112/library/core/src/fmt/mod.rs:1120:17
[INFO] [stdout]    6:     0x562c4e3e0b5f - std::io::Write::write_fmt::h040b369f3a0f9cbc
[INFO] [stdout]                                at /rustc/82e1608dfa6e0b5569232559e3d385fea5a93112/library/std/src/io/mod.rs:1762:15
[INFO] [stdout]    7:     0x562c4e3e2f94 - std::sys_common::backtrace::_print::h894006fb5c6f3d45
[INFO] [stdout]                                at /rustc/82e1608dfa6e0b5569232559e3d385fea5a93112/library/std/src/sys_common/backtrace.rs:47:5
[INFO] [stdout]    8:     0x562c4e3e2f94 - std::sys_common::backtrace::print::h23a2d212c6fff936
[INFO] [stdout]                                at /rustc/82e1608dfa6e0b5569232559e3d385fea5a93112/library/std/src/sys_common/backtrace.rs:34:9
[INFO] [stdout]    9:     0x562c4e3e4c57 - std::panicking::default_hook::{{closure}}::h8a1d2ee00185001a
[INFO] [stdout]   10:     0x562c4e3e4943 - std::panicking::default_hook::h6038f2eba384e475
[INFO] [stdout]                                at /rustc/82e1608dfa6e0b5569232559e3d385fea5a93112/library/std/src/panicking.rs:289:9
[INFO] [stdout]   11:     0x562c4e3b24e7 - <alloc::boxed::Box<F,A> as core::ops::function::Fn<Args>>::call::h0ad024c9bdc6d768
[INFO] [stdout]                                at /rustc/82e1608dfa6e0b5569232559e3d385fea5a93112/library/alloc/src/boxed.rs:2021:9
[INFO] [stdout]   12:     0x562c4e3b24e7 - test::test_main::{{closure}}::h7500b54257359db6
[INFO] [stdout]                                at /rustc/82e1608dfa6e0b5569232559e3d385fea5a93112/library/test/src/lib.rs:138:21
[INFO] [stdout]   13:     0x562c4e3e5268 - <alloc::boxed::Box<F,A> as core::ops::function::Fn<Args>>::call::h1f8f335eaa9cfaee
[INFO] [stdout]                                at /rustc/82e1608dfa6e0b5569232559e3d385fea5a93112/library/alloc/src/boxed.rs:2021:9
[INFO] [stdout]   14:     0x562c4e3e5268 - std::panicking::rust_panic_with_hook::h2b5517d590cab22e
[INFO] [stdout]                                at /rustc/82e1608dfa6e0b5569232559e3d385fea5a93112/library/std/src/panicking.rs:783:13
[INFO] [stdout]   15:     0x562c4e3e4fbe - std::panicking::begin_panic_handler::{{closure}}::h233112c06e0ef43e
[INFO] [stdout]                                at /rustc/82e1608dfa6e0b5569232559e3d385fea5a93112/library/std/src/panicking.rs:657:13
[INFO] [stdout]   16:     0x562c4e3e3676 - std::sys_common::backtrace::__rust_end_short_backtrace::h6e893f24d7ebbff8
[INFO] [stdout]                                at /rustc/82e1608dfa6e0b5569232559e3d385fea5a93112/library/std/src/sys_common/backtrace.rs:170:18
[INFO] [stdout]   17:     0x562c4e3e4d22 - rust_begin_unwind
[INFO] [stdout]                                at /rustc/82e1608dfa6e0b5569232559e3d385fea5a93112/library/std/src/panicking.rs:645:5
[INFO] [stdout]   18:     0x562c4e2d2cf5 - core::panicking::panic_fmt::hbf0e066aabfa482c
[INFO] [stdout]                                at /rustc/82e1608dfa6e0b5569232559e3d385fea5a93112/library/core/src/panicking.rs:72:14
[INFO] [stdout]   19:     0x562c4e2d310b - core::panicking::assert_failed_inner::h0bba8b7c26ee4492
[INFO] [stdout]   20:     0x562c4e34393e - core::panicking::assert_failed::haca3bc45066b1f95
[INFO] [stdout]                                at /rustc/82e1608dfa6e0b5569232559e3d385fea5a93112/library/core/src/panicking.rs:279:5
[INFO] [stdout]   21:     0x562c4e340380 - aoc2021::day8::tests::day6_test4::he373042ee0521981
[INFO] [stdout]                                at /opt/rustwide/workdir/src/day8.rs:119:9
[INFO] [stdout]   22:     0x562c4e340297 - aoc2021::day8::tests::day6_test4::{{closure}}::h4a4497b485148551
[INFO] [stdout]                                at /opt/rustwide/workdir/src/day8.rs:117:20
[INFO] [stdout]   23:     0x562c4e3710a6 - core::ops::function::FnOnce::call_once::ha334c22dec0727b0
[INFO] [stdout]                                at /rustc/82e1608dfa6e0b5569232559e3d385fea5a93112/library/core/src/ops/function.rs:250:5
[INFO] [stdout]   24:     0x562c4e3b7b3f - core::ops::function::FnOnce::call_once::h2b5d431d5046312d
[INFO] [stdout]                                at /rustc/82e1608dfa6e0b5569232559e3d385fea5a93112/library/core/src/ops/function.rs:250:5
[INFO] [stdout]   25:     0x562c4e3b7b3f - test::__rust_begin_short_backtrace::h7714669af176e207
[INFO] [stdout]                                at /rustc/82e1608dfa6e0b5569232559e3d385fea5a93112/library/test/src/lib.rs:628:18
[INFO] [stdout]   26:     0x562c4e3b6b55 - test::run_test_in_process::{{closure}}::h85218797dcbcec12
[INFO] [stdout]                                at /rustc/82e1608dfa6e0b5569232559e3d385fea5a93112/library/test/src/lib.rs:651:60
[INFO] [stdout]   27:     0x562c4e3b6b55 - <core::panic::unwind_safe::AssertUnwindSafe<F> as core::ops::function::FnOnce<()>>::call_once::h76c106ea31c14d7b
[INFO] [stdout]                                at /rustc/82e1608dfa6e0b5569232559e3d385fea5a93112/library/core/src/panic/unwind_safe.rs:272:9
[INFO] [stdout]   28:     0x562c4e3b6b55 - std::panicking::try::do_call::h3bd5d0f6620ee946
[INFO] [stdout]                                at /rustc/82e1608dfa6e0b5569232559e3d385fea5a93112/library/std/src/panicking.rs:552:40
[INFO] [stdout]   29:     0x562c4e3b6b55 - std::panicking::try::h232e535e4744fe31
[INFO] [stdout]                                at /rustc/82e1608dfa6e0b5569232559e3d385fea5a93112/library/std/src/panicking.rs:516:19
[INFO] [stdout]   30:     0x562c4e3b6b55 - std::panic::catch_unwind::h3ce3bd6ca8dbac68
[INFO] [stdout]                                at /rustc/82e1608dfa6e0b5569232559e3d385fea5a93112/library/std/src/panic.rs:142:14
[INFO] [stdout]   31:     0x562c4e3b6b55 - test::run_test_in_process::hc97b257c9621286a
[INFO] [stdout]                                at /rustc/82e1608dfa6e0b5569232559e3d385fea5a93112/library/test/src/lib.rs:651:27
[INFO] [stdout]   32:     0x562c4e3b6b55 - test::run_test::{{closure}}::h2aa798823a438d38
[INFO] [stdout]                                at /rustc/82e1608dfa6e0b5569232559e3d385fea5a93112/library/test/src/lib.rs:574:43
[INFO] [stdout]   33:     0x562c4e37ee16 - test::run_test::{{closure}}::h87d231c78fb59832
[INFO] [stdout]                                at /rustc/82e1608dfa6e0b5569232559e3d385fea5a93112/library/test/src/lib.rs:602:41
[INFO] [stdout]   34:     0x562c4e37ee16 - std::sys_common::backtrace::__rust_begin_short_backtrace::he6df152596625789
[INFO] [stdout]                                at /rustc/82e1608dfa6e0b5569232559e3d385fea5a93112/library/std/src/sys_common/backtrace.rs:154:18
[INFO] [stdout]   35:     0x562c4e383ec7 - std::thread::Builder::spawn_unchecked_::{{closure}}::{{closure}}::ha94be15d1e0acf36
[INFO] [stdout]                                at /rustc/82e1608dfa6e0b5569232559e3d385fea5a93112/library/std/src/thread/mod.rs:529:17
[INFO] [stdout]   36:     0x562c4e383ec7 - <core::panic::unwind_safe::AssertUnwindSafe<F> as core::ops::function::FnOnce<()>>::call_once::h9dc6bd6372f16606
[INFO] [stdout]                                at /rustc/82e1608dfa6e0b5569232559e3d385fea5a93112/library/core/src/panic/unwind_safe.rs:272:9
[INFO] [stdout]   37:     0x562c4e383ec7 - std::panicking::try::do_call::h9057517f80303cd4
[INFO] [stdout]                                at /rustc/82e1608dfa6e0b5569232559e3d385fea5a93112/library/std/src/panicking.rs:552:40
[INFO] [stdout]   38:     0x562c4e383ec7 - std::panicking::try::he3a30b11ee45340c
[INFO] [stdout]                                at /rustc/82e1608dfa6e0b5569232559e3d385fea5a93112/library/std/src/panicking.rs:516:19
[INFO] [stdout]   39:     0x562c4e383ec7 - std::panic::catch_unwind::h410458cfd3528b8b
[INFO] [stdout]                                at /rustc/82e1608dfa6e0b5569232559e3d385fea5a93112/library/std/src/panic.rs:142:14
[INFO] [stdout]   40:     0x562c4e383ec7 - std::thread::Builder::spawn_unchecked_::{{closure}}::h72ac3bdb567b737b
[INFO] [stdout]                                at /rustc/82e1608dfa6e0b5569232559e3d385fea5a93112/library/std/src/thread/mod.rs:528:30
[INFO] [stdout]   41:     0x562c4e383ec7 - core::ops::function::FnOnce::call_once{{vtable.shim}}::h38f34da3654a8344
[INFO] [stdout]                                at /rustc/82e1608dfa6e0b5569232559e3d385fea5a93112/library/core/src/ops/function.rs:250:5
[INFO] [stdout]   42:     0x562c4e3e9d25 - <alloc::boxed::Box<F,A> as core::ops::function::FnOnce<Args>>::call_once::hc7eafaff61e32df9
[INFO] [stdout]                                at /rustc/82e1608dfa6e0b5569232559e3d385fea5a93112/library/alloc/src/boxed.rs:2007:9
[INFO] [stdout]   43:     0x562c4e3e9d25 - <alloc::boxed::Box<F,A> as core::ops::function::FnOnce<Args>>::call_once::h6ba4a5de48dd2304
[INFO] [stdout]                                at /rustc/82e1608dfa6e0b5569232559e3d385fea5a93112/library/alloc/src/boxed.rs:2007:9
[INFO] [stdout]   44:     0x562c4e3e9d25 - std::sys::unix::thread::Thread::new::thread_start::he469335aef763e45
[INFO] [stdout]                                at /rustc/82e1608dfa6e0b5569232559e3d385fea5a93112/library/std/src/sys/unix/thread.rs:108:17
[INFO] [stdout]   45:     0x7f1150bb7ac3 - <unknown>
[INFO] [stdout]   46:     0x7f1150c48bf4 - __clone
[INFO] [stdout]   47:                0x0 - <unknown>
[INFO] [stdout] 
[INFO] [stdout] 
[INFO] [stdout] failures:
[INFO] [stdout]     day8::tests::day6_test3
[INFO] [stdout]     day8::tests::day6_test4
[INFO] [stdout] 
[INFO] [stdout] test result: FAILED. 44 passed; 2 failed; 0 ignored; 0 measured; 0 filtered out; finished in 0.16s
[INFO] [stdout] 
[INFO] [stderr] error: test failed, to rerun pass `--bin aoc2021`
[INFO] running `Command { std: "docker" "inspect" "f3013aa326eb3661ba3ea57a557934937199f867952696dde16f8e1b52a0d60d", kill_on_drop: false }`
[INFO] running `Command { std: "docker" "rm" "-f" "f3013aa326eb3661ba3ea57a557934937199f867952696dde16f8e1b52a0d60d", kill_on_drop: false }`
[INFO] [stdout] f3013aa326eb3661ba3ea57a557934937199f867952696dde16f8e1b52a0d60d
