[INFO] cloning repository https://github.com/chiyadev/laby
[INFO] running `Command { std: "git" "-c" "credential.helper=" "-c" "credential.helper=/workspace/cargo-home/bin/git-credential-null" "clone" "--bare" "https://github.com/chiyadev/laby" "/workspace/cache/git-repos/https%3A%2F%2Fgithub.com%2Fchiyadev%2Flaby", kill_on_drop: false }`
[INFO] [stderr] Cloning into bare repository '/workspace/cache/git-repos/https%3A%2F%2Fgithub.com%2Fchiyadev%2Flaby'...
[INFO] running `Command { std: "git" "rev-parse" "HEAD", kill_on_drop: false }`
[INFO] [stdout] 1b5e33b90fe96aa11c4689b45b79c26598cee0da
[INFO] testing chiyadev/laby against 1.75.0 for beta-1.76-1
[INFO] running `Command { std: "git" "clone" "/workspace/cache/git-repos/https%3A%2F%2Fgithub.com%2Fchiyadev%2Flaby" "/workspace/builds/worker-2-tc1/source", kill_on_drop: false }`
[INFO] [stderr] Cloning into '/workspace/builds/worker-2-tc1/source'...
[INFO] [stderr] done.
[INFO] validating manifest of git repo https://github.com/chiyadev/laby on toolchain 1.75.0
[INFO] running `Command { std: CARGO_HOME="/workspace/cargo-home" RUSTUP_HOME="/workspace/rustup-home" "/workspace/cargo-home/bin/cargo" "+1.75.0" "metadata" "--manifest-path" "Cargo.toml" "--no-deps", kill_on_drop: false }`
[INFO] started tweaking git repo https://github.com/chiyadev/laby
[INFO] finished tweaking git repo https://github.com/chiyadev/laby
[INFO] tweaked toml for git repo https://github.com/chiyadev/laby written to /workspace/builds/worker-2-tc1/source/Cargo.toml
[INFO] crate git repo https://github.com/chiyadev/laby already has a lockfile, it will not be regenerated
[INFO] running `Command { std: CARGO_HOME="/workspace/cargo-home" RUSTUP_HOME="/workspace/rustup-home" "/workspace/cargo-home/bin/cargo" "+1.75.0" "fetch" "--manifest-path" "Cargo.toml", kill_on_drop: false }`
[INFO] [stderr] warning: virtual workspace defaulting to `resolver = "1"` despite one or more workspace members being on edition 2021 which implies `resolver = "2"`
[INFO] [stderr] note: to keep the current resolver, specify `workspace.resolver = "1"` in the workspace root's manifest
[INFO] [stderr] note: to use the edition 2021 resolver, specify `workspace.resolver = "2"` in the workspace root's manifest
[INFO] [stderr] note: for more details see https://doc.rust-lang.org/cargo/reference/resolver.html#resolver-versions
[INFO] [stderr]     Updating crates.io index
[INFO] [stderr]  Downloading crates ...
[INFO] [stderr]   Downloaded itoap v1.0.1
[INFO] running `Command { std: "docker" "create" "-v" "/var/lib/crater-agent-workspace/builds/worker-2-tc1/target:/opt/rustwide/target:rw,Z" "-v" "/var/lib/crater-agent-workspace/builds/worker-2-tc1/source:/opt/rustwide/workdir:ro,Z" "-v" "/var/lib/crater-agent-workspace/cargo-home:/opt/rustwide/cargo-home:ro,Z" "-v" "/var/lib/crater-agent-workspace/rustup-home:/opt/rustwide/rustup-home:ro,Z" "-e" "SOURCE_DIR=/opt/rustwide/workdir" "-e" "CARGO_TARGET_DIR=/opt/rustwide/target" "-e" "CARGO_HOME=/opt/rustwide/cargo-home" "-e" "RUSTUP_HOME=/opt/rustwide/rustup-home" "-w" "/opt/rustwide/workdir" "-m" "1610612736" "--user" "0:0" "--network" "none" "ghcr.io/rust-lang/crates-build-env/linux@sha256:2788e3201cd34a07e3172128adcd8b3090168a8e3bcc40d7c032b9dda1df7d1c" "/opt/rustwide/cargo-home/bin/cargo" "+1.75.0" "metadata" "--no-deps" "--format-version=1", kill_on_drop: false }`
[INFO] [stdout] e614a8a7b5d51700fd77d69fef04cfd190db7263c729c7bff80a7bbeacaee6fb
[INFO] running `Command { std: "docker" "start" "-a" "e614a8a7b5d51700fd77d69fef04cfd190db7263c729c7bff80a7bbeacaee6fb", kill_on_drop: false }`
[INFO] running `Command { std: "docker" "inspect" "e614a8a7b5d51700fd77d69fef04cfd190db7263c729c7bff80a7bbeacaee6fb", kill_on_drop: false }`
[INFO] running `Command { std: "docker" "rm" "-f" "e614a8a7b5d51700fd77d69fef04cfd190db7263c729c7bff80a7bbeacaee6fb", kill_on_drop: false }`
[INFO] [stdout] e614a8a7b5d51700fd77d69fef04cfd190db7263c729c7bff80a7bbeacaee6fb
[INFO] running `Command { std: "docker" "create" "-v" "/var/lib/crater-agent-workspace/builds/worker-2-tc1/target:/opt/rustwide/target:rw,Z" "-v" "/var/lib/crater-agent-workspace/builds/worker-2-tc1/source:/opt/rustwide/workdir:ro,Z" "-v" "/var/lib/crater-agent-workspace/cargo-home:/opt/rustwide/cargo-home:ro,Z" "-v" "/var/lib/crater-agent-workspace/rustup-home:/opt/rustwide/rustup-home:ro,Z" "-e" "SOURCE_DIR=/opt/rustwide/workdir" "-e" "CARGO_TARGET_DIR=/opt/rustwide/target" "-e" "CARGO_INCREMENTAL=0" "-e" "RUST_BACKTRACE=full" "-e" "RUSTFLAGS=--cap-lints=warn" "-e" "RUSTDOCFLAGS=--cap-lints=warn" "-e" "CARGO_HOME=/opt/rustwide/cargo-home" "-e" "RUSTUP_HOME=/opt/rustwide/rustup-home" "-w" "/opt/rustwide/workdir" "-m" "1610612736" "--user" "0:0" "--network" "none" "ghcr.io/rust-lang/crates-build-env/linux@sha256:2788e3201cd34a07e3172128adcd8b3090168a8e3bcc40d7c032b9dda1df7d1c" "/opt/rustwide/cargo-home/bin/cargo" "+1.75.0" "build" "--frozen" "--message-format=json", kill_on_drop: false }`
[INFO] [stdout] 8eeee1d46122f128e8e92c541bd4556591cfd364842fbf63e71833ad4a41d9f1
[INFO] running `Command { std: "docker" "start" "-a" "8eeee1d46122f128e8e92c541bd4556591cfd364842fbf63e71833ad4a41d9f1", kill_on_drop: false }`
[INFO] [stderr] warning: virtual workspace defaulting to `resolver = "1"` despite one or more workspace members being on edition 2021 which implies `resolver = "2"`
[INFO] [stderr] note: to keep the current resolver, specify `workspace.resolver = "1"` in the workspace root's manifest
[INFO] [stderr] note: to use the edition 2021 resolver, specify `workspace.resolver = "2"` in the workspace root's manifest
[INFO] [stderr] note: for more details see https://doc.rust-lang.org/cargo/reference/resolver.html#resolver-versions
[INFO] [stderr]    Compiling syn v1.0.109
[INFO] [stderr]    Compiling itoap v1.0.1
[INFO] [stderr]    Compiling raw-cpuid v10.7.0
[INFO] [stderr]    Compiling laby_common v0.2.0 (/opt/rustwide/workdir/laby_common)
[INFO] [stderr]    Compiling laby_macros v0.3.0 (/opt/rustwide/workdir/laby_macros)
[INFO] [stderr]    Compiling laby v0.4.2 (/opt/rustwide/workdir/laby)
[INFO] [stderr]     Finished dev [unoptimized + debuginfo] target(s) in 6.58s
[INFO] running `Command { std: "docker" "inspect" "8eeee1d46122f128e8e92c541bd4556591cfd364842fbf63e71833ad4a41d9f1", kill_on_drop: false }`
[INFO] running `Command { std: "docker" "rm" "-f" "8eeee1d46122f128e8e92c541bd4556591cfd364842fbf63e71833ad4a41d9f1", kill_on_drop: false }`
[INFO] [stdout] 8eeee1d46122f128e8e92c541bd4556591cfd364842fbf63e71833ad4a41d9f1
[INFO] running `Command { std: "docker" "create" "-v" "/var/lib/crater-agent-workspace/builds/worker-2-tc1/target:/opt/rustwide/target:rw,Z" "-v" "/var/lib/crater-agent-workspace/builds/worker-2-tc1/source:/opt/rustwide/workdir:ro,Z" "-v" "/var/lib/crater-agent-workspace/cargo-home:/opt/rustwide/cargo-home:ro,Z" "-v" "/var/lib/crater-agent-workspace/rustup-home:/opt/rustwide/rustup-home:ro,Z" "-e" "SOURCE_DIR=/opt/rustwide/workdir" "-e" "CARGO_TARGET_DIR=/opt/rustwide/target" "-e" "CARGO_INCREMENTAL=0" "-e" "RUST_BACKTRACE=full" "-e" "RUSTFLAGS=--cap-lints=warn" "-e" "RUSTDOCFLAGS=--cap-lints=warn" "-e" "CARGO_HOME=/opt/rustwide/cargo-home" "-e" "RUSTUP_HOME=/opt/rustwide/rustup-home" "-w" "/opt/rustwide/workdir" "-m" "1610612736" "--user" "0:0" "--network" "none" "ghcr.io/rust-lang/crates-build-env/linux@sha256:2788e3201cd34a07e3172128adcd8b3090168a8e3bcc40d7c032b9dda1df7d1c" "/opt/rustwide/cargo-home/bin/cargo" "+1.75.0" "test" "--frozen" "--no-run" "--message-format=json", kill_on_drop: false }`
[INFO] [stdout] 4d2b717d3fbf5bc70691a944a4b00d414cfcc1782a738ab3db1fe6e55d8a57a6
[INFO] running `Command { std: "docker" "start" "-a" "4d2b717d3fbf5bc70691a944a4b00d414cfcc1782a738ab3db1fe6e55d8a57a6", kill_on_drop: false }`
[INFO] [stderr] warning: virtual workspace defaulting to `resolver = "1"` despite one or more workspace members being on edition 2021 which implies `resolver = "2"`
[INFO] [stderr] note: to keep the current resolver, specify `workspace.resolver = "1"` in the workspace root's manifest
[INFO] [stderr] note: to use the edition 2021 resolver, specify `workspace.resolver = "2"` in the workspace root's manifest
[INFO] [stderr] note: for more details see https://doc.rust-lang.org/cargo/reference/resolver.html#resolver-versions
[INFO] [stderr]    Compiling laby_common v0.2.0 (/opt/rustwide/workdir/laby_common)
[INFO] [stderr]    Compiling laby_macros v0.3.0 (/opt/rustwide/workdir/laby_macros)
[INFO] [stderr]    Compiling laby v0.4.2 (/opt/rustwide/workdir/laby)
[INFO] [stderr]     Finished test [unoptimized + debuginfo] target(s) in 2.39s
[INFO] running `Command { std: "docker" "inspect" "4d2b717d3fbf5bc70691a944a4b00d414cfcc1782a738ab3db1fe6e55d8a57a6", kill_on_drop: false }`
[INFO] running `Command { std: "docker" "rm" "-f" "4d2b717d3fbf5bc70691a944a4b00d414cfcc1782a738ab3db1fe6e55d8a57a6", kill_on_drop: false }`
[INFO] [stdout] 4d2b717d3fbf5bc70691a944a4b00d414cfcc1782a738ab3db1fe6e55d8a57a6
[INFO] running `Command { std: "docker" "create" "-v" "/var/lib/crater-agent-workspace/builds/worker-2-tc1/target:/opt/rustwide/target:rw,Z" "-v" "/var/lib/crater-agent-workspace/builds/worker-2-tc1/source:/opt/rustwide/workdir:ro,Z" "-v" "/var/lib/crater-agent-workspace/cargo-home:/opt/rustwide/cargo-home:ro,Z" "-v" "/var/lib/crater-agent-workspace/rustup-home:/opt/rustwide/rustup-home:ro,Z" "-e" "SOURCE_DIR=/opt/rustwide/workdir" "-e" "CARGO_TARGET_DIR=/opt/rustwide/target" "-e" "CARGO_INCREMENTAL=0" "-e" "RUST_BACKTRACE=full" "-e" "RUSTFLAGS=--cap-lints=warn" "-e" "RUSTDOCFLAGS=--cap-lints=warn" "-e" "CARGO_HOME=/opt/rustwide/cargo-home" "-e" "RUSTUP_HOME=/opt/rustwide/rustup-home" "-w" "/opt/rustwide/workdir" "-m" "1610612736" "--user" "0:0" "--network" "none" "ghcr.io/rust-lang/crates-build-env/linux@sha256:2788e3201cd34a07e3172128adcd8b3090168a8e3bcc40d7c032b9dda1df7d1c" "/opt/rustwide/cargo-home/bin/cargo" "+1.75.0" "test" "--frozen", kill_on_drop: false }`
[INFO] [stdout] dcd1869c4ac1706ce812b02289043ffbdca2921360f3ca8320a3bbe91a148d71
[INFO] running `Command { std: "docker" "start" "-a" "dcd1869c4ac1706ce812b02289043ffbdca2921360f3ca8320a3bbe91a148d71", kill_on_drop: false }`
[INFO] [stderr] warning: virtual workspace defaulting to `resolver = "1"` despite one or more workspace members being on edition 2021 which implies `resolver = "2"`
[INFO] [stderr] note: to keep the current resolver, specify `workspace.resolver = "1"` in the workspace root's manifest
[INFO] [stderr] note: to use the edition 2021 resolver, specify `workspace.resolver = "2"` in the workspace root's manifest
[INFO] [stderr] note: for more details see https://doc.rust-lang.org/cargo/reference/resolver.html#resolver-versions
[INFO] [stderr]     Finished test [unoptimized + debuginfo] target(s) in 0.01s
[INFO] [stderr]      Running unittests src/lib.rs (/opt/rustwide/target/debug/deps/laby-7e82187b0d3c9132)
[INFO] [stdout] 
[INFO] [stdout] running 0 tests
[INFO] [stdout] 
[INFO] [stdout] test result: ok. 0 passed; 0 failed; 0 ignored; 0 measured; 0 filtered out; finished in 0.00s
[INFO] [stdout] 
[INFO] [stderr]      Running tests/attributes.rs (/opt/rustwide/target/debug/deps/attributes-e334ee9c14409796)
[INFO] [stdout] 
[INFO] [stdout] running 8 tests
[INFO] [stdout] test attr_first ... ok
[INFO] [stdout] test mixed ... ok
[INFO] [stdout] test children_first ... ok
[INFO] [stdout] test variable_both ... ok
[INFO] [stdout] test duplicates ... ok
[INFO] [stdout] test variable_name ... ok
[INFO] [stdout] test variable_value ... ok
[INFO] [stdout] test variable_what ... ok
[INFO] [stdout] 
[INFO] [stdout] test result: ok. 8 passed; 0 failed; 0 ignored; 0 measured; 0 filtered out; finished in 0.00s
[INFO] [stdout] 
[INFO] [stderr]      Running tests/boolean.rs (/opt/rustwide/target/debug/deps/boolean-6a55c61b042541f5)
[INFO] [stdout] 
[INFO] [stdout] running 5 tests
[INFO] [stdout] test enabled ... ok
[INFO] [stdout] test variable ... ok
[INFO] [stdout] test none ... ok
[INFO] [stdout] test disabled ... ok
[INFO] [stdout] test weird ... ok
[INFO] [stdout] 
[INFO] [stdout] test result: ok. 5 passed; 0 failed; 0 ignored; 0 measured; 0 filtered out; finished in 0.00s
[INFO] [stdout] 
[INFO] [stderr]      Running tests/classes.rs (/opt/rustwide/target/debug/deps/classes-311b1ba256a6ce0d)
[INFO] [stdout] 
[INFO] [stdout] running 5 tests
[INFO] [stdout] test nones ... ok
[INFO] [stdout] test mixed ... ok
[INFO] [stdout] test only_exprs ... ok
[INFO] [stdout] test escape ... ok
[INFO] [stdout] test only_lits ... ok
[INFO] [stdout] 
[INFO] [stdout] test result: ok. 5 passed; 0 failed; 0 ignored; 0 measured; 0 filtered out; finished in 0.00s
[INFO] [stdout] 
[INFO] [stderr]      Running tests/complex.rs (/opt/rustwide/target/debug/deps/complex-aabdc288c75e992c)
[INFO] [stdout] 
[INFO] [stdout] running 3 tests
[INFO] [stdout] test argument ... ok
[INFO] [stdout] test nesting ... ok
[INFO] [stdout] test types ... ok
[INFO] [stdout] 
[INFO] [stdout] test result: ok. 3 passed; 0 failed; 0 ignored; 0 measured; 0 filtered out; finished in 0.00s
[INFO] [stdout] 
[INFO] [stderr]      Running tests/component.rs (/opt/rustwide/target/debug/deps/component-04cab6b9a66e9da7)
[INFO] [stdout] 
[INFO] [stdout] running 10 tests
[INFO] [stdout] test args ... ok
[INFO] [stdout] test default_args_generic ... ok
[INFO] [stdout] test default_args_render ... ok
[INFO] [stdout] test difficult_args ... ok
[INFO] [stdout] test default_args ... ok
[INFO] [stdout] test direct_call ... ok
[INFO] [stdout] test duplicates ... ok
[INFO] [stdout] test modules ... ok
[INFO] [stdout] test rest ... ok
[INFO] [stdout] test simple ... ok
[INFO] [stdout] 
[INFO] [stdout] test result: ok. 10 passed; 0 failed; 0 ignored; 0 measured; 0 filtered out; finished in 0.00s
[INFO] [stdout] 
[INFO] [stderr]      Running tests/disp.rs (/opt/rustwide/target/debug/deps/disp-16353cb52fe833d6)
[INFO] [stdout] 
[INFO] [stdout] running 2 tests
[INFO] [stdout] test escape ... ok
[INFO] [stdout] test normal ... ok
[INFO] [stdout] 
[INFO] [stdout] test result: ok. 2 passed; 0 failed; 0 ignored; 0 measured; 0 filtered out; finished in 0.00s
[INFO] [stdout] 
[INFO] [stderr]      Running tests/elements.rs (/opt/rustwide/target/debug/deps/elements-6ea165a70f3ffd7e)
[INFO] [stdout] 
[INFO] [stdout] running 3 tests
[INFO] [stdout] test normal ... ok
[INFO] [stdout] test void_nested ... ok
[INFO] [stdout] test void ... ok
[INFO] [stdout] 
[INFO] [stdout] test result: ok. 3 passed; 0 failed; 0 ignored; 0 measured; 0 filtered out; finished in 0.00s
[INFO] [stdout] 
[INFO] [stderr]      Running tests/escape.rs (/opt/rustwide/target/debug/deps/escape-9ad53c1f3aeef310)
[INFO] [stdout] 
[INFO] [stdout] running 8 tests
[INFO] [stdout] test all ... ok
[INFO] [stdout] test attr ... ok
[INFO] [stdout] test attr_name ... ok
[INFO] [stdout] test child ... ok
[INFO] [stdout] test raw_attr ... ok
[INFO] [stdout] test raw_attr_name ... ok
[INFO] [stdout] test raw_child ... ok
[INFO] [stdout] test unicode ... ok
[INFO] [stdout] 
[INFO] [stdout] test result: ok. 8 passed; 0 failed; 0 ignored; 0 measured; 0 filtered out; finished in 0.00s
[INFO] [stdout] 
[INFO] [stderr]      Running tests/flatten.rs (/opt/rustwide/target/debug/deps/flatten-75ccf37f5091fe68)
[INFO] [stdout] 
[INFO] [stdout] running 2 tests
[INFO] [stdout] test flattened ... ok
[INFO] [stdout] test non_flattened ... ok
[INFO] [stdout] 
[INFO] [stdout] test result: ok. 2 passed; 0 failed; 0 ignored; 0 measured; 0 filtered out; finished in 0.00s
[INFO] [stdout] 
[INFO] [stderr]      Running tests/frag.rs (/opt/rustwide/target/debug/deps/frag-e458a92b8c8249f9)
[INFO] [stdout] 
[INFO] [stdout] running 6 tests
[INFO] [stdout] test multi ... ok
[INFO] [stdout] test multi2 ... ok
[INFO] [stdout] test none2 ... ok
[INFO] [stdout] test none ... ok
[INFO] [stdout] test single ... ok
[INFO] [stdout] test types ... ok
[INFO] [stdout] 
[INFO] [stdout] test result: ok. 6 passed; 0 failed; 0 ignored; 0 measured; 0 filtered out; finished in 0.00s
[INFO] [stdout] 
[INFO] [stderr]      Running tests/frag_match.rs (/opt/rustwide/target/debug/deps/frag_match-706563af67483ae1)
[INFO] [stdout] 
[INFO] [stdout] running 4 tests
[INFO] [stdout] test advanced_if ... ok
[INFO] [stdout] test simple_if ... ok
[INFO] [stdout] test advanced_match ... ok
[INFO] [stdout] test simple_match ... ok
[INFO] [stdout] 
[INFO] [stdout] test result: ok. 4 passed; 0 failed; 0 ignored; 0 measured; 0 filtered out; finished in 0.00s
[INFO] [stdout] 
[INFO] [stderr]      Running tests/iter.rs (/opt/rustwide/target/debug/deps/iter-a91d6b14c6fa8c8a)
[INFO] [stdout] 
[INFO] [stdout] running 6 tests
[INFO] [stdout] test complex ... ok
[INFO] [stdout] test custom ... ok
[INFO] [stdout] test lines ... ok
[INFO] [stdout] test many ... ok
[INFO] [stdout] test none ... ok
[INFO] [stdout] test one ... ok
[INFO] [stdout] 
[INFO] [stdout] test result: ok. 6 passed; 0 failed; 0 ignored; 0 measured; 0 filtered out; finished in 0.00s
[INFO] [stdout] 
[INFO] [stderr]      Running tests/literal.rs (/opt/rustwide/target/debug/deps/literal-236a4c8f247b7511)
[INFO] [stdout] 
[INFO] [stdout] running 5 tests
[INFO] [stdout] test float_large ... ok
[INFO] [stdout] test float_epsilon ... ok
[INFO] [stdout] test hex ... ok
[INFO] [stdout] test int_large ... ok
[INFO] [stdout] test raw_str ... ok
[INFO] [stdout] 
[INFO] [stdout] test result: ok. 5 passed; 0 failed; 0 ignored; 0 measured; 0 filtered out; finished in 0.00s
[INFO] [stdout] 
[INFO] [stderr]      Running tests/render.rs (/opt/rustwide/target/debug/deps/render-3b08b6bcfa64980a)
[INFO] [stdout] 
[INFO] [stdout] running 3 tests
[INFO] [stdout] test multiple ... ok
[INFO] [stdout] test single ... ok
[INFO] [stdout] test none ... ok
[INFO] [stdout] 
[INFO] [stdout] test result: ok. 3 passed; 0 failed; 0 ignored; 0 measured; 0 filtered out; finished in 0.00s
[INFO] [stdout] 
[INFO] [stderr]      Running unittests src/lib.rs (/opt/rustwide/target/debug/deps/laby_common-e351dbdb5d621b72)
[INFO] [stdout] 
[INFO] [stdout] running 0 tests
[INFO] [stdout] 
[INFO] [stdout] test result: ok. 0 passed; 0 failed; 0 ignored; 0 measured; 0 filtered out; finished in 0.00s
[INFO] [stdout] 
[INFO] [stderr]      Running unittests src/lib.rs (/opt/rustwide/target/debug/deps/laby_macros-7e8c02d2f8acf5a1)
[INFO] [stdout] 
[INFO] [stdout] running 0 tests
[INFO] [stdout] 
[INFO] [stdout] test result: ok. 0 passed; 0 failed; 0 ignored; 0 measured; 0 filtered out; finished in 0.00s
[INFO] [stdout] 
[INFO] [stderr]    Doc-tests laby
[INFO] [stdout] 
[INFO] [stdout] running 41 tests
[INFO] [stdout] test laby/src/helpers.rs - helpers::disp (line 485) ... ignored
[INFO] [stdout] test laby/src/helpers.rs - helpers::iter (line 257) ... ignored
[INFO] [stdout] test laby/src/helpers.rs - helpers::iter_lines (line 320) ... ignored
[INFO] [stdout] test laby/src/helpers.rs - helpers::raw (line 407) ... ignored
[INFO] [stdout] test laby/src/helpers.rs - helpers::render (line 62) ... ignored
[INFO] [stdout] test laby/src/lib.rs - (line 101) ... ok
[INFO] [stdout] test laby/src/helpers.rs - helpers::render (line 129) ... ok
[INFO] [stdout] test laby/src/helpers.rs - helpers::render (line 107) ... ok
[INFO] [stdout] test laby/src/helpers.rs - helpers::disp (line 497) ... ok
[INFO] [stdout] test laby/src/helpers.rs - helpers::render (line 91) ... ok
[INFO] [stdout] test laby/src/helpers.rs - helpers::render (line 116) ... ok
[INFO] [stdout] test laby/src/helpers.rs - helpers::RenderRaw (line 356) ... ok
[INFO] [stdout] test laby/src/helpers.rs - helpers::iter (line 290) ... ok
[INFO] [stdout] test laby/src/helpers.rs - helpers::render (line 80) ... ok
[INFO] [stdout] test laby/src/helpers.rs - helpers::iter (line 278) ... ok
[INFO] [stdout] test laby/src/lib.rs - frag_match (line 719) ... ignored
[INFO] [stdout] test laby/src/lib.rs - (line 145) ... ok
[INFO] [stdout] test laby/src/doctype.rs - doctype::DocType (line 18) ... ok
[INFO] [stdout] test laby/src/helpers.rs - helpers::iter_lines (line 329) ... ok
[INFO] [stdout] test laby/src/helpers.rs - helpers::bool (line 33) ... ok
[INFO] [stdout] test laby/src/lib.rs - (line 125) ... ok
[INFO] [stdout] test laby/src/helpers.rs - helpers::raw (line 424) ... ok
[INFO] [stdout] test laby/src/lib.rs - laby (line 559) - compile fail ... ok
[INFO] [stdout] test laby/src/lib.rs - laby (line 538) - compile fail ... ok
[INFO] [stdout] test laby/src/lib.rs - laby (line 616) - compile fail ... ok
[INFO] [stdout] test laby/src/lib.rs - laby (line 590) - compile fail ... ok
[INFO] [stdout] test laby/src/lib.rs - laby (line 648) ... FAILED
[INFO] [stdout] test laby/src/lib.rs - (line 42) ... ok
[INFO] [stdout] test laby/src/lib.rs - (line 351) ... ok
[INFO] [stdout] test laby/src/lib.rs - laby (line 456) ... ok
[INFO] [stdout] test laby/src/lib.rs - (line 61) ... ok
[INFO] [stdout] test laby/src/lib.rs - (line 296) ... ok
[INFO] [stdout] test laby/src/lib.rs - (line 191) ... ok
[INFO] [stdout] test laby/src/lib.rs - (line 249) ... ok
[INFO] [stdout] test laby/src/lib.rs - laby (line 477) ... ok
[INFO] [stdout] test laby/src/lib.rs - frag (line 694) ... ok
[INFO] [stdout] test laby/src/lib.rs - frag (line 678) ... ok
[INFO] [stdout] test laby/src/lib.rs - classes (line 776) ... ok
[INFO] [stdout] test laby/src/lib.rs - laby (line 494) ... ok
[INFO] [stdout] test laby/src/lib.rs - laby (line 514) ... ok
[INFO] [stdout] test laby/src/lib.rs - frag_match (line 737) ... ok
[INFO] [stdout] 
[INFO] [stdout] failures:
[INFO] [stdout] 
[INFO] [stdout] ---- laby/src/lib.rs - laby (line 648) stdout ----
[INFO] [stdout] error[E0554]: `#![feature]` may not be used on the stable release channel
[INFO] [stdout]  --> laby/src/lib.rs:648:1
[INFO] [stdout]   |
[INFO] [stdout] 2 | #![feature(decl_macro)]
[INFO] [stdout]   | ^^^^^^^^^^^^^^^^^^^^^^^
[INFO] [stdout] 
[INFO] [stdout] error: aborting due to previous error
[INFO] [stdout] 
[INFO] [stdout] For more information about this error, try `rustc --explain E0554`.
[INFO] [stdout] Couldn't compile the test.
[INFO] [stdout] 
[INFO] [stdout] failures:
[INFO] [stdout]     laby/src/lib.rs - laby (line 648)
[INFO] [stdout] 
[INFO] [stdout] test result: FAILED. 34 passed; 1 failed; 6 ignored; 0 measured; 0 filtered out; finished in 0.61s
[INFO] [stdout] 
[INFO] [stderr] error: doctest failed, to rerun pass `-p laby --doc`
[INFO] running `Command { std: "docker" "inspect" "dcd1869c4ac1706ce812b02289043ffbdca2921360f3ca8320a3bbe91a148d71", kill_on_drop: false }`
[INFO] running `Command { std: "docker" "rm" "-f" "dcd1869c4ac1706ce812b02289043ffbdca2921360f3ca8320a3bbe91a148d71", kill_on_drop: false }`
[INFO] [stdout] dcd1869c4ac1706ce812b02289043ffbdca2921360f3ca8320a3bbe91a148d71
[INFO] testing chiyadev/laby against beta-2023-12-22 for beta-1.76-1
[INFO] running `Command { std: "git" "clone" "/workspace/cache/git-repos/https%3A%2F%2Fgithub.com%2Fchiyadev%2Flaby" "/workspace/builds/worker-2-tc2/source", kill_on_drop: false }`
[INFO] [stderr] Cloning into '/workspace/builds/worker-2-tc2/source'...
[INFO] [stderr] done.
[INFO] validating manifest of git repo https://github.com/chiyadev/laby on toolchain beta-2023-12-22
[INFO] running `Command { std: CARGO_HOME="/workspace/cargo-home" RUSTUP_HOME="/workspace/rustup-home" "/workspace/cargo-home/bin/cargo" "+beta-2023-12-22" "metadata" "--manifest-path" "Cargo.toml" "--no-deps", kill_on_drop: false }`
[INFO] started tweaking git repo https://github.com/chiyadev/laby
[INFO] finished tweaking git repo https://github.com/chiyadev/laby
[INFO] tweaked toml for git repo https://github.com/chiyadev/laby written to /workspace/builds/worker-2-tc2/source/Cargo.toml
[INFO] crate git repo https://github.com/chiyadev/laby already has a lockfile, it will not be regenerated
[INFO] running `Command { std: CARGO_HOME="/workspace/cargo-home" RUSTUP_HOME="/workspace/rustup-home" "/workspace/cargo-home/bin/cargo" "+beta-2023-12-22" "fetch" "--manifest-path" "Cargo.toml", kill_on_drop: false }`
[INFO] [stderr] warning: virtual workspace defaulting to `resolver = "1"` despite one or more workspace members being on edition 2021 which implies `resolver = "2"`
[INFO] [stderr] note: to keep the current resolver, specify `workspace.resolver = "1"` in the workspace root's manifest
[INFO] [stderr] note: to use the edition 2021 resolver, specify `workspace.resolver = "2"` in the workspace root's manifest
[INFO] [stderr] note: for more details see https://doc.rust-lang.org/cargo/reference/resolver.html#resolver-versions
[INFO] running `Command { std: "docker" "create" "-v" "/var/lib/crater-agent-workspace/builds/worker-2-tc2/target:/opt/rustwide/target:rw,Z" "-v" "/var/lib/crater-agent-workspace/builds/worker-2-tc2/source:/opt/rustwide/workdir:ro,Z" "-v" "/var/lib/crater-agent-workspace/cargo-home:/opt/rustwide/cargo-home:ro,Z" "-v" "/var/lib/crater-agent-workspace/rustup-home:/opt/rustwide/rustup-home:ro,Z" "-e" "SOURCE_DIR=/opt/rustwide/workdir" "-e" "CARGO_TARGET_DIR=/opt/rustwide/target" "-e" "CARGO_HOME=/opt/rustwide/cargo-home" "-e" "RUSTUP_HOME=/opt/rustwide/rustup-home" "-w" "/opt/rustwide/workdir" "-m" "1610612736" "--user" "0:0" "--network" "none" "ghcr.io/rust-lang/crates-build-env/linux@sha256:2788e3201cd34a07e3172128adcd8b3090168a8e3bcc40d7c032b9dda1df7d1c" "/opt/rustwide/cargo-home/bin/cargo" "+beta-2023-12-22" "metadata" "--no-deps" "--format-version=1", kill_on_drop: false }`
[INFO] [stdout] f60b7dc6325164b91bfac0152edf6ddaa5bc944d9dbc8f5847f061b77ea6023a
[INFO] running `Command { std: "docker" "start" "-a" "f60b7dc6325164b91bfac0152edf6ddaa5bc944d9dbc8f5847f061b77ea6023a", kill_on_drop: false }`
[INFO] running `Command { std: "docker" "inspect" "f60b7dc6325164b91bfac0152edf6ddaa5bc944d9dbc8f5847f061b77ea6023a", kill_on_drop: false }`
[INFO] running `Command { std: "docker" "rm" "-f" "f60b7dc6325164b91bfac0152edf6ddaa5bc944d9dbc8f5847f061b77ea6023a", kill_on_drop: false }`
[INFO] [stdout] f60b7dc6325164b91bfac0152edf6ddaa5bc944d9dbc8f5847f061b77ea6023a
[INFO] running `Command { std: "docker" "create" "-v" "/var/lib/crater-agent-workspace/builds/worker-2-tc2/target:/opt/rustwide/target:rw,Z" "-v" "/var/lib/crater-agent-workspace/builds/worker-2-tc2/source:/opt/rustwide/workdir:ro,Z" "-v" "/var/lib/crater-agent-workspace/cargo-home:/opt/rustwide/cargo-home:ro,Z" "-v" "/var/lib/crater-agent-workspace/rustup-home:/opt/rustwide/rustup-home:ro,Z" "-e" "SOURCE_DIR=/opt/rustwide/workdir" "-e" "CARGO_TARGET_DIR=/opt/rustwide/target" "-e" "CARGO_INCREMENTAL=0" "-e" "RUST_BACKTRACE=full" "-e" "RUSTFLAGS=--cap-lints=warn" "-e" "RUSTDOCFLAGS=--cap-lints=warn" "-e" "CARGO_HOME=/opt/rustwide/cargo-home" "-e" "RUSTUP_HOME=/opt/rustwide/rustup-home" "-w" "/opt/rustwide/workdir" "-m" "1610612736" "--user" "0:0" "--network" "none" "ghcr.io/rust-lang/crates-build-env/linux@sha256:2788e3201cd34a07e3172128adcd8b3090168a8e3bcc40d7c032b9dda1df7d1c" "/opt/rustwide/cargo-home/bin/cargo" "+beta-2023-12-22" "build" "--frozen" "--message-format=json", kill_on_drop: false }`
[INFO] [stdout] 5feacfb7fa74e5a274372f4ca39ea2296afeba383947685aa48bdf4935961ca0
[INFO] running `Command { std: "docker" "start" "-a" "5feacfb7fa74e5a274372f4ca39ea2296afeba383947685aa48bdf4935961ca0", kill_on_drop: false }`
[INFO] [stderr] warning: virtual workspace defaulting to `resolver = "1"` despite one or more workspace members being on edition 2021 which implies `resolver = "2"`
[INFO] [stderr] note: to keep the current resolver, specify `workspace.resolver = "1"` in the workspace root's manifest
[INFO] [stderr] note: to use the edition 2021 resolver, specify `workspace.resolver = "2"` in the workspace root's manifest
[INFO] [stderr] note: for more details see https://doc.rust-lang.org/cargo/reference/resolver.html#resolver-versions
[INFO] [stderr]    Compiling syn v1.0.109
[INFO] [stderr]    Compiling itoap v1.0.1
[INFO] [stderr]    Compiling raw-cpuid v10.7.0
[INFO] [stderr]    Compiling laby_common v0.2.0 (/opt/rustwide/workdir/laby_common)
[INFO] [stderr]    Compiling laby_macros v0.3.0 (/opt/rustwide/workdir/laby_macros)
[INFO] [stderr]    Compiling laby v0.4.2 (/opt/rustwide/workdir/laby)
[INFO] [stderr]     Finished dev [unoptimized + debuginfo] target(s) in 4.24s
[INFO] running `Command { std: "docker" "inspect" "5feacfb7fa74e5a274372f4ca39ea2296afeba383947685aa48bdf4935961ca0", kill_on_drop: false }`
[INFO] running `Command { std: "docker" "rm" "-f" "5feacfb7fa74e5a274372f4ca39ea2296afeba383947685aa48bdf4935961ca0", kill_on_drop: false }`
[INFO] [stdout] 5feacfb7fa74e5a274372f4ca39ea2296afeba383947685aa48bdf4935961ca0
[INFO] running `Command { std: "docker" "create" "-v" "/var/lib/crater-agent-workspace/builds/worker-2-tc2/target:/opt/rustwide/target:rw,Z" "-v" "/var/lib/crater-agent-workspace/builds/worker-2-tc2/source:/opt/rustwide/workdir:ro,Z" "-v" "/var/lib/crater-agent-workspace/cargo-home:/opt/rustwide/cargo-home:ro,Z" "-v" "/var/lib/crater-agent-workspace/rustup-home:/opt/rustwide/rustup-home:ro,Z" "-e" "SOURCE_DIR=/opt/rustwide/workdir" "-e" "CARGO_TARGET_DIR=/opt/rustwide/target" "-e" "CARGO_INCREMENTAL=0" "-e" "RUST_BACKTRACE=full" "-e" "RUSTFLAGS=--cap-lints=warn" "-e" "RUSTDOCFLAGS=--cap-lints=warn" "-e" "CARGO_HOME=/opt/rustwide/cargo-home" "-e" "RUSTUP_HOME=/opt/rustwide/rustup-home" "-w" "/opt/rustwide/workdir" "-m" "1610612736" "--user" "0:0" "--network" "none" "ghcr.io/rust-lang/crates-build-env/linux@sha256:2788e3201cd34a07e3172128adcd8b3090168a8e3bcc40d7c032b9dda1df7d1c" "/opt/rustwide/cargo-home/bin/cargo" "+beta-2023-12-22" "test" "--frozen" "--no-run" "--message-format=json", kill_on_drop: false }`
[INFO] [stdout] f24c212fd1434655d50ae9853a504eb7f4b1ac1c76b862398dc6e70b677485bf
[INFO] running `Command { std: "docker" "start" "-a" "f24c212fd1434655d50ae9853a504eb7f4b1ac1c76b862398dc6e70b677485bf", kill_on_drop: false }`
[INFO] [stderr] warning: virtual workspace defaulting to `resolver = "1"` despite one or more workspace members being on edition 2021 which implies `resolver = "2"`
[INFO] [stderr] note: to keep the current resolver, specify `workspace.resolver = "1"` in the workspace root's manifest
[INFO] [stderr] note: to use the edition 2021 resolver, specify `workspace.resolver = "2"` in the workspace root's manifest
[INFO] [stderr] note: for more details see https://doc.rust-lang.org/cargo/reference/resolver.html#resolver-versions
[INFO] [stderr]    Compiling laby_common v0.2.0 (/opt/rustwide/workdir/laby_common)
[INFO] [stderr]    Compiling laby_macros v0.3.0 (/opt/rustwide/workdir/laby_macros)
[INFO] [stderr]    Compiling laby v0.4.2 (/opt/rustwide/workdir/laby)
[INFO] [stderr]     Finished test [unoptimized + debuginfo] target(s) in 1.68s
[INFO] running `Command { std: "docker" "inspect" "f24c212fd1434655d50ae9853a504eb7f4b1ac1c76b862398dc6e70b677485bf", kill_on_drop: false }`
[INFO] running `Command { std: "docker" "rm" "-f" "f24c212fd1434655d50ae9853a504eb7f4b1ac1c76b862398dc6e70b677485bf", kill_on_drop: false }`
[INFO] [stdout] f24c212fd1434655d50ae9853a504eb7f4b1ac1c76b862398dc6e70b677485bf
[INFO] running `Command { std: "docker" "create" "-v" "/var/lib/crater-agent-workspace/builds/worker-2-tc2/target:/opt/rustwide/target:rw,Z" "-v" "/var/lib/crater-agent-workspace/builds/worker-2-tc2/source:/opt/rustwide/workdir:ro,Z" "-v" "/var/lib/crater-agent-workspace/cargo-home:/opt/rustwide/cargo-home:ro,Z" "-v" "/var/lib/crater-agent-workspace/rustup-home:/opt/rustwide/rustup-home:ro,Z" "-e" "SOURCE_DIR=/opt/rustwide/workdir" "-e" "CARGO_TARGET_DIR=/opt/rustwide/target" "-e" "CARGO_INCREMENTAL=0" "-e" "RUST_BACKTRACE=full" "-e" "RUSTFLAGS=--cap-lints=warn" "-e" "RUSTDOCFLAGS=--cap-lints=warn" "-e" "CARGO_HOME=/opt/rustwide/cargo-home" "-e" "RUSTUP_HOME=/opt/rustwide/rustup-home" "-w" "/opt/rustwide/workdir" "-m" "1610612736" "--user" "0:0" "--network" "none" "ghcr.io/rust-lang/crates-build-env/linux@sha256:2788e3201cd34a07e3172128adcd8b3090168a8e3bcc40d7c032b9dda1df7d1c" "/opt/rustwide/cargo-home/bin/cargo" "+beta-2023-12-22" "test" "--frozen", kill_on_drop: false }`
[INFO] [stdout] 9ea17634e7f74ae35de5aa33cdd312f40fa7a6f7345bd13fc5bb4ef097cdb8fc
[INFO] running `Command { std: "docker" "start" "-a" "9ea17634e7f74ae35de5aa33cdd312f40fa7a6f7345bd13fc5bb4ef097cdb8fc", kill_on_drop: false }`
[INFO] [stderr] warning: virtual workspace defaulting to `resolver = "1"` despite one or more workspace members being on edition 2021 which implies `resolver = "2"`
[INFO] [stderr] note: to keep the current resolver, specify `workspace.resolver = "1"` in the workspace root's manifest
[INFO] [stderr] note: to use the edition 2021 resolver, specify `workspace.resolver = "2"` in the workspace root's manifest
[INFO] [stderr] note: for more details see https://doc.rust-lang.org/cargo/reference/resolver.html#resolver-versions
[INFO] [stderr]     Finished test [unoptimized + debuginfo] target(s) in 0.01s
[INFO] [stderr]      Running unittests src/lib.rs (/opt/rustwide/target/debug/deps/laby-de8a44c9d056e332)
[INFO] [stdout] 
[INFO] [stdout] running 0 tests
[INFO] [stdout] 
[INFO] [stdout] test result: ok. 0 passed; 0 failed; 0 ignored; 0 measured; 0 filtered out; finished in 0.00s
[INFO] [stdout] 
[INFO] [stderr]      Running tests/attributes.rs (/opt/rustwide/target/debug/deps/attributes-2e8c10de1d883968)
[INFO] [stdout] 
[INFO] [stdout] running 8 tests
[INFO] [stdout] test attr_first ... ok
[INFO] [stdout] test children_first ... ok
[INFO] [stdout] test mixed ... ok
[INFO] [stdout] test variable_name ... ok
[INFO] [stdout] test duplicates ... ok
[INFO] [stdout] test variable_both ... ok
[INFO] [stdout] test variable_value ... ok
[INFO] [stdout] test variable_what ... ok
[INFO] [stdout] 
[INFO] [stdout] test result: ok. 8 passed; 0 failed; 0 ignored; 0 measured; 0 filtered out; finished in 0.00s
[INFO] [stdout] 
[INFO] [stderr]      Running tests/boolean.rs (/opt/rustwide/target/debug/deps/boolean-ebd862685fc3f994)
[INFO] [stdout] 
[INFO] [stdout] running 5 tests
[INFO] [stdout] test disabled ... ok
[INFO] [stdout] test enabled ... ok
[INFO] [stdout] test none ... ok
[INFO] [stdout] test variable ... ok
[INFO] [stdout] test weird ... ok
[INFO] [stdout] 
[INFO] [stdout] test result: ok. 5 passed; 0 failed; 0 ignored; 0 measured; 0 filtered out; finished in 0.00s
[INFO] [stdout] 
[INFO] [stderr]      Running tests/classes.rs (/opt/rustwide/target/debug/deps/classes-6232c550d50b6268)
[INFO] [stdout] 
[INFO] [stdout] running 5 tests
[INFO] [stdout] test nones ... ok
[INFO] [stdout] test escape ... ok
[INFO] [stdout] test only_exprs ... ok
[INFO] [stdout] test only_lits ... ok
[INFO] [stdout] test mixed ... ok
[INFO] [stdout] 
[INFO] [stdout] test result: ok. 5 passed; 0 failed; 0 ignored; 0 measured; 0 filtered out; finished in 0.00s
[INFO] [stdout] 
[INFO] [stderr]      Running tests/complex.rs (/opt/rustwide/target/debug/deps/complex-8e7e5507277654da)
[INFO] [stdout] 
[INFO] [stdout] running 3 tests
[INFO] [stdout] test argument ... ok
[INFO] [stdout] test nesting ... ok
[INFO] [stdout] test types ... ok
[INFO] [stdout] 
[INFO] [stdout] test result: ok. 3 passed; 0 failed; 0 ignored; 0 measured; 0 filtered out; finished in 0.00s
[INFO] [stdout] 
[INFO] [stderr]      Running tests/component.rs (/opt/rustwide/target/debug/deps/component-8e837c820c41b083)
[INFO] [stdout] 
[INFO] [stdout] running 10 tests
[INFO] [stdout] test args ... ok
[INFO] [stdout] test default_args_generic ... ok
[INFO] [stdout] test default_args_render ... ok
[INFO] [stdout] test default_args ... ok
[INFO] [stdout] test difficult_args ... ok
[INFO] [stdout] test direct_call ... ok
[INFO] [stdout] test duplicates ... ok
[INFO] [stdout] test modules ... ok
[INFO] [stdout] test rest ... ok
[INFO] [stdout] test simple ... ok
[INFO] [stdout] 
[INFO] [stdout] test result: ok. 10 passed; 0 failed; 0 ignored; 0 measured; 0 filtered out; finished in 0.00s
[INFO] [stdout] 
[INFO] [stderr]      Running tests/disp.rs (/opt/rustwide/target/debug/deps/disp-4f385de96067b6be)
[INFO] [stdout] 
[INFO] [stdout] running 2 tests
[INFO] [stdout] test escape ... ok
[INFO] [stdout] test normal ... ok
[INFO] [stdout] 
[INFO] [stdout] test result: ok. 2 passed; 0 failed; 0 ignored; 0 measured; 0 filtered out; finished in 0.00s
[INFO] [stdout] 
[INFO] [stderr]      Running tests/elements.rs (/opt/rustwide/target/debug/deps/elements-8da7e38354171d5d)
[INFO] [stdout] 
[INFO] [stdout] running 3 tests
[INFO] [stdout] test normal ... ok
[INFO] [stdout] test void ... ok
[INFO] [stdout] test void_nested ... ok
[INFO] [stdout] 
[INFO] [stdout] test result: ok. 3 passed; 0 failed; 0 ignored; 0 measured; 0 filtered out; finished in 0.00s
[INFO] [stdout] 
[INFO] [stderr]      Running tests/escape.rs (/opt/rustwide/target/debug/deps/escape-3ab0a688c5e56442)
[INFO] [stdout] 
[INFO] [stdout] running 8 tests
[INFO] [stdout] test all ... ok
[INFO] [stdout] test attr ... ok
[INFO] [stdout] test attr_name ... ok
[INFO] [stdout] test child ... ok
[INFO] [stdout] test raw_attr ... ok
[INFO] [stdout] test raw_attr_name ... ok
[INFO] [stdout] test raw_child ... ok
[INFO] [stdout] test unicode ... ok
[INFO] [stdout] 
[INFO] [stdout] test result: ok. 8 passed; 0 failed; 0 ignored; 0 measured; 0 filtered out; finished in 0.00s
[INFO] [stdout] 
[INFO] [stderr]      Running tests/flatten.rs (/opt/rustwide/target/debug/deps/flatten-0cbad8a3314fec28)
[INFO] [stdout] 
[INFO] [stdout] running 2 tests
[INFO] [stdout] test flattened ... ok
[INFO] [stdout] test non_flattened ... ok
[INFO] [stdout] 
[INFO] [stdout] test result: ok. 2 passed; 0 failed; 0 ignored; 0 measured; 0 filtered out; finished in 0.00s
[INFO] [stdout] 
[INFO] [stderr]      Running tests/frag.rs (/opt/rustwide/target/debug/deps/frag-ad8c9f3e8b50a98c)
[INFO] [stdout] 
[INFO] [stdout] running 6 tests
[INFO] [stdout] test multi ... ok
[INFO] [stdout] test multi2 ... ok
[INFO] [stdout] test none ... ok
[INFO] [stdout] test none2 ... ok
[INFO] [stdout] test single ... ok
[INFO] [stdout] test types ... ok
[INFO] [stdout] 
[INFO] [stdout] test result: ok. 6 passed; 0 failed; 0 ignored; 0 measured; 0 filtered out; finished in 0.00s
[INFO] [stdout] 
[INFO] [stderr]      Running tests/frag_match.rs (/opt/rustwide/target/debug/deps/frag_match-48aad192809a4798)
[INFO] [stdout] 
[INFO] [stdout] running 4 tests
[INFO] [stdout] test advanced_if ... ok
[INFO] [stdout] test advanced_match ... ok
[INFO] [stdout] test simple_if ... ok
[INFO] [stdout] test simple_match ... ok
[INFO] [stdout] 
[INFO] [stdout] test result: ok. 4 passed; 0 failed; 0 ignored; 0 measured; 0 filtered out; finished in 0.00s
[INFO] [stdout] 
[INFO] [stderr]      Running tests/iter.rs (/opt/rustwide/target/debug/deps/iter-2d5f45c13b3bf56b)
[INFO] [stdout] 
[INFO] [stdout] running 6 tests
[INFO] [stdout] test complex ... ok
[INFO] [stdout] test custom ... ok
[INFO] [stdout] test lines ... ok
[INFO] [stdout] test many ... ok
[INFO] [stdout] test none ... ok
[INFO] [stdout] test one ... ok
[INFO] [stdout] 
[INFO] [stdout] test result: ok. 6 passed; 0 failed; 0 ignored; 0 measured; 0 filtered out; finished in 0.00s
[INFO] [stdout] 
[INFO] [stderr]      Running tests/literal.rs (/opt/rustwide/target/debug/deps/literal-7537e3694683c7d8)
[INFO] [stdout] 
[INFO] [stdout] running 5 tests
[INFO] [stdout] test float_epsilon ... ok
[INFO] [stdout] test float_large ... ok
[INFO] [stdout] test hex ... ok
[INFO] [stdout] test int_large ... ok
[INFO] [stdout] test raw_str ... ok
[INFO] [stdout] 
[INFO] [stdout] test result: ok. 5 passed; 0 failed; 0 ignored; 0 measured; 0 filtered out; finished in 0.00s
[INFO] [stdout] 
[INFO] [stderr]      Running tests/render.rs (/opt/rustwide/target/debug/deps/render-f9dd6c40aeb42ba4)
[INFO] [stdout] 
[INFO] [stdout] running 3 tests
[INFO] [stdout] test none ... ok
[INFO] [stdout] test single ... ok
[INFO] [stdout] test multiple ... ok
[INFO] [stdout] 
[INFO] [stdout] test result: ok. 3 passed; 0 failed; 0 ignored; 0 measured; 0 filtered out; finished in 0.00s
[INFO] [stdout] 
[INFO] [stderr]      Running unittests src/lib.rs (/opt/rustwide/target/debug/deps/laby_common-9394e3c31b211601)
[INFO] [stdout] 
[INFO] [stdout] running 0 tests
[INFO] [stdout] 
[INFO] [stdout] test result: ok. 0 passed; 0 failed; 0 ignored; 0 measured; 0 filtered out; finished in 0.00s
[INFO] [stdout] 
[INFO] [stderr]      Running unittests src/lib.rs (/opt/rustwide/target/debug/deps/laby_macros-d9f9a6390aecfa72)
[INFO] [stdout] 
[INFO] [stdout] running 0 tests
[INFO] [stdout] 
[INFO] [stdout] test result: ok. 0 passed; 0 failed; 0 ignored; 0 measured; 0 filtered out; finished in 0.00s
[INFO] [stdout] 
[INFO] [stderr]    Doc-tests laby
[INFO] [stdout] 
[INFO] [stdout] running 41 tests
[INFO] [stdout] test laby/src/helpers.rs - helpers::disp (line 485) ... ignored
[INFO] [stdout] test laby/src/helpers.rs - helpers::iter (line 257) ... ignored
[INFO] [stdout] test laby/src/helpers.rs - helpers::iter_lines (line 320) ... ignored
[INFO] [stdout] test laby/src/helpers.rs - helpers::raw (line 407) ... ignored
[INFO] [stdout] test laby/src/helpers.rs - helpers::render (line 62) ... ignored
[INFO] [stdout] test laby/src/helpers.rs - helpers::RenderRaw (line 356) ... ok
[INFO] [stdout] test laby/src/lib.rs - (line 145) ... ok
[INFO] [stdout] test laby/src/helpers.rs - helpers::bool (line 33) ... ok
[INFO] [stdout] test laby/src/helpers.rs - helpers::render (line 129) ... ok
[INFO] [stdout] test laby/src/helpers.rs - helpers::render (line 80) ... ok
[INFO] [stdout] test laby/src/helpers.rs - helpers::iter (line 278) ... ok
[INFO] [stdout] test laby/src/helpers.rs - helpers::iter (line 290) ... ok
[INFO] [stdout] test laby/src/doctype.rs - doctype::DocType (line 18) ... ok
[INFO] [stdout] test laby/src/lib.rs - (line 101) ... ok
[INFO] [stdout] test laby/src/helpers.rs - helpers::raw (line 424) ... ok
[INFO] [stdout] test laby/src/lib.rs - frag_match (line 719) ... ignored
[INFO] [stdout] test laby/src/helpers.rs - helpers::render (line 91) ... ok
[INFO] [stdout] test laby/src/helpers.rs - helpers::render (line 116) ... ok
[INFO] [stdout] test laby/src/helpers.rs - helpers::render (line 107) ... ok
[INFO] [stdout] test laby/src/helpers.rs - helpers::iter_lines (line 329) ... ok
[INFO] [stdout] test laby/src/helpers.rs - helpers::disp (line 497) ... ok
[INFO] [stdout] test laby/src/lib.rs - (line 125) ... ok
[INFO] [stdout] test laby/src/lib.rs - laby (line 559) - compile fail ... ok
[INFO] [stdout] test laby/src/lib.rs - laby (line 538) - compile fail ... ok
[INFO] [stdout] test laby/src/lib.rs - laby (line 590) - compile fail ... ok
[INFO] [stdout] test laby/src/lib.rs - laby (line 616) - compile fail ... ok
[INFO] [stdout] test laby/src/lib.rs - (line 42) ... ok
[INFO] [stdout] test laby/src/lib.rs - laby (line 648) ... FAILED
[INFO] [stdout] test laby/src/lib.rs - laby (line 456) ... ok
[INFO] [stdout] test laby/src/lib.rs - (line 351) ... ok
[INFO] [stdout] test laby/src/lib.rs - frag (line 678) ... ok
[INFO] [stdout] test laby/src/lib.rs - classes (line 776) ... ok
[INFO] [stdout] test laby/src/lib.rs - (line 61) ... ok
[INFO] [stdout] test laby/src/lib.rs - laby (line 477) ... ok
[INFO] [stdout] test laby/src/lib.rs - (line 249) ... ok
[INFO] [stdout] test laby/src/lib.rs - frag (line 694) ... ok
[INFO] [stdout] test laby/src/lib.rs - (line 296) ... ok
[INFO] [stdout] test laby/src/lib.rs - laby (line 494) ... ok
[INFO] [stdout] test laby/src/lib.rs - (line 191) ... ok
[INFO] [stdout] test laby/src/lib.rs - frag_match (line 737) ... ok
[INFO] [stdout] test laby/src/lib.rs - laby (line 514) ... ok
[INFO] [stdout] 
[INFO] [stdout] failures:
[INFO] [stdout] 
[INFO] [stdout] ---- laby/src/lib.rs - laby (line 648) stdout ----
[INFO] [stdout] error[E0554]: `#![feature]` may not be used on the beta release channel
[INFO] [stdout]  --> laby/src/lib.rs:648:1
[INFO] [stdout]   |
[INFO] [stdout] 2 | #![feature(decl_macro)]
[INFO] [stdout]   | ^^^^^^^^^^^^^^^^^^^^^^^
[INFO] [stdout] 
[INFO] [stdout] error: aborting due to 1 previous error
[INFO] [stdout] 
[INFO] [stdout] For more information about this error, try `rustc --explain E0554`.
[INFO] [stdout] Couldn't compile the test.
[INFO] [stdout] 
[INFO] [stdout] failures:
[INFO] [stdout]     laby/src/lib.rs - laby (line 648)
[INFO] [stdout] 
[INFO] [stdout] test result: FAILED. 34 passed; 1 failed; 6 ignored; 0 measured; 0 filtered out; finished in 0.58s
[INFO] [stdout] 
[INFO] [stderr] error: doctest failed, to rerun pass `-p laby --doc`
[INFO] running `Command { std: "docker" "inspect" "9ea17634e7f74ae35de5aa33cdd312f40fa7a6f7345bd13fc5bb4ef097cdb8fc", kill_on_drop: false }`
[INFO] running `Command { std: "docker" "rm" "-f" "9ea17634e7f74ae35de5aa33cdd312f40fa7a6f7345bd13fc5bb4ef097cdb8fc", kill_on_drop: false }`
[INFO] [stdout] 9ea17634e7f74ae35de5aa33cdd312f40fa7a6f7345bd13fc5bb4ef097cdb8fc
