[INFO] cloning repository https://github.com/chetan-deshpande2/solana-nft-marketplace
[INFO] running `Command { std: "git" "-c" "credential.helper=" "-c" "credential.helper=/workspace/cargo-home/bin/git-credential-null" "clone" "--bare" "https://github.com/chetan-deshpande2/solana-nft-marketplace" "/workspace/cache/git-repos/https%3A%2F%2Fgithub.com%2Fchetan-deshpande2%2Fsolana-nft-marketplace", kill_on_drop: false }`
[INFO] [stderr] Cloning into bare repository '/workspace/cache/git-repos/https%3A%2F%2Fgithub.com%2Fchetan-deshpande2%2Fsolana-nft-marketplace'...
[INFO] running `Command { std: "git" "rev-parse" "HEAD", kill_on_drop: false }`
[INFO] [stdout] 40b528fb6fdf52447822f80148fe882b4333026d
[INFO] testing chetan-deshpande2/solana-nft-marketplace against 1.75.0 for beta-1.76-1
[INFO] running `Command { std: "git" "clone" "/workspace/cache/git-repos/https%3A%2F%2Fgithub.com%2Fchetan-deshpande2%2Fsolana-nft-marketplace" "/workspace/builds/worker-1-tc1/source", kill_on_drop: false }`
[INFO] [stderr] Cloning into '/workspace/builds/worker-1-tc1/source'...
[INFO] [stderr] done.
[INFO] validating manifest of git repo https://github.com/chetan-deshpande2/solana-nft-marketplace on toolchain 1.75.0
[INFO] running `Command { std: CARGO_HOME="/workspace/cargo-home" RUSTUP_HOME="/workspace/rustup-home" "/workspace/cargo-home/bin/cargo" "+1.75.0" "metadata" "--manifest-path" "Cargo.toml" "--no-deps", kill_on_drop: false }`
[INFO] started tweaking git repo https://github.com/chetan-deshpande2/solana-nft-marketplace
[INFO] finished tweaking git repo https://github.com/chetan-deshpande2/solana-nft-marketplace
[INFO] tweaked toml for git repo https://github.com/chetan-deshpande2/solana-nft-marketplace written to /workspace/builds/worker-1-tc1/source/Cargo.toml
[INFO] crate git repo https://github.com/chetan-deshpande2/solana-nft-marketplace already has a lockfile, it will not be regenerated
[INFO] running `Command { std: CARGO_HOME="/workspace/cargo-home" RUSTUP_HOME="/workspace/rustup-home" "/workspace/cargo-home/bin/cargo" "+1.75.0" "fetch" "--manifest-path" "Cargo.toml", kill_on_drop: false }`
[INFO] [stderr] warning: virtual workspace defaulting to `resolver = "1"` despite one or more workspace members being on edition 2021 which implies `resolver = "2"`
[INFO] [stderr] note: to keep the current resolver, specify `workspace.resolver = "1"` in the workspace root's manifest
[INFO] [stderr] note: to use the edition 2021 resolver, specify `workspace.resolver = "2"` in the workspace root's manifest
[INFO] [stderr] note: for more details see https://doc.rust-lang.org/cargo/reference/resolver.html#resolver-versions
[INFO] [stderr]  Downloading crates ...
[INFO] [stderr]   Downloaded serde_with_macros v2.3.2
[INFO] [stderr]   Downloaded solana-logger v1.15.2
[INFO] [stderr]   Downloaded anchor-spl v0.27.0
[INFO] [stderr]   Downloaded solana-sdk v1.15.2
[INFO] [stderr]   Downloaded serde_with v2.3.2
[INFO] [stderr]   Downloaded solana-zk-token-sdk v1.15.2
[INFO] running `Command { std: "docker" "create" "-v" "/var/lib/crater-agent-workspace/builds/worker-1-tc1/target:/opt/rustwide/target:rw,Z" "-v" "/var/lib/crater-agent-workspace/builds/worker-1-tc1/source:/opt/rustwide/workdir:ro,Z" "-v" "/var/lib/crater-agent-workspace/cargo-home:/opt/rustwide/cargo-home:ro,Z" "-v" "/var/lib/crater-agent-workspace/rustup-home:/opt/rustwide/rustup-home:ro,Z" "-e" "SOURCE_DIR=/opt/rustwide/workdir" "-e" "CARGO_TARGET_DIR=/opt/rustwide/target" "-e" "CARGO_HOME=/opt/rustwide/cargo-home" "-e" "RUSTUP_HOME=/opt/rustwide/rustup-home" "-w" "/opt/rustwide/workdir" "-m" "1610612736" "--user" "0:0" "--network" "none" "ghcr.io/rust-lang/crates-build-env/linux@sha256:2788e3201cd34a07e3172128adcd8b3090168a8e3bcc40d7c032b9dda1df7d1c" "/opt/rustwide/cargo-home/bin/cargo" "+1.75.0" "metadata" "--no-deps" "--format-version=1", kill_on_drop: false }`
[INFO] [stdout] 473a9fb28abf20da8cecb2f028e883081d9a1e6bbbb3abe960de884664dcd5ee
[INFO] running `Command { std: "docker" "start" "-a" "473a9fb28abf20da8cecb2f028e883081d9a1e6bbbb3abe960de884664dcd5ee", kill_on_drop: false }`
[INFO] running `Command { std: "docker" "inspect" "473a9fb28abf20da8cecb2f028e883081d9a1e6bbbb3abe960de884664dcd5ee", kill_on_drop: false }`
[INFO] running `Command { std: "docker" "rm" "-f" "473a9fb28abf20da8cecb2f028e883081d9a1e6bbbb3abe960de884664dcd5ee", kill_on_drop: false }`
[INFO] [stdout] 473a9fb28abf20da8cecb2f028e883081d9a1e6bbbb3abe960de884664dcd5ee
[INFO] running `Command { std: "docker" "create" "-v" "/var/lib/crater-agent-workspace/builds/worker-1-tc1/target:/opt/rustwide/target:rw,Z" "-v" "/var/lib/crater-agent-workspace/builds/worker-1-tc1/source:/opt/rustwide/workdir:ro,Z" "-v" "/var/lib/crater-agent-workspace/cargo-home:/opt/rustwide/cargo-home:ro,Z" "-v" "/var/lib/crater-agent-workspace/rustup-home:/opt/rustwide/rustup-home:ro,Z" "-e" "SOURCE_DIR=/opt/rustwide/workdir" "-e" "CARGO_TARGET_DIR=/opt/rustwide/target" "-e" "CARGO_INCREMENTAL=0" "-e" "RUST_BACKTRACE=full" "-e" "RUSTFLAGS=--cap-lints=warn" "-e" "RUSTDOCFLAGS=--cap-lints=warn" "-e" "CARGO_HOME=/opt/rustwide/cargo-home" "-e" "RUSTUP_HOME=/opt/rustwide/rustup-home" "-w" "/opt/rustwide/workdir" "-m" "1610612736" "--user" "0:0" "--network" "none" "ghcr.io/rust-lang/crates-build-env/linux@sha256:2788e3201cd34a07e3172128adcd8b3090168a8e3bcc40d7c032b9dda1df7d1c" "/opt/rustwide/cargo-home/bin/cargo" "+1.75.0" "build" "--frozen" "--message-format=json", kill_on_drop: false }`
[INFO] [stdout] cbf086fcef17c83332df725325121b5c04690d91676ebf0c206706ccca6ef4ce
[INFO] running `Command { std: "docker" "start" "-a" "cbf086fcef17c83332df725325121b5c04690d91676ebf0c206706ccca6ef4ce", kill_on_drop: false }`
[INFO] [stderr] warning: virtual workspace defaulting to `resolver = "1"` despite one or more workspace members being on edition 2021 which implies `resolver = "2"`
[INFO] [stderr] note: to keep the current resolver, specify `workspace.resolver = "1"` in the workspace root's manifest
[INFO] [stderr] note: to use the edition 2021 resolver, specify `workspace.resolver = "2"` in the workspace root's manifest
[INFO] [stderr] note: for more details see https://doc.rust-lang.org/cargo/reference/resolver.html#resolver-versions
[INFO] [stderr]    Compiling proc-macro2 v1.0.56
[INFO] [stderr]    Compiling quote v1.0.26
[INFO] [stderr]    Compiling unicode-ident v1.0.8
[INFO] [stderr]    Compiling version_check v0.9.4
[INFO] [stderr]    Compiling serde_derive v1.0.160
[INFO] [stderr]    Compiling serde v1.0.160
[INFO] [stderr]    Compiling cfg-if v1.0.0
[INFO] [stderr]    Compiling typenum v1.16.0
[INFO] [stderr]    Compiling libc v0.2.141
[INFO] [stderr]    Compiling syn v1.0.109
[INFO] [stderr]    Compiling autocfg v1.1.0
[INFO] [stderr]    Compiling subtle v2.4.1
[INFO] [stderr]    Compiling thiserror v1.0.40
[INFO] [stderr]    Compiling cpufeatures v0.2.6
[INFO] [stderr]    Compiling opaque-debug v0.3.0
[INFO] [stderr]    Compiling block-padding v0.2.1
[INFO] [stderr]    Compiling once_cell v1.17.1
[INFO] [stderr]    Compiling semver v1.0.17
[INFO] [stderr]    Compiling ppv-lite86 v0.2.17
[INFO] [stderr]    Compiling anyhow v1.0.70
[INFO] [stderr]    Compiling serde_json v1.0.95
[INFO] [stderr]    Compiling getrandom v0.1.16
[INFO] [stderr]    Compiling itoa v1.0.6
[INFO] [stderr]    Compiling ryu v1.0.13
[INFO] [stderr]    Compiling log v0.4.17
[INFO] [stderr]    Compiling ucd-trie v0.1.5
[INFO] [stderr]    Compiling generic-array v0.14.7
[INFO] [stderr]    Compiling num-traits v0.2.15
[INFO] [stderr]    Compiling ahash v0.7.6
[INFO] [stderr]    Compiling crossbeam-utils v0.8.15
[INFO] [stderr]    Compiling num-integer v0.1.45
[INFO] [stderr]    Compiling memoffset v0.8.0
[INFO] [stderr]    Compiling crunchy v0.2.2
[INFO] [stderr]    Compiling crossbeam-epoch v0.9.14
[INFO] [stderr]    Compiling num-bigint v0.4.3
[INFO] [stderr]    Compiling scopeguard v1.1.0
[INFO] [stderr]    Compiling wasm-bindgen-shared v0.2.84
[INFO] [stderr]    Compiling byteorder v1.4.3
[INFO] [stderr]    Compiling rustc_version v0.4.0
[INFO] [stderr]    Compiling paste v1.0.12
[INFO] [stderr]    Compiling rayon-core v1.11.0
[INFO] [stderr]    Compiling either v1.8.1
[INFO] [stderr]    Compiling rustversion v1.0.12
[INFO] [stderr]    Compiling feature-probe v0.1.1
[INFO] [stderr]    Compiling bumpalo v3.12.0
[INFO] [stderr]    Compiling indexmap v1.9.3
[INFO] [stderr]    Compiling im v15.1.0
[INFO] [stderr]    Compiling solana-frozen-abi-macro v1.15.2
[INFO] [stderr]    Compiling bv v0.11.1
[INFO] [stderr]    Compiling syn v2.0.14
[INFO] [stderr]    Compiling crossbeam-channel v0.5.8
[INFO] [stderr]    Compiling bs58 v0.4.0
[INFO] [stderr]    Compiling arrayref v0.3.7
[INFO] [stderr]    Compiling tinyvec_macros v0.1.1
[INFO] [stderr]    Compiling lazy_static v1.4.0
[INFO] [stderr]    Compiling keccak v0.1.3
[INFO] [stderr]    Compiling tinyvec v1.6.0
[INFO] [stderr]    Compiling solana-frozen-abi v1.15.2
[INFO] [stderr]    Compiling memchr v2.5.0
[INFO] [stderr]    Compiling crossbeam-deque v0.8.3
[INFO] [stderr]    Compiling arrayvec v0.7.2
[INFO] [stderr]    Compiling wasm-bindgen v0.2.84
[INFO] [stderr]    Compiling constant_time_eq v0.2.5
[INFO] [stderr]    Compiling getrandom v0.2.9
[INFO] [stderr]    Compiling jobserver v0.1.26
[INFO] [stderr]    Compiling num_cpus v1.15.0
[INFO] [stderr]    Compiling bitmaps v2.1.0
[INFO] [stderr]    Compiling memmap2 v0.5.10
[INFO] [stderr]    Compiling rand_core v0.5.1
[INFO] [stderr]    Compiling toml_datetime v0.6.1
[INFO] [stderr]    Compiling rand_core v0.6.4
[INFO] [stderr]    Compiling rustc-hash v1.1.0
[INFO] [stderr]    Compiling winnow v0.4.1
[INFO] [stderr]    Compiling cc v1.0.79
[INFO] [stderr]    Compiling rand_chacha v0.3.1
[INFO] [stderr]    Compiling rand_chacha v0.2.2
[INFO] [stderr]    Compiling rand_xoshiro v0.6.0
[INFO] [stderr]    Compiling base64 v0.12.3
[INFO] [stderr]    Compiling hashbrown v0.12.3
[INFO] [stderr]    Compiling rand v0.7.3
[INFO] [stderr]    Compiling rand v0.8.5
[INFO] [stderr]    Compiling unicode-normalization v0.1.22
[INFO] [stderr]    Compiling hashbrown v0.11.2
[INFO] [stderr]    Compiling itertools v0.10.5
[INFO] [stderr]    Compiling rayon v1.7.0
[INFO] [stderr]    Compiling sized-chunks v0.6.5
[INFO] [stderr]    Compiling ark-std v0.3.0
[INFO] [stderr]    Compiling array-bytes v1.4.1
[INFO] [stderr]    Compiling bitflags v1.3.2
[INFO] [stderr]    Compiling fnv v1.0.7
[INFO] [stderr]    Compiling base64 v0.13.1
[INFO] [stderr]    Compiling aho-corasick v0.7.20
[INFO] [stderr]    Compiling regex-syntax v0.6.29
[INFO] [stderr]    Compiling unicode-segmentation v1.10.1
[INFO] [stderr]    Compiling ident_case v1.0.1
[INFO] [stderr]    Compiling strsim v0.10.0
[INFO] [stderr]    Compiling bs58 v0.3.1
[INFO] [stderr]    Compiling signature v1.6.4
[INFO] [stderr]    Compiling heck v0.3.3
[INFO] [stderr]    Compiling atty v0.2.14
[INFO] [stderr]    Compiling ed25519 v1.5.3
[INFO] [stderr]    Compiling termcolor v1.2.0
[INFO] [stderr]    Compiling humantime v2.1.0
[INFO] [stderr]    Compiling solana-sdk v1.15.2
[INFO] [stderr]    Compiling derivation-path v0.2.0
[INFO] [stderr]    Compiling percent-encoding v2.2.0
[INFO] [stderr]    Compiling uriparse v0.6.4
[INFO] [stderr]    Compiling qstring v0.7.2
[INFO] [stderr]    Compiling chrono v0.4.24
[INFO] [stderr]    Compiling assert_matches v1.5.0
[INFO] [stderr]    Compiling toml_edit v0.19.8
[INFO] [stderr]    Compiling blake3 v1.3.3
[INFO] [stderr]    Compiling solana-program v1.15.2
[INFO] [stderr]    Compiling regex v1.7.3
[INFO] [stderr]    Compiling proc-macro-crate v1.3.1
[INFO] [stderr]    Compiling wasm-bindgen-backend v0.2.84
[INFO] [stderr]    Compiling borsh-schema-derive-internal v0.9.3
[INFO] [stderr]    Compiling borsh-derive-internal v0.9.3
[INFO] [stderr]    Compiling darling_core v0.14.4
[INFO] [stderr]    Compiling thiserror-impl v1.0.40
[INFO] [stderr]    Compiling zeroize_derive v1.4.2
[INFO] [stderr]    Compiling bytemuck_derive v1.4.1
[INFO] [stderr]    Compiling env_logger v0.9.3
[INFO] [stderr]    Compiling solana-logger v1.15.2
[INFO] [stderr]    Compiling wasm-bindgen-macro-support v0.2.84
[INFO] [stderr]    Compiling derivative v2.2.0
[INFO] [stderr]    Compiling zeroize v1.3.0
[INFO] [stderr]    Compiling ark-ff-macros v0.3.0
[INFO] [stderr]    Compiling ark-ff-asm v0.3.0
[INFO] [stderr]    Compiling solana-sdk-macro v1.15.2
[INFO] [stderr]    Compiling num-derive v0.3.3
[INFO] [stderr]    Compiling bytemuck v1.13.1
[INFO] [stderr]    Compiling num_enum_derive v0.5.11
[INFO] [stderr]    Compiling merlin v3.0.0
[INFO] [stderr]    Compiling anchor-derive-space v0.27.0
[INFO] [stderr]    Compiling pest v2.5.7
[INFO] [stderr]    Compiling wasm-bindgen-macro v0.2.84
[INFO] [stderr]    Compiling darling_macro v0.14.4
[INFO] [stderr]    Compiling semver-parser v0.10.2
[INFO] [stderr]    Compiling num_enum v0.5.11
[INFO] [stderr]    Compiling darling v0.14.4
[INFO] [stderr]    Compiling serde_with_macros v2.3.2
[INFO] [stderr]    Compiling semver v0.11.0
[INFO] [stderr]    Compiling rustc_version v0.3.3
[INFO] [stderr]    Compiling ark-ff v0.3.0
[INFO] [stderr]    Compiling toml v0.5.11
[INFO] [stderr]    Compiling serde_bytes v0.11.9
[INFO] [stderr]    Compiling bincode v1.3.3
[INFO] [stderr]    Compiling serde_with v2.3.2
[INFO] [stderr]    Compiling digest v0.9.0
[INFO] [stderr]    Compiling block-buffer v0.9.0
[INFO] [stderr]    Compiling crypto-common v0.1.6
[INFO] [stderr]    Compiling block-buffer v0.10.4
[INFO] [stderr]    Compiling crypto-mac v0.8.0
[INFO] [stderr]    Compiling cipher v0.3.0
[INFO] [stderr]    Compiling universal-hash v0.4.1
[INFO] [stderr]    Compiling aead v0.4.3
[INFO] [stderr]    Compiling inout v0.1.3
[INFO] [stderr]    Compiling proc-macro-crate v0.1.5
[INFO] [stderr]    Compiling pbkdf2 v0.4.0
[INFO] [stderr]    Compiling digest v0.10.6
[INFO] [stderr]    Compiling sha2 v0.9.9
[INFO] [stderr]    Compiling libsecp256k1-core v0.2.2
[INFO] [stderr]    Compiling ark-serialize v0.3.0
[INFO] [stderr]    Compiling hmac v0.8.1
[INFO] [stderr]    Compiling curve25519-dalek v3.2.1
[INFO] [stderr]    Compiling aes v0.7.5
[INFO] [stderr]    Compiling ctr v0.8.0
[INFO] [stderr]    Compiling polyval v0.5.3
[INFO] [stderr]    Compiling hmac-drbg v0.3.0
[INFO] [stderr]    Compiling cipher v0.4.4
[INFO] [stderr]    Compiling sha3 v0.9.1
[INFO] [stderr]    Compiling sha2 v0.10.6
[INFO] [stderr]    Compiling sha3 v0.10.7
[INFO] [stderr]    Compiling hmac v0.12.1
[INFO] [stderr]    Compiling pbkdf2 v0.11.0
[INFO] [stderr]    Compiling tiny-bip39 v0.8.2
[INFO] [stderr]    Compiling anchor-syn v0.27.0
[INFO] [stderr]    Compiling aes-gcm-siv v0.10.3
[INFO] [stderr]    Compiling borsh-derive v0.9.3
[INFO] [stderr]    Compiling libsecp256k1-gen-ecmult v0.2.1
[INFO] [stderr]    Compiling libsecp256k1-gen-genmult v0.2.1
[INFO] [stderr]    Compiling ed25519-dalek v1.0.1
[INFO] [stderr]    Compiling ed25519-dalek-bip32 v0.2.0
[INFO] [stderr]    Compiling libsecp256k1 v0.6.0
[INFO] [stderr]    Compiling borsh v0.9.3
[INFO] [stderr]    Compiling anchor-derive-accounts v0.27.0
[INFO] [stderr]    Compiling anchor-attribute-event v0.27.0
[INFO] [stderr]    Compiling anchor-attribute-access-control v0.27.0
[INFO] [stderr]    Compiling anchor-attribute-error v0.27.0
[INFO] [stderr]    Compiling anchor-attribute-account v0.27.0
[INFO] [stderr]    Compiling anchor-attribute-program v0.27.0
[INFO] [stderr]    Compiling anchor-attribute-constant v0.27.0
[INFO] [stderr]    Compiling ark-ec v0.3.0
[INFO] [stderr]    Compiling ark-bn254 v0.3.0
[INFO] [stderr]    Compiling spl-token v3.5.0
[INFO] [stderr]    Compiling spl-memo v3.0.1
[INFO] [stderr]    Compiling anchor-lang v0.27.0
[INFO] [stderr]    Compiling metaplex-token-vault v0.0.1
[INFO] [stderr]    Compiling metaplex-token-metadata v0.0.1
[INFO] [stderr]    Compiling solana-zk-token-sdk v1.15.2
[INFO] [stderr]    Compiling spl-token-2022 v0.6.1
[INFO] [stderr]    Compiling spl-token-2022 v0.5.0
[INFO] [stderr]    Compiling spl-associated-token-account v1.1.3
[INFO] [stderr]    Compiling anchor-spl v0.27.0
[INFO] [stderr]    Compiling ln_solana_marketplace v0.1.0 (/opt/rustwide/workdir/programs/ln_solana_marketplace)
[INFO] [stderr]     Finished dev [unoptimized + debuginfo] target(s) in 50.30s
[INFO] running `Command { std: "docker" "inspect" "cbf086fcef17c83332df725325121b5c04690d91676ebf0c206706ccca6ef4ce", kill_on_drop: false }`
[INFO] running `Command { std: "docker" "rm" "-f" "cbf086fcef17c83332df725325121b5c04690d91676ebf0c206706ccca6ef4ce", kill_on_drop: false }`
[INFO] [stdout] cbf086fcef17c83332df725325121b5c04690d91676ebf0c206706ccca6ef4ce
[INFO] running `Command { std: "docker" "create" "-v" "/var/lib/crater-agent-workspace/builds/worker-1-tc1/target:/opt/rustwide/target:rw,Z" "-v" "/var/lib/crater-agent-workspace/builds/worker-1-tc1/source:/opt/rustwide/workdir:ro,Z" "-v" "/var/lib/crater-agent-workspace/cargo-home:/opt/rustwide/cargo-home:ro,Z" "-v" "/var/lib/crater-agent-workspace/rustup-home:/opt/rustwide/rustup-home:ro,Z" "-e" "SOURCE_DIR=/opt/rustwide/workdir" "-e" "CARGO_TARGET_DIR=/opt/rustwide/target" "-e" "CARGO_INCREMENTAL=0" "-e" "RUST_BACKTRACE=full" "-e" "RUSTFLAGS=--cap-lints=warn" "-e" "RUSTDOCFLAGS=--cap-lints=warn" "-e" "CARGO_HOME=/opt/rustwide/cargo-home" "-e" "RUSTUP_HOME=/opt/rustwide/rustup-home" "-w" "/opt/rustwide/workdir" "-m" "1610612736" "--user" "0:0" "--network" "none" "ghcr.io/rust-lang/crates-build-env/linux@sha256:2788e3201cd34a07e3172128adcd8b3090168a8e3bcc40d7c032b9dda1df7d1c" "/opt/rustwide/cargo-home/bin/cargo" "+1.75.0" "test" "--frozen" "--no-run" "--message-format=json", kill_on_drop: false }`
[INFO] [stdout] fed2047232017481fa93533bec2364a021e447e38b6f00673cfd1af739c88519
[INFO] running `Command { std: "docker" "start" "-a" "fed2047232017481fa93533bec2364a021e447e38b6f00673cfd1af739c88519", kill_on_drop: false }`
[INFO] [stderr] warning: virtual workspace defaulting to `resolver = "1"` despite one or more workspace members being on edition 2021 which implies `resolver = "2"`
[INFO] [stderr] note: to keep the current resolver, specify `workspace.resolver = "1"` in the workspace root's manifest
[INFO] [stderr] note: to use the edition 2021 resolver, specify `workspace.resolver = "2"` in the workspace root's manifest
[INFO] [stderr] note: for more details see https://doc.rust-lang.org/cargo/reference/resolver.html#resolver-versions
[INFO] [stderr]    Compiling ln_solana_marketplace v0.1.0 (/opt/rustwide/workdir/programs/ln_solana_marketplace)
[INFO] [stderr]     Finished test [unoptimized + debuginfo] target(s) in 5.69s
[INFO] running `Command { std: "docker" "inspect" "fed2047232017481fa93533bec2364a021e447e38b6f00673cfd1af739c88519", kill_on_drop: false }`
[INFO] running `Command { std: "docker" "rm" "-f" "fed2047232017481fa93533bec2364a021e447e38b6f00673cfd1af739c88519", kill_on_drop: false }`
[INFO] [stdout] fed2047232017481fa93533bec2364a021e447e38b6f00673cfd1af739c88519
[INFO] running `Command { std: "docker" "create" "-v" "/var/lib/crater-agent-workspace/builds/worker-1-tc1/target:/opt/rustwide/target:rw,Z" "-v" "/var/lib/crater-agent-workspace/builds/worker-1-tc1/source:/opt/rustwide/workdir:ro,Z" "-v" "/var/lib/crater-agent-workspace/cargo-home:/opt/rustwide/cargo-home:ro,Z" "-v" "/var/lib/crater-agent-workspace/rustup-home:/opt/rustwide/rustup-home:ro,Z" "-e" "SOURCE_DIR=/opt/rustwide/workdir" "-e" "CARGO_TARGET_DIR=/opt/rustwide/target" "-e" "CARGO_INCREMENTAL=0" "-e" "RUST_BACKTRACE=full" "-e" "RUSTFLAGS=--cap-lints=warn" "-e" "RUSTDOCFLAGS=--cap-lints=warn" "-e" "CARGO_HOME=/opt/rustwide/cargo-home" "-e" "RUSTUP_HOME=/opt/rustwide/rustup-home" "-w" "/opt/rustwide/workdir" "-m" "1610612736" "--user" "0:0" "--network" "none" "ghcr.io/rust-lang/crates-build-env/linux@sha256:2788e3201cd34a07e3172128adcd8b3090168a8e3bcc40d7c032b9dda1df7d1c" "/opt/rustwide/cargo-home/bin/cargo" "+1.75.0" "test" "--frozen", kill_on_drop: false }`
[INFO] [stdout] cbc363754ac1cadc78cabf571613a1ff3d5500d2533ffae07af06d5b998e4a72
[INFO] running `Command { std: "docker" "start" "-a" "cbc363754ac1cadc78cabf571613a1ff3d5500d2533ffae07af06d5b998e4a72", kill_on_drop: false }`
[INFO] [stderr] warning: virtual workspace defaulting to `resolver = "1"` despite one or more workspace members being on edition 2021 which implies `resolver = "2"`
[INFO] [stderr] note: to keep the current resolver, specify `workspace.resolver = "1"` in the workspace root's manifest
[INFO] [stderr] note: to use the edition 2021 resolver, specify `workspace.resolver = "2"` in the workspace root's manifest
[INFO] [stderr] note: for more details see https://doc.rust-lang.org/cargo/reference/resolver.html#resolver-versions
[INFO] [stderr]     Finished test [unoptimized + debuginfo] target(s) in 0.21s
[INFO] [stderr]      Running unittests src/lib.rs (/opt/rustwide/target/debug/deps/ln_solana_marketplace-2676c30bbeea7b45)
[INFO] [stdout] 
[INFO] [stdout] running 1 test
[INFO] [stdout] test test_id ... ok
[INFO] [stdout] 
[INFO] [stdout] test result: ok. 1 passed; 0 failed; 0 ignored; 0 measured; 0 filtered out; finished in 0.01s
[INFO] [stdout] 
[INFO] [stderr]    Doc-tests ln_solana_marketplace
[INFO] [stdout] 
[INFO] [stdout] running 40 tests
[INFO] [stdout] test programs/ln_solana_marketplace/src/lib.rs - ln_solana_marketplace::accept_offer (line 1183) ... FAILED
[INFO] [stdout] test programs/ln_solana_marketplace/src/lib.rs - ln_solana_marketplace::accept_offer (line 1184) ... FAILED
[INFO] [stdout] test programs/ln_solana_marketplace/src/lib.rs - ln_solana_marketplace::accept_offer (line 1186) ... FAILED
[INFO] [stdout] test programs/ln_solana_marketplace/src/lib.rs - ln_solana_marketplace::accept_offer (line 1187) ... FAILED
[INFO] [stdout] test programs/ln_solana_marketplace/src/lib.rs - ln_solana_marketplace::add_team_treasury (line 100) ... FAILED
[INFO] [stdout] test programs/ln_solana_marketplace/src/lib.rs - ln_solana_marketplace::accept_offer (line 1185) ... FAILED
[INFO] [stdout] test programs/ln_solana_marketplace/src/lib.rs - ln_solana_marketplace::create_auction (line 1602) ... FAILED
[INFO] [stdout] test programs/ln_solana_marketplace/src/lib.rs - ln_solana_marketplace::create_auction (line 1605) ... FAILED
[INFO] [stdout] test programs/ln_solana_marketplace/src/lib.rs - ln_solana_marketplace::cancel_auction (line 2143) ... FAILED
[INFO] [stdout] test programs/ln_solana_marketplace/src/lib.rs - ln_solana_marketplace::deposit_to_escrow (line 741) ... FAILED
[INFO] [stdout] test programs/ln_solana_marketplace/src/lib.rs - ln_solana_marketplace::create_auction (line 1603) ... FAILED
[INFO] [stdout] test programs/ln_solana_marketplace/src/lib.rs - ln_solana_marketplace::claim_auction (line 1852) ... FAILED
[INFO] [stdout] test programs/ln_solana_marketplace/src/lib.rs - ln_solana_marketplace::make_offer (line 966) ... FAILED
[INFO] [stdout] test programs/ln_solana_marketplace/src/lib.rs - ln_solana_marketplace::add_team_treasury (line 99) ... FAILED
[INFO] [stdout] test programs/ln_solana_marketplace/src/lib.rs - ln_solana_marketplace::create_auction (line 1604) ... FAILED
[INFO] [stdout] test programs/ln_solana_marketplace/src/lib.rs - ln_solana_marketplace::deposit_to_escrow (line 742) ... FAILED
[INFO] [stdout] test programs/ln_solana_marketplace/src/lib.rs - ln_solana_marketplace::make_offer (line 964) ... FAILED
[INFO] [stdout] test programs/ln_solana_marketplace/src/lib.rs - ln_solana_marketplace::list_nft_for_sale (line 253) ... FAILED
[INFO] [stdout] test programs/ln_solana_marketplace/src/lib.rs - ln_solana_marketplace::delist_nft (line 362) ... FAILED
[INFO] [stdout] test programs/ln_solana_marketplace/src/lib.rs - ln_solana_marketplace::create_auction (line 1606) ... FAILED
[INFO] [stdout] test programs/ln_solana_marketplace/src/lib.rs - ln_solana_marketplace::init_offer_data (line 938) ... FAILED
[INFO] [stdout] test programs/ln_solana_marketplace/src/lib.rs - ln_solana_marketplace::deposit_to_escrow (line 743) ... FAILED
[INFO] [stdout] test programs/ln_solana_marketplace/src/lib.rs - ln_solana_marketplace::place_bid (line 1697) ... FAILED
[INFO] [stdout] test programs/ln_solana_marketplace/src/lib.rs - ln_solana_marketplace::list_nft_for_sale (line 251) ... FAILED
[INFO] [stdout] test programs/ln_solana_marketplace/src/lib.rs - ln_solana_marketplace::list_nft_for_sale (line 252) ... FAILED
[INFO] [stdout] test programs/ln_solana_marketplace/src/lib.rs - ln_solana_marketplace::make_offer (line 965) ... FAILED
[INFO] [stdout] test programs/ln_solana_marketplace/src/lib.rs - ln_solana_marketplace::place_bid (line 1698) ... FAILED
[INFO] [stdout] test programs/ln_solana_marketplace/src/lib.rs - ln_solana_marketplace::make_offer (line 967) ... FAILED
[INFO] [stdout] test programs/ln_solana_marketplace/src/lib.rs - ln_solana_marketplace::update_fee (line 58) ... FAILED
[INFO] [stdout] test programs/ln_solana_marketplace/src/lib.rs - ln_solana_marketplace::make_offer (line 968) ... FAILED
[INFO] [stdout] test programs/ln_solana_marketplace/src/lib.rs - ln_solana_marketplace::purchase (line 450) ... FAILED
[INFO] [stdout] test programs/ln_solana_marketplace/src/lib.rs - ln_solana_marketplace::withdraw_from_escrow (line 833) ... FAILED
[INFO] [stdout] test programs/ln_solana_marketplace/src/lib.rs - ln_solana_marketplace::purchase (line 452) ... FAILED
[INFO] [stdout] test programs/ln_solana_marketplace/src/lib.rs - ln_solana_marketplace::purchase (line 453) ... FAILED
[INFO] [stdout] test programs/ln_solana_marketplace/src/lib.rs - ln_solana_marketplace::purchase (line 451) ... FAILED
[INFO] [stdout] test programs/ln_solana_marketplace/src/lib.rs - ln_solana_marketplace::update_fee (line 59) ... FAILED
[INFO] [stdout] test programs/ln_solana_marketplace/src/lib.rs - ln_solana_marketplace::init_auction_data (line 1580) ... FAILED
[INFO] [stdout] test programs/ln_solana_marketplace/src/lib.rs - ln_solana_marketplace::withdraw_from_escrow (line 835) ... FAILED
[INFO] [stdout] test programs/ln_solana_marketplace/src/lib.rs - ln_solana_marketplace::remove_team_treasury (line 161) ... FAILED
[INFO] [stdout] test programs/ln_solana_marketplace/src/lib.rs - ln_solana_marketplace::withdraw_from_escrow (line 834) ... FAILED
[INFO] [stdout] 
[INFO] [stdout] failures:
[INFO] [stdout] 
[INFO] [stdout] ---- programs/ln_solana_marketplace/src/lib.rs - ln_solana_marketplace::accept_offer (line 1183) stdout ----
[INFO] [stdout] error: expected one of `!`, `.`, `::`, `;`, `?`, `{`, `}`, or an operator, found `sell`
[INFO] [stdout]  --> programs/ln_solana_marketplace/src/lib.rs:1184:5
[INFO] [stdout]   |
[INFO] [stdout] 3 | nft sell data pda bump
[INFO] [stdout]   |     ^^^^ expected one of 8 possible tokens
[INFO] [stdout] 
[INFO] [stdout] error: aborting due to previous error
[INFO] [stdout] 
[INFO] [stdout] Couldn't compile the test.
[INFO] [stdout] ---- programs/ln_solana_marketplace/src/lib.rs - ln_solana_marketplace::accept_offer (line 1184) stdout ----
[INFO] [stdout] error: expected one of `!`, `.`, `::`, `;`, `?`, `{`, `}`, or an operator, found `data`
[INFO] [stdout]  --> programs/ln_solana_marketplace/src/lib.rs:1185:7
[INFO] [stdout]   |
[INFO] [stdout] 3 | offer data bump
[INFO] [stdout]   |       ^^^^ expected one of 8 possible tokens
[INFO] [stdout] 
[INFO] [stdout] error: aborting due to previous error
[INFO] [stdout] 
[INFO] [stdout] Couldn't compile the test.
[INFO] [stdout] ---- programs/ln_solana_marketplace/src/lib.rs - ln_solana_marketplace::accept_offer (line 1186) stdout ----
[INFO] [stdout] error: expected one of `!`, `.`, `::`, `;`, `?`, `{`, `}`, or an operator, found `user`
[INFO] [stdout]  --> programs/ln_solana_marketplace/src/lib.rs:1187:8
[INFO] [stdout]   |
[INFO] [stdout] 3 | seller user pda bump
[INFO] [stdout]   |        ^^^^ expected one of 8 possible tokens
[INFO] [stdout] 
[INFO] [stdout] error: aborting due to previous error
[INFO] [stdout] 
[INFO] [stdout] Couldn't compile the test.
[INFO] [stdout] ---- programs/ln_solana_marketplace/src/lib.rs - ln_solana_marketplace::accept_offer (line 1187) stdout ----
[INFO] [stdout] error: expected one of `!`, `.`, `::`, `;`, `?`, `{`, `}`, or an operator, found `vault`
[INFO] [stdout]  --> programs/ln_solana_marketplace/src/lib.rs:1188:8
[INFO] [stdout]   |
[INFO] [stdout] 3 | escrow vault bump
[INFO] [stdout]   |        ^^^^^ expected one of 8 possible tokens
[INFO] [stdout] 
[INFO] [stdout] error: aborting due to previous error
[INFO] [stdout] 
[INFO] [stdout] Couldn't compile the test.
[INFO] [stdout] ---- programs/ln_solana_marketplace/src/lib.rs - ln_solana_marketplace::add_team_treasury (line 100) stdout ----
[INFO] [stdout] error: expected one of `!`, `.`, `::`, `;`, `?`, `{`, `}`, or an operator, found `rate`
[INFO] [stdout]  --> programs/ln_solana_marketplace/src/lib.rs:101:14
[INFO] [stdout]   |
[INFO] [stdout] 3 | distribution rate by permyriad
[INFO] [stdout]   |              ^^^^ expected one of 8 possible tokens
[INFO] [stdout] 
[INFO] [stdout] error: aborting due to previous error
[INFO] [stdout] 
[INFO] [stdout] Couldn't compile the test.
[INFO] [stdout] ---- programs/ln_solana_marketplace/src/lib.rs - ln_solana_marketplace::accept_offer (line 1185) stdout ----
[INFO] [stdout] error: expected one of `!`, `.`, `::`, `;`, `?`, `{`, `}`, or an operator, found `user`
[INFO] [stdout]  --> programs/ln_solana_marketplace/src/lib.rs:1186:7
[INFO] [stdout]   |
[INFO] [stdout] 3 | buyer user pda bump
[INFO] [stdout]   |       ^^^^ expected one of 8 possible tokens
[INFO] [stdout] 
[INFO] [stdout] error: aborting due to previous error
[INFO] [stdout] 
[INFO] [stdout] Couldn't compile the test.
[INFO] [stdout] ---- programs/ln_solana_marketplace/src/lib.rs - ln_solana_marketplace::create_auction (line 1602) stdout ----
[INFO] [stdout] error: expected one of `!`, `.`, `::`, `;`, `?`, `{`, `}`, or an operator, found `pda`
[INFO] [stdout]  --> programs/ln_solana_marketplace/src/lib.rs:1603:9
[INFO] [stdout]   |
[INFO] [stdout] 3 | auction pda bump
[INFO] [stdout]   |         ^^^ expected one of 8 possible tokens
[INFO] [stdout] 
[INFO] [stdout] error: aborting due to previous error
[INFO] [stdout] 
[INFO] [stdout] Couldn't compile the test.
[INFO] [stdout] ---- programs/ln_solana_marketplace/src/lib.rs - ln_solana_marketplace::create_auction (line 1605) stdout ----
[INFO] [stdout] error: expected one of `!`, `.`, `::`, `;`, `?`, `{`, `}`, or an operator, found `selling`
[INFO] [stdout]  --> programs/ln_solana_marketplace/src/lib.rs:1606:20
[INFO] [stdout]   |
[INFO] [stdout] 3 | by_token - auction selling by abb
[INFO] [stdout]   |                    ^^^^^^^ expected one of 8 possible tokens
[INFO] [stdout] 
[INFO] [stdout] error: aborting due to previous error
[INFO] [stdout] 
[INFO] [stdout] Couldn't compile the test.
[INFO] [stdout] ---- programs/ln_solana_marketplace/src/lib.rs - ln_solana_marketplace::cancel_auction (line 2143) stdout ----
[INFO] [stdout] error: expected one of `!`, `.`, `::`, `;`, `?`, `{`, `}`, or an operator, found `data`
[INFO] [stdout]  --> programs/ln_solana_marketplace/src/lib.rs:2144:10
[INFO] [stdout]   |
[INFO] [stdout] 3 | auctiond data pda bump
[INFO] [stdout]   |          ^^^^ expected one of 8 possible tokens
[INFO] [stdout] 
[INFO] [stdout] error: aborting due to previous error
[INFO] [stdout] 
[INFO] [stdout] Couldn't compile the test.
[INFO] [stdout] ---- programs/ln_solana_marketplace/src/lib.rs - ln_solana_marketplace::deposit_to_escrow (line 741) stdout ----
[INFO] [stdout] error: expected one of `!`, `.`, `::`, `;`, `?`, `{`, `}`, or an operator, found `vault`
[INFO] [stdout]  --> programs/ln_solana_marketplace/src/lib.rs:742:8
[INFO] [stdout]   |
[INFO] [stdout] 3 | escrow vault bump
[INFO] [stdout]   |        ^^^^^ expected one of 8 possible tokens
[INFO] [stdout] 
[INFO] [stdout] error: aborting due to previous error
[INFO] [stdout] 
[INFO] [stdout] Couldn't compile the test.
[INFO] [stdout] ---- programs/ln_solana_marketplace/src/lib.rs - ln_solana_marketplace::create_auction (line 1603) stdout ----
[INFO] [stdout] error: expected one of `!`, `.`, `::`, `;`, `?`, `{`, `}`, or an operator, found `start`
[INFO] [stdout]  --> programs/ln_solana_marketplace/src/lib.rs:1604:23
[INFO] [stdout]   |
[INFO] [stdout] 3 | start_price - Bidding start price
[INFO] [stdout]   |                       ^^^^^ expected one of 8 possible tokens
[INFO] [stdout] 
[INFO] [stdout] error: aborting due to previous error
[INFO] [stdout] 
[INFO] [stdout] Couldn't compile the test.
[INFO] [stdout] ---- programs/ln_solana_marketplace/src/lib.rs - ln_solana_marketplace::claim_auction (line 1852) stdout ----
[INFO] [stdout] error: expected one of `!`, `.`, `::`, `;`, `?`, `{`, `}`, or an operator, found `vault`
[INFO] [stdout]  --> programs/ln_solana_marketplace/src/lib.rs:1853:8
[INFO] [stdout]   |
[INFO] [stdout] 3 | escrow vault bump
[INFO] [stdout]   |        ^^^^^ expected one of 8 possible tokens
[INFO] [stdout] 
[INFO] [stdout] error: aborting due to previous error
[INFO] [stdout] 
[INFO] [stdout] Couldn't compile the test.
[INFO] [stdout] ---- programs/ln_solana_marketplace/src/lib.rs - ln_solana_marketplace::make_offer (line 966) stdout ----
[INFO] [stdout] error: expected one of `!`, `.`, `::`, `;`, `?`, `{`, `}`, or an operator, found `vault`
[INFO] [stdout]  --> programs/ln_solana_marketplace/src/lib.rs:967:8
[INFO] [stdout]   |
[INFO] [stdout] 3 | escrow vault bump
[INFO] [stdout]   |        ^^^^^ expected one of 8 possible tokens
[INFO] [stdout] 
[INFO] [stdout] error: aborting due to previous error
[INFO] [stdout] 
[INFO] [stdout] Couldn't compile the test.
[INFO] [stdout] ---- programs/ln_solana_marketplace/src/lib.rs - ln_solana_marketplace::add_team_treasury (line 99) stdout ----
[INFO] [stdout] error: expected one of `!`, `.`, `::`, `;`, `?`, `{`, `}`, or an operator, found `address`
[INFO] [stdout]  --> programs/ln_solana_marketplace/src/lib.rs:100:10
[INFO] [stdout]   |
[INFO] [stdout] 3 | treasury address
[INFO] [stdout]   |          ^^^^^^^ expected one of 8 possible tokens
[INFO] [stdout] 
[INFO] [stdout] error: aborting due to previous error
[INFO] [stdout] 
[INFO] [stdout] Couldn't compile the test.
[INFO] [stdout] ---- programs/ln_solana_marketplace/src/lib.rs - ln_solana_marketplace::create_auction (line 1604) stdout ----
[INFO] [stdout] error: expected one of `!`, `.`, `::`, `;`, `?`, `{`, `}`, or an operator, found `inscrease`
[INFO] [stdout]  --> programs/ln_solana_marketplace/src/lib.rs:1605:24
[INFO] [stdout]   |
[INFO] [stdout] 3 | min_increase - Minimum inscrease amount of next bidding price
[INFO] [stdout]   |                        ^^^^^^^^^ expected one of 8 possible tokens
[INFO] [stdout] 
[INFO] [stdout] error: aborting due to previous error
[INFO] [stdout] 
[INFO] [stdout] Couldn't compile the test.
[INFO] [stdout] ---- programs/ln_solana_marketplace/src/lib.rs - ln_solana_marketplace::deposit_to_escrow (line 742) stdout ----
[INFO] [stdout] error: expected one of `!`, `.`, `::`, `;`, `?`, `{`, `}`, or an operator, found `is`
[INFO] [stdout]  --> programs/ln_solana_marketplace/src/lib.rs:743:5
[INFO] [stdout]   |
[INFO] [stdout] 3 | sol is depositing amount
[INFO] [stdout]   |     ^^ expected one of 8 possible tokens
[INFO] [stdout] 
[INFO] [stdout] error: aborting due to previous error
[INFO] [stdout] 
[INFO] [stdout] Couldn't compile the test.
[INFO] [stdout] ---- programs/ln_solana_marketplace/src/lib.rs - ln_solana_marketplace::make_offer (line 964) stdout ----
[INFO] [stdout] error: expected one of `!`, `.`, `::`, `;`, `?`, `{`, `}`, or an operator, found `data`
[INFO] [stdout]  --> programs/ln_solana_marketplace/src/lib.rs:965:7
[INFO] [stdout]   |
[INFO] [stdout] 3 | offer data pda bump
[INFO] [stdout]   |       ^^^^ expected one of 8 possible tokens
[INFO] [stdout] 
[INFO] [stdout] error: aborting due to previous error
[INFO] [stdout] 
[INFO] [stdout] Couldn't compile the test.
[INFO] [stdout] ---- programs/ln_solana_marketplace/src/lib.rs - ln_solana_marketplace::list_nft_for_sale (line 253) stdout ----
[INFO] [stdout] error: expected one of `!`, `.`, `::`, `;`, `?`, `{`, `}`, or an operator, found `is`
[INFO] [stdout]  --> programs/ln_solana_marketplace/src/lib.rs:254:13
[INFO] [stdout]   |
[INFO] [stdout] 3 | price_token is the selling price in abb
[INFO] [stdout]   |             ^^ expected one of 8 possible tokens
[INFO] [stdout] 
[INFO] [stdout] error: aborting due to previous error
[INFO] [stdout] 
[INFO] [stdout] Couldn't compile the test.
[INFO] [stdout] ---- programs/ln_solana_marketplace/src/lib.rs - ln_solana_marketplace::delist_nft (line 362) stdout ----
[INFO] [stdout] error: expected one of `!`, `.`, `::`, `;`, `?`, `{`, `}`, or an operator, found `sell`
[INFO] [stdout]  --> programs/ln_solana_marketplace/src/lib.rs:363:5
[INFO] [stdout]   |
[INFO] [stdout] 3 | nft sell data pda bump
[INFO] [stdout]   |     ^^^^ expected one of 8 possible tokens
[INFO] [stdout] 
[INFO] [stdout] error: aborting due to previous error
[INFO] [stdout] 
[INFO] [stdout] Couldn't compile the test.
[INFO] [stdout] ---- programs/ln_solana_marketplace/src/lib.rs - ln_solana_marketplace::create_auction (line 1606) stdout ----
[INFO] [stdout] error: expected one of `!`, `.`, `::`, `;`, `?`, `{`, `}`, or an operator, found `end`
[INFO] [stdout]  --> programs/ln_solana_marketplace/src/lib.rs:1607:20
[INFO] [stdout]   |
[INFO] [stdout] 3 | end_date - auction end date
[INFO] [stdout]   |                    ^^^ expected one of 8 possible tokens
[INFO] [stdout] 
[INFO] [stdout] error: aborting due to previous error
[INFO] [stdout] 
[INFO] [stdout] Couldn't compile the test.
[INFO] [stdout] ---- programs/ln_solana_marketplace/src/lib.rs - ln_solana_marketplace::init_offer_data (line 938) stdout ----
[INFO] [stdout] error: expected one of `!`, `.`, `::`, `;`, `?`, `{`, `}`, or an operator, found `data`
[INFO] [stdout]  --> programs/ln_solana_marketplace/src/lib.rs:939:7
[INFO] [stdout]   |
[INFO] [stdout] 3 | offer data pda bump
[INFO] [stdout]   |       ^^^^ expected one of 8 possible tokens
[INFO] [stdout] 
[INFO] [stdout] error: aborting due to previous error
[INFO] [stdout] 
[INFO] [stdout] Couldn't compile the test.
[INFO] [stdout] ---- programs/ln_solana_marketplace/src/lib.rs - ln_solana_marketplace::deposit_to_escrow (line 743) stdout ----
[INFO] [stdout] error: expected one of `!`, `.`, `::`, `;`, `?`, `{`, `}`, or an operator, found `is`
[INFO] [stdout]  --> programs/ln_solana_marketplace/src/lib.rs:744:7
[INFO] [stdout]   |
[INFO] [stdout] 3 | token is depositing abb amount
[INFO] [stdout]   |       ^^ expected one of 8 possible tokens
[INFO] [stdout] 
[INFO] [stdout] error: aborting due to previous error
[INFO] [stdout] 
[INFO] [stdout] Couldn't compile the test.
[INFO] [stdout] ---- programs/ln_solana_marketplace/src/lib.rs - ln_solana_marketplace::place_bid (line 1697) stdout ----
[INFO] [stdout] error: expected one of `!`, `.`, `::`, `;`, `?`, `{`, `}`, or an operator, found `vault`
[INFO] [stdout]  --> programs/ln_solana_marketplace/src/lib.rs:1698:8
[INFO] [stdout]   |
[INFO] [stdout] 3 | escrow vault pda bump
[INFO] [stdout]   |        ^^^^^ expected one of 8 possible tokens
[INFO] [stdout] 
[INFO] [stdout] error: aborting due to previous error
[INFO] [stdout] 
[INFO] [stdout] Couldn't compile the test.
[INFO] [stdout] ---- programs/ln_solana_marketplace/src/lib.rs - ln_solana_marketplace::list_nft_for_sale (line 251) stdout ----
[INFO] [stdout] error: expected one of `!`, `.`, `::`, `;`, `?`, `{`, `}`, or an operator, found `sell`
[INFO] [stdout]  --> programs/ln_solana_marketplace/src/lib.rs:252:5
[INFO] [stdout]   |
[INFO] [stdout] 3 | nft sell data pda bump
[INFO] [stdout]   |     ^^^^ expected one of 8 possible tokens
[INFO] [stdout] 
[INFO] [stdout] error: aborting due to previous error
[INFO] [stdout] 
[INFO] [stdout] Couldn't compile the test.
[INFO] [stdout] ---- programs/ln_solana_marketplace/src/lib.rs - ln_solana_marketplace::list_nft_for_sale (line 252) stdout ----
[INFO] [stdout] error: expected one of `!`, `.`, `::`, `;`, `?`, `{`, `}`, or an operator, found `is`
[INFO] [stdout]  --> programs/ln_solana_marketplace/src/lib.rs:253:11
[INFO] [stdout]   |
[INFO] [stdout] 3 | price_sol is the selling price in sol
[INFO] [stdout]   |           ^^ expected one of 8 possible tokens
[INFO] [stdout] 
[INFO] [stdout] error: aborting due to previous error
[INFO] [stdout] 
[INFO] [stdout] Couldn't compile the test.
[INFO] [stdout] ---- programs/ln_solana_marketplace/src/lib.rs - ln_solana_marketplace::make_offer (line 965) stdout ----
[INFO] [stdout] error: expected one of `!`, `.`, `::`, `;`, `?`, `{`, `}`, or an operator, found `pda`
[INFO] [stdout]  --> programs/ln_solana_marketplace/src/lib.rs:966:6
[INFO] [stdout]   |
[INFO] [stdout] 3 | user pda bump
[INFO] [stdout]   |      ^^^ expected one of 8 possible tokens
[INFO] [stdout] 
[INFO] [stdout] error: aborting due to previous error
[INFO] [stdout] 
[INFO] [stdout] Couldn't compile the test.
[INFO] [stdout] ---- programs/ln_solana_marketplace/src/lib.rs - ln_solana_marketplace::place_bid (line 1698) stdout ----
[INFO] [stdout] error: expected one of `!`, `.`, `::`, `;`, `?`, `{`, `}`, or an operator, found `price`
[INFO] [stdout]  --> programs/ln_solana_marketplace/src/lib.rs:1699:17
[INFO] [stdout]   |
[INFO] [stdout] 3 | price - bidding price
[INFO] [stdout]   |                 ^^^^^ expected one of 8 possible tokens
[INFO] [stdout] 
[INFO] [stdout] error: aborting due to previous error
[INFO] [stdout] 
[INFO] [stdout] Couldn't compile the test.
[INFO] [stdout] ---- programs/ln_solana_marketplace/src/lib.rs - ln_solana_marketplace::make_offer (line 967) stdout ----
[INFO] [stdout] error: expected one of `!`, `.`, `::`, `;`, `?`, `{`, `}`, or an operator, found `price`
[INFO] [stdout]  --> programs/ln_solana_marketplace/src/lib.rs:968:15
[INFO] [stdout]   |
[INFO] [stdout] 3 | price - offer price
[INFO] [stdout]   |               ^^^^^ expected one of 8 possible tokens
[INFO] [stdout] 
[INFO] [stdout] error: aborting due to previous error
[INFO] [stdout] 
[INFO] [stdout] Couldn't compile the test.
[INFO] [stdout] ---- programs/ln_solana_marketplace/src/lib.rs - ln_solana_marketplace::update_fee (line 58) stdout ----
[INFO] [stdout] error: expected one of `!`, `.`, `::`, `;`, `?`, `{`, `}`, or an operator, found `fee`
[INFO] [stdout]  --> programs/ln_solana_marketplace/src/lib.rs:59:23
[INFO] [stdout]   |
[INFO] [stdout] 3 | sol_fee - marketplace fee as Permyraid for SOL NFT purchasing
[INFO] [stdout]   |                       ^^^ expected one of 8 possible tokens
[INFO] [stdout] 
[INFO] [stdout] error: aborting due to previous error
[INFO] [stdout] 
[INFO] [stdout] Couldn't compile the test.
[INFO] [stdout] ---- programs/ln_solana_marketplace/src/lib.rs - ln_solana_marketplace::make_offer (line 968) stdout ----
[INFO] [stdout] error: expected one of `!`, `.`, `::`, `;`, `?`, `{`, `}`, or an operator, found `by`
[INFO] [stdout]  --> programs/ln_solana_marketplace/src/lib.rs:969:21
[INFO] [stdout]   |
[INFO] [stdout] 3 | by_token - offering by abb
[INFO] [stdout]   |                     ^^ expected one of 8 possible tokens
[INFO] [stdout] 
[INFO] [stdout] error: aborting due to previous error
[INFO] [stdout] 
[INFO] [stdout] Couldn't compile the test.
[INFO] [stdout] ---- programs/ln_solana_marketplace/src/lib.rs - ln_solana_marketplace::purchase (line 450) stdout ----
[INFO] [stdout] error: expected one of `!`, `.`, `::`, `;`, `?`, `{`, `}`, or an operator, found `sell`
[INFO] [stdout]  --> programs/ln_solana_marketplace/src/lib.rs:451:5
[INFO] [stdout]   |
[INFO] [stdout] 3 | nft sell data pda bump
[INFO] [stdout]   |     ^^^^ expected one of 8 possible tokens
[INFO] [stdout] 
[INFO] [stdout] error: aborting due to previous error
[INFO] [stdout] 
[INFO] [stdout] Couldn't compile the test.
[INFO] [stdout] ---- programs/ln_solana_marketplace/src/lib.rs - ln_solana_marketplace::withdraw_from_escrow (line 833) stdout ----
[INFO] [stdout] error: expected one of `!`, `.`, `::`, `;`, `?`, `{`, `}`, or an operator, found `vault`
[INFO] [stdout]  --> programs/ln_solana_marketplace/src/lib.rs:834:8
[INFO] [stdout]   |
[INFO] [stdout] 3 | escrow vault bump
[INFO] [stdout]   |        ^^^^^ expected one of 8 possible tokens
[INFO] [stdout] 
[INFO] [stdout] error: aborting due to previous error
[INFO] [stdout] 
[INFO] [stdout] Couldn't compile the test.
[INFO] [stdout] ---- programs/ln_solana_marketplace/src/lib.rs - ln_solana_marketplace::purchase (line 452) stdout ----
[INFO] [stdout] error: expected one of `!`, `.`, `::`, `;`, `?`, `{`, `}`, or an operator, found `user`
[INFO] [stdout]  --> programs/ln_solana_marketplace/src/lib.rs:453:7
[INFO] [stdout]   |
[INFO] [stdout] 3 | buyer user pda bump
[INFO] [stdout]   |       ^^^^ expected one of 8 possible tokens
[INFO] [stdout] 
[INFO] [stdout] error: aborting due to previous error
[INFO] [stdout] 
[INFO] [stdout] Couldn't compile the test.
[INFO] [stdout] ---- programs/ln_solana_marketplace/src/lib.rs - ln_solana_marketplace::purchase (line 453) stdout ----
[INFO] [stdout] error: expected one of `!`, `.`, `::`, `;`, `?`, `{`, `}`, or an operator, found `is`
[INFO] [stdout]  --> programs/ln_solana_marketplace/src/lib.rs:454:10
[INFO] [stdout]   |
[INFO] [stdout] 3 | by_token is true when purchasing with abb tokens
[INFO] [stdout]   |          ^^ expected one of 8 possible tokens
[INFO] [stdout] 
[INFO] [stdout] error: aborting due to previous error
[INFO] [stdout] 
[INFO] [stdout] Couldn't compile the test.
[INFO] [stdout] ---- programs/ln_solana_marketplace/src/lib.rs - ln_solana_marketplace::purchase (line 451) stdout ----
[INFO] [stdout] error: expected one of `!`, `.`, `::`, `;`, `?`, `{`, `}`, or an operator, found `user`
[INFO] [stdout]  --> programs/ln_solana_marketplace/src/lib.rs:452:8
[INFO] [stdout]   |
[INFO] [stdout] 3 | seller user pda bump
[INFO] [stdout]   |        ^^^^ expected one of 8 possible tokens
[INFO] [stdout] 
[INFO] [stdout] error: aborting due to previous error
[INFO] [stdout] 
[INFO] [stdout] Couldn't compile the test.
[INFO] [stdout] ---- programs/ln_solana_marketplace/src/lib.rs - ln_solana_marketplace::update_fee (line 59) stdout ----
[INFO] [stdout] error: expected one of `!`, `.`, `::`, `;`, `?`, `{`, `}`, or an operator, found `fee`
[INFO] [stdout]  --> programs/ln_solana_marketplace/src/lib.rs:60:25
[INFO] [stdout]   |
[INFO] [stdout] 3 | token_fee - marketplace fee as Permyraid for ABB NFT purchasing
[INFO] [stdout]   |                         ^^^ expected one of 8 possible tokens
[INFO] [stdout] 
[INFO] [stdout] error: aborting due to previous error
[INFO] [stdout] 
[INFO] [stdout] Couldn't compile the test.
[INFO] [stdout] ---- programs/ln_solana_marketplace/src/lib.rs - ln_solana_marketplace::init_auction_data (line 1580) stdout ----
[INFO] [stdout] error: expected one of `!`, `.`, `::`, `;`, `?`, `{`, `}`, or an operator, found `data`
[INFO] [stdout]  --> programs/ln_solana_marketplace/src/lib.rs:1581:10
[INFO] [stdout]   |
[INFO] [stdout] 3 | auctiond data pda bump
[INFO] [stdout]   |          ^^^^ expected one of 8 possible tokens
[INFO] [stdout] 
[INFO] [stdout] error: aborting due to previous error
[INFO] [stdout] 
[INFO] [stdout] Couldn't compile the test.
[INFO] [stdout] ---- programs/ln_solana_marketplace/src/lib.rs - ln_solana_marketplace::withdraw_from_escrow (line 835) stdout ----
[INFO] [stdout] error: expected one of `!`, `.`, `::`, `;`, `?`, `{`, `}`, or an operator, found `abb`
[INFO] [stdout]  --> programs/ln_solana_marketplace/src/lib.rs:836:21
[INFO] [stdout]   |
[INFO] [stdout] 3 | token - withdrawing abb amount
[INFO] [stdout]   |                     ^^^ expected one of 8 possible tokens
[INFO] [stdout] 
[INFO] [stdout] error: aborting due to previous error
[INFO] [stdout] 
[INFO] [stdout] Couldn't compile the test.
[INFO] [stdout] ---- programs/ln_solana_marketplace/src/lib.rs - ln_solana_marketplace::remove_team_treasury (line 161) stdout ----
[INFO] [stdout] error: expected one of `!`, `.`, `::`, `;`, `?`, `{`, `}`, or an operator, found `address`
[INFO] [stdout]  --> programs/ln_solana_marketplace/src/lib.rs:162:10
[INFO] [stdout]   |
[INFO] [stdout] 3 | treasury address
[INFO] [stdout]   |          ^^^^^^^ expected one of 8 possible tokens
[INFO] [stdout] 
[INFO] [stdout] error: aborting due to previous error
[INFO] [stdout] 
[INFO] [stdout] Couldn't compile the test.
[INFO] [stdout] ---- programs/ln_solana_marketplace/src/lib.rs - ln_solana_marketplace::withdraw_from_escrow (line 834) stdout ----
[INFO] [stdout] error: expected one of `!`, `.`, `::`, `;`, `?`, `{`, `}`, or an operator, found `amount`
[INFO] [stdout]  --> programs/ln_solana_marketplace/src/lib.rs:835:19
[INFO] [stdout]   |
[INFO] [stdout] 3 | sol - withdrawing amount
[INFO] [stdout]   |                   ^^^^^^ expected one of 8 possible tokens
[INFO] [stdout] 
[INFO] [stdout] error: aborting due to previous error
[INFO] [stdout] 
[INFO] [stdout] Couldn't compile the test.
[INFO] [stdout] 
[INFO] [stdout] failures:
[INFO] [stdout]     programs/ln_solana_marketplace/src/lib.rs - ln_solana_marketplace::accept_offer (line 1183)
[INFO] [stdout]     programs/ln_solana_marketplace/src/lib.rs - ln_solana_marketplace::accept_offer (line 1184)
[INFO] [stdout]     programs/ln_solana_marketplace/src/lib.rs - ln_solana_marketplace::accept_offer (line 1185)
[INFO] [stdout]     programs/ln_solana_marketplace/src/lib.rs - ln_solana_marketplace::accept_offer (line 1186)
[INFO] [stdout]     programs/ln_solana_marketplace/src/lib.rs - ln_solana_marketplace::accept_offer (line 1187)
[INFO] [stdout]     programs/ln_solana_marketplace/src/lib.rs - ln_solana_marketplace::add_team_treasury (line 100)
[INFO] [stdout]     programs/ln_solana_marketplace/src/lib.rs - ln_solana_marketplace::add_team_treasury (line 99)
[INFO] [stdout]     programs/ln_solana_marketplace/src/lib.rs - ln_solana_marketplace::cancel_auction (line 2143)
[INFO] [stdout]     programs/ln_solana_marketplace/src/lib.rs - ln_solana_marketplace::claim_auction (line 1852)
[INFO] [stdout]     programs/ln_solana_marketplace/src/lib.rs - ln_solana_marketplace::create_auction (line 1602)
[INFO] [stdout]     programs/ln_solana_marketplace/src/lib.rs - ln_solana_marketplace::create_auction (line 1603)
[INFO] [stdout]     programs/ln_solana_marketplace/src/lib.rs - ln_solana_marketplace::create_auction (line 1604)
[INFO] [stdout]     programs/ln_solana_marketplace/src/lib.rs - ln_solana_marketplace::create_auction (line 1605)
[INFO] [stdout]     programs/ln_solana_marketplace/src/lib.rs - ln_solana_marketplace::create_auction (line 1606)
[INFO] [stdout]     programs/ln_solana_marketplace/src/lib.rs - ln_solana_marketplace::delist_nft (line 362)
[INFO] [stdout]     programs/ln_solana_marketplace/src/lib.rs - ln_solana_marketplace::deposit_to_escrow (line 741)
[INFO] [stdout]     programs/ln_solana_marketplace/src/lib.rs - ln_solana_marketplace::deposit_to_escrow (line 742)
[INFO] [stdout]     programs/ln_solana_marketplace/src/lib.rs - ln_solana_marketplace::deposit_to_escrow (line 743)
[INFO] [stdout]     programs/ln_solana_marketplace/src/lib.rs - ln_solana_marketplace::init_auction_data (line 1580)
[INFO] [stdout]     programs/ln_solana_marketplace/src/lib.rs - ln_solana_marketplace::init_offer_data (line 938)
[INFO] [stdout]     programs/ln_solana_marketplace/src/lib.rs - ln_solana_marketplace::list_nft_for_sale (line 251)
[INFO] [stdout]     programs/ln_solana_marketplace/src/lib.rs - ln_solana_marketplace::list_nft_for_sale (line 252)
[INFO] [stdout]     programs/ln_solana_marketplace/src/lib.rs - ln_solana_marketplace::list_nft_for_sale (line 253)
[INFO] [stdout]     programs/ln_solana_marketplace/src/lib.rs - ln_solana_marketplace::make_offer (line 964)
[INFO] [stdout]     programs/ln_solana_marketplace/src/lib.rs - ln_solana_marketplace::make_offer (line 965)
[INFO] [stdout]     programs/ln_solana_marketplace/src/lib.rs - ln_solana_marketplace::make_offer (line 966)
[INFO] [stdout]     programs/ln_solana_marketplace/src/lib.rs - ln_solana_marketplace::make_offer (line 967)
[INFO] [stdout]     programs/ln_solana_marketplace/src/lib.rs - ln_solana_marketplace::make_offer (line 968)
[INFO] [stdout]     programs/ln_solana_marketplace/src/lib.rs - ln_solana_marketplace::place_bid (line 1697)
[INFO] [stdout]     programs/ln_solana_marketplace/src/lib.rs - ln_solana_marketplace::place_bid (line 1698)
[INFO] [stdout]     programs/ln_solana_marketplace/src/lib.rs - ln_solana_marketplace::purchase (line 450)
[INFO] [stdout]     programs/ln_solana_marketplace/src/lib.rs - ln_solana_marketplace::purchase (line 451)
[INFO] [stdout]     programs/ln_solana_marketplace/src/lib.rs - ln_solana_marketplace::purchase (line 452)
[INFO] [stdout]     programs/ln_solana_marketplace/src/lib.rs - ln_solana_marketplace::purchase (line 453)
[INFO] [stdout]     programs/ln_solana_marketplace/src/lib.rs - ln_solana_marketplace::remove_team_treasury (line 161)
[INFO] [stdout]     programs/ln_solana_marketplace/src/lib.rs - ln_solana_marketplace::update_fee (line 58)
[INFO] [stdout]     programs/ln_solana_marketplace/src/lib.rs - ln_solana_marketplace::update_fee (line 59)
[INFO] [stdout]     programs/ln_solana_marketplace/src/lib.rs - ln_solana_marketplace::withdraw_from_escrow (line 833)
[INFO] [stdout]     programs/ln_solana_marketplace/src/lib.rs - ln_solana_marketplace::withdraw_from_escrow (line 834)
[INFO] [stdout]     programs/ln_solana_marketplace/src/lib.rs - ln_solana_marketplace::withdraw_from_escrow (line 835)
[INFO] [stdout] 
[INFO] [stdout] test result: FAILED. 0 passed; 40 failed; 0 ignored; 0 measured; 0 filtered out; finished in 0.53s
[INFO] [stdout] 
[INFO] [stderr] error: doctest failed, to rerun pass `--doc`
[INFO] running `Command { std: "docker" "inspect" "cbc363754ac1cadc78cabf571613a1ff3d5500d2533ffae07af06d5b998e4a72", kill_on_drop: false }`
[INFO] running `Command { std: "docker" "rm" "-f" "cbc363754ac1cadc78cabf571613a1ff3d5500d2533ffae07af06d5b998e4a72", kill_on_drop: false }`
[INFO] [stdout] cbc363754ac1cadc78cabf571613a1ff3d5500d2533ffae07af06d5b998e4a72
