[INFO] cloning repository https://github.com/charleslukes/lodash-rust
[INFO] running `Command { std: "git" "-c" "credential.helper=" "-c" "credential.helper=/workspace/cargo-home/bin/git-credential-null" "clone" "--bare" "https://github.com/charleslukes/lodash-rust" "/workspace/cache/git-repos/https%3A%2F%2Fgithub.com%2Fcharleslukes%2Flodash-rust", kill_on_drop: false }`
[INFO] [stderr] Cloning into bare repository '/workspace/cache/git-repos/https%3A%2F%2Fgithub.com%2Fcharleslukes%2Flodash-rust'...
[INFO] running `Command { std: "git" "rev-parse" "HEAD", kill_on_drop: false }`
[INFO] [stdout] 1e136fb66d4a00cf6660b27c9f840420037f0a5e
[INFO] testing charleslukes/lodash-rust against 1.75.0 for beta-1.76-1
[INFO] running `Command { std: "git" "clone" "/workspace/cache/git-repos/https%3A%2F%2Fgithub.com%2Fcharleslukes%2Flodash-rust" "/workspace/builds/worker-2-tc1/source", kill_on_drop: false }`
[INFO] [stderr] Cloning into '/workspace/builds/worker-2-tc1/source'...
[INFO] [stderr] done.
[INFO] validating manifest of git repo https://github.com/charleslukes/lodash-rust on toolchain 1.75.0
[INFO] running `Command { std: CARGO_HOME="/workspace/cargo-home" RUSTUP_HOME="/workspace/rustup-home" "/workspace/cargo-home/bin/cargo" "+1.75.0" "metadata" "--manifest-path" "Cargo.toml" "--no-deps", kill_on_drop: false }`
[INFO] started tweaking git repo https://github.com/charleslukes/lodash-rust
[INFO] finished tweaking git repo https://github.com/charleslukes/lodash-rust
[INFO] tweaked toml for git repo https://github.com/charleslukes/lodash-rust written to /workspace/builds/worker-2-tc1/source/Cargo.toml
[INFO] crate git repo https://github.com/charleslukes/lodash-rust already has a lockfile, it will not be regenerated
[INFO] running `Command { std: CARGO_HOME="/workspace/cargo-home" RUSTUP_HOME="/workspace/rustup-home" "/workspace/cargo-home/bin/cargo" "+1.75.0" "fetch" "--manifest-path" "Cargo.toml", kill_on_drop: false }`
[INFO] running `Command { std: "docker" "create" "-v" "/var/lib/crater-agent-workspace/builds/worker-2-tc1/target:/opt/rustwide/target:rw,Z" "-v" "/var/lib/crater-agent-workspace/builds/worker-2-tc1/source:/opt/rustwide/workdir:ro,Z" "-v" "/var/lib/crater-agent-workspace/cargo-home:/opt/rustwide/cargo-home:ro,Z" "-v" "/var/lib/crater-agent-workspace/rustup-home:/opt/rustwide/rustup-home:ro,Z" "-e" "SOURCE_DIR=/opt/rustwide/workdir" "-e" "CARGO_TARGET_DIR=/opt/rustwide/target" "-e" "CARGO_HOME=/opt/rustwide/cargo-home" "-e" "RUSTUP_HOME=/opt/rustwide/rustup-home" "-w" "/opt/rustwide/workdir" "-m" "1610612736" "--user" "0:0" "--network" "none" "ghcr.io/rust-lang/crates-build-env/linux@sha256:2788e3201cd34a07e3172128adcd8b3090168a8e3bcc40d7c032b9dda1df7d1c" "/opt/rustwide/cargo-home/bin/cargo" "+1.75.0" "metadata" "--no-deps" "--format-version=1", kill_on_drop: false }`
[INFO] [stdout] 3def3d23059a44629ef56b391b6eb37462e22e51cb0200be896cccb45529fd05
[INFO] running `Command { std: "docker" "start" "-a" "3def3d23059a44629ef56b391b6eb37462e22e51cb0200be896cccb45529fd05", kill_on_drop: false }`
[INFO] running `Command { std: "docker" "inspect" "3def3d23059a44629ef56b391b6eb37462e22e51cb0200be896cccb45529fd05", kill_on_drop: false }`
[INFO] running `Command { std: "docker" "rm" "-f" "3def3d23059a44629ef56b391b6eb37462e22e51cb0200be896cccb45529fd05", kill_on_drop: false }`
[INFO] [stdout] 3def3d23059a44629ef56b391b6eb37462e22e51cb0200be896cccb45529fd05
[INFO] running `Command { std: "docker" "create" "-v" "/var/lib/crater-agent-workspace/builds/worker-2-tc1/target:/opt/rustwide/target:rw,Z" "-v" "/var/lib/crater-agent-workspace/builds/worker-2-tc1/source:/opt/rustwide/workdir:ro,Z" "-v" "/var/lib/crater-agent-workspace/cargo-home:/opt/rustwide/cargo-home:ro,Z" "-v" "/var/lib/crater-agent-workspace/rustup-home:/opt/rustwide/rustup-home:ro,Z" "-e" "SOURCE_DIR=/opt/rustwide/workdir" "-e" "CARGO_TARGET_DIR=/opt/rustwide/target" "-e" "CARGO_INCREMENTAL=0" "-e" "RUST_BACKTRACE=full" "-e" "RUSTFLAGS=--cap-lints=warn" "-e" "RUSTDOCFLAGS=--cap-lints=warn" "-e" "CARGO_HOME=/opt/rustwide/cargo-home" "-e" "RUSTUP_HOME=/opt/rustwide/rustup-home" "-w" "/opt/rustwide/workdir" "-m" "1610612736" "--user" "0:0" "--network" "none" "ghcr.io/rust-lang/crates-build-env/linux@sha256:2788e3201cd34a07e3172128adcd8b3090168a8e3bcc40d7c032b9dda1df7d1c" "/opt/rustwide/cargo-home/bin/cargo" "+1.75.0" "build" "--frozen" "--message-format=json", kill_on_drop: false }`
[INFO] [stdout] ae77d90db8e14e57ec2b9a82d5f573c3c8beb4eb6892b50c1fe51c9315708411
[INFO] running `Command { std: "docker" "start" "-a" "ae77d90db8e14e57ec2b9a82d5f573c3c8beb4eb6892b50c1fe51c9315708411", kill_on_drop: false }`
[INFO] [stderr]    Compiling memchr v2.5.0
[INFO] [stderr]    Compiling regex-syntax v0.7.2
[INFO] [stderr]    Compiling aho-corasick v1.0.1
[INFO] [stderr]    Compiling regex v1.8.3
[INFO] [stderr]    Compiling lodash_rust v0.1.2 (/opt/rustwide/workdir)
[INFO] [stderr]     Finished dev [unoptimized + debuginfo] target(s) in 4.02s
[INFO] running `Command { std: "docker" "inspect" "ae77d90db8e14e57ec2b9a82d5f573c3c8beb4eb6892b50c1fe51c9315708411", kill_on_drop: false }`
[INFO] running `Command { std: "docker" "rm" "-f" "ae77d90db8e14e57ec2b9a82d5f573c3c8beb4eb6892b50c1fe51c9315708411", kill_on_drop: false }`
[INFO] [stdout] ae77d90db8e14e57ec2b9a82d5f573c3c8beb4eb6892b50c1fe51c9315708411
[INFO] running `Command { std: "docker" "create" "-v" "/var/lib/crater-agent-workspace/builds/worker-2-tc1/target:/opt/rustwide/target:rw,Z" "-v" "/var/lib/crater-agent-workspace/builds/worker-2-tc1/source:/opt/rustwide/workdir:ro,Z" "-v" "/var/lib/crater-agent-workspace/cargo-home:/opt/rustwide/cargo-home:ro,Z" "-v" "/var/lib/crater-agent-workspace/rustup-home:/opt/rustwide/rustup-home:ro,Z" "-e" "SOURCE_DIR=/opt/rustwide/workdir" "-e" "CARGO_TARGET_DIR=/opt/rustwide/target" "-e" "CARGO_INCREMENTAL=0" "-e" "RUST_BACKTRACE=full" "-e" "RUSTFLAGS=--cap-lints=warn" "-e" "RUSTDOCFLAGS=--cap-lints=warn" "-e" "CARGO_HOME=/opt/rustwide/cargo-home" "-e" "RUSTUP_HOME=/opt/rustwide/rustup-home" "-w" "/opt/rustwide/workdir" "-m" "1610612736" "--user" "0:0" "--network" "none" "ghcr.io/rust-lang/crates-build-env/linux@sha256:2788e3201cd34a07e3172128adcd8b3090168a8e3bcc40d7c032b9dda1df7d1c" "/opt/rustwide/cargo-home/bin/cargo" "+1.75.0" "test" "--frozen" "--no-run" "--message-format=json", kill_on_drop: false }`
[INFO] [stdout] 2ad3ee415744221a17f9fcebfcff5040f19209c30e2b0ba2a13849b0065222a3
[INFO] running `Command { std: "docker" "start" "-a" "2ad3ee415744221a17f9fcebfcff5040f19209c30e2b0ba2a13849b0065222a3", kill_on_drop: false }`
[INFO] [stderr]    Compiling lodash_rust v0.1.2 (/opt/rustwide/workdir)
[INFO] [stderr]     Finished test [unoptimized + debuginfo] target(s) in 1.30s
[INFO] running `Command { std: "docker" "inspect" "2ad3ee415744221a17f9fcebfcff5040f19209c30e2b0ba2a13849b0065222a3", kill_on_drop: false }`
[INFO] running `Command { std: "docker" "rm" "-f" "2ad3ee415744221a17f9fcebfcff5040f19209c30e2b0ba2a13849b0065222a3", kill_on_drop: false }`
[INFO] [stdout] 2ad3ee415744221a17f9fcebfcff5040f19209c30e2b0ba2a13849b0065222a3
[INFO] running `Command { std: "docker" "create" "-v" "/var/lib/crater-agent-workspace/builds/worker-2-tc1/target:/opt/rustwide/target:rw,Z" "-v" "/var/lib/crater-agent-workspace/builds/worker-2-tc1/source:/opt/rustwide/workdir:ro,Z" "-v" "/var/lib/crater-agent-workspace/cargo-home:/opt/rustwide/cargo-home:ro,Z" "-v" "/var/lib/crater-agent-workspace/rustup-home:/opt/rustwide/rustup-home:ro,Z" "-e" "SOURCE_DIR=/opt/rustwide/workdir" "-e" "CARGO_TARGET_DIR=/opt/rustwide/target" "-e" "CARGO_INCREMENTAL=0" "-e" "RUST_BACKTRACE=full" "-e" "RUSTFLAGS=--cap-lints=warn" "-e" "RUSTDOCFLAGS=--cap-lints=warn" "-e" "CARGO_HOME=/opt/rustwide/cargo-home" "-e" "RUSTUP_HOME=/opt/rustwide/rustup-home" "-w" "/opt/rustwide/workdir" "-m" "1610612736" "--user" "0:0" "--network" "none" "ghcr.io/rust-lang/crates-build-env/linux@sha256:2788e3201cd34a07e3172128adcd8b3090168a8e3bcc40d7c032b9dda1df7d1c" "/opt/rustwide/cargo-home/bin/cargo" "+1.75.0" "test" "--frozen", kill_on_drop: false }`
[INFO] [stdout] bdcf2c99d6fc91ab373376c8a525e37918c222be1035bb7be8fb53153d834f15
[INFO] running `Command { std: "docker" "start" "-a" "bdcf2c99d6fc91ab373376c8a525e37918c222be1035bb7be8fb53153d834f15", kill_on_drop: false }`
[INFO] [stderr]     Finished test [unoptimized + debuginfo] target(s) in 0.00s
[INFO] [stderr]      Running unittests src/lib.rs (/opt/rustwide/target/debug/deps/lodash_rust-58f0828ea25c8cbd)
[INFO] [stdout] 
[INFO] [stdout] running 22 tests
[INFO] [stdout] test after::test_new ... ok
[INFO] [stdout] test capitalize::test_new ... ok
[INFO] [stdout] test cast_array::test_new ... ok
[INFO] [stdout] test chunk::test_new ... ok
[INFO] [stdout] test difference::test_new ... ok
[INFO] [stdout] test drop::test_new ... ok
[INFO] [stdout] test drop_right::test_new ... ok
[INFO] [stdout] test drop_right_while::test_new ... ok
[INFO] [stdout] test drop_while::test_new ... ok
[INFO] [stdout] test every::test_new ... ok
[INFO] [stdout] test every_value::test_new ... ok
[INFO] [stdout] test find_key::test_new ... ok
[INFO] [stdout] test find_last::test_new ... ok
[INFO] [stdout] test filter::test_new ... ok
[INFO] [stdout] test start_case::test_new ... ok
[INFO] [stdout] test find_last_index::test_new ... ok
[INFO] [stdout] test snake_case::test_new ... ok
[INFO] [stdout] test upper_first::test_new ... ok
[INFO] [stdout] test lower_case::test_new ... ok
[INFO] [stdout] test upper_case::test_new ... ok
[INFO] [stdout] test kebab_case::test_new ... ok
[INFO] [stdout] test camel_case::test_new ... ok
[INFO] [stdout] 
[INFO] [stdout] test result: ok. 22 passed; 0 failed; 0 ignored; 0 measured; 0 filtered out; finished in 0.03s
[INFO] [stdout] 
[INFO] [stderr]    Doc-tests lodash_rust
[INFO] [stdout] 
[INFO] [stdout] running 23 tests
[INFO] [stdout] test src/chunk.rs - chunk (line 6) ... FAILED
[INFO] [stdout] test src/after.rs - after (line 5) ... FAILED
[INFO] [stdout] test src/drop_right.rs - drop_right (line 4) ... FAILED
[INFO] [stdout] test src/drop.rs - drop (line 4) ... FAILED
[INFO] [stdout] test src/difference.rs - difference (line 8) ... FAILED
[INFO] [stdout] test src/find_last.rs - find_last (line 5) ... FAILED
[INFO] [stdout] test src/drop_while.rs - drop_while (line 5) ... FAILED
[INFO] [stdout] test src/find_last_index.rs - find_last_index (line 7) ... FAILED
[INFO] [stdout] test src/cast_array.rs - cast_array (line 4) ... FAILED
[INFO] [stdout] test src/find_key.rs - find_key (line 5) ... FAILED
[INFO] [stdout] test src/drop_right_while.rs - drop_right_while (line 5) ... FAILED
[INFO] [stdout] test src/filter.rs - filter (line 5) ... FAILED
[INFO] [stdout] test src/every_value.rs - every_value (line 10) ... FAILED
[INFO] [stdout] test src/upper_case.rs - upper_case (line 4) ... FAILED
[INFO] [stdout] test src/snake_case.rs - snake_case (line 4) ... FAILED
[INFO] [stdout] test src/upper_first.rs - upper_first (line 4) ... FAILED
[INFO] [stdout] test src/start_case.rs - start_case (line 4) ... FAILED
[INFO] [stdout] test src/lower_case.rs - lower_case (line 4) ... FAILED
[INFO] [stdout] test src/kebab_case.rs - kebab_case (line 6) ... FAILED
[INFO] [stdout] test src/every.rs - every (line 9) ... ok
[INFO] [stdout] test src/capitalize.rs - capitalize (line 4) ... ok
[INFO] [stdout] test src/lib.rs - (line 18) ... ok
[INFO] [stdout] test src/camel_case.rs - camel_case (line 4) ... ok
[INFO] [stdout] 
[INFO] [stdout] failures:
[INFO] [stdout] 
[INFO] [stdout] ---- src/chunk.rs - chunk (line 6) stdout ----
[INFO] [stdout] error[E0061]: this function takes 2 arguments but 1 argument was supplied
[INFO] [stdout]   --> src/chunk.rs:12:12
[INFO] [stdout]    |
[INFO] [stdout] 8  |  let res = chunk::new(numbers);
[INFO] [stdout]    |            ^^^^^^^^^^--------- an argument of type `usize` is missing
[INFO] [stdout]    |
[INFO] [stdout] note: function defined here
[INFO] [stdout]   --> /opt/rustwide/workdir/src/chunk.rs:18:8
[INFO] [stdout]    |
[INFO] [stdout] 18 | pub fn new<T: Clone + Debug>(arr: Vec<T>, size: usize) -> Vec<Vec<T>> {
[INFO] [stdout]    |        ^^^
[INFO] [stdout] help: provide the argument
[INFO] [stdout]    |
[INFO] [stdout] 8  |  let res = chunk::new(numbers, /* usize */);
[INFO] [stdout]    |                      ~~~~~~~~~~~~~~~~~~~~~~
[INFO] [stdout] 
[INFO] [stdout] error: aborting due to previous error
[INFO] [stdout] 
[INFO] [stdout] For more information about this error, try `rustc --explain E0061`.
[INFO] [stdout] Couldn't compile the test.
[INFO] [stdout] ---- src/after.rs - after (line 5) stdout ----
[INFO] [stdout] error: expected one of `::`, `;`, or `as`, found `{`
[INFO] [stdout]  --> src/after.rs:7:23
[INFO] [stdout]   |
[INFO] [stdout] 5 | use lodash_rust::after{After};
[INFO] [stdout]   |                       ^ expected one of `::`, `;`, or `as`
[INFO] [stdout] 
[INFO] [stdout] error: aborting due to previous error
[INFO] [stdout] 
[INFO] [stdout] Couldn't compile the test.
[INFO] [stdout] ---- src/drop_right.rs - drop_right (line 4) stdout ----
[INFO] [stdout] error[E0277]: `Vec<{integer}>` doesn't implement `std::fmt::Display`
[INFO] [stdout]  --> src/drop_right.rs:10:12
[INFO] [stdout]   |
[INFO] [stdout] 8 |  println!("{res}") // [1]
[INFO] [stdout]   |            ^^^^^ `Vec<{integer}>` cannot be formatted with the default formatter
[INFO] [stdout]   |
[INFO] [stdout]   = help: the trait `std::fmt::Display` is not implemented for `Vec<{integer}>`
[INFO] [stdout]   = note: in format strings you may be able to use `{:?}` (or {:#?} for pretty-print) instead
[INFO] [stdout]   = note: this error originates in the macro `$crate::format_args_nl` which comes from the expansion of the macro `println` (in Nightly builds, run with -Z macro-backtrace for more info)
[INFO] [stdout] 
[INFO] [stdout] error: aborting due to previous error
[INFO] [stdout] 
[INFO] [stdout] For more information about this error, try `rustc --explain E0277`.
[INFO] [stdout] Couldn't compile the test.
[INFO] [stdout] ---- src/drop.rs - drop (line 4) stdout ----
[INFO] [stdout] error[E0277]: `Vec<{integer}>` doesn't implement `std::fmt::Display`
[INFO] [stdout]  --> src/drop.rs:10:12
[INFO] [stdout]   |
[INFO] [stdout] 8 |  println!("{res}") // []
[INFO] [stdout]   |            ^^^^^ `Vec<{integer}>` cannot be formatted with the default formatter
[INFO] [stdout]   |
[INFO] [stdout]   = help: the trait `std::fmt::Display` is not implemented for `Vec<{integer}>`
[INFO] [stdout]   = note: in format strings you may be able to use `{:?}` (or {:#?} for pretty-print) instead
[INFO] [stdout]   = note: this error originates in the macro `$crate::format_args_nl` which comes from the expansion of the macro `println` (in Nightly builds, run with -Z macro-backtrace for more info)
[INFO] [stdout] 
[INFO] [stdout] error: aborting due to previous error
[INFO] [stdout] 
[INFO] [stdout] For more information about this error, try `rustc --explain E0277`.
[INFO] [stdout] Couldn't compile the test.
[INFO] [stdout] ---- src/difference.rs - difference (line 8) stdout ----
[INFO] [stdout] error[E0277]: `Vec<{integer}>` doesn't implement `std::fmt::Display`
[INFO] [stdout]   --> src/difference.rs:16:12
[INFO] [stdout]    |
[INFO] [stdout] 10 |  println!("{res}") // [1]
[INFO] [stdout]    |            ^^^^^ `Vec<{integer}>` cannot be formatted with the default formatter
[INFO] [stdout]    |
[INFO] [stdout]    = help: the trait `std::fmt::Display` is not implemented for `Vec<{integer}>`
[INFO] [stdout]    = note: in format strings you may be able to use `{:?}` (or {:#?} for pretty-print) instead
[INFO] [stdout]    = note: this error originates in the macro `$crate::format_args_nl` which comes from the expansion of the macro `println` (in Nightly builds, run with -Z macro-backtrace for more info)
[INFO] [stdout] 
[INFO] [stdout] error: aborting due to previous error
[INFO] [stdout] 
[INFO] [stdout] For more information about this error, try `rustc --explain E0277`.
[INFO] [stdout] Couldn't compile the test.
[INFO] [stdout] ---- src/find_last.rs - find_last (line 5) stdout ----
[INFO] [stdout] error[E0277]: `Option<i32>` doesn't implement `std::fmt::Display`
[INFO] [stdout]  --> src/find_last.rs:11:12
[INFO] [stdout]   |
[INFO] [stdout] 8 |  println!("{res}") // Some(3)
[INFO] [stdout]   |            ^^^^^ `Option<i32>` cannot be formatted with the default formatter
[INFO] [stdout]   |
[INFO] [stdout]   = help: the trait `std::fmt::Display` is not implemented for `Option<i32>`
[INFO] [stdout]   = note: in format strings you may be able to use `{:?}` (or {:#?} for pretty-print) instead
[INFO] [stdout]   = note: this error originates in the macro `$crate::format_args_nl` which comes from the expansion of the macro `println` (in Nightly builds, run with -Z macro-backtrace for more info)
[INFO] [stdout] 
[INFO] [stdout] error: aborting due to previous error
[INFO] [stdout] 
[INFO] [stdout] For more information about this error, try `rustc --explain E0277`.
[INFO] [stdout] Couldn't compile the test.
[INFO] [stdout] ---- src/drop_while.rs - drop_while (line 5) stdout ----
[INFO] [stdout] error[E0277]: `Vec<i32>` doesn't implement `std::fmt::Display`
[INFO] [stdout]  --> src/drop_while.rs:11:12
[INFO] [stdout]   |
[INFO] [stdout] 8 |  println!("{res}") // [3, 4]
[INFO] [stdout]   |            ^^^^^ `Vec<i32>` cannot be formatted with the default formatter
[INFO] [stdout]   |
[INFO] [stdout]   = help: the trait `std::fmt::Display` is not implemented for `Vec<i32>`
[INFO] [stdout]   = note: in format strings you may be able to use `{:?}` (or {:#?} for pretty-print) instead
[INFO] [stdout]   = note: this error originates in the macro `$crate::format_args_nl` which comes from the expansion of the macro `println` (in Nightly builds, run with -Z macro-backtrace for more info)
[INFO] [stdout] 
[INFO] [stdout] error: aborting due to previous error
[INFO] [stdout] 
[INFO] [stdout] For more information about this error, try `rustc --explain E0277`.
[INFO] [stdout] Couldn't compile the test.
[INFO] [stdout] ---- src/find_last_index.rs - find_last_index (line 7) stdout ----
[INFO] [stdout] error: expected `;`, found `println`
[INFO] [stdout]   --> src/find_last_index.rs:31:63
[INFO] [stdout]    |
[INFO] [stdout] 26 | let res = find_last_index::new(&all_persons, is_older_than_20)
[INFO] [stdout]    |                                                               ^ help: add `;` here
[INFO] [stdout] 27 | println!("{res}") // Some(2)
[INFO] [stdout]    | ------- unexpected token
[INFO] [stdout] 
[INFO] [stdout] error[E0277]: `Option<usize>` doesn't implement `std::fmt::Display`
[INFO] [stdout]   --> src/find_last_index.rs:32:11
[INFO] [stdout]    |
[INFO] [stdout] 27 | println!("{res}") // Some(2)
[INFO] [stdout]    |           ^^^^^ `Option<usize>` cannot be formatted with the default formatter
[INFO] [stdout]    |
[INFO] [stdout]    = help: the trait `std::fmt::Display` is not implemented for `Option<usize>`
[INFO] [stdout]    = note: in format strings you may be able to use `{:?}` (or {:#?} for pretty-print) instead
[INFO] [stdout]    = note: this error originates in the macro `$crate::format_args_nl` which comes from the expansion of the macro `println` (in Nightly builds, run with -Z macro-backtrace for more info)
[INFO] [stdout] 
[INFO] [stdout] error: aborting due to 2 previous errors
[INFO] [stdout] 
[INFO] [stdout] For more information about this error, try `rustc --explain E0277`.
[INFO] [stdout] Couldn't compile the test.
[INFO] [stdout] ---- src/cast_array.rs - cast_array (line 4) stdout ----
[INFO] [stdout] error[E0277]: `Vec<String>` doesn't implement `std::fmt::Display`
[INFO] [stdout]  --> src/cast_array.rs:11:12
[INFO] [stdout]   |
[INFO] [stdout] 9 |  println!("{res}") // ["hello world"]
[INFO] [stdout]   |            ^^^^^ `Vec<String>` cannot be formatted with the default formatter
[INFO] [stdout]   |
[INFO] [stdout]   = help: the trait `std::fmt::Display` is not implemented for `Vec<String>`
[INFO] [stdout]   = note: in format strings you may be able to use `{:?}` (or {:#?} for pretty-print) instead
[INFO] [stdout]   = note: this error originates in the macro `$crate::format_args_nl` which comes from the expansion of the macro `println` (in Nightly builds, run with -Z macro-backtrace for more info)
[INFO] [stdout] 
[INFO] [stdout] error: aborting due to previous error
[INFO] [stdout] 
[INFO] [stdout] For more information about this error, try `rustc --explain E0277`.
[INFO] [stdout] Couldn't compile the test.
[INFO] [stdout] ---- src/find_key.rs - find_key (line 5) stdout ----
[INFO] [stdout] error[E0412]: cannot find type `HashMap` in this scope
[INFO] [stdout]  --> src/find_key.rs:10:17
[INFO] [stdout]   |
[INFO] [stdout] 7 |    let mut map: HashMap<char, u64> = HashMap::new();
[INFO] [stdout]   |                 ^^^^^^^ not found in this scope
[INFO] [stdout]   |
[INFO] [stdout] help: consider importing this struct
[INFO] [stdout]   |
[INFO] [stdout] 4 + use std::collections::HashMap;
[INFO] [stdout]   |
[INFO] [stdout] 
[INFO] [stdout] error[E0433]: failed to resolve: use of undeclared type `HashMap`
[INFO] [stdout]  --> src/find_key.rs:10:38
[INFO] [stdout]   |
[INFO] [stdout] 7 |    let mut map: HashMap<char, u64> = HashMap::new();
[INFO] [stdout]   |                                      ^^^^^^^ use of undeclared type `HashMap`
[INFO] [stdout]   |
[INFO] [stdout] help: consider importing this struct
[INFO] [stdout]   |
[INFO] [stdout] 4 + use std::collections::HashMap;
[INFO] [stdout]   |
[INFO] [stdout] 
[INFO] [stdout] error[E0277]: `Option<_>` doesn't implement `std::fmt::Display`
[INFO] [stdout]   --> src/find_key.rs:16:14
[INFO] [stdout]    |
[INFO] [stdout] 13 |    println!("{res}") // Some('c')
[INFO] [stdout]    |              ^^^^^ `Option<_>` cannot be formatted with the default formatter
[INFO] [stdout]    |
[INFO] [stdout]    = help: the trait `std::fmt::Display` is not implemented for `Option<_>`
[INFO] [stdout]    = note: in format strings you may be able to use `{:?}` (or {:#?} for pretty-print) instead
[INFO] [stdout]    = note: this error originates in the macro `$crate::format_args_nl` which comes from the expansion of the macro `println` (in Nightly builds, run with -Z macro-backtrace for more info)
[INFO] [stdout] 
[INFO] [stdout] error: aborting due to 3 previous errors
[INFO] [stdout] 
[INFO] [stdout] Some errors have detailed explanations: E0277, E0412, E0433.
[INFO] [stdout] For more information about an error, try `rustc --explain E0277`.
[INFO] [stdout] Couldn't compile the test.
[INFO] [stdout] ---- src/drop_right_while.rs - drop_right_while (line 5) stdout ----
[INFO] [stdout] error[E0425]: cannot find function `new` in this scope
[INFO] [stdout]  --> src/drop_right_while.rs:10:34
[INFO] [stdout]   |
[INFO] [stdout] 7 |  let res = drop_right_while::new(new([1, 2, 3, 4].to_vec(), &|x: i32| x > 2));
[INFO] [stdout]   |                                  ^^^ not found in this scope
[INFO] [stdout]   |
[INFO] [stdout] help: consider importing one of these items
[INFO] [stdout]   |
[INFO] [stdout] 4 + use drop_right_while::new;
[INFO] [stdout]   |
[INFO] [stdout] 4 + use lodash_rust::camel_case::new;
[INFO] [stdout]   |
[INFO] [stdout] 4 + use lodash_rust::capitalize::new;
[INFO] [stdout]   |
[INFO] [stdout] 4 + use lodash_rust::cast_array::new;
[INFO] [stdout]   |
[INFO] [stdout]     and 17 other candidates
[INFO] [stdout] 
[INFO] [stdout] error[E0061]: this function takes 2 arguments but 1 argument was supplied
[INFO] [stdout]   --> src/drop_right_while.rs:10:12
[INFO] [stdout]    |
[INFO] [stdout] 7  |  let res = drop_right_while::new(new([1, 2, 3, 4].to_vec(), &|x: i32| x > 2));
[INFO] [stdout]    |            ^^^^^^^^^^^^^^^^^^^^^--------------------------------------------- an argument of type `&dyn Fn(_) -> bool` is missing
[INFO] [stdout]    |
[INFO] [stdout] note: function defined here
[INFO] [stdout]   --> /opt/rustwide/workdir/src/drop_right_while.rs:15:8
[INFO] [stdout]    |
[INFO] [stdout] 15 | pub fn new<T: Copy>(array: Vec<T>, f: &dyn Fn(T) -> bool) -> Vec<T> {
[INFO] [stdout]    |        ^^^
[INFO] [stdout] help: provide the argument
[INFO] [stdout]    |
[INFO] [stdout] 7  |  let res = drop_right_while::new(new([1, 2, 3, 4].to_vec(), &|x: i32| x > 2), /* f */);
[INFO] [stdout]    |                                 ~~~~~~~~~~~~~~~~~~~~~~~~~~~~~~~~~~~~~~~~~~~~~~~~~~~~~~
[INFO] [stdout] 
[INFO] [stdout] error[E0277]: `Vec<_>` doesn't implement `std::fmt::Display`
[INFO] [stdout]  --> src/drop_right_while.rs:11:12
[INFO] [stdout]   |
[INFO] [stdout] 8 |  println!("{res}") // [1, 2]
[INFO] [stdout]   |            ^^^^^ `Vec<_>` cannot be formatted with the default formatter
[INFO] [stdout]   |
[INFO] [stdout]   = help: the trait `std::fmt::Display` is not implemented for `Vec<_>`
[INFO] [stdout]   = note: in format strings you may be able to use `{:?}` (or {:#?} for pretty-print) instead
[INFO] [stdout]   = note: this error originates in the macro `$crate::format_args_nl` which comes from the expansion of the macro `println` (in Nightly builds, run with -Z macro-backtrace for more info)
[INFO] [stdout] 
[INFO] [stdout] error: aborting due to 3 previous errors
[INFO] [stdout] 
[INFO] [stdout] Some errors have detailed explanations: E0061, E0277, E0425.
[INFO] [stdout] For more information about an error, try `rustc --explain E0061`.
[INFO] [stdout] Couldn't compile the test.
[INFO] [stdout] ---- src/filter.rs - filter (line 5) stdout ----
[INFO] [stdout] error[E0277]: `Vec<i32>` doesn't implement `std::fmt::Display`
[INFO] [stdout]  --> src/filter.rs:11:12
[INFO] [stdout]   |
[INFO] [stdout] 8 |  println!("{res}") // [1, 2]
[INFO] [stdout]   |            ^^^^^ `Vec<i32>` cannot be formatted with the default formatter
[INFO] [stdout]   |
[INFO] [stdout]   = help: the trait `std::fmt::Display` is not implemented for `Vec<i32>`
[INFO] [stdout]   = note: in format strings you may be able to use `{:?}` (or {:#?} for pretty-print) instead
[INFO] [stdout]   = note: this error originates in the macro `$crate::format_args_nl` which comes from the expansion of the macro `println` (in Nightly builds, run with -Z macro-backtrace for more info)
[INFO] [stdout] 
[INFO] [stdout] error: aborting due to previous error
[INFO] [stdout] 
[INFO] [stdout] For more information about this error, try `rustc --explain E0277`.
[INFO] [stdout] Couldn't compile the test.
[INFO] [stdout] ---- src/every_value.rs - every_value (line 10) stdout ----
[INFO] [stdout] error[E0412]: cannot find type `HashMap` in this scope
[INFO] [stdout]  --> src/every_value.rs:15:17
[INFO] [stdout]   |
[INFO] [stdout] 7 |    let mut map: HashMap<char, u64> = HashMap::new();
[INFO] [stdout]   |                 ^^^^^^^ not found in this scope
[INFO] [stdout]   |
[INFO] [stdout] help: consider importing this struct
[INFO] [stdout]   |
[INFO] [stdout] 4 + use std::collections::HashMap;
[INFO] [stdout]   |
[INFO] [stdout] 
[INFO] [stdout] error[E0433]: failed to resolve: use of undeclared type `HashMap`
[INFO] [stdout]  --> src/every_value.rs:15:38
[INFO] [stdout]   |
[INFO] [stdout] 7 |    let mut map: HashMap<char, u64> = HashMap::new();
[INFO] [stdout]   |                                      ^^^^^^^ use of undeclared type `HashMap`
[INFO] [stdout]   |
[INFO] [stdout] help: consider importing this struct
[INFO] [stdout]   |
[INFO] [stdout] 4 + use std::collections::HashMap;
[INFO] [stdout]   |
[INFO] [stdout] 
[INFO] [stdout] error: aborting due to 2 previous errors
[INFO] [stdout] 
[INFO] [stdout] Some errors have detailed explanations: E0412, E0433.
[INFO] [stdout] For more information about an error, try `rustc --explain E0412`.
[INFO] [stdout] Couldn't compile the test.
[INFO] [stdout] ---- src/upper_case.rs - upper_case (line 4) stdout ----
[INFO] [stdout] error: expected `;`, found keyword `let`
[INFO] [stdout]  --> src/upper_case.rs:9:41
[INFO] [stdout]   |
[INFO] [stdout] 7 |  let value = String::from("--foo-bar--")
[INFO] [stdout]   |                                         ^ help: add `;` here
[INFO] [stdout] 8 |  let res = upper_case::new(value);
[INFO] [stdout]   |  --- unexpected token
[INFO] [stdout] 
[INFO] [stdout] error[E0308]: mismatched types
[INFO] [stdout]   --> src/upper_case.rs:10:28
[INFO] [stdout]    |
[INFO] [stdout] 8  |  let res = upper_case::new(value);
[INFO] [stdout]    |            --------------- ^^^^^ expected `&str`, found `String`
[INFO] [stdout]    |            |
[INFO] [stdout]    |            arguments to this function are incorrect
[INFO] [stdout]    |
[INFO] [stdout] note: function defined here
[INFO] [stdout]   --> /opt/rustwide/workdir/src/upper_case.rs:17:8
[INFO] [stdout]    |
[INFO] [stdout] 17 | pub fn new(s: &str) -> String {
[INFO] [stdout]    |        ^^^
[INFO] [stdout] help: consider borrowing here
[INFO] [stdout]    |
[INFO] [stdout] 8  |  let res = upper_case::new(&value);
[INFO] [stdout]    |                            +
[INFO] [stdout] 
[INFO] [stdout] error: aborting due to 2 previous errors
[INFO] [stdout] 
[INFO] [stdout] For more information about this error, try `rustc --explain E0308`.
[INFO] [stdout] Couldn't compile the test.
[INFO] [stdout] ---- src/snake_case.rs - snake_case (line 4) stdout ----
[INFO] [stdout] error: expected `;`, found keyword `let`
[INFO] [stdout]  --> src/snake_case.rs:9:37
[INFO] [stdout]   |
[INFO] [stdout] 7 |  let value = String::from("Foo Bar")
[INFO] [stdout]   |                                     ^ help: add `;` here
[INFO] [stdout] 8 |  let res = snake_case::new(value);
[INFO] [stdout]   |  --- unexpected token
[INFO] [stdout] 
[INFO] [stdout] error[E0308]: mismatched types
[INFO] [stdout]   --> src/snake_case.rs:10:28
[INFO] [stdout]    |
[INFO] [stdout] 8  |  let res = snake_case::new(value);
[INFO] [stdout]    |            --------------- ^^^^^ expected `&str`, found `String`
[INFO] [stdout]    |            |
[INFO] [stdout]    |            arguments to this function are incorrect
[INFO] [stdout]    |
[INFO] [stdout] note: function defined here
[INFO] [stdout]   --> /opt/rustwide/workdir/src/snake_case.rs:18:8
[INFO] [stdout]    |
[INFO] [stdout] 18 | pub fn new(s: &str) -> String {
[INFO] [stdout]    |        ^^^
[INFO] [stdout] help: consider borrowing here
[INFO] [stdout]    |
[INFO] [stdout] 8  |  let res = snake_case::new(&value);
[INFO] [stdout]    |                            +
[INFO] [stdout] 
[INFO] [stdout] error: aborting due to 2 previous errors
[INFO] [stdout] 
[INFO] [stdout] For more information about this error, try `rustc --explain E0308`.
[INFO] [stdout] Couldn't compile the test.
[INFO] [stdout] ---- src/upper_first.rs - upper_first (line 4) stdout ----
[INFO] [stdout] error: expected `;`, found keyword `let`
[INFO] [stdout]  --> src/upper_first.rs:9:33
[INFO] [stdout]   |
[INFO] [stdout] 7 |  let value = String::from("foo")
[INFO] [stdout]   |                                 ^ help: add `;` here
[INFO] [stdout] 8 |  let res = upper_first::new(value);
[INFO] [stdout]   |  --- unexpected token
[INFO] [stdout] 
[INFO] [stdout] error[E0308]: mismatched types
[INFO] [stdout]   --> src/upper_first.rs:10:29
[INFO] [stdout]    |
[INFO] [stdout] 8  |  let res = upper_first::new(value);
[INFO] [stdout]    |            ---------------- ^^^^^ expected `&str`, found `String`
[INFO] [stdout]    |            |
[INFO] [stdout]    |            arguments to this function are incorrect
[INFO] [stdout]    |
[INFO] [stdout] note: function defined here
[INFO] [stdout]   --> /opt/rustwide/workdir/src/upper_first.rs:17:8
[INFO] [stdout]    |
[INFO] [stdout] 17 | pub fn new(s: &str) -> String {
[INFO] [stdout]    |        ^^^
[INFO] [stdout] help: consider borrowing here
[INFO] [stdout]    |
[INFO] [stdout] 8  |  let res = upper_first::new(&value);
[INFO] [stdout]    |                             +
[INFO] [stdout] 
[INFO] [stdout] error: aborting due to 2 previous errors
[INFO] [stdout] 
[INFO] [stdout] For more information about this error, try `rustc --explain E0308`.
[INFO] [stdout] Couldn't compile the test.
[INFO] [stdout] ---- src/start_case.rs - start_case (line 4) stdout ----
[INFO] [stdout] error: expected `;`, found keyword `let`
[INFO] [stdout]  --> src/start_case.rs:9:41
[INFO] [stdout]   |
[INFO] [stdout] 7 |  let value = String::from("--foo-bar--")
[INFO] [stdout]   |                                         ^ help: add `;` here
[INFO] [stdout] 8 |  let res = start_case::new(value);
[INFO] [stdout]   |  --- unexpected token
[INFO] [stdout] 
[INFO] [stdout] error[E0308]: mismatched types
[INFO] [stdout]   --> src/start_case.rs:10:28
[INFO] [stdout]    |
[INFO] [stdout] 8  |  let res = start_case::new(value);
[INFO] [stdout]    |            --------------- ^^^^^ expected `&str`, found `String`
[INFO] [stdout]    |            |
[INFO] [stdout]    |            arguments to this function are incorrect
[INFO] [stdout]    |
[INFO] [stdout] note: function defined here
[INFO] [stdout]   --> /opt/rustwide/workdir/src/start_case.rs:17:8
[INFO] [stdout]    |
[INFO] [stdout] 17 | pub fn new(s: &str) -> String {
[INFO] [stdout]    |        ^^^
[INFO] [stdout] help: consider borrowing here
[INFO] [stdout]    |
[INFO] [stdout] 8  |  let res = start_case::new(&value);
[INFO] [stdout]    |                            +
[INFO] [stdout] 
[INFO] [stdout] error: aborting due to 2 previous errors
[INFO] [stdout] 
[INFO] [stdout] For more information about this error, try `rustc --explain E0308`.
[INFO] [stdout] Couldn't compile the test.
[INFO] [stdout] ---- src/lower_case.rs - lower_case (line 4) stdout ----
[INFO] [stdout] error: expected `;`, found keyword `let`
[INFO] [stdout]  --> src/lower_case.rs:9:41
[INFO] [stdout]   |
[INFO] [stdout] 7 |  let value = String::from("--foo-bar--")
[INFO] [stdout]   |                                         ^ help: add `;` here
[INFO] [stdout] 8 |  let res = lower_case::new(value);
[INFO] [stdout]   |  --- unexpected token
[INFO] [stdout] 
[INFO] [stdout] error[E0308]: mismatched types
[INFO] [stdout]   --> src/lower_case.rs:10:28
[INFO] [stdout]    |
[INFO] [stdout] 8  |  let res = lower_case::new(value);
[INFO] [stdout]    |            --------------- ^^^^^ expected `&str`, found `String`
[INFO] [stdout]    |            |
[INFO] [stdout]    |            arguments to this function are incorrect
[INFO] [stdout]    |
[INFO] [stdout] note: function defined here
[INFO] [stdout]   --> /opt/rustwide/workdir/src/lower_case.rs:17:8
[INFO] [stdout]    |
[INFO] [stdout] 17 | pub fn new(s: &str) -> String {
[INFO] [stdout]    |        ^^^
[INFO] [stdout] help: consider borrowing here
[INFO] [stdout]    |
[INFO] [stdout] 8  |  let res = lower_case::new(&value);
[INFO] [stdout]    |                            +
[INFO] [stdout] 
[INFO] [stdout] error: aborting due to 2 previous errors
[INFO] [stdout] 
[INFO] [stdout] For more information about this error, try `rustc --explain E0308`.
[INFO] [stdout] Couldn't compile the test.
[INFO] [stdout] ---- src/kebab_case.rs - kebab_case (line 6) stdout ----
[INFO] [stdout] error: expected `;`, found keyword `let`
[INFO] [stdout]  --> src/kebab_case.rs:11:37
[INFO] [stdout]   |
[INFO] [stdout] 7 |  let value = String::from("Foo Bar")
[INFO] [stdout]   |                                     ^ help: add `;` here
[INFO] [stdout] 8 |  let res = kebab_case::new(value);
[INFO] [stdout]   |  --- unexpected token
[INFO] [stdout] 
[INFO] [stdout] error[E0308]: mismatched types
[INFO] [stdout]   --> src/kebab_case.rs:12:28
[INFO] [stdout]    |
[INFO] [stdout] 8  |  let res = kebab_case::new(value);
[INFO] [stdout]    |            --------------- ^^^^^ expected `&str`, found `String`
[INFO] [stdout]    |            |
[INFO] [stdout]    |            arguments to this function are incorrect
[INFO] [stdout]    |
[INFO] [stdout] note: function defined here
[INFO] [stdout]   --> /opt/rustwide/workdir/src/kebab_case.rs:19:8
[INFO] [stdout]    |
[INFO] [stdout] 19 | pub fn new(s: &str) -> String {
[INFO] [stdout]    |        ^^^
[INFO] [stdout] help: consider borrowing here
[INFO] [stdout]    |
[INFO] [stdout] 8  |  let res = kebab_case::new(&value);
[INFO] [stdout]    |                            +
[INFO] [stdout] 
[INFO] [stdout] error: aborting due to 2 previous errors
[INFO] [stdout] 
[INFO] [stdout] For more information about this error, try `rustc --explain E0308`.
[INFO] [stdout] Couldn't compile the test.
[INFO] [stdout] 
[INFO] [stdout] failures:
[INFO] [stdout]     src/after.rs - after (line 5)
[INFO] [stdout]     src/cast_array.rs - cast_array (line 4)
[INFO] [stdout]     src/chunk.rs - chunk (line 6)
[INFO] [stdout]     src/difference.rs - difference (line 8)
[INFO] [stdout]     src/drop.rs - drop (line 4)
[INFO] [stdout]     src/drop_right.rs - drop_right (line 4)
[INFO] [stdout]     src/drop_right_while.rs - drop_right_while (line 5)
[INFO] [stdout]     src/drop_while.rs - drop_while (line 5)
[INFO] [stdout]     src/every_value.rs - every_value (line 10)
[INFO] [stdout]     src/filter.rs - filter (line 5)
[INFO] [stdout]     src/find_key.rs - find_key (line 5)
[INFO] [stdout]     src/find_last.rs - find_last (line 5)
[INFO] [stdout]     src/find_last_index.rs - find_last_index (line 7)
[INFO] [stdout]     src/kebab_case.rs - kebab_case (line 6)
[INFO] [stdout]     src/lower_case.rs - lower_case (line 4)
[INFO] [stdout]     src/snake_case.rs - snake_case (line 4)
[INFO] [stdout]     src/start_case.rs - start_case (line 4)
[INFO] [stdout]     src/upper_case.rs - upper_case (line 4)
[INFO] [stdout]     src/upper_first.rs - upper_first (line 4)
[INFO] [stdout] 
[INFO] [stdout] test result: FAILED. 4 passed; 19 failed; 0 ignored; 0 measured; 0 filtered out; finished in 0.69s
[INFO] [stdout] 
[INFO] [stderr] error: doctest failed, to rerun pass `--doc`
[INFO] running `Command { std: "docker" "inspect" "bdcf2c99d6fc91ab373376c8a525e37918c222be1035bb7be8fb53153d834f15", kill_on_drop: false }`
[INFO] running `Command { std: "docker" "rm" "-f" "bdcf2c99d6fc91ab373376c8a525e37918c222be1035bb7be8fb53153d834f15", kill_on_drop: false }`
[INFO] [stdout] bdcf2c99d6fc91ab373376c8a525e37918c222be1035bb7be8fb53153d834f15
[INFO] testing charleslukes/lodash-rust against beta-2023-12-22 for beta-1.76-1
[INFO] running `Command { std: "git" "clone" "/workspace/cache/git-repos/https%3A%2F%2Fgithub.com%2Fcharleslukes%2Flodash-rust" "/workspace/builds/worker-2-tc2/source", kill_on_drop: false }`
[INFO] [stderr] Cloning into '/workspace/builds/worker-2-tc2/source'...
[INFO] [stderr] done.
[INFO] validating manifest of git repo https://github.com/charleslukes/lodash-rust on toolchain beta-2023-12-22
[INFO] running `Command { std: CARGO_HOME="/workspace/cargo-home" RUSTUP_HOME="/workspace/rustup-home" "/workspace/cargo-home/bin/cargo" "+beta-2023-12-22" "metadata" "--manifest-path" "Cargo.toml" "--no-deps", kill_on_drop: false }`
[INFO] started tweaking git repo https://github.com/charleslukes/lodash-rust
[INFO] finished tweaking git repo https://github.com/charleslukes/lodash-rust
[INFO] tweaked toml for git repo https://github.com/charleslukes/lodash-rust written to /workspace/builds/worker-2-tc2/source/Cargo.toml
[INFO] crate git repo https://github.com/charleslukes/lodash-rust already has a lockfile, it will not be regenerated
[INFO] running `Command { std: CARGO_HOME="/workspace/cargo-home" RUSTUP_HOME="/workspace/rustup-home" "/workspace/cargo-home/bin/cargo" "+beta-2023-12-22" "fetch" "--manifest-path" "Cargo.toml", kill_on_drop: false }`
[INFO] running `Command { std: "docker" "create" "-v" "/var/lib/crater-agent-workspace/builds/worker-2-tc2/target:/opt/rustwide/target:rw,Z" "-v" "/var/lib/crater-agent-workspace/builds/worker-2-tc2/source:/opt/rustwide/workdir:ro,Z" "-v" "/var/lib/crater-agent-workspace/cargo-home:/opt/rustwide/cargo-home:ro,Z" "-v" "/var/lib/crater-agent-workspace/rustup-home:/opt/rustwide/rustup-home:ro,Z" "-e" "SOURCE_DIR=/opt/rustwide/workdir" "-e" "CARGO_TARGET_DIR=/opt/rustwide/target" "-e" "CARGO_HOME=/opt/rustwide/cargo-home" "-e" "RUSTUP_HOME=/opt/rustwide/rustup-home" "-w" "/opt/rustwide/workdir" "-m" "1610612736" "--user" "0:0" "--network" "none" "ghcr.io/rust-lang/crates-build-env/linux@sha256:2788e3201cd34a07e3172128adcd8b3090168a8e3bcc40d7c032b9dda1df7d1c" "/opt/rustwide/cargo-home/bin/cargo" "+beta-2023-12-22" "metadata" "--no-deps" "--format-version=1", kill_on_drop: false }`
[INFO] [stdout] 9e65fe0cc63e19fcc85c81fb28ee99449f3511551f50a611dcb9da4d8c71ea6d
[INFO] running `Command { std: "docker" "start" "-a" "9e65fe0cc63e19fcc85c81fb28ee99449f3511551f50a611dcb9da4d8c71ea6d", kill_on_drop: false }`
[INFO] running `Command { std: "docker" "inspect" "9e65fe0cc63e19fcc85c81fb28ee99449f3511551f50a611dcb9da4d8c71ea6d", kill_on_drop: false }`
[INFO] running `Command { std: "docker" "rm" "-f" "9e65fe0cc63e19fcc85c81fb28ee99449f3511551f50a611dcb9da4d8c71ea6d", kill_on_drop: false }`
[INFO] [stdout] 9e65fe0cc63e19fcc85c81fb28ee99449f3511551f50a611dcb9da4d8c71ea6d
[INFO] running `Command { std: "docker" "create" "-v" "/var/lib/crater-agent-workspace/builds/worker-2-tc2/target:/opt/rustwide/target:rw,Z" "-v" "/var/lib/crater-agent-workspace/builds/worker-2-tc2/source:/opt/rustwide/workdir:ro,Z" "-v" "/var/lib/crater-agent-workspace/cargo-home:/opt/rustwide/cargo-home:ro,Z" "-v" "/var/lib/crater-agent-workspace/rustup-home:/opt/rustwide/rustup-home:ro,Z" "-e" "SOURCE_DIR=/opt/rustwide/workdir" "-e" "CARGO_TARGET_DIR=/opt/rustwide/target" "-e" "CARGO_INCREMENTAL=0" "-e" "RUST_BACKTRACE=full" "-e" "RUSTFLAGS=--cap-lints=warn" "-e" "RUSTDOCFLAGS=--cap-lints=warn" "-e" "CARGO_HOME=/opt/rustwide/cargo-home" "-e" "RUSTUP_HOME=/opt/rustwide/rustup-home" "-w" "/opt/rustwide/workdir" "-m" "1610612736" "--user" "0:0" "--network" "none" "ghcr.io/rust-lang/crates-build-env/linux@sha256:2788e3201cd34a07e3172128adcd8b3090168a8e3bcc40d7c032b9dda1df7d1c" "/opt/rustwide/cargo-home/bin/cargo" "+beta-2023-12-22" "build" "--frozen" "--message-format=json", kill_on_drop: false }`
[INFO] [stdout] 1d315297cb8547d5aa57d2d5623c596d3dd58caeedd2aaae5e75fb291ad5570c
[INFO] running `Command { std: "docker" "start" "-a" "1d315297cb8547d5aa57d2d5623c596d3dd58caeedd2aaae5e75fb291ad5570c", kill_on_drop: false }`
[INFO] [stderr]    Compiling memchr v2.5.0
[INFO] [stderr]    Compiling regex-syntax v0.7.2
[INFO] [stderr]    Compiling aho-corasick v1.0.1
[INFO] [stderr]    Compiling regex v1.8.3
[INFO] [stderr]    Compiling lodash_rust v0.1.2 (/opt/rustwide/workdir)
[INFO] [stderr]     Finished dev [unoptimized + debuginfo] target(s) in 3.49s
[INFO] running `Command { std: "docker" "inspect" "1d315297cb8547d5aa57d2d5623c596d3dd58caeedd2aaae5e75fb291ad5570c", kill_on_drop: false }`
[INFO] running `Command { std: "docker" "rm" "-f" "1d315297cb8547d5aa57d2d5623c596d3dd58caeedd2aaae5e75fb291ad5570c", kill_on_drop: false }`
[INFO] [stdout] 1d315297cb8547d5aa57d2d5623c596d3dd58caeedd2aaae5e75fb291ad5570c
[INFO] running `Command { std: "docker" "create" "-v" "/var/lib/crater-agent-workspace/builds/worker-2-tc2/target:/opt/rustwide/target:rw,Z" "-v" "/var/lib/crater-agent-workspace/builds/worker-2-tc2/source:/opt/rustwide/workdir:ro,Z" "-v" "/var/lib/crater-agent-workspace/cargo-home:/opt/rustwide/cargo-home:ro,Z" "-v" "/var/lib/crater-agent-workspace/rustup-home:/opt/rustwide/rustup-home:ro,Z" "-e" "SOURCE_DIR=/opt/rustwide/workdir" "-e" "CARGO_TARGET_DIR=/opt/rustwide/target" "-e" "CARGO_INCREMENTAL=0" "-e" "RUST_BACKTRACE=full" "-e" "RUSTFLAGS=--cap-lints=warn" "-e" "RUSTDOCFLAGS=--cap-lints=warn" "-e" "CARGO_HOME=/opt/rustwide/cargo-home" "-e" "RUSTUP_HOME=/opt/rustwide/rustup-home" "-w" "/opt/rustwide/workdir" "-m" "1610612736" "--user" "0:0" "--network" "none" "ghcr.io/rust-lang/crates-build-env/linux@sha256:2788e3201cd34a07e3172128adcd8b3090168a8e3bcc40d7c032b9dda1df7d1c" "/opt/rustwide/cargo-home/bin/cargo" "+beta-2023-12-22" "test" "--frozen" "--no-run" "--message-format=json", kill_on_drop: false }`
[INFO] [stdout] a6da489b59dd0261c58f53f682c96f9897a83fb835ba1d3acfaf18a9bd0e3777
[INFO] running `Command { std: "docker" "start" "-a" "a6da489b59dd0261c58f53f682c96f9897a83fb835ba1d3acfaf18a9bd0e3777", kill_on_drop: false }`
[INFO] [stderr]    Compiling lodash_rust v0.1.2 (/opt/rustwide/workdir)
[INFO] [stderr]     Finished test [unoptimized + debuginfo] target(s) in 0.82s
[INFO] running `Command { std: "docker" "inspect" "a6da489b59dd0261c58f53f682c96f9897a83fb835ba1d3acfaf18a9bd0e3777", kill_on_drop: false }`
[INFO] running `Command { std: "docker" "rm" "-f" "a6da489b59dd0261c58f53f682c96f9897a83fb835ba1d3acfaf18a9bd0e3777", kill_on_drop: false }`
[INFO] [stdout] a6da489b59dd0261c58f53f682c96f9897a83fb835ba1d3acfaf18a9bd0e3777
[INFO] running `Command { std: "docker" "create" "-v" "/var/lib/crater-agent-workspace/builds/worker-2-tc2/target:/opt/rustwide/target:rw,Z" "-v" "/var/lib/crater-agent-workspace/builds/worker-2-tc2/source:/opt/rustwide/workdir:ro,Z" "-v" "/var/lib/crater-agent-workspace/cargo-home:/opt/rustwide/cargo-home:ro,Z" "-v" "/var/lib/crater-agent-workspace/rustup-home:/opt/rustwide/rustup-home:ro,Z" "-e" "SOURCE_DIR=/opt/rustwide/workdir" "-e" "CARGO_TARGET_DIR=/opt/rustwide/target" "-e" "CARGO_INCREMENTAL=0" "-e" "RUST_BACKTRACE=full" "-e" "RUSTFLAGS=--cap-lints=warn" "-e" "RUSTDOCFLAGS=--cap-lints=warn" "-e" "CARGO_HOME=/opt/rustwide/cargo-home" "-e" "RUSTUP_HOME=/opt/rustwide/rustup-home" "-w" "/opt/rustwide/workdir" "-m" "1610612736" "--user" "0:0" "--network" "none" "ghcr.io/rust-lang/crates-build-env/linux@sha256:2788e3201cd34a07e3172128adcd8b3090168a8e3bcc40d7c032b9dda1df7d1c" "/opt/rustwide/cargo-home/bin/cargo" "+beta-2023-12-22" "test" "--frozen", kill_on_drop: false }`
[INFO] [stdout] 2fedeae912612dac61b84da1e86df6ede5d516a653150bcbe70aa7dae8419e3f
[INFO] running `Command { std: "docker" "start" "-a" "2fedeae912612dac61b84da1e86df6ede5d516a653150bcbe70aa7dae8419e3f", kill_on_drop: false }`
[INFO] [stderr]     Finished test [unoptimized + debuginfo] target(s) in 0.01s
[INFO] [stderr]      Running unittests src/lib.rs (/opt/rustwide/target/debug/deps/lodash_rust-08c1401fcb78d3d3)
[INFO] [stdout] 
[INFO] [stdout] running 22 tests
[INFO] [stdout] test after::test_new ... ok
[INFO] [stdout] test capitalize::test_new ... ok
[INFO] [stdout] test chunk::test_new ... ok
[INFO] [stdout] test drop::test_new ... ok
[INFO] [stdout] test difference::test_new ... ok
[INFO] [stdout] test cast_array::test_new ... ok
[INFO] [stdout] test drop_right_while::test_new ... ok
[INFO] [stdout] test drop_while::test_new ... ok
[INFO] [stdout] test drop_right::test_new ... ok
[INFO] [stdout] test every::test_new ... ok
[INFO] [stdout] test every_value::test_new ... ok
[INFO] [stdout] test filter::test_new ... ok
[INFO] [stdout] test find_last::test_new ... ok
[INFO] [stdout] test find_last_index::test_new ... ok
[INFO] [stdout] test upper_first::test_new ... ok
[INFO] [stdout] test upper_case::test_new ... ok
[INFO] [stdout] test lower_case::test_new ... ok
[INFO] [stdout] test start_case::test_new ... ok
[INFO] [stdout] test kebab_case::test_new ... ok
[INFO] [stdout] test snake_case::test_new ... ok
[INFO] [stdout] test find_key::test_new ... FAILED
[INFO] [stdout] test camel_case::test_new ... ok
[INFO] [stdout] 
[INFO] [stdout] failures:
[INFO] [stdout] 
[INFO] [stdout] ---- find_key::test_new stdout ----
[INFO] [stdout] thread 'find_key::test_new' panicked at src/find_key.rs:37:5:
[INFO] [stdout] assertion `left == right` failed
[INFO] [stdout]   left: Some('a')
[INFO] [stdout]  right: Some('c')
[INFO] [stdout] stack backtrace:
[INFO] [stdout]    0:     0x5590be293506 - std::backtrace_rs::backtrace::libunwind::trace::h261606ad26a499c1
[INFO] [stdout]                                at /rustc/0e09125c6c3c2fd70d7de961bcf0e51575235fad/library/std/src/../../backtrace/src/backtrace/libunwind.rs:104:5
[INFO] [stdout]    1:     0x5590be293506 - std::backtrace_rs::backtrace::trace_unsynchronized::hd183f0625477fb28
[INFO] [stdout]                                at /rustc/0e09125c6c3c2fd70d7de961bcf0e51575235fad/library/std/src/../../backtrace/src/backtrace/mod.rs:66:5
[INFO] [stdout]    2:     0x5590be293506 - std::sys_common::backtrace::_print_fmt::hd7f8fef21b4eda67
[INFO] [stdout]                                at /rustc/0e09125c6c3c2fd70d7de961bcf0e51575235fad/library/std/src/sys_common/backtrace.rs:68:5
[INFO] [stdout]    3:     0x5590be293506 - <std::sys_common::backtrace::_print::DisplayBacktrace as core::fmt::Display>::fmt::h623d9b51f2f453f1
[INFO] [stdout]                                at /rustc/0e09125c6c3c2fd70d7de961bcf0e51575235fad/library/std/src/sys_common/backtrace.rs:44:22
[INFO] [stdout]    4:     0x5590be2bd270 - core::fmt::rt::Argument::fmt::h9f417ac76a86f368
[INFO] [stdout]                                at /rustc/0e09125c6c3c2fd70d7de961bcf0e51575235fad/library/core/src/fmt/rt.rs:142:9
[INFO] [stdout]    5:     0x5590be2bd270 - core::fmt::write::hc9b6faf4ac2aeff7
[INFO] [stdout]                                at /rustc/0e09125c6c3c2fd70d7de961bcf0e51575235fad/library/core/src/fmt/mod.rs:1120:17
[INFO] [stdout]    6:     0x5590be290f6f - std::io::Write::write_fmt::he04625a3a989fec3
[INFO] [stdout]                                at /rustc/0e09125c6c3c2fd70d7de961bcf0e51575235fad/library/std/src/io/mod.rs:1810:15
[INFO] [stdout]    7:     0x5590be2932e4 - std::sys_common::backtrace::_print::hd5d66399c7df88a2
[INFO] [stdout]                                at /rustc/0e09125c6c3c2fd70d7de961bcf0e51575235fad/library/std/src/sys_common/backtrace.rs:47:5
[INFO] [stdout]    8:     0x5590be2932e4 - std::sys_common::backtrace::print::he81ed2da642d37e5
[INFO] [stdout]                                at /rustc/0e09125c6c3c2fd70d7de961bcf0e51575235fad/library/std/src/sys_common/backtrace.rs:34:9
[INFO] [stdout]    9:     0x5590be295057 - std::panicking::default_hook::{{closure}}::h85773f4fa117163d
[INFO] [stdout]   10:     0x5590be294d3d - std::panicking::default_hook::h6a1694a91d09b278
[INFO] [stdout]                                at /rustc/0e09125c6c3c2fd70d7de961bcf0e51575235fad/library/std/src/panicking.rs:289:9
[INFO] [stdout]   11:     0x5590be077cd7 - <alloc::boxed::Box<F,A> as core::ops::function::Fn<Args>>::call::h616ac37fa3cd6c8f
[INFO] [stdout]                                at /rustc/0e09125c6c3c2fd70d7de961bcf0e51575235fad/library/alloc/src/boxed.rs:2029:9
[INFO] [stdout]   12:     0x5590be077cd7 - test::test_main::{{closure}}::h00d84697cefdcbb6
[INFO] [stdout]                                at /rustc/0e09125c6c3c2fd70d7de961bcf0e51575235fad/library/test/src/lib.rs:138:21
[INFO] [stdout]   13:     0x5590be295676 - <alloc::boxed::Box<F,A> as core::ops::function::Fn<Args>>::call::hcb3fe3b9bb537ba8
[INFO] [stdout]                                at /rustc/0e09125c6c3c2fd70d7de961bcf0e51575235fad/library/alloc/src/boxed.rs:2029:9
[INFO] [stdout]   14:     0x5590be295676 - std::panicking::rust_panic_with_hook::h0a7ad96e90f7145b
[INFO] [stdout]                                at /rustc/0e09125c6c3c2fd70d7de961bcf0e51575235fad/library/std/src/panicking.rs:783:13
[INFO] [stdout]   15:     0x5590be2953c2 - std::panicking::begin_panic_handler::{{closure}}::h7919090525c6485e
[INFO] [stdout]                                at /rustc/0e09125c6c3c2fd70d7de961bcf0e51575235fad/library/std/src/panicking.rs:657:13
[INFO] [stdout]   16:     0x5590be293a06 - std::sys_common::backtrace::__rust_end_short_backtrace::hf3289479464f7dfe
[INFO] [stdout]                                at /rustc/0e09125c6c3c2fd70d7de961bcf0e51575235fad/library/std/src/sys_common/backtrace.rs:171:18
[INFO] [stdout]   17:     0x5590be295120 - rust_begin_unwind
[INFO] [stdout]                                at /rustc/0e09125c6c3c2fd70d7de961bcf0e51575235fad/library/std/src/panicking.rs:645:5
[INFO] [stdout]   18:     0x5590be022285 - core::panicking::panic_fmt::hcc9f77c5c132af55
[INFO] [stdout]                                at /rustc/0e09125c6c3c2fd70d7de961bcf0e51575235fad/library/core/src/panicking.rs:72:14
[INFO] [stdout]   19:     0x5590be0226fb - core::panicking::assert_failed_inner::h9f13e27dd63c3a08
[INFO] [stdout]                                at /rustc/0e09125c6c3c2fd70d7de961bcf0e51575235fad/library/core/src/panicking.rs:342:17
[INFO] [stdout]   20:     0x5590be02b2ee - core::panicking::assert_failed::h9c59c64345108db3
[INFO] [stdout]                                at /rustc/0e09125c6c3c2fd70d7de961bcf0e51575235fad/library/core/src/panicking.rs:297:5
[INFO] [stdout]   21:     0x5590be0301ac - lodash_rust::find_key::test_new::hc6e8c541fabdc42f
[INFO] [stdout]                                at /opt/rustwide/workdir/src/find_key.rs:37:5
[INFO] [stdout]   22:     0x5590be030077 - lodash_rust::find_key::test_new::{{closure}}::hfa1b1d3929ad2614
[INFO] [stdout]                                at /opt/rustwide/workdir/src/find_key.rs:31:14
[INFO] [stdout]   23:     0x5590be0296f6 - core::ops::function::FnOnce::call_once::h3fc1c54fd2038ef7
[INFO] [stdout]                                at /rustc/0e09125c6c3c2fd70d7de961bcf0e51575235fad/library/core/src/ops/function.rs:250:5
[INFO] [stdout]   24:     0x5590be07d5af - core::ops::function::FnOnce::call_once::hd64d26f405258157
[INFO] [stdout]                                at /rustc/0e09125c6c3c2fd70d7de961bcf0e51575235fad/library/core/src/ops/function.rs:250:5
[INFO] [stdout]   25:     0x5590be07d5af - test::__rust_begin_short_backtrace::he21b0b7a6d731bf9
[INFO] [stdout]                                at /rustc/0e09125c6c3c2fd70d7de961bcf0e51575235fad/library/test/src/lib.rs:627:18
[INFO] [stdout]   26:     0x5590be07c331 - test::run_test_in_process::{{closure}}::hf5c73986d7bdfde2
[INFO] [stdout]                                at /rustc/0e09125c6c3c2fd70d7de961bcf0e51575235fad/library/test/src/lib.rs:650:60
[INFO] [stdout]   27:     0x5590be07c331 - <core::panic::unwind_safe::AssertUnwindSafe<F> as core::ops::function::FnOnce<()>>::call_once::h330011ad032aadc0
[INFO] [stdout]                                at /rustc/0e09125c6c3c2fd70d7de961bcf0e51575235fad/library/core/src/panic/unwind_safe.rs:272:9
[INFO] [stdout]   28:     0x5590be07c331 - std::panicking::try::do_call::he61b0a958b795a41
[INFO] [stdout]                                at /rustc/0e09125c6c3c2fd70d7de961bcf0e51575235fad/library/std/src/panicking.rs:552:40
[INFO] [stdout]   29:     0x5590be07c331 - std::panicking::try::h7309da130f906eb7
[INFO] [stdout]                                at /rustc/0e09125c6c3c2fd70d7de961bcf0e51575235fad/library/std/src/panicking.rs:516:19
[INFO] [stdout]   30:     0x5590be07c331 - std::panic::catch_unwind::hc5c3a06fdaf0a92a
[INFO] [stdout]                                at /rustc/0e09125c6c3c2fd70d7de961bcf0e51575235fad/library/std/src/panic.rs:142:14
[INFO] [stdout]   31:     0x5590be07c331 - test::run_test_in_process::h7e7b7c71c3324e0f
[INFO] [stdout]                                at /rustc/0e09125c6c3c2fd70d7de961bcf0e51575235fad/library/test/src/lib.rs:650:27
[INFO] [stdout]   32:     0x5590be07c331 - test::run_test::{{closure}}::h1f509f28f5cf20b1
[INFO] [stdout]                                at /rustc/0e09125c6c3c2fd70d7de961bcf0e51575235fad/library/test/src/lib.rs:573:43
[INFO] [stdout]   33:     0x5590be043666 - test::run_test::{{closure}}::h1754218abf443f6d
[INFO] [stdout]                                at /rustc/0e09125c6c3c2fd70d7de961bcf0e51575235fad/library/test/src/lib.rs:601:41
[INFO] [stdout]   34:     0x5590be043666 - std::sys_common::backtrace::__rust_begin_short_backtrace::h2ee174b9d5954948
[INFO] [stdout]                                at /rustc/0e09125c6c3c2fd70d7de961bcf0e51575235fad/library/std/src/sys_common/backtrace.rs:155:18
[INFO] [stdout]   35:     0x5590be0486c7 - std::thread::Builder::spawn_unchecked_::{{closure}}::{{closure}}::hf60bee9c1a17ef09
[INFO] [stdout]                                at /rustc/0e09125c6c3c2fd70d7de961bcf0e51575235fad/library/std/src/thread/mod.rs:529:17
[INFO] [stdout]   36:     0x5590be0486c7 - <core::panic::unwind_safe::AssertUnwindSafe<F> as core::ops::function::FnOnce<()>>::call_once::h33d0dddec5216160
[INFO] [stdout]                                at /rustc/0e09125c6c3c2fd70d7de961bcf0e51575235fad/library/core/src/panic/unwind_safe.rs:272:9
[INFO] [stdout]   37:     0x5590be0486c7 - std::panicking::try::do_call::h144b3048b546f835
[INFO] [stdout]                                at /rustc/0e09125c6c3c2fd70d7de961bcf0e51575235fad/library/std/src/panicking.rs:552:40
[INFO] [stdout]   38:     0x5590be0486c7 - std::panicking::try::h978244d04646189f
[INFO] [stdout]                                at /rustc/0e09125c6c3c2fd70d7de961bcf0e51575235fad/library/std/src/panicking.rs:516:19
[INFO] [stdout]   39:     0x5590be0486c7 - std::panic::catch_unwind::hdf436369d188fe86
[INFO] [stdout]                                at /rustc/0e09125c6c3c2fd70d7de961bcf0e51575235fad/library/std/src/panic.rs:142:14
[INFO] [stdout]   40:     0x5590be0486c7 - std::thread::Builder::spawn_unchecked_::{{closure}}::h87329cbdd33c79ec
[INFO] [stdout]                                at /rustc/0e09125c6c3c2fd70d7de961bcf0e51575235fad/library/std/src/thread/mod.rs:528:30
[INFO] [stdout]   41:     0x5590be0486c7 - core::ops::function::FnOnce::call_once{{vtable.shim}}::h401abbe67897d450
[INFO] [stdout]                                at /rustc/0e09125c6c3c2fd70d7de961bcf0e51575235fad/library/core/src/ops/function.rs:250:5
[INFO] [stdout]   42:     0x5590be29a125 - <alloc::boxed::Box<F,A> as core::ops::function::FnOnce<Args>>::call_once::h5d7c8f150ab9c84c
[INFO] [stdout]                                at /rustc/0e09125c6c3c2fd70d7de961bcf0e51575235fad/library/alloc/src/boxed.rs:2015:9
[INFO] [stdout]   43:     0x5590be29a125 - <alloc::boxed::Box<F,A> as core::ops::function::FnOnce<Args>>::call_once::h570d5b005c242c15
[INFO] [stdout]                                at /rustc/0e09125c6c3c2fd70d7de961bcf0e51575235fad/library/alloc/src/boxed.rs:2015:9
[INFO] [stdout]   44:     0x5590be29a125 - std::sys::unix::thread::Thread::new::thread_start::h36b0a20c0b2361ad
[INFO] [stdout]                                at /rustc/0e09125c6c3c2fd70d7de961bcf0e51575235fad/library/std/src/sys/unix/thread.rs:108:17
[INFO] [stdout]   45:     0x7f8f94e39ac3 - <unknown>
[INFO] [stdout]   46:     0x7f8f94ecabf4 - __clone
[INFO] [stdout]   47:                0x0 - <unknown>
[INFO] [stdout] 
[INFO] [stdout] 
[INFO] [stdout] failures:
[INFO] [stdout]     find_key::test_new
[INFO] [stdout] 
[INFO] [stdout] test result: FAILED. 21 passed; 1 failed; 0 ignored; 0 measured; 0 filtered out; finished in 0.02s
[INFO] [stdout] 
[INFO] [stderr] error: test failed, to rerun pass `--lib`
[INFO] running `Command { std: "docker" "inspect" "2fedeae912612dac61b84da1e86df6ede5d516a653150bcbe70aa7dae8419e3f", kill_on_drop: false }`
[INFO] running `Command { std: "docker" "rm" "-f" "2fedeae912612dac61b84da1e86df6ede5d516a653150bcbe70aa7dae8419e3f", kill_on_drop: false }`
[INFO] [stdout] 2fedeae912612dac61b84da1e86df6ede5d516a653150bcbe70aa7dae8419e3f
