[INFO] cloning repository https://github.com/cedar12/east_plugin
[INFO] running `Command { std: "git" "-c" "credential.helper=" "-c" "credential.helper=/workspace/cargo-home/bin/git-credential-null" "clone" "--bare" "https://github.com/cedar12/east_plugin" "/workspace/cache/git-repos/https%3A%2F%2Fgithub.com%2Fcedar12%2Feast_plugin", kill_on_drop: false }`
[INFO] [stderr] Cloning into bare repository '/workspace/cache/git-repos/https%3A%2F%2Fgithub.com%2Fcedar12%2Feast_plugin'...
[INFO] running `Command { std: "git" "rev-parse" "HEAD", kill_on_drop: false }`
[INFO] [stdout] 10fe951e0df4cf2c67960e36291330c05865d589
[INFO] testing cedar12/east_plugin against 1.75.0 for beta-1.76-1
[INFO] running `Command { std: "git" "clone" "/workspace/cache/git-repos/https%3A%2F%2Fgithub.com%2Fcedar12%2Feast_plugin" "/workspace/builds/worker-5-tc1/source", kill_on_drop: false }`
[INFO] [stderr] Cloning into '/workspace/builds/worker-5-tc1/source'...
[INFO] [stderr] done.
[INFO] validating manifest of git repo https://github.com/cedar12/east_plugin on toolchain 1.75.0
[INFO] running `Command { std: CARGO_HOME="/workspace/cargo-home" RUSTUP_HOME="/workspace/rustup-home" "/workspace/cargo-home/bin/cargo" "+1.75.0" "metadata" "--manifest-path" "Cargo.toml" "--no-deps", kill_on_drop: false }`
[INFO] started tweaking git repo https://github.com/cedar12/east_plugin
[INFO] finished tweaking git repo https://github.com/cedar12/east_plugin
[INFO] tweaked toml for git repo https://github.com/cedar12/east_plugin written to /workspace/builds/worker-5-tc1/source/Cargo.toml
[INFO] crate git repo https://github.com/cedar12/east_plugin already has a lockfile, it will not be regenerated
[INFO] running `Command { std: CARGO_HOME="/workspace/cargo-home" RUSTUP_HOME="/workspace/rustup-home" "/workspace/cargo-home/bin/cargo" "+1.75.0" "fetch" "--manifest-path" "Cargo.toml", kill_on_drop: false }`
[INFO] [stderr]  Downloading crates ...
[INFO] [stderr]   Downloaded syn v2.0.7
[INFO] running `Command { std: "docker" "create" "-v" "/var/lib/crater-agent-workspace/builds/worker-5-tc1/target:/opt/rustwide/target:rw,Z" "-v" "/var/lib/crater-agent-workspace/builds/worker-5-tc1/source:/opt/rustwide/workdir:ro,Z" "-v" "/var/lib/crater-agent-workspace/cargo-home:/opt/rustwide/cargo-home:ro,Z" "-v" "/var/lib/crater-agent-workspace/rustup-home:/opt/rustwide/rustup-home:ro,Z" "-e" "SOURCE_DIR=/opt/rustwide/workdir" "-e" "CARGO_TARGET_DIR=/opt/rustwide/target" "-e" "CARGO_HOME=/opt/rustwide/cargo-home" "-e" "RUSTUP_HOME=/opt/rustwide/rustup-home" "-w" "/opt/rustwide/workdir" "-m" "1610612736" "--user" "0:0" "--network" "none" "ghcr.io/rust-lang/crates-build-env/linux@sha256:2788e3201cd34a07e3172128adcd8b3090168a8e3bcc40d7c032b9dda1df7d1c" "/opt/rustwide/cargo-home/bin/cargo" "+1.75.0" "metadata" "--no-deps" "--format-version=1", kill_on_drop: false }`
[INFO] [stdout] 9f099112882dc22e18516444fb748cd3948fc489713a2f971f70fbcfd355cd95
[INFO] running `Command { std: "docker" "start" "-a" "9f099112882dc22e18516444fb748cd3948fc489713a2f971f70fbcfd355cd95", kill_on_drop: false }`
[INFO] running `Command { std: "docker" "inspect" "9f099112882dc22e18516444fb748cd3948fc489713a2f971f70fbcfd355cd95", kill_on_drop: false }`
[INFO] running `Command { std: "docker" "rm" "-f" "9f099112882dc22e18516444fb748cd3948fc489713a2f971f70fbcfd355cd95", kill_on_drop: false }`
[INFO] [stdout] 9f099112882dc22e18516444fb748cd3948fc489713a2f971f70fbcfd355cd95
[INFO] running `Command { std: "docker" "create" "-v" "/var/lib/crater-agent-workspace/builds/worker-5-tc1/target:/opt/rustwide/target:rw,Z" "-v" "/var/lib/crater-agent-workspace/builds/worker-5-tc1/source:/opt/rustwide/workdir:ro,Z" "-v" "/var/lib/crater-agent-workspace/cargo-home:/opt/rustwide/cargo-home:ro,Z" "-v" "/var/lib/crater-agent-workspace/rustup-home:/opt/rustwide/rustup-home:ro,Z" "-e" "SOURCE_DIR=/opt/rustwide/workdir" "-e" "CARGO_TARGET_DIR=/opt/rustwide/target" "-e" "CARGO_INCREMENTAL=0" "-e" "RUST_BACKTRACE=full" "-e" "RUSTFLAGS=--cap-lints=warn" "-e" "RUSTDOCFLAGS=--cap-lints=warn" "-e" "CARGO_HOME=/opt/rustwide/cargo-home" "-e" "RUSTUP_HOME=/opt/rustwide/rustup-home" "-w" "/opt/rustwide/workdir" "-m" "1610612736" "--user" "0:0" "--network" "none" "ghcr.io/rust-lang/crates-build-env/linux@sha256:2788e3201cd34a07e3172128adcd8b3090168a8e3bcc40d7c032b9dda1df7d1c" "/opt/rustwide/cargo-home/bin/cargo" "+1.75.0" "build" "--frozen" "--message-format=json", kill_on_drop: false }`
[INFO] [stdout] 51f1680d551deb85651b99b852dd550f3bd08746f22afb1943e255388accbf91
[INFO] running `Command { std: "docker" "start" "-a" "51f1680d551deb85651b99b852dd550f3bd08746f22afb1943e255388accbf91", kill_on_drop: false }`
[INFO] [stderr]    Compiling proc-macro2 v1.0.53
[INFO] [stderr]    Compiling unicode-ident v1.0.8
[INFO] [stderr]    Compiling quote v1.0.26
[INFO] [stderr]    Compiling serde_derive v1.0.158
[INFO] [stderr]    Compiling serde v1.0.158
[INFO] [stderr]    Compiling anyhow v1.0.70
[INFO] [stderr]    Compiling serde_json v1.0.94
[INFO] [stderr]    Compiling itoa v1.0.6
[INFO] [stderr]    Compiling ryu v1.0.13
[INFO] [stderr]    Compiling syn v2.0.7
[INFO] [stderr]    Compiling east_plugin v0.1.0 (/opt/rustwide/workdir)
[INFO] [stderr]     Finished dev [unoptimized + debuginfo] target(s) in 6.76s
[INFO] running `Command { std: "docker" "inspect" "51f1680d551deb85651b99b852dd550f3bd08746f22afb1943e255388accbf91", kill_on_drop: false }`
[INFO] running `Command { std: "docker" "rm" "-f" "51f1680d551deb85651b99b852dd550f3bd08746f22afb1943e255388accbf91", kill_on_drop: false }`
[INFO] [stdout] 51f1680d551deb85651b99b852dd550f3bd08746f22afb1943e255388accbf91
[INFO] running `Command { std: "docker" "create" "-v" "/var/lib/crater-agent-workspace/builds/worker-5-tc1/target:/opt/rustwide/target:rw,Z" "-v" "/var/lib/crater-agent-workspace/builds/worker-5-tc1/source:/opt/rustwide/workdir:ro,Z" "-v" "/var/lib/crater-agent-workspace/cargo-home:/opt/rustwide/cargo-home:ro,Z" "-v" "/var/lib/crater-agent-workspace/rustup-home:/opt/rustwide/rustup-home:ro,Z" "-e" "SOURCE_DIR=/opt/rustwide/workdir" "-e" "CARGO_TARGET_DIR=/opt/rustwide/target" "-e" "CARGO_INCREMENTAL=0" "-e" "RUST_BACKTRACE=full" "-e" "RUSTFLAGS=--cap-lints=warn" "-e" "RUSTDOCFLAGS=--cap-lints=warn" "-e" "CARGO_HOME=/opt/rustwide/cargo-home" "-e" "RUSTUP_HOME=/opt/rustwide/rustup-home" "-w" "/opt/rustwide/workdir" "-m" "1610612736" "--user" "0:0" "--network" "none" "ghcr.io/rust-lang/crates-build-env/linux@sha256:2788e3201cd34a07e3172128adcd8b3090168a8e3bcc40d7c032b9dda1df7d1c" "/opt/rustwide/cargo-home/bin/cargo" "+1.75.0" "test" "--frozen" "--no-run" "--message-format=json", kill_on_drop: false }`
[INFO] [stdout] 96f52a63c67fd4e254608a3dad77bc2b036fe42560b850c374a92c867ce6b7a9
[INFO] running `Command { std: "docker" "start" "-a" "96f52a63c67fd4e254608a3dad77bc2b036fe42560b850c374a92c867ce6b7a9", kill_on_drop: false }`
[INFO] [stderr]    Compiling east_plugin v0.1.0 (/opt/rustwide/workdir)
[INFO] [stderr]     Finished test [unoptimized + debuginfo] target(s) in 0.25s
[INFO] running `Command { std: "docker" "inspect" "96f52a63c67fd4e254608a3dad77bc2b036fe42560b850c374a92c867ce6b7a9", kill_on_drop: false }`
[INFO] running `Command { std: "docker" "rm" "-f" "96f52a63c67fd4e254608a3dad77bc2b036fe42560b850c374a92c867ce6b7a9", kill_on_drop: false }`
[INFO] [stdout] 96f52a63c67fd4e254608a3dad77bc2b036fe42560b850c374a92c867ce6b7a9
[INFO] running `Command { std: "docker" "create" "-v" "/var/lib/crater-agent-workspace/builds/worker-5-tc1/target:/opt/rustwide/target:rw,Z" "-v" "/var/lib/crater-agent-workspace/builds/worker-5-tc1/source:/opt/rustwide/workdir:ro,Z" "-v" "/var/lib/crater-agent-workspace/cargo-home:/opt/rustwide/cargo-home:ro,Z" "-v" "/var/lib/crater-agent-workspace/rustup-home:/opt/rustwide/rustup-home:ro,Z" "-e" "SOURCE_DIR=/opt/rustwide/workdir" "-e" "CARGO_TARGET_DIR=/opt/rustwide/target" "-e" "CARGO_INCREMENTAL=0" "-e" "RUST_BACKTRACE=full" "-e" "RUSTFLAGS=--cap-lints=warn" "-e" "RUSTDOCFLAGS=--cap-lints=warn" "-e" "CARGO_HOME=/opt/rustwide/cargo-home" "-e" "RUSTUP_HOME=/opt/rustwide/rustup-home" "-w" "/opt/rustwide/workdir" "-m" "1610612736" "--user" "0:0" "--network" "none" "ghcr.io/rust-lang/crates-build-env/linux@sha256:2788e3201cd34a07e3172128adcd8b3090168a8e3bcc40d7c032b9dda1df7d1c" "/opt/rustwide/cargo-home/bin/cargo" "+1.75.0" "test" "--frozen", kill_on_drop: false }`
[INFO] [stdout] 851c0b80d8039ab00bb0c5906a3afb37815c3a260e97c74997ee8d397f15bdb6
[INFO] running `Command { std: "docker" "start" "-a" "851c0b80d8039ab00bb0c5906a3afb37815c3a260e97c74997ee8d397f15bdb6", kill_on_drop: false }`
[INFO] [stderr]     Finished test [unoptimized + debuginfo] target(s) in 0.01s
[INFO] [stderr]      Running unittests src/lib.rs (/opt/rustwide/target/debug/deps/east_plugin-a487a5e9ee36937f)
[INFO] [stdout] 
[INFO] [stdout] running 0 tests
[INFO] [stdout] 
[INFO] [stdout] test result: ok. 0 passed; 0 failed; 0 ignored; 0 measured; 0 filtered out; finished in 0.00s
[INFO] [stdout] 
[INFO] [stderr]    Doc-tests east_plugin
[INFO] [stdout] 
[INFO] [stdout] running 2 tests
[INFO] [stdout] test src/plugin.rs - plugin::DatabasePlugin (line 43) ... FAILED
[INFO] [stdout] test src/plugin.rs - plugin::Plugin (line 6) ... FAILED
[INFO] [stdout] 
[INFO] [stdout] failures:
[INFO] [stdout] 
[INFO] [stdout] ---- src/plugin.rs - plugin::DatabasePlugin (line 43) stdout ----
[INFO] [stdout] error[E0405]: cannot find trait `DatabasePlugin` in this scope
[INFO] [stdout]  --> src/plugin.rs:46:6
[INFO] [stdout]   |
[INFO] [stdout] 5 | impl DatabasePlugin for YourPlugin{
[INFO] [stdout]   |      ^^^^^^^^^^^^^^ not found in this scope
[INFO] [stdout]   |
[INFO] [stdout] help: consider importing this trait
[INFO] [stdout]   |
[INFO] [stdout] 2 + use east_plugin::plugin::DatabasePlugin;
[INFO] [stdout]   |
[INFO] [stdout] 
[INFO] [stdout] error[E0405]: cannot find trait `DatabasePlugin` in this scope
[INFO] [stdout]  --> src/plugin.rs:50:40
[INFO] [stdout]   |
[INFO] [stdout] 9 | pub extern "C" fn create() -> *mut dyn DatabasePlugin {
[INFO] [stdout]   |                                        ^^^^^^^^^^^^^^ not found in this scope
[INFO] [stdout]   |
[INFO] [stdout] help: consider importing this trait
[INFO] [stdout]   |
[INFO] [stdout] 2 + use east_plugin::plugin::DatabasePlugin;
[INFO] [stdout]   |
[INFO] [stdout] 
[INFO] [stdout] error[E0423]: expected value, found struct `YourPlugin`
[INFO] [stdout]   --> src/plugin.rs:51:26
[INFO] [stdout]    |
[INFO] [stdout] 3  | struct YourPlugin{}
[INFO] [stdout]    | ------------------- `YourPlugin` defined here
[INFO] [stdout] ...
[INFO] [stdout] 10 |   Box::into_raw(Box::new(YourPlugin)) as *mut dyn DatabasePlugin
[INFO] [stdout]    |                          ^^^^^^^^^^ help: use struct literal syntax instead: `YourPlugin {}`
[INFO] [stdout] 
[INFO] [stdout] error[E0405]: cannot find trait `DatabasePlugin` in this scope
[INFO] [stdout]   --> src/plugin.rs:51:51
[INFO] [stdout]    |
[INFO] [stdout] 10 |   Box::into_raw(Box::new(YourPlugin)) as *mut dyn DatabasePlugin
[INFO] [stdout]    |                                                   ^^^^^^^^^^^^^^ not found in this scope
[INFO] [stdout]    |
[INFO] [stdout] help: consider importing this trait
[INFO] [stdout]    |
[INFO] [stdout] 2  + use east_plugin::plugin::DatabasePlugin;
[INFO] [stdout]    |
[INFO] [stdout] 
[INFO] [stdout] error: aborting due to 4 previous errors
[INFO] [stdout] 
[INFO] [stdout] Some errors have detailed explanations: E0405, E0423.
[INFO] [stdout] For more information about an error, try `rustc --explain E0405`.
[INFO] [stdout] Couldn't compile the test.
[INFO] [stdout] ---- src/plugin.rs - plugin::Plugin (line 6) stdout ----
[INFO] [stdout] error[E0405]: cannot find trait `Plugin` in this scope
[INFO] [stdout]  --> src/plugin.rs:9:6
[INFO] [stdout]   |
[INFO] [stdout] 6 | impl Plugin for YourPlugin{
[INFO] [stdout]   |      ^^^^^^ not found in this scope
[INFO] [stdout]   |
[INFO] [stdout] help: consider importing this trait
[INFO] [stdout]   |
[INFO] [stdout] 2 + use east_plugin::plugin::Plugin;
[INFO] [stdout]   |
[INFO] [stdout] 
[INFO] [stdout] error[E0433]: failed to resolve: use of undeclared type `Type`
[INFO] [stdout]   --> src/plugin.rs:24:3
[INFO] [stdout]    |
[INFO] [stdout] 21 |   Type::DatabasePlugin
[INFO] [stdout]    |   ^^^^ use of undeclared type `Type`
[INFO] [stdout]    |
[INFO] [stdout] help: consider importing this enum
[INFO] [stdout]    |
[INFO] [stdout] 2  + use east_plugin::plugin::Type;
[INFO] [stdout]    |
[INFO] [stdout] 
[INFO] [stdout] error[E0405]: cannot find trait `Plugin` in this scope
[INFO] [stdout]   --> src/plugin.rs:29:41
[INFO] [stdout]    |
[INFO] [stdout] 26 | pub extern "C" fn install() -> *mut dyn Plugin {
[INFO] [stdout]    |                                         ^^^^^^ not found in this scope
[INFO] [stdout]    |
[INFO] [stdout] help: consider importing this trait
[INFO] [stdout]    |
[INFO] [stdout] 2  + use east_plugin::plugin::Plugin;
[INFO] [stdout]    |
[INFO] [stdout] 
[INFO] [stdout] error[E0423]: expected value, found struct `YourPlugin`
[INFO] [stdout]   --> src/plugin.rs:30:26
[INFO] [stdout]    |
[INFO] [stdout] 5  | struct YourPlugin{}
[INFO] [stdout]    | ------------------- `YourPlugin` defined here
[INFO] [stdout] ...
[INFO] [stdout] 27 |   Box::into_raw(Box::new(YourPlugin)) as *mut dyn Plugin
[INFO] [stdout]    |                          ^^^^^^^^^^ help: use struct literal syntax instead: `YourPlugin {}`
[INFO] [stdout] 
[INFO] [stdout] error[E0405]: cannot find trait `Plugin` in this scope
[INFO] [stdout]   --> src/plugin.rs:30:51
[INFO] [stdout]    |
[INFO] [stdout] 27 |   Box::into_raw(Box::new(YourPlugin)) as *mut dyn Plugin
[INFO] [stdout]    |                                                   ^^^^^^ not found in this scope
[INFO] [stdout]    |
[INFO] [stdout] help: consider importing this trait
[INFO] [stdout]    |
[INFO] [stdout] 2  + use east_plugin::plugin::Plugin;
[INFO] [stdout]    |
[INFO] [stdout] 
[INFO] [stdout] error: aborting due to 5 previous errors
[INFO] [stdout] 
[INFO] [stdout] Some errors have detailed explanations: E0405, E0423, E0433.
[INFO] [stdout] For more information about an error, try `rustc --explain E0405`.
[INFO] [stdout] Couldn't compile the test.
[INFO] [stdout] 
[INFO] [stdout] failures:
[INFO] [stdout]     src/plugin.rs - plugin::DatabasePlugin (line 43)
[INFO] [stdout]     src/plugin.rs - plugin::Plugin (line 6)
[INFO] [stdout] 
[INFO] [stdout] test result: FAILED. 0 passed; 2 failed; 0 ignored; 0 measured; 0 filtered out; finished in 0.05s
[INFO] [stdout] 
[INFO] [stderr] error: doctest failed, to rerun pass `--doc`
[INFO] running `Command { std: "docker" "inspect" "851c0b80d8039ab00bb0c5906a3afb37815c3a260e97c74997ee8d397f15bdb6", kill_on_drop: false }`
[INFO] running `Command { std: "docker" "rm" "-f" "851c0b80d8039ab00bb0c5906a3afb37815c3a260e97c74997ee8d397f15bdb6", kill_on_drop: false }`
[INFO] [stdout] 851c0b80d8039ab00bb0c5906a3afb37815c3a260e97c74997ee8d397f15bdb6
[INFO] testing cedar12/east_plugin against beta-2023-12-22 for beta-1.76-1
[INFO] running `Command { std: "git" "clone" "/workspace/cache/git-repos/https%3A%2F%2Fgithub.com%2Fcedar12%2Feast_plugin" "/workspace/builds/worker-5-tc2/source", kill_on_drop: false }`
[INFO] [stderr] Cloning into '/workspace/builds/worker-5-tc2/source'...
[INFO] [stderr] done.
[INFO] validating manifest of git repo https://github.com/cedar12/east_plugin on toolchain beta-2023-12-22
[INFO] running `Command { std: CARGO_HOME="/workspace/cargo-home" RUSTUP_HOME="/workspace/rustup-home" "/workspace/cargo-home/bin/cargo" "+beta-2023-12-22" "metadata" "--manifest-path" "Cargo.toml" "--no-deps", kill_on_drop: false }`
[INFO] started tweaking git repo https://github.com/cedar12/east_plugin
[INFO] finished tweaking git repo https://github.com/cedar12/east_plugin
[INFO] tweaked toml for git repo https://github.com/cedar12/east_plugin written to /workspace/builds/worker-5-tc2/source/Cargo.toml
[INFO] crate git repo https://github.com/cedar12/east_plugin already has a lockfile, it will not be regenerated
[INFO] running `Command { std: CARGO_HOME="/workspace/cargo-home" RUSTUP_HOME="/workspace/rustup-home" "/workspace/cargo-home/bin/cargo" "+beta-2023-12-22" "fetch" "--manifest-path" "Cargo.toml", kill_on_drop: false }`
[INFO] running `Command { std: "docker" "create" "-v" "/var/lib/crater-agent-workspace/builds/worker-5-tc2/target:/opt/rustwide/target:rw,Z" "-v" "/var/lib/crater-agent-workspace/builds/worker-5-tc2/source:/opt/rustwide/workdir:ro,Z" "-v" "/var/lib/crater-agent-workspace/cargo-home:/opt/rustwide/cargo-home:ro,Z" "-v" "/var/lib/crater-agent-workspace/rustup-home:/opt/rustwide/rustup-home:ro,Z" "-e" "SOURCE_DIR=/opt/rustwide/workdir" "-e" "CARGO_TARGET_DIR=/opt/rustwide/target" "-e" "CARGO_HOME=/opt/rustwide/cargo-home" "-e" "RUSTUP_HOME=/opt/rustwide/rustup-home" "-w" "/opt/rustwide/workdir" "-m" "1610612736" "--user" "0:0" "--network" "none" "ghcr.io/rust-lang/crates-build-env/linux@sha256:2788e3201cd34a07e3172128adcd8b3090168a8e3bcc40d7c032b9dda1df7d1c" "/opt/rustwide/cargo-home/bin/cargo" "+beta-2023-12-22" "metadata" "--no-deps" "--format-version=1", kill_on_drop: false }`
[INFO] [stdout] db1574648d45df63ab7f952618b996a4e1be04c144e284b018f5c94f9d4a0c26
[INFO] running `Command { std: "docker" "start" "-a" "db1574648d45df63ab7f952618b996a4e1be04c144e284b018f5c94f9d4a0c26", kill_on_drop: false }`
[INFO] running `Command { std: "docker" "inspect" "db1574648d45df63ab7f952618b996a4e1be04c144e284b018f5c94f9d4a0c26", kill_on_drop: false }`
[INFO] running `Command { std: "docker" "rm" "-f" "db1574648d45df63ab7f952618b996a4e1be04c144e284b018f5c94f9d4a0c26", kill_on_drop: false }`
[INFO] [stdout] db1574648d45df63ab7f952618b996a4e1be04c144e284b018f5c94f9d4a0c26
[INFO] running `Command { std: "docker" "create" "-v" "/var/lib/crater-agent-workspace/builds/worker-5-tc2/target:/opt/rustwide/target:rw,Z" "-v" "/var/lib/crater-agent-workspace/builds/worker-5-tc2/source:/opt/rustwide/workdir:ro,Z" "-v" "/var/lib/crater-agent-workspace/cargo-home:/opt/rustwide/cargo-home:ro,Z" "-v" "/var/lib/crater-agent-workspace/rustup-home:/opt/rustwide/rustup-home:ro,Z" "-e" "SOURCE_DIR=/opt/rustwide/workdir" "-e" "CARGO_TARGET_DIR=/opt/rustwide/target" "-e" "CARGO_INCREMENTAL=0" "-e" "RUST_BACKTRACE=full" "-e" "RUSTFLAGS=--cap-lints=warn" "-e" "RUSTDOCFLAGS=--cap-lints=warn" "-e" "CARGO_HOME=/opt/rustwide/cargo-home" "-e" "RUSTUP_HOME=/opt/rustwide/rustup-home" "-w" "/opt/rustwide/workdir" "-m" "1610612736" "--user" "0:0" "--network" "none" "ghcr.io/rust-lang/crates-build-env/linux@sha256:2788e3201cd34a07e3172128adcd8b3090168a8e3bcc40d7c032b9dda1df7d1c" "/opt/rustwide/cargo-home/bin/cargo" "+beta-2023-12-22" "build" "--frozen" "--message-format=json", kill_on_drop: false }`
[INFO] [stdout] 041d505cbf7efbd6eb223b4fca1ae1014f3fd32cf0645772f76f795db47d3d7c
[INFO] running `Command { std: "docker" "start" "-a" "041d505cbf7efbd6eb223b4fca1ae1014f3fd32cf0645772f76f795db47d3d7c", kill_on_drop: false }`
[INFO] [stderr]    Compiling proc-macro2 v1.0.53
[INFO] [stderr]    Compiling quote v1.0.26
[INFO] [stderr]    Compiling unicode-ident v1.0.8
[INFO] [stderr]    Compiling serde_derive v1.0.158
[INFO] [stderr]    Compiling serde v1.0.158
[INFO] [stderr]    Compiling serde_json v1.0.94
[INFO] [stderr]    Compiling anyhow v1.0.70
[INFO] [stderr]    Compiling itoa v1.0.6
[INFO] [stderr]    Compiling ryu v1.0.13
[INFO] [stderr]    Compiling syn v2.0.7
[INFO] [stderr]    Compiling east_plugin v0.1.0 (/opt/rustwide/workdir)
[INFO] [stderr]     Finished dev [unoptimized + debuginfo] target(s) in 6.55s
[INFO] running `Command { std: "docker" "inspect" "041d505cbf7efbd6eb223b4fca1ae1014f3fd32cf0645772f76f795db47d3d7c", kill_on_drop: false }`
[INFO] running `Command { std: "docker" "rm" "-f" "041d505cbf7efbd6eb223b4fca1ae1014f3fd32cf0645772f76f795db47d3d7c", kill_on_drop: false }`
[INFO] [stdout] 041d505cbf7efbd6eb223b4fca1ae1014f3fd32cf0645772f76f795db47d3d7c
[INFO] running `Command { std: "docker" "create" "-v" "/var/lib/crater-agent-workspace/builds/worker-5-tc2/target:/opt/rustwide/target:rw,Z" "-v" "/var/lib/crater-agent-workspace/builds/worker-5-tc2/source:/opt/rustwide/workdir:ro,Z" "-v" "/var/lib/crater-agent-workspace/cargo-home:/opt/rustwide/cargo-home:ro,Z" "-v" "/var/lib/crater-agent-workspace/rustup-home:/opt/rustwide/rustup-home:ro,Z" "-e" "SOURCE_DIR=/opt/rustwide/workdir" "-e" "CARGO_TARGET_DIR=/opt/rustwide/target" "-e" "CARGO_INCREMENTAL=0" "-e" "RUST_BACKTRACE=full" "-e" "RUSTFLAGS=--cap-lints=warn" "-e" "RUSTDOCFLAGS=--cap-lints=warn" "-e" "CARGO_HOME=/opt/rustwide/cargo-home" "-e" "RUSTUP_HOME=/opt/rustwide/rustup-home" "-w" "/opt/rustwide/workdir" "-m" "1610612736" "--user" "0:0" "--network" "none" "ghcr.io/rust-lang/crates-build-env/linux@sha256:2788e3201cd34a07e3172128adcd8b3090168a8e3bcc40d7c032b9dda1df7d1c" "/opt/rustwide/cargo-home/bin/cargo" "+beta-2023-12-22" "test" "--frozen" "--no-run" "--message-format=json", kill_on_drop: false }`
[INFO] [stdout] a9ccb5c100dfc02288d972aee05d203931aa400ea217338c5696c6e78dcd9fc5
[INFO] running `Command { std: "docker" "start" "-a" "a9ccb5c100dfc02288d972aee05d203931aa400ea217338c5696c6e78dcd9fc5", kill_on_drop: false }`
[INFO] [stderr]    Compiling east_plugin v0.1.0 (/opt/rustwide/workdir)
[INFO] [stderr]     Finished test [unoptimized + debuginfo] target(s) in 0.25s
[INFO] running `Command { std: "docker" "inspect" "a9ccb5c100dfc02288d972aee05d203931aa400ea217338c5696c6e78dcd9fc5", kill_on_drop: false }`
[INFO] running `Command { std: "docker" "rm" "-f" "a9ccb5c100dfc02288d972aee05d203931aa400ea217338c5696c6e78dcd9fc5", kill_on_drop: false }`
[INFO] [stdout] a9ccb5c100dfc02288d972aee05d203931aa400ea217338c5696c6e78dcd9fc5
[INFO] running `Command { std: "docker" "create" "-v" "/var/lib/crater-agent-workspace/builds/worker-5-tc2/target:/opt/rustwide/target:rw,Z" "-v" "/var/lib/crater-agent-workspace/builds/worker-5-tc2/source:/opt/rustwide/workdir:ro,Z" "-v" "/var/lib/crater-agent-workspace/cargo-home:/opt/rustwide/cargo-home:ro,Z" "-v" "/var/lib/crater-agent-workspace/rustup-home:/opt/rustwide/rustup-home:ro,Z" "-e" "SOURCE_DIR=/opt/rustwide/workdir" "-e" "CARGO_TARGET_DIR=/opt/rustwide/target" "-e" "CARGO_INCREMENTAL=0" "-e" "RUST_BACKTRACE=full" "-e" "RUSTFLAGS=--cap-lints=warn" "-e" "RUSTDOCFLAGS=--cap-lints=warn" "-e" "CARGO_HOME=/opt/rustwide/cargo-home" "-e" "RUSTUP_HOME=/opt/rustwide/rustup-home" "-w" "/opt/rustwide/workdir" "-m" "1610612736" "--user" "0:0" "--network" "none" "ghcr.io/rust-lang/crates-build-env/linux@sha256:2788e3201cd34a07e3172128adcd8b3090168a8e3bcc40d7c032b9dda1df7d1c" "/opt/rustwide/cargo-home/bin/cargo" "+beta-2023-12-22" "test" "--frozen", kill_on_drop: false }`
[INFO] [stdout] d37504b07107a2c6076b8a54bfeef0f9a0df590b0da5cc35a6e60299d1a728d2
[INFO] running `Command { std: "docker" "start" "-a" "d37504b07107a2c6076b8a54bfeef0f9a0df590b0da5cc35a6e60299d1a728d2", kill_on_drop: false }`
[INFO] [stderr]     Finished test [unoptimized + debuginfo] target(s) in 0.01s
[INFO] [stderr]      Running unittests src/lib.rs (/opt/rustwide/target/debug/deps/east_plugin-3f2601077319c97f)
[INFO] [stdout] 
[INFO] [stdout] running 0 tests
[INFO] [stdout] 
[INFO] [stdout] test result: ok. 0 passed; 0 failed; 0 ignored; 0 measured; 0 filtered out; finished in 0.00s
[INFO] [stdout] 
[INFO] [stderr]    Doc-tests east_plugin
[INFO] [stdout] 
[INFO] [stdout] running 2 tests
[INFO] [stdout] test src/plugin.rs - plugin::DatabasePlugin (line 43) ... FAILED
[INFO] [stdout] test src/plugin.rs - plugin::Plugin (line 6) ... FAILED
[INFO] [stdout] 
[INFO] [stdout] failures:
[INFO] [stdout] 
[INFO] [stdout] ---- src/plugin.rs - plugin::DatabasePlugin (line 43) stdout ----
[INFO] [stdout] error[E0405]: cannot find trait `DatabasePlugin` in this scope
[INFO] [stdout]  --> src/plugin.rs:46:6
[INFO] [stdout]   |
[INFO] [stdout] 5 | impl DatabasePlugin for YourPlugin{
[INFO] [stdout]   |      ^^^^^^^^^^^^^^ not found in this scope
[INFO] [stdout]   |
[INFO] [stdout] help: consider importing this trait
[INFO] [stdout]   |
[INFO] [stdout] 2 + use east_plugin::plugin::DatabasePlugin;
[INFO] [stdout]   |
[INFO] [stdout] 
[INFO] [stdout] error[E0405]: cannot find trait `DatabasePlugin` in this scope
[INFO] [stdout]  --> src/plugin.rs:50:40
[INFO] [stdout]   |
[INFO] [stdout] 9 | pub extern "C" fn create() -> *mut dyn DatabasePlugin {
[INFO] [stdout]   |                                        ^^^^^^^^^^^^^^ not found in this scope
[INFO] [stdout]   |
[INFO] [stdout] help: consider importing this trait
[INFO] [stdout]   |
[INFO] [stdout] 2 + use east_plugin::plugin::DatabasePlugin;
[INFO] [stdout]   |
[INFO] [stdout] 
[INFO] [stdout] error[E0423]: expected value, found struct `YourPlugin`
[INFO] [stdout]   --> src/plugin.rs:51:26
[INFO] [stdout]    |
[INFO] [stdout] 3  | struct YourPlugin{}
[INFO] [stdout]    | ------------------- `YourPlugin` defined here
[INFO] [stdout] ...
[INFO] [stdout] 10 |   Box::into_raw(Box::new(YourPlugin)) as *mut dyn DatabasePlugin
[INFO] [stdout]    |                          ^^^^^^^^^^ help: use struct literal syntax instead: `YourPlugin {}`
[INFO] [stdout] 
[INFO] [stdout] error[E0405]: cannot find trait `DatabasePlugin` in this scope
[INFO] [stdout]   --> src/plugin.rs:51:51
[INFO] [stdout]    |
[INFO] [stdout] 10 |   Box::into_raw(Box::new(YourPlugin)) as *mut dyn DatabasePlugin
[INFO] [stdout]    |                                                   ^^^^^^^^^^^^^^ not found in this scope
[INFO] [stdout]    |
[INFO] [stdout] help: consider importing this trait
[INFO] [stdout]    |
[INFO] [stdout] 2  + use east_plugin::plugin::DatabasePlugin;
[INFO] [stdout]    |
[INFO] [stdout] 
[INFO] [stdout] error: aborting due to 4 previous errors
[INFO] [stdout] 
[INFO] [stdout] Some errors have detailed explanations: E0405, E0423.
[INFO] [stdout] For more information about an error, try `rustc --explain E0405`.
[INFO] [stdout] Couldn't compile the test.
[INFO] [stdout] ---- src/plugin.rs - plugin::Plugin (line 6) stdout ----
[INFO] [stdout] error[E0405]: cannot find trait `Plugin` in this scope
[INFO] [stdout]  --> src/plugin.rs:9:6
[INFO] [stdout]   |
[INFO] [stdout] 6 | impl Plugin for YourPlugin{
[INFO] [stdout]   |      ^^^^^^ not found in this scope
[INFO] [stdout]   |
[INFO] [stdout] help: consider importing this trait
[INFO] [stdout]   |
[INFO] [stdout] 2 + use east_plugin::plugin::Plugin;
[INFO] [stdout]   |
[INFO] [stdout] 
[INFO] [stdout] error[E0433]: failed to resolve: use of undeclared type `Type`
[INFO] [stdout]   --> src/plugin.rs:24:3
[INFO] [stdout]    |
[INFO] [stdout] 21 |   Type::DatabasePlugin
[INFO] [stdout]    |   ^^^^ use of undeclared type `Type`
[INFO] [stdout]    |
[INFO] [stdout] help: consider importing this enum
[INFO] [stdout]    |
[INFO] [stdout] 2  + use east_plugin::plugin::Type;
[INFO] [stdout]    |
[INFO] [stdout] 
[INFO] [stdout] error[E0405]: cannot find trait `Plugin` in this scope
[INFO] [stdout]   --> src/plugin.rs:29:41
[INFO] [stdout]    |
[INFO] [stdout] 26 | pub extern "C" fn install() -> *mut dyn Plugin {
[INFO] [stdout]    |                                         ^^^^^^ not found in this scope
[INFO] [stdout]    |
[INFO] [stdout] help: consider importing this trait
[INFO] [stdout]    |
[INFO] [stdout] 2  + use east_plugin::plugin::Plugin;
[INFO] [stdout]    |
[INFO] [stdout] 
[INFO] [stdout] error[E0423]: expected value, found struct `YourPlugin`
[INFO] [stdout]   --> src/plugin.rs:30:26
[INFO] [stdout]    |
[INFO] [stdout] 5  | struct YourPlugin{}
[INFO] [stdout]    | ------------------- `YourPlugin` defined here
[INFO] [stdout] ...
[INFO] [stdout] 27 |   Box::into_raw(Box::new(YourPlugin)) as *mut dyn Plugin
[INFO] [stdout]    |                          ^^^^^^^^^^ help: use struct literal syntax instead: `YourPlugin {}`
[INFO] [stdout] 
[INFO] [stdout] error[E0405]: cannot find trait `Plugin` in this scope
[INFO] [stdout]   --> src/plugin.rs:30:51
[INFO] [stdout]    |
[INFO] [stdout] 27 |   Box::into_raw(Box::new(YourPlugin)) as *mut dyn Plugin
[INFO] [stdout]    |                                                   ^^^^^^ not found in this scope
[INFO] [stdout]    |
[INFO] [stdout] help: consider importing this trait
[INFO] [stdout]    |
[INFO] [stdout] 2  + use east_plugin::plugin::Plugin;
[INFO] [stdout]    |
[INFO] [stdout] 
[INFO] [stdout] error: aborting due to 5 previous errors
[INFO] [stdout] 
[INFO] [stdout] Some errors have detailed explanations: E0405, E0423, E0433.
[INFO] [stdout] For more information about an error, try `rustc --explain E0405`.
[INFO] [stdout] Couldn't compile the test.
[INFO] [stdout] 
[INFO] [stdout] failures:
[INFO] [stdout]     src/plugin.rs - plugin::DatabasePlugin (line 43)
[INFO] [stdout]     src/plugin.rs - plugin::Plugin (line 6)
[INFO] [stdout] 
[INFO] [stdout] test result: FAILED. 0 passed; 2 failed; 0 ignored; 0 measured; 0 filtered out; finished in 0.05s
[INFO] [stdout] 
[INFO] [stderr] error: doctest failed, to rerun pass `--doc`
[INFO] running `Command { std: "docker" "inspect" "d37504b07107a2c6076b8a54bfeef0f9a0df590b0da5cc35a6e60299d1a728d2", kill_on_drop: false }`
[INFO] running `Command { std: "docker" "rm" "-f" "d37504b07107a2c6076b8a54bfeef0f9a0df590b0da5cc35a6e60299d1a728d2", kill_on_drop: false }`
[INFO] [stdout] d37504b07107a2c6076b8a54bfeef0f9a0df590b0da5cc35a6e60299d1a728d2
