[INFO] cloning repository https://github.com/cedar12/east_core
[INFO] running `Command { std: "git" "-c" "credential.helper=" "-c" "credential.helper=/workspace/cargo-home/bin/git-credential-null" "clone" "--bare" "https://github.com/cedar12/east_core" "/workspace/cache/git-repos/https%3A%2F%2Fgithub.com%2Fcedar12%2Feast_core", kill_on_drop: false }`
[INFO] [stderr] Cloning into bare repository '/workspace/cache/git-repos/https%3A%2F%2Fgithub.com%2Fcedar12%2Feast_core'...
[INFO] running `Command { std: "git" "rev-parse" "HEAD", kill_on_drop: false }`
[INFO] [stdout] 8d595a8699a9ee36122f57d4a01264e990924682
[INFO] testing cedar12/east_core against 1.75.0 for beta-1.76-1
[INFO] running `Command { std: "git" "clone" "/workspace/cache/git-repos/https%3A%2F%2Fgithub.com%2Fcedar12%2Feast_core" "/workspace/builds/worker-4-tc1/source", kill_on_drop: false }`
[INFO] [stderr] Cloning into '/workspace/builds/worker-4-tc1/source'...
[INFO] [stderr] done.
[INFO] validating manifest of git repo https://github.com/cedar12/east_core on toolchain 1.75.0
[INFO] running `Command { std: CARGO_HOME="/workspace/cargo-home" RUSTUP_HOME="/workspace/rustup-home" "/workspace/cargo-home/bin/cargo" "+1.75.0" "metadata" "--manifest-path" "Cargo.toml" "--no-deps", kill_on_drop: false }`
[INFO] started tweaking git repo https://github.com/cedar12/east_core
[INFO] finished tweaking git repo https://github.com/cedar12/east_core
[INFO] tweaked toml for git repo https://github.com/cedar12/east_core written to /workspace/builds/worker-4-tc1/source/Cargo.toml
[INFO] crate git repo https://github.com/cedar12/east_core already has a lockfile, it will not be regenerated
[INFO] running `Command { std: CARGO_HOME="/workspace/cargo-home" RUSTUP_HOME="/workspace/rustup-home" "/workspace/cargo-home/bin/cargo" "+1.75.0" "fetch" "--manifest-path" "Cargo.toml", kill_on_drop: false }`
[INFO] running `Command { std: "docker" "create" "-v" "/var/lib/crater-agent-workspace/builds/worker-4-tc1/target:/opt/rustwide/target:rw,Z" "-v" "/var/lib/crater-agent-workspace/builds/worker-4-tc1/source:/opt/rustwide/workdir:ro,Z" "-v" "/var/lib/crater-agent-workspace/cargo-home:/opt/rustwide/cargo-home:ro,Z" "-v" "/var/lib/crater-agent-workspace/rustup-home:/opt/rustwide/rustup-home:ro,Z" "-e" "SOURCE_DIR=/opt/rustwide/workdir" "-e" "CARGO_TARGET_DIR=/opt/rustwide/target" "-e" "CARGO_HOME=/opt/rustwide/cargo-home" "-e" "RUSTUP_HOME=/opt/rustwide/rustup-home" "-w" "/opt/rustwide/workdir" "-m" "1610612736" "--user" "0:0" "--network" "none" "ghcr.io/rust-lang/crates-build-env/linux@sha256:2788e3201cd34a07e3172128adcd8b3090168a8e3bcc40d7c032b9dda1df7d1c" "/opt/rustwide/cargo-home/bin/cargo" "+1.75.0" "metadata" "--no-deps" "--format-version=1", kill_on_drop: false }`
[INFO] [stdout] f50697c738f7e1167f199b62517ab0a5d6e7c1ee819233290b198ec5f7386f48
[INFO] running `Command { std: "docker" "start" "-a" "f50697c738f7e1167f199b62517ab0a5d6e7c1ee819233290b198ec5f7386f48", kill_on_drop: false }`
[INFO] running `Command { std: "docker" "inspect" "f50697c738f7e1167f199b62517ab0a5d6e7c1ee819233290b198ec5f7386f48", kill_on_drop: false }`
[INFO] running `Command { std: "docker" "rm" "-f" "f50697c738f7e1167f199b62517ab0a5d6e7c1ee819233290b198ec5f7386f48", kill_on_drop: false }`
[INFO] [stdout] f50697c738f7e1167f199b62517ab0a5d6e7c1ee819233290b198ec5f7386f48
[INFO] running `Command { std: "docker" "create" "-v" "/var/lib/crater-agent-workspace/builds/worker-4-tc1/target:/opt/rustwide/target:rw,Z" "-v" "/var/lib/crater-agent-workspace/builds/worker-4-tc1/source:/opt/rustwide/workdir:ro,Z" "-v" "/var/lib/crater-agent-workspace/cargo-home:/opt/rustwide/cargo-home:ro,Z" "-v" "/var/lib/crater-agent-workspace/rustup-home:/opt/rustwide/rustup-home:ro,Z" "-e" "SOURCE_DIR=/opt/rustwide/workdir" "-e" "CARGO_TARGET_DIR=/opt/rustwide/target" "-e" "CARGO_INCREMENTAL=0" "-e" "RUST_BACKTRACE=full" "-e" "RUSTFLAGS=--cap-lints=warn" "-e" "RUSTDOCFLAGS=--cap-lints=warn" "-e" "CARGO_HOME=/opt/rustwide/cargo-home" "-e" "RUSTUP_HOME=/opt/rustwide/rustup-home" "-w" "/opt/rustwide/workdir" "-m" "1610612736" "--user" "0:0" "--network" "none" "ghcr.io/rust-lang/crates-build-env/linux@sha256:2788e3201cd34a07e3172128adcd8b3090168a8e3bcc40d7c032b9dda1df7d1c" "/opt/rustwide/cargo-home/bin/cargo" "+1.75.0" "build" "--frozen" "--message-format=json", kill_on_drop: false }`
[INFO] [stdout] 3bb38897caa7014f8c18558ad8c0dd5c147a892b8931477bc7eb13f9ab0fde36
[INFO] running `Command { std: "docker" "start" "-a" "3bb38897caa7014f8c18558ad8c0dd5c147a892b8931477bc7eb13f9ab0fde36", kill_on_drop: false }`
[INFO] [stderr]    Compiling libc v0.2.140
[INFO] [stderr]    Compiling autocfg v1.1.0
[INFO] [stderr]    Compiling proc-macro2 v1.0.56
[INFO] [stderr]    Compiling maybe-uninit v2.0.0
[INFO] [stderr]    Compiling unicode-ident v1.0.8
[INFO] [stderr]    Compiling quote v1.0.26
[INFO] [stderr]    Compiling syn v1.0.109
[INFO] [stderr]    Compiling cfg-if v1.0.0
[INFO] [stderr]    Compiling parking_lot_core v0.9.7
[INFO] [stderr]    Compiling log v0.4.17
[INFO] [stderr]    Compiling smallvec v1.10.0
[INFO] [stderr]    Compiling memchr v2.5.0
[INFO] [stderr]    Compiling scopeguard v1.1.0
[INFO] [stderr]    Compiling stable_deref_trait v1.2.0
[INFO] [stderr]    Compiling async-trait v0.1.66
[INFO] [stderr]    Compiling bytes v1.4.0
[INFO] [stderr]    Compiling pin-project-lite v0.2.9
[INFO] [stderr]    Compiling owning_ref v0.3.3
[INFO] [stderr]    Compiling lock_api v0.4.9
[INFO] [stderr]    Compiling tokio v1.26.0
[INFO] [stderr]    Compiling smallvec v0.6.14
[INFO] [stderr]    Compiling rand v0.4.6
[INFO] [stderr]    Compiling signal-hook-registry v1.4.1
[INFO] [stderr]    Compiling num_cpus v1.15.0
[INFO] [stderr]    Compiling socket2 v0.4.9
[INFO] [stderr]    Compiling mio v0.8.6
[INFO] [stderr]    Compiling parking_lot v0.12.1
[INFO] [stderr]    Compiling parking_lot_core v0.2.14
[INFO] [stderr]    Compiling parking_lot v0.4.8
[INFO] [stderr]    Compiling chashmap v2.2.2
[INFO] [stderr]    Compiling tokio-macros v1.8.2
[INFO] [stderr]    Compiling east_core v0.1.0 (/opt/rustwide/workdir)
[INFO] [stderr]     Finished dev [unoptimized + debuginfo] target(s) in 7.53s
[INFO] running `Command { std: "docker" "inspect" "3bb38897caa7014f8c18558ad8c0dd5c147a892b8931477bc7eb13f9ab0fde36", kill_on_drop: false }`
[INFO] running `Command { std: "docker" "rm" "-f" "3bb38897caa7014f8c18558ad8c0dd5c147a892b8931477bc7eb13f9ab0fde36", kill_on_drop: false }`
[INFO] [stdout] 3bb38897caa7014f8c18558ad8c0dd5c147a892b8931477bc7eb13f9ab0fde36
[INFO] running `Command { std: "docker" "create" "-v" "/var/lib/crater-agent-workspace/builds/worker-4-tc1/target:/opt/rustwide/target:rw,Z" "-v" "/var/lib/crater-agent-workspace/builds/worker-4-tc1/source:/opt/rustwide/workdir:ro,Z" "-v" "/var/lib/crater-agent-workspace/cargo-home:/opt/rustwide/cargo-home:ro,Z" "-v" "/var/lib/crater-agent-workspace/rustup-home:/opt/rustwide/rustup-home:ro,Z" "-e" "SOURCE_DIR=/opt/rustwide/workdir" "-e" "CARGO_TARGET_DIR=/opt/rustwide/target" "-e" "CARGO_INCREMENTAL=0" "-e" "RUST_BACKTRACE=full" "-e" "RUSTFLAGS=--cap-lints=warn" "-e" "RUSTDOCFLAGS=--cap-lints=warn" "-e" "CARGO_HOME=/opt/rustwide/cargo-home" "-e" "RUSTUP_HOME=/opt/rustwide/rustup-home" "-w" "/opt/rustwide/workdir" "-m" "1610612736" "--user" "0:0" "--network" "none" "ghcr.io/rust-lang/crates-build-env/linux@sha256:2788e3201cd34a07e3172128adcd8b3090168a8e3bcc40d7c032b9dda1df7d1c" "/opt/rustwide/cargo-home/bin/cargo" "+1.75.0" "test" "--frozen" "--no-run" "--message-format=json", kill_on_drop: false }`
[INFO] [stdout] a49532462c22a0fc2ae10c2b1f8fb748b59e18acc256c2d96851a727a2d20a5a
[INFO] running `Command { std: "docker" "start" "-a" "a49532462c22a0fc2ae10c2b1f8fb748b59e18acc256c2d96851a727a2d20a5a", kill_on_drop: false }`
[INFO] [stderr]    Compiling east_core v0.1.0 (/opt/rustwide/workdir)
[INFO] [stderr]     Finished test [unoptimized + debuginfo] target(s) in 0.59s
[INFO] running `Command { std: "docker" "inspect" "a49532462c22a0fc2ae10c2b1f8fb748b59e18acc256c2d96851a727a2d20a5a", kill_on_drop: false }`
[INFO] running `Command { std: "docker" "rm" "-f" "a49532462c22a0fc2ae10c2b1f8fb748b59e18acc256c2d96851a727a2d20a5a", kill_on_drop: false }`
[INFO] [stdout] a49532462c22a0fc2ae10c2b1f8fb748b59e18acc256c2d96851a727a2d20a5a
[INFO] running `Command { std: "docker" "create" "-v" "/var/lib/crater-agent-workspace/builds/worker-4-tc1/target:/opt/rustwide/target:rw,Z" "-v" "/var/lib/crater-agent-workspace/builds/worker-4-tc1/source:/opt/rustwide/workdir:ro,Z" "-v" "/var/lib/crater-agent-workspace/cargo-home:/opt/rustwide/cargo-home:ro,Z" "-v" "/var/lib/crater-agent-workspace/rustup-home:/opt/rustwide/rustup-home:ro,Z" "-e" "SOURCE_DIR=/opt/rustwide/workdir" "-e" "CARGO_TARGET_DIR=/opt/rustwide/target" "-e" "CARGO_INCREMENTAL=0" "-e" "RUST_BACKTRACE=full" "-e" "RUSTFLAGS=--cap-lints=warn" "-e" "RUSTDOCFLAGS=--cap-lints=warn" "-e" "CARGO_HOME=/opt/rustwide/cargo-home" "-e" "RUSTUP_HOME=/opt/rustwide/rustup-home" "-w" "/opt/rustwide/workdir" "-m" "1610612736" "--user" "0:0" "--network" "none" "ghcr.io/rust-lang/crates-build-env/linux@sha256:2788e3201cd34a07e3172128adcd8b3090168a8e3bcc40d7c032b9dda1df7d1c" "/opt/rustwide/cargo-home/bin/cargo" "+1.75.0" "test" "--frozen", kill_on_drop: false }`
[INFO] [stdout] 4cbf8521d14853f7f1dec0cf2dccea531f84e3a14b3a47db2a6dce47df696244
[INFO] running `Command { std: "docker" "start" "-a" "4cbf8521d14853f7f1dec0cf2dccea531f84e3a14b3a47db2a6dce47df696244", kill_on_drop: false }`
[INFO] [stderr]     Finished test [unoptimized + debuginfo] target(s) in 0.03s
[INFO] [stderr]      Running unittests src/lib.rs (/opt/rustwide/target/debug/deps/east_core-80e6b6d1929bb4c7)
[INFO] [stdout] 
[INFO] [stdout] running 1 test
[INFO] [stdout] test byte_buf::slice_util::test::test_slice_copy ... ok
[INFO] [stdout] 
[INFO] [stdout] test result: ok. 1 passed; 0 failed; 0 ignored; 0 measured; 0 filtered out; finished in 0.00s
[INFO] [stdout] 
[INFO] [stderr]    Doc-tests east_core
[INFO] [stdout] 
[INFO] [stdout] running 1 test
[INFO] [stdout] test src/handler.rs - handler::Handler (line 3) ... FAILED
[INFO] [stdout] 
[INFO] [stdout] failures:
[INFO] [stdout] 
[INFO] [stdout] ---- src/handler.rs - handler::Handler (line 3) stdout ----
[INFO] [stdout] error[E0412]: cannot find type `Context` in this scope
[INFO] [stdout]  --> src/handler.rs:6:34
[INFO] [stdout]   |
[INFO] [stdout] 5 |   async fn active(&mut self,ctx:&Context<T>);
[INFO] [stdout]   |                                  ^^^^^^^ not found in this scope
[INFO] [stdout]   |
[INFO] [stdout] help: consider importing one of these items
[INFO] [stdout]   |
[INFO] [stdout] 2 + use core::task::Context;
[INFO] [stdout]   |
[INFO] [stdout] 2 + use east_core::context::Context;
[INFO] [stdout]   |
[INFO] [stdout] 2 + use std::task::Context;
[INFO] [stdout]   |
[INFO] [stdout] 
[INFO] [stdout] error[E0412]: cannot find type `Context` in this scope
[INFO] [stdout]  --> src/handler.rs:7:32
[INFO] [stdout]   |
[INFO] [stdout] 6 |   async fn read(&mut self,ctx:&Context<T>,msg:T);
[INFO] [stdout]   |                                ^^^^^^^ not found in this scope
[INFO] [stdout]   |
[INFO] [stdout] help: consider importing one of these items
[INFO] [stdout]   |
[INFO] [stdout] 2 + use core::task::Context;
[INFO] [stdout]   |
[INFO] [stdout] 2 + use east_core::context::Context;
[INFO] [stdout]   |
[INFO] [stdout] 2 + use std::task::Context;
[INFO] [stdout]   |
[INFO] [stdout] 
[INFO] [stdout] error[E0412]: cannot find type `Context` in this scope
[INFO] [stdout]  --> src/handler.rs:8:33
[INFO] [stdout]   |
[INFO] [stdout] 7 |   async fn close(&mut self,ctx:&Context<T>);
[INFO] [stdout]   |                                 ^^^^^^^ not found in this scope
[INFO] [stdout]   |
[INFO] [stdout] help: consider importing one of these items
[INFO] [stdout]   |
[INFO] [stdout] 2 + use core::task::Context;
[INFO] [stdout]   |
[INFO] [stdout] 2 + use east_core::context::Context;
[INFO] [stdout]   |
[INFO] [stdout] 2 + use std::task::Context;
[INFO] [stdout]   |
[INFO] [stdout] 
[INFO] [stdout] error[E0412]: cannot find type `Msg` in this scope
[INFO] [stdout]   --> src/handler.rs:14:14
[INFO] [stdout]    |
[INFO] [stdout] 13 | impl Handler<Msg> for MsgHandler {
[INFO] [stdout]    |              ^^^ not found in this scope
[INFO] [stdout]    |
[INFO] [stdout] help: consider importing this struct
[INFO] [stdout]    |
[INFO] [stdout] 2  + use east_core::message::Msg;
[INFO] [stdout]    |
[INFO] [stdout] 
[INFO] [stdout] error[E0412]: cannot find type `Context` in this scope
[INFO] [stdout]   --> src/handler.rs:16:36
[INFO] [stdout]    |
[INFO] [stdout] 15 |     async fn read(&mut self, ctx: &Context<Msg>, msg: Msg) {
[INFO] [stdout]    |                                    ^^^^^^^ not found in this scope
[INFO] [stdout]    |
[INFO] [stdout] help: consider importing one of these items
[INFO] [stdout]    |
[INFO] [stdout] 2  + use core::task::Context;
[INFO] [stdout]    |
[INFO] [stdout] 2  + use east_core::context::Context;
[INFO] [stdout]    |
[INFO] [stdout] 2  + use std::task::Context;
[INFO] [stdout]    |
[INFO] [stdout] 
[INFO] [stdout] error[E0412]: cannot find type `Msg` in this scope
[INFO] [stdout]   --> src/handler.rs:16:44
[INFO] [stdout]    |
[INFO] [stdout] 15 |     async fn read(&mut self, ctx: &Context<Msg>, msg: Msg) {
[INFO] [stdout]    |                                            ^^^ not found in this scope
[INFO] [stdout]    |
[INFO] [stdout] help: consider importing this struct
[INFO] [stdout]    |
[INFO] [stdout] 2  + use east_core::message::Msg;
[INFO] [stdout]    |
[INFO] [stdout] 
[INFO] [stdout] error[E0412]: cannot find type `Msg` in this scope
[INFO] [stdout]   --> src/handler.rs:16:55
[INFO] [stdout]    |
[INFO] [stdout] 15 |     async fn read(&mut self, ctx: &Context<Msg>, msg: Msg) {
[INFO] [stdout]    |                                                       ^^^ not found in this scope
[INFO] [stdout]    |
[INFO] [stdout] help: consider importing this struct
[INFO] [stdout]    |
[INFO] [stdout] 2  + use east_core::message::Msg;
[INFO] [stdout]    |
[INFO] [stdout] 
[INFO] [stdout] error[E0433]: failed to resolve: use of undeclared type `Msg`
[INFO] [stdout]   --> src/handler.rs:18:15
[INFO] [stdout]    |
[INFO] [stdout] 17 |         let m=Msg::new(TypesEnum::ProxyOpen, msg.data);
[INFO] [stdout]    |               ^^^ use of undeclared type `Msg`
[INFO] [stdout]    |
[INFO] [stdout] help: consider importing this struct
[INFO] [stdout]    |
[INFO] [stdout] 2  + use east_core::message::Msg;
[INFO] [stdout]    |
[INFO] [stdout] 
[INFO] [stdout] error[E0433]: failed to resolve: use of undeclared type `TypesEnum`
[INFO] [stdout]   --> src/handler.rs:18:24
[INFO] [stdout]    |
[INFO] [stdout] 17 |         let m=Msg::new(TypesEnum::ProxyOpen, msg.data);
[INFO] [stdout]    |                        ^^^^^^^^^ use of undeclared type `TypesEnum`
[INFO] [stdout]    |
[INFO] [stdout] help: consider importing this enum
[INFO] [stdout]    |
[INFO] [stdout] 2  + use east_core::types::TypesEnum;
[INFO] [stdout]    |
[INFO] [stdout] 
[INFO] [stdout] error[E0412]: cannot find type `Context` in this scope
[INFO] [stdout]   --> src/handler.rs:21:38
[INFO] [stdout]    |
[INFO] [stdout] 20 |     async fn active(&mut self, ctx: &Context<Msg>) {
[INFO] [stdout]    |                                      ^^^^^^^ not found in this scope
[INFO] [stdout]    |
[INFO] [stdout] help: consider importing one of these items
[INFO] [stdout]    |
[INFO] [stdout] 2  + use core::task::Context;
[INFO] [stdout]    |
[INFO] [stdout] 2  + use east_core::context::Context;
[INFO] [stdout]    |
[INFO] [stdout] 2  + use std::task::Context;
[INFO] [stdout]    |
[INFO] [stdout] 
[INFO] [stdout] error[E0412]: cannot find type `Msg` in this scope
[INFO] [stdout]   --> src/handler.rs:21:46
[INFO] [stdout]    |
[INFO] [stdout] 20 |     async fn active(&mut self, ctx: &Context<Msg>) {
[INFO] [stdout]    |                                              ^^^ not found in this scope
[INFO] [stdout]    |
[INFO] [stdout] help: consider importing this struct
[INFO] [stdout]    |
[INFO] [stdout] 2  + use east_core::message::Msg;
[INFO] [stdout]    |
[INFO] [stdout] 
[INFO] [stdout] error[E0412]: cannot find type `Context` in this scope
[INFO] [stdout]   --> src/handler.rs:26:35
[INFO] [stdout]    |
[INFO] [stdout] 25 |     async fn close(&mut self,ctx:&Context<Msg>){
[INFO] [stdout]    |                                   ^^^^^^^ not found in this scope
[INFO] [stdout]    |
[INFO] [stdout] help: consider importing one of these items
[INFO] [stdout]    |
[INFO] [stdout] 2  + use core::task::Context;
[INFO] [stdout]    |
[INFO] [stdout] 2  + use east_core::context::Context;
[INFO] [stdout]    |
[INFO] [stdout] 2  + use std::task::Context;
[INFO] [stdout]    |
[INFO] [stdout] 
[INFO] [stdout] error[E0412]: cannot find type `Msg` in this scope
[INFO] [stdout]   --> src/handler.rs:26:43
[INFO] [stdout]    |
[INFO] [stdout] 25 |     async fn close(&mut self,ctx:&Context<Msg>){
[INFO] [stdout]    |                                           ^^^ not found in this scope
[INFO] [stdout]    |
[INFO] [stdout] help: consider importing this struct
[INFO] [stdout]    |
[INFO] [stdout] 2  + use east_core::message::Msg;
[INFO] [stdout]    |
[INFO] [stdout] 
[INFO] [stdout] error: aborting due to 13 previous errors
[INFO] [stdout] 
[INFO] [stdout] Some errors have detailed explanations: E0412, E0433.
[INFO] [stdout] For more information about an error, try `rustc --explain E0412`.
[INFO] [stdout] Couldn't compile the test.
[INFO] [stdout] 
[INFO] [stdout] failures:
[INFO] [stdout]     src/handler.rs - handler::Handler (line 3)
[INFO] [stdout] 
[INFO] [stdout] test result: FAILED. 0 passed; 1 failed; 0 ignored; 0 measured; 0 filtered out; finished in 0.05s
[INFO] [stdout] 
[INFO] [stderr] error: doctest failed, to rerun pass `--doc`
[INFO] running `Command { std: "docker" "inspect" "4cbf8521d14853f7f1dec0cf2dccea531f84e3a14b3a47db2a6dce47df696244", kill_on_drop: false }`
[INFO] running `Command { std: "docker" "rm" "-f" "4cbf8521d14853f7f1dec0cf2dccea531f84e3a14b3a47db2a6dce47df696244", kill_on_drop: false }`
[INFO] [stdout] 4cbf8521d14853f7f1dec0cf2dccea531f84e3a14b3a47db2a6dce47df696244
[INFO] testing cedar12/east_core against beta-2023-12-22 for beta-1.76-1
[INFO] running `Command { std: "git" "clone" "/workspace/cache/git-repos/https%3A%2F%2Fgithub.com%2Fcedar12%2Feast_core" "/workspace/builds/worker-4-tc2/source", kill_on_drop: false }`
[INFO] [stderr] Cloning into '/workspace/builds/worker-4-tc2/source'...
[INFO] [stderr] done.
[INFO] validating manifest of git repo https://github.com/cedar12/east_core on toolchain beta-2023-12-22
[INFO] running `Command { std: CARGO_HOME="/workspace/cargo-home" RUSTUP_HOME="/workspace/rustup-home" "/workspace/cargo-home/bin/cargo" "+beta-2023-12-22" "metadata" "--manifest-path" "Cargo.toml" "--no-deps", kill_on_drop: false }`
[INFO] started tweaking git repo https://github.com/cedar12/east_core
[INFO] finished tweaking git repo https://github.com/cedar12/east_core
[INFO] tweaked toml for git repo https://github.com/cedar12/east_core written to /workspace/builds/worker-4-tc2/source/Cargo.toml
[INFO] crate git repo https://github.com/cedar12/east_core already has a lockfile, it will not be regenerated
[INFO] running `Command { std: CARGO_HOME="/workspace/cargo-home" RUSTUP_HOME="/workspace/rustup-home" "/workspace/cargo-home/bin/cargo" "+beta-2023-12-22" "fetch" "--manifest-path" "Cargo.toml", kill_on_drop: false }`
[INFO] running `Command { std: "docker" "create" "-v" "/var/lib/crater-agent-workspace/builds/worker-4-tc2/target:/opt/rustwide/target:rw,Z" "-v" "/var/lib/crater-agent-workspace/builds/worker-4-tc2/source:/opt/rustwide/workdir:ro,Z" "-v" "/var/lib/crater-agent-workspace/cargo-home:/opt/rustwide/cargo-home:ro,Z" "-v" "/var/lib/crater-agent-workspace/rustup-home:/opt/rustwide/rustup-home:ro,Z" "-e" "SOURCE_DIR=/opt/rustwide/workdir" "-e" "CARGO_TARGET_DIR=/opt/rustwide/target" "-e" "CARGO_HOME=/opt/rustwide/cargo-home" "-e" "RUSTUP_HOME=/opt/rustwide/rustup-home" "-w" "/opt/rustwide/workdir" "-m" "1610612736" "--user" "0:0" "--network" "none" "ghcr.io/rust-lang/crates-build-env/linux@sha256:2788e3201cd34a07e3172128adcd8b3090168a8e3bcc40d7c032b9dda1df7d1c" "/opt/rustwide/cargo-home/bin/cargo" "+beta-2023-12-22" "metadata" "--no-deps" "--format-version=1", kill_on_drop: false }`
[INFO] [stdout] b9231cd37732566fdaf8c44385569ddf21f90ea4ad4f4bf27a7b1229f639b48a
[INFO] running `Command { std: "docker" "start" "-a" "b9231cd37732566fdaf8c44385569ddf21f90ea4ad4f4bf27a7b1229f639b48a", kill_on_drop: false }`
[INFO] running `Command { std: "docker" "inspect" "b9231cd37732566fdaf8c44385569ddf21f90ea4ad4f4bf27a7b1229f639b48a", kill_on_drop: false }`
[INFO] running `Command { std: "docker" "rm" "-f" "b9231cd37732566fdaf8c44385569ddf21f90ea4ad4f4bf27a7b1229f639b48a", kill_on_drop: false }`
[INFO] [stdout] b9231cd37732566fdaf8c44385569ddf21f90ea4ad4f4bf27a7b1229f639b48a
[INFO] running `Command { std: "docker" "create" "-v" "/var/lib/crater-agent-workspace/builds/worker-4-tc2/target:/opt/rustwide/target:rw,Z" "-v" "/var/lib/crater-agent-workspace/builds/worker-4-tc2/source:/opt/rustwide/workdir:ro,Z" "-v" "/var/lib/crater-agent-workspace/cargo-home:/opt/rustwide/cargo-home:ro,Z" "-v" "/var/lib/crater-agent-workspace/rustup-home:/opt/rustwide/rustup-home:ro,Z" "-e" "SOURCE_DIR=/opt/rustwide/workdir" "-e" "CARGO_TARGET_DIR=/opt/rustwide/target" "-e" "CARGO_INCREMENTAL=0" "-e" "RUST_BACKTRACE=full" "-e" "RUSTFLAGS=--cap-lints=warn" "-e" "RUSTDOCFLAGS=--cap-lints=warn" "-e" "CARGO_HOME=/opt/rustwide/cargo-home" "-e" "RUSTUP_HOME=/opt/rustwide/rustup-home" "-w" "/opt/rustwide/workdir" "-m" "1610612736" "--user" "0:0" "--network" "none" "ghcr.io/rust-lang/crates-build-env/linux@sha256:2788e3201cd34a07e3172128adcd8b3090168a8e3bcc40d7c032b9dda1df7d1c" "/opt/rustwide/cargo-home/bin/cargo" "+beta-2023-12-22" "build" "--frozen" "--message-format=json", kill_on_drop: false }`
[INFO] [stdout] 74a56370f920ab52123a7faed3cf87f6c5e49b9de8d837e19898c3f6cabb1e4c
[INFO] running `Command { std: "docker" "start" "-a" "74a56370f920ab52123a7faed3cf87f6c5e49b9de8d837e19898c3f6cabb1e4c", kill_on_drop: false }`
[INFO] [stderr]    Compiling libc v0.2.140
[INFO] [stderr]    Compiling proc-macro2 v1.0.56
[INFO] [stderr]    Compiling autocfg v1.1.0
[INFO] [stderr]    Compiling unicode-ident v1.0.8
[INFO] [stderr]    Compiling maybe-uninit v2.0.0
[INFO] [stderr]    Compiling quote v1.0.26
[INFO] [stderr]    Compiling syn v1.0.109
[INFO] [stderr]    Compiling cfg-if v1.0.0
[INFO] [stderr]    Compiling log v0.4.17
[INFO] [stderr]    Compiling parking_lot_core v0.9.7
[INFO] [stderr]    Compiling smallvec v1.10.0
[INFO] [stderr]    Compiling scopeguard v1.1.0
[INFO] [stderr]    Compiling stable_deref_trait v1.2.0
[INFO] [stderr]    Compiling memchr v2.5.0
[INFO] [stderr]    Compiling async-trait v0.1.66
[INFO] [stderr]    Compiling bytes v1.4.0
[INFO] [stderr]    Compiling owning_ref v0.3.3
[INFO] [stderr]    Compiling pin-project-lite v0.2.9
[INFO] [stderr]    Compiling lock_api v0.4.9
[INFO] [stderr]    Compiling tokio v1.26.0
[INFO] [stderr]    Compiling smallvec v0.6.14
[INFO] [stderr]    Compiling rand v0.4.6
[INFO] [stderr]    Compiling num_cpus v1.15.0
[INFO] [stderr]    Compiling signal-hook-registry v1.4.1
[INFO] [stderr]    Compiling mio v0.8.6
[INFO] [stderr]    Compiling socket2 v0.4.9
[INFO] [stderr]    Compiling parking_lot v0.12.1
[INFO] [stderr]    Compiling parking_lot_core v0.2.14
[INFO] [stderr]    Compiling parking_lot v0.4.8
[INFO] [stderr]    Compiling chashmap v2.2.2
[INFO] [stderr]    Compiling tokio-macros v1.8.2
[INFO] [stderr]    Compiling east_core v0.1.0 (/opt/rustwide/workdir)
[INFO] [stderr]     Finished dev [unoptimized + debuginfo] target(s) in 12.64s
[INFO] running `Command { std: "docker" "inspect" "74a56370f920ab52123a7faed3cf87f6c5e49b9de8d837e19898c3f6cabb1e4c", kill_on_drop: false }`
[INFO] running `Command { std: "docker" "rm" "-f" "74a56370f920ab52123a7faed3cf87f6c5e49b9de8d837e19898c3f6cabb1e4c", kill_on_drop: false }`
[INFO] [stdout] 74a56370f920ab52123a7faed3cf87f6c5e49b9de8d837e19898c3f6cabb1e4c
[INFO] running `Command { std: "docker" "create" "-v" "/var/lib/crater-agent-workspace/builds/worker-4-tc2/target:/opt/rustwide/target:rw,Z" "-v" "/var/lib/crater-agent-workspace/builds/worker-4-tc2/source:/opt/rustwide/workdir:ro,Z" "-v" "/var/lib/crater-agent-workspace/cargo-home:/opt/rustwide/cargo-home:ro,Z" "-v" "/var/lib/crater-agent-workspace/rustup-home:/opt/rustwide/rustup-home:ro,Z" "-e" "SOURCE_DIR=/opt/rustwide/workdir" "-e" "CARGO_TARGET_DIR=/opt/rustwide/target" "-e" "CARGO_INCREMENTAL=0" "-e" "RUST_BACKTRACE=full" "-e" "RUSTFLAGS=--cap-lints=warn" "-e" "RUSTDOCFLAGS=--cap-lints=warn" "-e" "CARGO_HOME=/opt/rustwide/cargo-home" "-e" "RUSTUP_HOME=/opt/rustwide/rustup-home" "-w" "/opt/rustwide/workdir" "-m" "1610612736" "--user" "0:0" "--network" "none" "ghcr.io/rust-lang/crates-build-env/linux@sha256:2788e3201cd34a07e3172128adcd8b3090168a8e3bcc40d7c032b9dda1df7d1c" "/opt/rustwide/cargo-home/bin/cargo" "+beta-2023-12-22" "test" "--frozen" "--no-run" "--message-format=json", kill_on_drop: false }`
[INFO] [stdout] 0f851b4b6a2448123243e607bf58519b0af4bc61b58a49882acb43bf8ef81e85
[INFO] running `Command { std: "docker" "start" "-a" "0f851b4b6a2448123243e607bf58519b0af4bc61b58a49882acb43bf8ef81e85", kill_on_drop: false }`
[INFO] [stderr]    Compiling east_core v0.1.0 (/opt/rustwide/workdir)
[INFO] [stderr]     Finished test [unoptimized + debuginfo] target(s) in 0.92s
[INFO] running `Command { std: "docker" "inspect" "0f851b4b6a2448123243e607bf58519b0af4bc61b58a49882acb43bf8ef81e85", kill_on_drop: false }`
[INFO] running `Command { std: "docker" "rm" "-f" "0f851b4b6a2448123243e607bf58519b0af4bc61b58a49882acb43bf8ef81e85", kill_on_drop: false }`
[INFO] [stdout] 0f851b4b6a2448123243e607bf58519b0af4bc61b58a49882acb43bf8ef81e85
[INFO] running `Command { std: "docker" "create" "-v" "/var/lib/crater-agent-workspace/builds/worker-4-tc2/target:/opt/rustwide/target:rw,Z" "-v" "/var/lib/crater-agent-workspace/builds/worker-4-tc2/source:/opt/rustwide/workdir:ro,Z" "-v" "/var/lib/crater-agent-workspace/cargo-home:/opt/rustwide/cargo-home:ro,Z" "-v" "/var/lib/crater-agent-workspace/rustup-home:/opt/rustwide/rustup-home:ro,Z" "-e" "SOURCE_DIR=/opt/rustwide/workdir" "-e" "CARGO_TARGET_DIR=/opt/rustwide/target" "-e" "CARGO_INCREMENTAL=0" "-e" "RUST_BACKTRACE=full" "-e" "RUSTFLAGS=--cap-lints=warn" "-e" "RUSTDOCFLAGS=--cap-lints=warn" "-e" "CARGO_HOME=/opt/rustwide/cargo-home" "-e" "RUSTUP_HOME=/opt/rustwide/rustup-home" "-w" "/opt/rustwide/workdir" "-m" "1610612736" "--user" "0:0" "--network" "none" "ghcr.io/rust-lang/crates-build-env/linux@sha256:2788e3201cd34a07e3172128adcd8b3090168a8e3bcc40d7c032b9dda1df7d1c" "/opt/rustwide/cargo-home/bin/cargo" "+beta-2023-12-22" "test" "--frozen", kill_on_drop: false }`
[INFO] [stdout] a987f3ac72b77ef786ad6a9a0231b1daf3baad6264f1118ef0b53f8f68b895c6
[INFO] running `Command { std: "docker" "start" "-a" "a987f3ac72b77ef786ad6a9a0231b1daf3baad6264f1118ef0b53f8f68b895c6", kill_on_drop: false }`
[INFO] [stderr]     Finished test [unoptimized + debuginfo] target(s) in 0.04s
[INFO] [stderr]      Running unittests src/lib.rs (/opt/rustwide/target/debug/deps/east_core-86d1d7c1023f0da5)
[INFO] [stdout] 
[INFO] [stderr]    Doc-tests east_core
[INFO] [stdout] running 1 test
[INFO] [stdout] test byte_buf::slice_util::test::test_slice_copy ... ok
[INFO] [stdout] 
[INFO] [stdout] test result: ok. 1 passed; 0 failed; 0 ignored; 0 measured; 0 filtered out; finished in 0.00s
[INFO] [stdout] 
[INFO] [stdout] 
[INFO] [stdout] running 1 test
[INFO] [stdout] test src/handler.rs - handler::Handler (line 3) ... FAILED
[INFO] [stdout] 
[INFO] [stdout] failures:
[INFO] [stdout] 
[INFO] [stdout] ---- src/handler.rs - handler::Handler (line 3) stdout ----
[INFO] [stdout] error[E0412]: cannot find type `Context` in this scope
[INFO] [stdout]  --> src/handler.rs:6:34
[INFO] [stdout]   |
[INFO] [stdout] 5 |   async fn active(&mut self,ctx:&Context<T>);
[INFO] [stdout]   |                                  ^^^^^^^ not found in this scope
[INFO] [stdout]   |
[INFO] [stdout] help: consider importing one of these items
[INFO] [stdout]   |
[INFO] [stdout] 2 + use core::task::Context;
[INFO] [stdout]   |
[INFO] [stdout] 2 + use east_core::context::Context;
[INFO] [stdout]   |
[INFO] [stdout] 2 + use std::task::Context;
[INFO] [stdout]   |
[INFO] [stdout] 
[INFO] [stdout] error[E0412]: cannot find type `Context` in this scope
[INFO] [stdout]  --> src/handler.rs:7:32
[INFO] [stdout]   |
[INFO] [stdout] 6 |   async fn read(&mut self,ctx:&Context<T>,msg:T);
[INFO] [stdout]   |                                ^^^^^^^ not found in this scope
[INFO] [stdout]   |
[INFO] [stdout] help: consider importing one of these items
[INFO] [stdout]   |
[INFO] [stdout] 2 + use core::task::Context;
[INFO] [stdout]   |
[INFO] [stdout] 2 + use east_core::context::Context;
[INFO] [stdout]   |
[INFO] [stdout] 2 + use std::task::Context;
[INFO] [stdout]   |
[INFO] [stdout] 
[INFO] [stdout] error[E0412]: cannot find type `Context` in this scope
[INFO] [stdout]  --> src/handler.rs:8:33
[INFO] [stdout]   |
[INFO] [stdout] 7 |   async fn close(&mut self,ctx:&Context<T>);
[INFO] [stdout]   |                                 ^^^^^^^ not found in this scope
[INFO] [stdout]   |
[INFO] [stdout] help: consider importing one of these items
[INFO] [stdout]   |
[INFO] [stdout] 2 + use core::task::Context;
[INFO] [stdout]   |
[INFO] [stdout] 2 + use east_core::context::Context;
[INFO] [stdout]   |
[INFO] [stdout] 2 + use std::task::Context;
[INFO] [stdout]   |
[INFO] [stdout] 
[INFO] [stdout] error[E0412]: cannot find type `Msg` in this scope
[INFO] [stdout]   --> src/handler.rs:14:14
[INFO] [stdout]    |
[INFO] [stdout] 13 | impl Handler<Msg> for MsgHandler {
[INFO] [stdout]    |              ^^^ not found in this scope
[INFO] [stdout]    |
[INFO] [stdout] help: consider importing this struct
[INFO] [stdout]    |
[INFO] [stdout] 2  + use east_core::message::Msg;
[INFO] [stdout]    |
[INFO] [stdout] 
[INFO] [stdout] error[E0412]: cannot find type `Context` in this scope
[INFO] [stdout]   --> src/handler.rs:16:36
[INFO] [stdout]    |
[INFO] [stdout] 15 |     async fn read(&mut self, ctx: &Context<Msg>, msg: Msg) {
[INFO] [stdout]    |                                    ^^^^^^^ not found in this scope
[INFO] [stdout]    |
[INFO] [stdout] help: consider importing one of these items
[INFO] [stdout]    |
[INFO] [stdout] 2  + use core::task::Context;
[INFO] [stdout]    |
[INFO] [stdout] 2  + use east_core::context::Context;
[INFO] [stdout]    |
[INFO] [stdout] 2  + use std::task::Context;
[INFO] [stdout]    |
[INFO] [stdout] 
[INFO] [stdout] error[E0412]: cannot find type `Msg` in this scope
[INFO] [stdout]   --> src/handler.rs:16:44
[INFO] [stdout]    |
[INFO] [stdout] 15 |     async fn read(&mut self, ctx: &Context<Msg>, msg: Msg) {
[INFO] [stdout]    |                                            ^^^ not found in this scope
[INFO] [stdout]    |
[INFO] [stdout] help: consider importing this struct
[INFO] [stdout]    |
[INFO] [stdout] 2  + use east_core::message::Msg;
[INFO] [stdout]    |
[INFO] [stdout] 
[INFO] [stdout] error[E0412]: cannot find type `Msg` in this scope
[INFO] [stdout]   --> src/handler.rs:16:55
[INFO] [stdout]    |
[INFO] [stdout] 15 |     async fn read(&mut self, ctx: &Context<Msg>, msg: Msg) {
[INFO] [stdout]    |                                                       ^^^ not found in this scope
[INFO] [stdout]    |
[INFO] [stdout] help: consider importing this struct
[INFO] [stdout]    |
[INFO] [stdout] 2  + use east_core::message::Msg;
[INFO] [stdout]    |
[INFO] [stdout] 
[INFO] [stdout] error[E0433]: failed to resolve: use of undeclared type `Msg`
[INFO] [stdout]   --> src/handler.rs:18:15
[INFO] [stdout]    |
[INFO] [stdout] 17 |         let m=Msg::new(TypesEnum::ProxyOpen, msg.data);
[INFO] [stdout]    |               ^^^ use of undeclared type `Msg`
[INFO] [stdout]    |
[INFO] [stdout] help: consider importing this struct
[INFO] [stdout]    |
[INFO] [stdout] 2  + use east_core::message::Msg;
[INFO] [stdout]    |
[INFO] [stdout] 
[INFO] [stdout] error[E0433]: failed to resolve: use of undeclared type `TypesEnum`
[INFO] [stdout]   --> src/handler.rs:18:24
[INFO] [stdout]    |
[INFO] [stdout] 17 |         let m=Msg::new(TypesEnum::ProxyOpen, msg.data);
[INFO] [stdout]    |                        ^^^^^^^^^ use of undeclared type `TypesEnum`
[INFO] [stdout]    |
[INFO] [stdout] help: consider importing this enum
[INFO] [stdout]    |
[INFO] [stdout] 2  + use east_core::types::TypesEnum;
[INFO] [stdout]    |
[INFO] [stdout] 
[INFO] [stdout] error[E0412]: cannot find type `Context` in this scope
[INFO] [stdout]   --> src/handler.rs:21:38
[INFO] [stdout]    |
[INFO] [stdout] 20 |     async fn active(&mut self, ctx: &Context<Msg>) {
[INFO] [stdout]    |                                      ^^^^^^^ not found in this scope
[INFO] [stdout]    |
[INFO] [stdout] help: consider importing one of these items
[INFO] [stdout]    |
[INFO] [stdout] 2  + use core::task::Context;
[INFO] [stdout]    |
[INFO] [stdout] 2  + use east_core::context::Context;
[INFO] [stdout]    |
[INFO] [stdout] 2  + use std::task::Context;
[INFO] [stdout]    |
[INFO] [stdout] 
[INFO] [stdout] error[E0412]: cannot find type `Msg` in this scope
[INFO] [stdout]   --> src/handler.rs:21:46
[INFO] [stdout]    |
[INFO] [stdout] 20 |     async fn active(&mut self, ctx: &Context<Msg>) {
[INFO] [stdout]    |                                              ^^^ not found in this scope
[INFO] [stdout]    |
[INFO] [stdout] help: consider importing this struct
[INFO] [stdout]    |
[INFO] [stdout] 2  + use east_core::message::Msg;
[INFO] [stdout]    |
[INFO] [stdout] 
[INFO] [stdout] error[E0412]: cannot find type `Context` in this scope
[INFO] [stdout]   --> src/handler.rs:26:35
[INFO] [stdout]    |
[INFO] [stdout] 25 |     async fn close(&mut self,ctx:&Context<Msg>){
[INFO] [stdout]    |                                   ^^^^^^^ not found in this scope
[INFO] [stdout]    |
[INFO] [stdout] help: consider importing one of these items
[INFO] [stdout]    |
[INFO] [stdout] 2  + use core::task::Context;
[INFO] [stdout]    |
[INFO] [stdout] 2  + use east_core::context::Context;
[INFO] [stdout]    |
[INFO] [stdout] 2  + use std::task::Context;
[INFO] [stdout]    |
[INFO] [stdout] 
[INFO] [stdout] error[E0412]: cannot find type `Msg` in this scope
[INFO] [stdout]   --> src/handler.rs:26:43
[INFO] [stdout]    |
[INFO] [stdout] 25 |     async fn close(&mut self,ctx:&Context<Msg>){
[INFO] [stdout]    |                                           ^^^ not found in this scope
[INFO] [stdout]    |
[INFO] [stdout] help: consider importing this struct
[INFO] [stdout]    |
[INFO] [stdout] 2  + use east_core::message::Msg;
[INFO] [stdout]    |
[INFO] [stdout] 
[INFO] [stdout] error: aborting due to 13 previous errors
[INFO] [stdout] 
[INFO] [stdout] Some errors have detailed explanations: E0412, E0433.
[INFO] [stdout] For more information about an error, try `rustc --explain E0412`.
[INFO] [stdout] Couldn't compile the test.
[INFO] [stdout] 
[INFO] [stdout] failures:
[INFO] [stdout]     src/handler.rs - handler::Handler (line 3)
[INFO] [stdout] 
[INFO] [stdout] test result: FAILED. 0 passed; 1 failed; 0 ignored; 0 measured; 0 filtered out; finished in 0.07s
[INFO] [stdout] 
[INFO] [stderr] error: doctest failed, to rerun pass `--doc`
[INFO] running `Command { std: "docker" "inspect" "a987f3ac72b77ef786ad6a9a0231b1daf3baad6264f1118ef0b53f8f68b895c6", kill_on_drop: false }`
[INFO] running `Command { std: "docker" "rm" "-f" "a987f3ac72b77ef786ad6a9a0231b1daf3baad6264f1118ef0b53f8f68b895c6", kill_on_drop: false }`
[INFO] [stdout] a987f3ac72b77ef786ad6a9a0231b1daf3baad6264f1118ef0b53f8f68b895c6
