[INFO] cloning repository https://github.com/ccapitalK/mdscrape
[INFO] running `Command { std: "git" "-c" "credential.helper=" "-c" "credential.helper=/workspace/cargo-home/bin/git-credential-null" "clone" "--bare" "https://github.com/ccapitalK/mdscrape" "/workspace/cache/git-repos/https%3A%2F%2Fgithub.com%2FccapitalK%2Fmdscrape", kill_on_drop: false }`
[INFO] [stderr] Cloning into bare repository '/workspace/cache/git-repos/https%3A%2F%2Fgithub.com%2FccapitalK%2Fmdscrape'...
[INFO] running `Command { std: "git" "rev-parse" "HEAD", kill_on_drop: false }`
[INFO] [stdout] 1d564c35435d9169d490e76fee30fa0bf687e7b3
[INFO] testing ccapitalK/mdscrape against 1.75.0 for beta-1.76-1
[INFO] running `Command { std: "git" "clone" "/workspace/cache/git-repos/https%3A%2F%2Fgithub.com%2FccapitalK%2Fmdscrape" "/workspace/builds/worker-0-tc1/source", kill_on_drop: false }`
[INFO] [stderr] Cloning into '/workspace/builds/worker-0-tc1/source'...
[INFO] [stderr] done.
[INFO] validating manifest of git repo https://github.com/ccapitalK/mdscrape on toolchain 1.75.0
[INFO] running `Command { std: CARGO_HOME="/workspace/cargo-home" RUSTUP_HOME="/workspace/rustup-home" "/workspace/cargo-home/bin/cargo" "+1.75.0" "metadata" "--manifest-path" "Cargo.toml" "--no-deps", kill_on_drop: false }`
[INFO] started tweaking git repo https://github.com/ccapitalK/mdscrape
[INFO] finished tweaking git repo https://github.com/ccapitalK/mdscrape
[INFO] tweaked toml for git repo https://github.com/ccapitalK/mdscrape written to /workspace/builds/worker-0-tc1/source/Cargo.toml
[INFO] crate git repo https://github.com/ccapitalK/mdscrape already has a lockfile, it will not be regenerated
[INFO] running `Command { std: CARGO_HOME="/workspace/cargo-home" RUSTUP_HOME="/workspace/rustup-home" "/workspace/cargo-home/bin/cargo" "+1.75.0" "fetch" "--manifest-path" "Cargo.toml", kill_on_drop: false }`
[INFO] [stderr]     Updating crates.io index
[INFO] [stderr]  Downloading crates ...
[INFO] [stderr]   Downloaded nonzero_ext v0.3.0
[INFO] [stderr]   Downloaded quanta v0.9.3
[INFO] [stderr]   Downloaded governor v0.4.2
[INFO] [stderr]   Downloaded jemallocator v0.3.2
[INFO] [stderr]   Downloaded jemalloc-sys v0.3.2
[INFO] running `Command { std: "docker" "create" "-v" "/var/lib/crater-agent-workspace/builds/worker-0-tc1/target:/opt/rustwide/target:rw,Z" "-v" "/var/lib/crater-agent-workspace/builds/worker-0-tc1/source:/opt/rustwide/workdir:ro,Z" "-v" "/var/lib/crater-agent-workspace/cargo-home:/opt/rustwide/cargo-home:ro,Z" "-v" "/var/lib/crater-agent-workspace/rustup-home:/opt/rustwide/rustup-home:ro,Z" "-e" "SOURCE_DIR=/opt/rustwide/workdir" "-e" "CARGO_TARGET_DIR=/opt/rustwide/target" "-e" "CARGO_HOME=/opt/rustwide/cargo-home" "-e" "RUSTUP_HOME=/opt/rustwide/rustup-home" "-w" "/opt/rustwide/workdir" "-m" "1610612736" "--user" "0:0" "--network" "none" "ghcr.io/rust-lang/crates-build-env/linux@sha256:2788e3201cd34a07e3172128adcd8b3090168a8e3bcc40d7c032b9dda1df7d1c" "/opt/rustwide/cargo-home/bin/cargo" "+1.75.0" "metadata" "--no-deps" "--format-version=1", kill_on_drop: false }`
[INFO] [stdout] 51b429ccb7989183d22e0ab0de59a9839574aab29934ee8fe6743d11987e0bd7
[INFO] running `Command { std: "docker" "start" "-a" "51b429ccb7989183d22e0ab0de59a9839574aab29934ee8fe6743d11987e0bd7", kill_on_drop: false }`
[INFO] running `Command { std: "docker" "inspect" "51b429ccb7989183d22e0ab0de59a9839574aab29934ee8fe6743d11987e0bd7", kill_on_drop: false }`
[INFO] running `Command { std: "docker" "rm" "-f" "51b429ccb7989183d22e0ab0de59a9839574aab29934ee8fe6743d11987e0bd7", kill_on_drop: false }`
[INFO] [stdout] 51b429ccb7989183d22e0ab0de59a9839574aab29934ee8fe6743d11987e0bd7
[INFO] running `Command { std: "docker" "create" "-v" "/var/lib/crater-agent-workspace/builds/worker-0-tc1/target:/opt/rustwide/target:rw,Z" "-v" "/var/lib/crater-agent-workspace/builds/worker-0-tc1/source:/opt/rustwide/workdir:ro,Z" "-v" "/var/lib/crater-agent-workspace/cargo-home:/opt/rustwide/cargo-home:ro,Z" "-v" "/var/lib/crater-agent-workspace/rustup-home:/opt/rustwide/rustup-home:ro,Z" "-e" "SOURCE_DIR=/opt/rustwide/workdir" "-e" "CARGO_TARGET_DIR=/opt/rustwide/target" "-e" "CARGO_INCREMENTAL=0" "-e" "RUST_BACKTRACE=full" "-e" "RUSTFLAGS=--cap-lints=warn" "-e" "RUSTDOCFLAGS=--cap-lints=warn" "-e" "CARGO_HOME=/opt/rustwide/cargo-home" "-e" "RUSTUP_HOME=/opt/rustwide/rustup-home" "-w" "/opt/rustwide/workdir" "-m" "1610612736" "--user" "0:0" "--network" "none" "ghcr.io/rust-lang/crates-build-env/linux@sha256:2788e3201cd34a07e3172128adcd8b3090168a8e3bcc40d7c032b9dda1df7d1c" "/opt/rustwide/cargo-home/bin/cargo" "+1.75.0" "build" "--frozen" "--message-format=json", kill_on_drop: false }`
[INFO] [stdout] e0136c91d49e8710cd5c8b0ec53fb121a524df718a421d5fcd0d7817b2d8489d
[INFO] running `Command { std: "docker" "start" "-a" "e0136c91d49e8710cd5c8b0ec53fb121a524df718a421d5fcd0d7817b2d8489d", kill_on_drop: false }`
[INFO] [stderr]    Compiling libc v0.2.149
[INFO] [stderr]    Compiling proc-macro2 v1.0.69
[INFO] [stderr]    Compiling unicode-ident v1.0.12
[INFO] [stderr]    Compiling autocfg v1.1.0
[INFO] [stderr]    Compiling cfg-if v1.0.0
[INFO] [stderr]    Compiling pin-project-lite v0.2.13
[INFO] [stderr]    Compiling once_cell v1.18.0
[INFO] [stderr]    Compiling futures-core v0.3.28
[INFO] [stderr]    Compiling memchr v2.6.4
[INFO] [stderr]    Compiling futures-sink v0.3.28
[INFO] [stderr]    Compiling pkg-config v0.3.27
[INFO] [stderr]    Compiling futures-task v0.3.28
[INFO] [stderr]    Compiling vcpkg v0.2.15
[INFO] [stderr]    Compiling futures-channel v0.3.28
[INFO] [stderr]    Compiling itoa v1.0.9
[INFO] [stderr]    Compiling bytes v1.5.0
[INFO] [stderr]    Compiling bitflags v2.4.1
[INFO] [stderr]    Compiling futures-util v0.3.28
[INFO] [stderr]    Compiling futures-io v0.3.28
[INFO] [stderr]    Compiling pin-utils v0.1.0
[INFO] [stderr]    Compiling tracing-core v0.1.32
[INFO] [stderr]    Compiling foreign-types-shared v0.1.1
[INFO] [stderr]    Compiling serde v1.0.189
[INFO] [stderr]    Compiling fnv v1.0.7
[INFO] [stderr]    Compiling openssl v0.10.57
[INFO] [stderr]    Compiling foreign-types v0.3.2
[INFO] [stderr]    Compiling httparse v1.8.0
[INFO] [stderr]    Compiling hashbrown v0.12.3
[INFO] [stderr]    Compiling native-tls v0.2.11
[INFO] [stderr]    Compiling rustix v0.38.19
[INFO] [stderr]    Compiling slab v0.4.9
[INFO] [stderr]    Compiling indexmap v1.9.3
[INFO] [stderr]    Compiling http v0.2.9
[INFO] [stderr]    Compiling tracing v0.1.39
[INFO] [stderr]    Compiling lock_api v0.4.10
[INFO] [stderr]    Compiling parking_lot_core v0.9.8
[INFO] [stderr]    Compiling log v0.4.20
[INFO] [stderr]    Compiling tinyvec_macros v0.1.1
[INFO] [stderr]    Compiling openssl-probe v0.1.5
[INFO] [stderr]    Compiling tinyvec v1.6.0
[INFO] [stderr]    Compiling try-lock v0.2.4
[INFO] [stderr]    Compiling percent-encoding v2.3.0
[INFO] [stderr]    Compiling smallvec v1.11.1
[INFO] [stderr]    Compiling linux-raw-sys v0.4.10
[INFO] [stderr]    Compiling quote v1.0.33
[INFO] [stderr]    Compiling crossbeam-utils v0.8.16
[INFO] [stderr]    Compiling fs_extra v1.3.0
[INFO] [stderr]    Compiling scopeguard v1.2.0
[INFO] [stderr]    Compiling lazy_static v1.4.0
[INFO] [stderr]    Compiling form_urlencoded v1.2.0
[INFO] [stderr]    Compiling want v0.3.1
[INFO] [stderr]    Compiling aho-corasick v1.1.2
[INFO] [stderr]    Compiling time-core v0.1.2
[INFO] [stderr]    Compiling syn v2.0.38
[INFO] [stderr]    Compiling bitflags v1.3.2
[INFO] [stderr]    Compiling regex-syntax v0.8.2
[INFO] [stderr]    Compiling serde_json v1.0.107
[INFO] [stderr]    Compiling ppv-lite86 v0.2.17
[INFO] [stderr]    Compiling powerfmt v0.2.0
[INFO] [stderr]    Compiling unicode-bidi v0.3.13
[INFO] [stderr]    Compiling http-body v0.4.5
[INFO] [stderr]    Compiling tower-service v0.3.2
[INFO] [stderr]    Compiling ryu v1.0.15
[INFO] [stderr]    Compiling httpdate v1.0.3
[INFO] [stderr]    Compiling deranged v0.3.9
[INFO] [stderr]    Compiling unicode-normalization v0.1.22
[INFO] [stderr]    Compiling raw-cpuid v10.7.0
[INFO] [stderr]    Compiling time-macros v0.2.15
[INFO] [stderr]    Compiling unicode-width v0.1.11
[INFO] [stderr]    Compiling num_threads v0.1.6
[INFO] [stderr]    Compiling hashbrown v0.14.1
[INFO] [stderr]    Compiling encoding_rs v0.8.33
[INFO] [stderr]    Compiling futures-timer v3.0.2
[INFO] [stderr]    Compiling base64 v0.21.4
[INFO] [stderr]    Compiling idna v0.4.0
[INFO] [stderr]    Compiling ipnet v2.8.0
[INFO] [stderr]    Compiling cc v1.0.83
[INFO] [stderr]    Compiling mio v0.8.8
[INFO] [stderr]    Compiling num_cpus v1.16.0
[INFO] [stderr]    Compiling socket2 v0.5.4
[INFO] [stderr]    Compiling getrandom v0.2.10
[INFO] [stderr]    Compiling socket2 v0.4.9
[INFO] [stderr]    Compiling rand_core v0.6.4
[INFO] [stderr]    Compiling dashmap v5.5.3
[INFO] [stderr]    Compiling parking_lot v0.12.1
[INFO] [stderr]    Compiling rand_chacha v0.3.1
[INFO] [stderr]    Compiling quanta v0.9.3
[INFO] [stderr]    Compiling url v2.4.1
[INFO] [stderr]    Compiling console v0.15.7
[INFO] [stderr]    Compiling no-std-compat v0.4.1
[INFO] [stderr]    Compiling same-file v1.0.6
[INFO] [stderr]    Compiling mime v0.3.17
[INFO] [stderr]    Compiling regex-automata v0.4.3
[INFO] [stderr]    Compiling rand v0.8.5
[INFO] [stderr]    Compiling nonzero_ext v0.3.0
[INFO] [stderr]    Compiling number_prefix v0.3.0
[INFO] [stderr]    Compiling walkdir v2.4.0
[INFO] [stderr]    Compiling argparse v0.2.2
[INFO] [stderr]    Compiling openssl-sys v0.9.93
[INFO] [stderr]    Compiling jemalloc-sys v0.3.2
[INFO] [stderr]    Compiling is-terminal v0.4.9
[INFO] [stderr]    Compiling colored v1.9.4
[INFO] [stderr]    Compiling time v0.3.30
[INFO] [stderr]    Compiling futures-macro v0.3.28
[INFO] [stderr]    Compiling tokio-macros v2.1.0
[INFO] [stderr]    Compiling serde_derive v1.0.189
[INFO] [stderr]    Compiling openssl-macros v0.1.1
[INFO] [stderr]    Compiling simple_logger v1.16.0
[INFO] [stderr]    Compiling regex v1.10.2
[INFO] [stderr]    Compiling tokio v1.33.0
[INFO] [stderr]    Compiling indicatif v0.15.0
[INFO] [stderr]    Compiling futures-executor v0.3.28
[INFO] [stderr]    Compiling futures v0.3.28
[INFO] [stderr]    Compiling governor v0.4.2
[INFO] [stderr]    Compiling tokio-util v0.7.9
[INFO] [stderr]    Compiling tokio-native-tls v0.3.1
[INFO] [stderr]    Compiling h2 v0.3.21
[INFO] [stderr]    Compiling serde_urlencoded v0.7.1
[INFO] [stderr]    Compiling uuid v0.8.2
[INFO] [stderr]    Compiling hyper v0.14.27
[INFO] [stderr]    Compiling hyper-tls v0.5.0
[INFO] [stderr]    Compiling reqwest v0.11.22
[INFO] [stderr]    Compiling jemallocator v0.3.2
[INFO] [stderr]    Compiling mdscrape v0.2.1 (/opt/rustwide/workdir)
[INFO] [stdout] warning: the item `Rc` is imported redundantly
[INFO] [stdout]    --> src/chapter.rs:113:13
[INFO] [stdout]     |
[INFO] [stdout] 7   | use std::rc::Rc;
[INFO] [stdout]     |     ----------- the item `Rc` is already imported here
[INFO] [stdout] ...
[INFO] [stdout] 113 |         use std::rc::Rc;
[INFO] [stdout]     |             ^^^^^^^^^^^
[INFO] [stdout]     |
[INFO] [stdout]     = note: `#[warn(unused_imports)]` on by default
[INFO] [stdout] 
[INFO] [stdout] 
[INFO] [stdout] warning: fields `id` and `lang_code` are never read
[INFO] [stdout]   --> src/chapter.rs:57:5
[INFO] [stdout]    |
[INFO] [stdout] 56 | pub struct ChapterInfo {
[INFO] [stdout]    |            ----------- fields in this struct
[INFO] [stdout] 57 |     id: Uuid,
[INFO] [stdout]    |     ^^
[INFO] [stdout] 58 |     lang_code: String,
[INFO] [stdout]    |     ^^^^^^^^^
[INFO] [stdout]    |
[INFO] [stdout]    = note: `ChapterInfo` has derived impls for the traits `Debug` and `Clone`, but these are intentionally ignored during dead code analysis
[INFO] [stdout]    = note: `#[warn(dead_code)]` on by default
[INFO] [stdout] 
[INFO] [stdout] 
[INFO] [stdout] warning: function `escape_path_string` is never used
[INFO] [stdout]  --> src/common.rs:6:8
[INFO] [stdout]   |
[INFO] [stdout] 6 | pub fn escape_path_string(s: String) -> String {
[INFO] [stdout]   |        ^^^^^^^^^^^^^^^^^^
[INFO] [stdout] 
[INFO] [stdout] 
[INFO] [stdout] warning: variants `NoSuchChapter` and `ChapterIsWrongLanguage` are never constructed
[INFO] [stdout]  --> src/retry.rs:8:5
[INFO] [stdout]   |
[INFO] [stdout] 6 | pub enum DownloadError {
[INFO] [stdout]   |          ------------- variants in this enum
[INFO] [stdout] 7 |     IOError(std::io::Error),
[INFO] [stdout] 8 |     NoSuchChapter(usize),
[INFO] [stdout]   |     ^^^^^^^^^^^^^
[INFO] [stdout] 9 |     ChapterIsWrongLanguage(usize),
[INFO] [stdout]   |     ^^^^^^^^^^^^^^^^^^^^^^
[INFO] [stdout]   |
[INFO] [stdout]   = note: `DownloadError` has a derived impl for the trait `Debug`, but this is intentionally ignored during dead code analysis
[INFO] [stdout] 
[INFO] [stdout] 
[INFO] [stdout] warning: enum `RenderTarget` is never used
[INFO] [stdout]  --> src/tui.rs:3:10
[INFO] [stdout]   |
[INFO] [stdout] 3 | pub enum RenderTarget {
[INFO] [stdout]   |          ^^^^^^^^^^^^
[INFO] [stdout] 
[INFO] [stdout] 
[INFO] [stdout] warning: field `render_info` is never read
[INFO] [stdout]   --> src/tui.rs:10:5
[INFO] [stdout]    |
[INFO] [stdout] 9  | pub struct TUI {
[INFO] [stdout]    |            --- field in this struct
[INFO] [stdout] 10 |     render_info: Vec<TUIProgressBar>,
[INFO] [stdout]    |     ^^^^^^^^^^^
[INFO] [stdout] 
[INFO] [stdout] 
[INFO] [stdout] warning: methods `create_progress_bar` and `render` are never used
[INFO] [stdout]   --> src/tui.rs:14:8
[INFO] [stdout]    |
[INFO] [stdout] 13 | impl TUI {
[INFO] [stdout]    | -------- methods in this implementation
[INFO] [stdout] 14 |     fn create_progress_bar(&self) -> TUIProgressBar {
[INFO] [stdout]    |        ^^^^^^^^^^^^^^^^^^^
[INFO] [stdout] ...
[INFO] [stdout] 17 |     fn render(&mut self) {}
[INFO] [stdout]    |        ^^^^^^
[INFO] [stdout] 
[INFO] [stdout] 
[INFO] [stdout] warning: constant `user_agent` should have an upper case name
[INFO] [stdout]  --> src/client.rs:3:11
[INFO] [stdout]   |
[INFO] [stdout] 3 | pub const user_agent: &str = "Mozilla/5.0 (X11; Linux x86_64; rv:109.0) Gecko/20100101 Firefox/118.0";
[INFO] [stdout]   |           ^^^^^^^^^^ help: convert the identifier to upper case: `USER_AGENT`
[INFO] [stdout]   |
[INFO] [stdout]   = note: `#[warn(non_upper_case_globals)]` on by default
[INFO] [stdout] 
[INFO] [stdout] 
[INFO] [stdout] warning: 8 warnings emitted
[INFO] [stdout] 
[INFO] [stdout] 
[INFO] [stderr]     Finished dev [unoptimized + debuginfo] target(s) in 42.81s
[INFO] running `Command { std: "docker" "inspect" "e0136c91d49e8710cd5c8b0ec53fb121a524df718a421d5fcd0d7817b2d8489d", kill_on_drop: false }`
[INFO] running `Command { std: "docker" "rm" "-f" "e0136c91d49e8710cd5c8b0ec53fb121a524df718a421d5fcd0d7817b2d8489d", kill_on_drop: false }`
[INFO] [stdout] e0136c91d49e8710cd5c8b0ec53fb121a524df718a421d5fcd0d7817b2d8489d
[INFO] running `Command { std: "docker" "create" "-v" "/var/lib/crater-agent-workspace/builds/worker-0-tc1/target:/opt/rustwide/target:rw,Z" "-v" "/var/lib/crater-agent-workspace/builds/worker-0-tc1/source:/opt/rustwide/workdir:ro,Z" "-v" "/var/lib/crater-agent-workspace/cargo-home:/opt/rustwide/cargo-home:ro,Z" "-v" "/var/lib/crater-agent-workspace/rustup-home:/opt/rustwide/rustup-home:ro,Z" "-e" "SOURCE_DIR=/opt/rustwide/workdir" "-e" "CARGO_TARGET_DIR=/opt/rustwide/target" "-e" "CARGO_INCREMENTAL=0" "-e" "RUST_BACKTRACE=full" "-e" "RUSTFLAGS=--cap-lints=warn" "-e" "RUSTDOCFLAGS=--cap-lints=warn" "-e" "CARGO_HOME=/opt/rustwide/cargo-home" "-e" "RUSTUP_HOME=/opt/rustwide/rustup-home" "-w" "/opt/rustwide/workdir" "-m" "1610612736" "--user" "0:0" "--network" "none" "ghcr.io/rust-lang/crates-build-env/linux@sha256:2788e3201cd34a07e3172128adcd8b3090168a8e3bcc40d7c032b9dda1df7d1c" "/opt/rustwide/cargo-home/bin/cargo" "+1.75.0" "test" "--frozen" "--no-run" "--message-format=json", kill_on_drop: false }`
[INFO] [stdout] c7b969415f9ed661b747f9f0f9f05ac125a8978ed1f0be67b47b47311481676e
[INFO] running `Command { std: "docker" "start" "-a" "c7b969415f9ed661b747f9f0f9f05ac125a8978ed1f0be67b47b47311481676e", kill_on_drop: false }`
[INFO] [stderr]    Compiling mdscrape v0.2.1 (/opt/rustwide/workdir)
[INFO] [stdout] warning: the item `Rc` is imported redundantly
[INFO] [stdout]    --> src/chapter.rs:113:13
[INFO] [stdout]     |
[INFO] [stdout] 7   | use std::rc::Rc;
[INFO] [stdout]     |     ----------- the item `Rc` is already imported here
[INFO] [stdout] ...
[INFO] [stdout] 113 |         use std::rc::Rc;
[INFO] [stdout]     |             ^^^^^^^^^^^
[INFO] [stdout]     |
[INFO] [stdout]     = note: `#[warn(unused_imports)]` on by default
[INFO] [stdout] 
[INFO] [stdout] 
[INFO] [stdout] warning: fields `id` and `lang_code` are never read
[INFO] [stdout]   --> src/chapter.rs:57:5
[INFO] [stdout]    |
[INFO] [stdout] 56 | pub struct ChapterInfo {
[INFO] [stdout]    |            ----------- fields in this struct
[INFO] [stdout] 57 |     id: Uuid,
[INFO] [stdout]    |     ^^
[INFO] [stdout] 58 |     lang_code: String,
[INFO] [stdout]    |     ^^^^^^^^^
[INFO] [stdout]    |
[INFO] [stdout]    = note: `ChapterInfo` has derived impls for the traits `Debug` and `Clone`, but these are intentionally ignored during dead code analysis
[INFO] [stdout]    = note: `#[warn(dead_code)]` on by default
[INFO] [stdout] 
[INFO] [stdout] 
[INFO] [stdout] warning: function `escape_path_string` is never used
[INFO] [stdout]  --> src/common.rs:6:8
[INFO] [stdout]   |
[INFO] [stdout] 6 | pub fn escape_path_string(s: String) -> String {
[INFO] [stdout]   |        ^^^^^^^^^^^^^^^^^^
[INFO] [stdout] 
[INFO] [stdout] 
[INFO] [stdout] warning: variants `NoSuchChapter` and `ChapterIsWrongLanguage` are never constructed
[INFO] [stdout]  --> src/retry.rs:8:5
[INFO] [stdout]   |
[INFO] [stdout] 6 | pub enum DownloadError {
[INFO] [stdout]   |          ------------- variants in this enum
[INFO] [stdout] 7 |     IOError(std::io::Error),
[INFO] [stdout] 8 |     NoSuchChapter(usize),
[INFO] [stdout]   |     ^^^^^^^^^^^^^
[INFO] [stdout] 9 |     ChapterIsWrongLanguage(usize),
[INFO] [stdout]   |     ^^^^^^^^^^^^^^^^^^^^^^
[INFO] [stdout]   |
[INFO] [stdout]   = note: `DownloadError` has a derived impl for the trait `Debug`, but this is intentionally ignored during dead code analysis
[INFO] [stdout] 
[INFO] [stdout] 
[INFO] [stdout] warning: enum `RenderTarget` is never used
[INFO] [stdout]  --> src/tui.rs:3:10
[INFO] [stdout]   |
[INFO] [stdout] 3 | pub enum RenderTarget {
[INFO] [stdout]   |          ^^^^^^^^^^^^
[INFO] [stdout] 
[INFO] [stdout] 
[INFO] [stdout] warning: field `render_info` is never read
[INFO] [stdout]   --> src/tui.rs:10:5
[INFO] [stdout]    |
[INFO] [stdout] 9  | pub struct TUI {
[INFO] [stdout]    |            --- field in this struct
[INFO] [stdout] 10 |     render_info: Vec<TUIProgressBar>,
[INFO] [stdout]    |     ^^^^^^^^^^^
[INFO] [stdout] 
[INFO] [stdout] 
[INFO] [stdout] warning: methods `create_progress_bar` and `render` are never used
[INFO] [stdout]   --> src/tui.rs:14:8
[INFO] [stdout]    |
[INFO] [stdout] 13 | impl TUI {
[INFO] [stdout]    | -------- methods in this implementation
[INFO] [stdout] 14 |     fn create_progress_bar(&self) -> TUIProgressBar {
[INFO] [stdout]    |        ^^^^^^^^^^^^^^^^^^^
[INFO] [stdout] ...
[INFO] [stdout] 17 |     fn render(&mut self) {}
[INFO] [stdout]    |        ^^^^^^
[INFO] [stdout] 
[INFO] [stdout] 
[INFO] [stdout] warning: constant `user_agent` should have an upper case name
[INFO] [stdout]  --> src/client.rs:3:11
[INFO] [stdout]   |
[INFO] [stdout] 3 | pub const user_agent: &str = "Mozilla/5.0 (X11; Linux x86_64; rv:109.0) Gecko/20100101 Firefox/118.0";
[INFO] [stdout]   |           ^^^^^^^^^^ help: convert the identifier to upper case: `USER_AGENT`
[INFO] [stdout]   |
[INFO] [stdout]   = note: `#[warn(non_upper_case_globals)]` on by default
[INFO] [stdout] 
[INFO] [stdout] 
[INFO] [stdout] warning: 8 warnings emitted
[INFO] [stdout] 
[INFO] [stdout] 
[INFO] [stderr]     Finished test [unoptimized + debuginfo] target(s) in 3.03s
[INFO] running `Command { std: "docker" "inspect" "c7b969415f9ed661b747f9f0f9f05ac125a8978ed1f0be67b47b47311481676e", kill_on_drop: false }`
[INFO] running `Command { std: "docker" "rm" "-f" "c7b969415f9ed661b747f9f0f9f05ac125a8978ed1f0be67b47b47311481676e", kill_on_drop: false }`
[INFO] [stdout] c7b969415f9ed661b747f9f0f9f05ac125a8978ed1f0be67b47b47311481676e
[INFO] running `Command { std: "docker" "create" "-v" "/var/lib/crater-agent-workspace/builds/worker-0-tc1/target:/opt/rustwide/target:rw,Z" "-v" "/var/lib/crater-agent-workspace/builds/worker-0-tc1/source:/opt/rustwide/workdir:ro,Z" "-v" "/var/lib/crater-agent-workspace/cargo-home:/opt/rustwide/cargo-home:ro,Z" "-v" "/var/lib/crater-agent-workspace/rustup-home:/opt/rustwide/rustup-home:ro,Z" "-e" "SOURCE_DIR=/opt/rustwide/workdir" "-e" "CARGO_TARGET_DIR=/opt/rustwide/target" "-e" "CARGO_INCREMENTAL=0" "-e" "RUST_BACKTRACE=full" "-e" "RUSTFLAGS=--cap-lints=warn" "-e" "RUSTDOCFLAGS=--cap-lints=warn" "-e" "CARGO_HOME=/opt/rustwide/cargo-home" "-e" "RUSTUP_HOME=/opt/rustwide/rustup-home" "-w" "/opt/rustwide/workdir" "-m" "1610612736" "--user" "0:0" "--network" "none" "ghcr.io/rust-lang/crates-build-env/linux@sha256:2788e3201cd34a07e3172128adcd8b3090168a8e3bcc40d7c032b9dda1df7d1c" "/opt/rustwide/cargo-home/bin/cargo" "+1.75.0" "test" "--frozen", kill_on_drop: false }`
[INFO] [stdout] 0c16c7dc66fe3fa65f02be4be99290f0b0bd3ba2671f331905695fcc07ae8b54
[INFO] running `Command { std: "docker" "start" "-a" "0c16c7dc66fe3fa65f02be4be99290f0b0bd3ba2671f331905695fcc07ae8b54", kill_on_drop: false }`
[INFO] [stderr] warning: the item `Rc` is imported redundantly
[INFO] [stderr]    --> src/chapter.rs:113:13
[INFO] [stderr]     |
[INFO] [stderr] 7   | use std::rc::Rc;
[INFO] [stderr]     |     ----------- the item `Rc` is already imported here
[INFO] [stderr] ...
[INFO] [stderr] 113 |         use std::rc::Rc;
[INFO] [stderr]     |             ^^^^^^^^^^^
[INFO] [stderr]     |
[INFO] [stderr]     = note: `#[warn(unused_imports)]` on by default
[INFO] [stderr] 
[INFO] [stderr] warning: fields `id` and `lang_code` are never read
[INFO] [stderr]   --> src/chapter.rs:57:5
[INFO] [stderr]    |
[INFO] [stderr] 56 | pub struct ChapterInfo {
[INFO] [stderr]    |            ----------- fields in this struct
[INFO] [stderr] 57 |     id: Uuid,
[INFO] [stderr]    |     ^^
[INFO] [stderr] 58 |     lang_code: String,
[INFO] [stderr]    |     ^^^^^^^^^
[INFO] [stderr]    |
[INFO] [stderr]    = note: `ChapterInfo` has derived impls for the traits `Debug` and `Clone`, but these are intentionally ignored during dead code analysis
[INFO] [stderr]    = note: `#[warn(dead_code)]` on by default
[INFO] [stderr] 
[INFO] [stderr] warning: function `escape_path_string` is never used
[INFO] [stderr]  --> src/common.rs:6:8
[INFO] [stderr]   |
[INFO] [stderr] 6 | pub fn escape_path_string(s: String) -> String {
[INFO] [stderr]   |        ^^^^^^^^^^^^^^^^^^
[INFO] [stderr] 
[INFO] [stderr] warning: variants `NoSuchChapter` and `ChapterIsWrongLanguage` are never constructed
[INFO] [stderr]  --> src/retry.rs:8:5
[INFO] [stderr]   |
[INFO] [stderr] 6 | pub enum DownloadError {
[INFO] [stderr]   |          ------------- variants in this enum
[INFO] [stderr] 7 |     IOError(std::io::Error),
[INFO] [stderr] 8 |     NoSuchChapter(usize),
[INFO] [stderr]   |     ^^^^^^^^^^^^^
[INFO] [stderr] 9 |     ChapterIsWrongLanguage(usize),
[INFO] [stderr]   |     ^^^^^^^^^^^^^^^^^^^^^^
[INFO] [stderr]   |
[INFO] [stderr]   = note: `DownloadError` has a derived impl for the trait `Debug`, but this is intentionally ignored during dead code analysis
[INFO] [stderr] 
[INFO] [stderr] warning: enum `RenderTarget` is never used
[INFO] [stderr]  --> src/tui.rs:3:10
[INFO] [stderr]   |
[INFO] [stderr] 3 | pub enum RenderTarget {
[INFO] [stderr]   |          ^^^^^^^^^^^^
[INFO] [stderr] 
[INFO] [stderr] warning: field `render_info` is never read
[INFO] [stderr]   --> src/tui.rs:10:5
[INFO] [stderr]    |
[INFO] [stderr] 9  | pub struct TUI {
[INFO] [stderr]    |            --- field in this struct
[INFO] [stderr] 10 |     render_info: Vec<TUIProgressBar>,
[INFO] [stderr]    |     ^^^^^^^^^^^
[INFO] [stderr] 
[INFO] [stderr] warning: methods `create_progress_bar` and `render` are never used
[INFO] [stderr]   --> src/tui.rs:14:8
[INFO] [stderr]    |
[INFO] [stderr] 13 | impl TUI {
[INFO] [stderr]    | -------- methods in this implementation
[INFO] [stderr] 14 |     fn create_progress_bar(&self) -> TUIProgressBar {
[INFO] [stderr]    |        ^^^^^^^^^^^^^^^^^^^
[INFO] [stderr] ...
[INFO] [stderr] 17 |     fn render(&mut self) {}
[INFO] [stderr]    |        ^^^^^^
[INFO] [stderr] 
[INFO] [stderr] warning: constant `user_agent` should have an upper case name
[INFO] [stderr]  --> src/client.rs:3:11
[INFO] [stderr]   |
[INFO] [stderr] 3 | pub const user_agent: &str = "Mozilla/5.0 (X11; Linux x86_64; rv:109.0) Gecko/20100101 Firefox/118.0";
[INFO] [stderr]   |           ^^^^^^^^^^ help: convert the identifier to upper case: `USER_AGENT`
[INFO] [stderr]   |
[INFO] [stderr]   = note: `#[warn(non_upper_case_globals)]` on by default
[INFO] [stderr] 
[INFO] [stderr] warning: `mdscrape` (bin "mdscrape" test) generated 8 warnings
[INFO] [stderr]     Finished test [unoptimized + debuginfo] target(s) in 0.09s
[INFO] [stderr]      Running unittests src/main.rs (/opt/rustwide/target/debug/deps/mdscrape-dfa9f29be0905569)
[INFO] [stdout] 
[INFO] [stdout] running 4 tests
[INFO] [stdout] test throttle::test::test_throttle_ticketing ... ok
[INFO] [stdout] test api::at_home::test::can_get_server_info_response ... FAILED
[INFO] [stdout] test api::chapter::test::can_get_chapter_response ... FAILED
[INFO] [stdout] test api::manga::test::can_get_manga_response ... FAILED
[INFO] [stdout] 
[INFO] [stdout] failures:
[INFO] [stdout] 
[INFO] [stdout] ---- api::at_home::test::can_get_server_info_response stdout ----
[INFO] [stdout] Error: reqwest::Error { kind: Request, url: Url { scheme: "https", cannot_be_a_base: false, username: "", password: None, host: Some(Domain("api.mangadex.org")), port: None, path: "/at-home/server/417d64e1-6c88-48f8-b507-ad43e9636888", query: None, fragment: None }, source: hyper::Error(Connect, ConnectError("dns error", Custom { kind: Uncategorized, error: "failed to lookup address information: Temporary failure in name resolution" })) }
[INFO] [stdout] 
[INFO] [stdout] ---- api::chapter::test::can_get_chapter_response stdout ----
[INFO] [stdout] Error: reqwest::Error { kind: Request, url: Url { scheme: "https", cannot_be_a_base: false, username: "", password: None, host: Some(Domain("api.mangadex.org")), port: None, path: "/chapter/417d64e1-6c88-48f8-b507-ad43e9636888", query: None, fragment: None }, source: hyper::Error(Connect, ConnectError("dns error", Custom { kind: Uncategorized, error: "failed to lookup address information: Temporary failure in name resolution" })) }
[INFO] [stdout] 
[INFO] [stdout] ---- api::manga::test::can_get_manga_response stdout ----
[INFO] [stdout] Error: reqwest::Error { kind: Request, url: Url { scheme: "https", cannot_be_a_base: false, username: "", password: None, host: Some(Domain("api.mangadex.org")), port: None, path: "/manga/76ee7069-23b4-493c-bc44-34ccbf3051a8/feed", query: Some("offset=2&limit=10&translatedLanguage[]=en&order[volume]=asc&order[chapter]=asc"), fragment: None }, source: hyper::Error(Connect, ConnectError("dns error", Custom { kind: Uncategorized, error: "failed to lookup address information: Temporary failure in name resolution" })) }
[INFO] [stdout] 
[INFO] [stdout] 
[INFO] [stdout] failures:
[INFO] [stdout]     api::at_home::test::can_get_server_info_response
[INFO] [stdout]     api::chapter::test::can_get_chapter_response
[INFO] [stdout]     api::manga::test::can_get_manga_response
[INFO] [stdout] 
[INFO] [stdout] test result: FAILED. 1 passed; 3 failed; 0 ignored; 0 measured; 0 filtered out; finished in 0.07s
[INFO] [stdout] 
[INFO] [stderr] error: test failed, to rerun pass `--bin mdscrape`
[INFO] running `Command { std: "docker" "inspect" "0c16c7dc66fe3fa65f02be4be99290f0b0bd3ba2671f331905695fcc07ae8b54", kill_on_drop: false }`
[INFO] running `Command { std: "docker" "rm" "-f" "0c16c7dc66fe3fa65f02be4be99290f0b0bd3ba2671f331905695fcc07ae8b54", kill_on_drop: false }`
[INFO] [stdout] 0c16c7dc66fe3fa65f02be4be99290f0b0bd3ba2671f331905695fcc07ae8b54
[INFO] testing ccapitalK/mdscrape against beta-2023-12-22 for beta-1.76-1
[INFO] running `Command { std: "git" "clone" "/workspace/cache/git-repos/https%3A%2F%2Fgithub.com%2FccapitalK%2Fmdscrape" "/workspace/builds/worker-0-tc2/source", kill_on_drop: false }`
[INFO] [stderr] Cloning into '/workspace/builds/worker-0-tc2/source'...
[INFO] [stderr] done.
[INFO] validating manifest of git repo https://github.com/ccapitalK/mdscrape on toolchain beta-2023-12-22
[INFO] running `Command { std: CARGO_HOME="/workspace/cargo-home" RUSTUP_HOME="/workspace/rustup-home" "/workspace/cargo-home/bin/cargo" "+beta-2023-12-22" "metadata" "--manifest-path" "Cargo.toml" "--no-deps", kill_on_drop: false }`
[INFO] started tweaking git repo https://github.com/ccapitalK/mdscrape
[INFO] finished tweaking git repo https://github.com/ccapitalK/mdscrape
[INFO] tweaked toml for git repo https://github.com/ccapitalK/mdscrape written to /workspace/builds/worker-0-tc2/source/Cargo.toml
[INFO] crate git repo https://github.com/ccapitalK/mdscrape already has a lockfile, it will not be regenerated
[INFO] running `Command { std: CARGO_HOME="/workspace/cargo-home" RUSTUP_HOME="/workspace/rustup-home" "/workspace/cargo-home/bin/cargo" "+beta-2023-12-22" "fetch" "--manifest-path" "Cargo.toml", kill_on_drop: false }`
[INFO] running `Command { std: "docker" "create" "-v" "/var/lib/crater-agent-workspace/builds/worker-0-tc2/target:/opt/rustwide/target:rw,Z" "-v" "/var/lib/crater-agent-workspace/builds/worker-0-tc2/source:/opt/rustwide/workdir:ro,Z" "-v" "/var/lib/crater-agent-workspace/cargo-home:/opt/rustwide/cargo-home:ro,Z" "-v" "/var/lib/crater-agent-workspace/rustup-home:/opt/rustwide/rustup-home:ro,Z" "-e" "SOURCE_DIR=/opt/rustwide/workdir" "-e" "CARGO_TARGET_DIR=/opt/rustwide/target" "-e" "CARGO_HOME=/opt/rustwide/cargo-home" "-e" "RUSTUP_HOME=/opt/rustwide/rustup-home" "-w" "/opt/rustwide/workdir" "-m" "1610612736" "--user" "0:0" "--network" "none" "ghcr.io/rust-lang/crates-build-env/linux@sha256:2788e3201cd34a07e3172128adcd8b3090168a8e3bcc40d7c032b9dda1df7d1c" "/opt/rustwide/cargo-home/bin/cargo" "+beta-2023-12-22" "metadata" "--no-deps" "--format-version=1", kill_on_drop: false }`
[INFO] [stdout] 3a4e1122ce1e38e3afcec65dfd19c2adaae110845c29fae1b37bcd25508663e8
[INFO] running `Command { std: "docker" "start" "-a" "3a4e1122ce1e38e3afcec65dfd19c2adaae110845c29fae1b37bcd25508663e8", kill_on_drop: false }`
[INFO] running `Command { std: "docker" "inspect" "3a4e1122ce1e38e3afcec65dfd19c2adaae110845c29fae1b37bcd25508663e8", kill_on_drop: false }`
[INFO] running `Command { std: "docker" "rm" "-f" "3a4e1122ce1e38e3afcec65dfd19c2adaae110845c29fae1b37bcd25508663e8", kill_on_drop: false }`
[INFO] [stdout] 3a4e1122ce1e38e3afcec65dfd19c2adaae110845c29fae1b37bcd25508663e8
[INFO] running `Command { std: "docker" "create" "-v" "/var/lib/crater-agent-workspace/builds/worker-0-tc2/target:/opt/rustwide/target:rw,Z" "-v" "/var/lib/crater-agent-workspace/builds/worker-0-tc2/source:/opt/rustwide/workdir:ro,Z" "-v" "/var/lib/crater-agent-workspace/cargo-home:/opt/rustwide/cargo-home:ro,Z" "-v" "/var/lib/crater-agent-workspace/rustup-home:/opt/rustwide/rustup-home:ro,Z" "-e" "SOURCE_DIR=/opt/rustwide/workdir" "-e" "CARGO_TARGET_DIR=/opt/rustwide/target" "-e" "CARGO_INCREMENTAL=0" "-e" "RUST_BACKTRACE=full" "-e" "RUSTFLAGS=--cap-lints=warn" "-e" "RUSTDOCFLAGS=--cap-lints=warn" "-e" "CARGO_HOME=/opt/rustwide/cargo-home" "-e" "RUSTUP_HOME=/opt/rustwide/rustup-home" "-w" "/opt/rustwide/workdir" "-m" "1610612736" "--user" "0:0" "--network" "none" "ghcr.io/rust-lang/crates-build-env/linux@sha256:2788e3201cd34a07e3172128adcd8b3090168a8e3bcc40d7c032b9dda1df7d1c" "/opt/rustwide/cargo-home/bin/cargo" "+beta-2023-12-22" "build" "--frozen" "--message-format=json", kill_on_drop: false }`
[INFO] [stdout] 8feae541dbd90fc122657ea5a173762ee249c905a403555d2d8e850fb3b6b9c3
[INFO] running `Command { std: "docker" "start" "-a" "8feae541dbd90fc122657ea5a173762ee249c905a403555d2d8e850fb3b6b9c3", kill_on_drop: false }`
[INFO] [stderr]    Compiling libc v0.2.149
[INFO] [stderr]    Compiling proc-macro2 v1.0.69
[INFO] [stderr]    Compiling unicode-ident v1.0.12
[INFO] [stderr]    Compiling autocfg v1.1.0
[INFO] [stderr]    Compiling cfg-if v1.0.0
[INFO] [stderr]    Compiling pin-project-lite v0.2.13
[INFO] [stderr]    Compiling once_cell v1.18.0
[INFO] [stderr]    Compiling futures-core v0.3.28
[INFO] [stderr]    Compiling memchr v2.6.4
[INFO] [stderr]    Compiling futures-channel v0.3.28
[INFO] [stderr]    Compiling vcpkg v0.2.15
[INFO] [stderr]    Compiling itoa v1.0.9
[INFO] [stderr]    Compiling futures-sink v0.3.28
[INFO] [stderr]    Compiling futures-task v0.3.28
[INFO] [stderr]    Compiling pkg-config v0.3.27
[INFO] [stderr]    Compiling bytes v1.5.0
[INFO] [stderr]    Compiling bitflags v2.4.1
[INFO] [stderr]    Compiling futures-util v0.3.28
[INFO] [stderr]    Compiling pin-utils v0.1.0
[INFO] [stderr]    Compiling futures-io v0.3.28
[INFO] [stderr]    Compiling foreign-types-shared v0.1.1
[INFO] [stderr]    Compiling serde v1.0.189
[INFO] [stderr]    Compiling tracing-core v0.1.32
[INFO] [stderr]    Compiling openssl v0.10.57
[INFO] [stderr]    Compiling fnv v1.0.7
[INFO] [stderr]    Compiling foreign-types v0.3.2
[INFO] [stderr]    Compiling tinyvec_macros v0.1.1
[INFO] [stderr]    Compiling native-tls v0.2.11
[INFO] [stderr]    Compiling httparse v1.8.0
[INFO] [stderr]    Compiling rustix v0.38.19
[INFO] [stderr]    Compiling slab v0.4.9
[INFO] [stderr]    Compiling indexmap v1.9.3
[INFO] [stderr]    Compiling lock_api v0.4.10
[INFO] [stderr]    Compiling log v0.4.20
[INFO] [stderr]    Compiling parking_lot_core v0.9.8
[INFO] [stderr]    Compiling http v0.2.9
[INFO] [stderr]    Compiling hashbrown v0.12.3
[INFO] [stderr]    Compiling tinyvec v1.6.0
[INFO] [stderr]    Compiling tracing v0.1.39
[INFO] [stderr]    Compiling try-lock v0.2.4
[INFO] [stderr]    Compiling crossbeam-utils v0.8.16
[INFO] [stderr]    Compiling scopeguard v1.2.0
[INFO] [stderr]    Compiling lazy_static v1.4.0
[INFO] [stderr]    Compiling quote v1.0.33
[INFO] [stderr]    Compiling smallvec v1.11.1
[INFO] [stderr]    Compiling percent-encoding v2.3.0
[INFO] [stderr]    Compiling linux-raw-sys v0.4.10
[INFO] [stderr]    Compiling fs_extra v1.3.0
[INFO] [stderr]    Compiling openssl-probe v0.1.5
[INFO] [stderr]    Compiling syn v2.0.38
[INFO] [stderr]    Compiling form_urlencoded v1.2.0
[INFO] [stderr]    Compiling want v0.3.1
[INFO] [stderr]    Compiling aho-corasick v1.1.2
[INFO] [stderr]    Compiling httpdate v1.0.3
[INFO] [stderr]    Compiling ryu v1.0.15
[INFO] [stderr]    Compiling time-core v0.1.2
[INFO] [stderr]    Compiling tower-service v0.3.2
[INFO] [stderr]    Compiling powerfmt v0.2.0
[INFO] [stderr]    Compiling unicode-bidi v0.3.13
[INFO] [stderr]    Compiling regex-syntax v0.8.2
[INFO] [stderr]    Compiling ppv-lite86 v0.2.17
[INFO] [stderr]    Compiling serde_json v1.0.107
[INFO] [stderr]    Compiling bitflags v1.3.2
[INFO] [stderr]    Compiling time-macros v0.2.15
[INFO] [stderr]    Compiling raw-cpuid v10.7.0
[INFO] [stderr]    Compiling deranged v0.3.9
[INFO] [stderr]    Compiling unicode-normalization v0.1.22
[INFO] [stderr]    Compiling http-body v0.4.5
[INFO] [stderr]    Compiling num_threads v0.1.6
[INFO] [stderr]    Compiling unicode-width v0.1.11
[INFO] [stderr]    Compiling hashbrown v0.14.1
[INFO] [stderr]    Compiling encoding_rs v0.8.33
[INFO] [stderr]    Compiling base64 v0.21.4
[INFO] [stderr]    Compiling mime v0.3.17
[INFO] [stderr]    Compiling cc v1.0.83
[INFO] [stderr]    Compiling socket2 v0.5.4
[INFO] [stderr]    Compiling num_cpus v1.16.0
[INFO] [stderr]    Compiling mio v0.8.8
[INFO] [stderr]    Compiling getrandom v0.2.10
[INFO] [stderr]    Compiling socket2 v0.4.9
[INFO] [stderr]    Compiling idna v0.4.0
[INFO] [stderr]    Compiling rand_core v0.6.4
[INFO] [stderr]    Compiling dashmap v5.5.3
[INFO] [stderr]    Compiling rand_chacha v0.3.1
[INFO] [stderr]    Compiling quanta v0.9.3
[INFO] [stderr]    Compiling rand v0.8.5
[INFO] [stderr]    Compiling parking_lot v0.12.1
[INFO] [stderr]    Compiling url v2.4.1
[INFO] [stderr]    Compiling console v0.15.7
[INFO] [stderr]    Compiling futures-timer v3.0.2
[INFO] [stderr]    Compiling nonzero_ext v0.3.0
[INFO] [stderr]    Compiling no-std-compat v0.4.1
[INFO] [stderr]    Compiling number_prefix v0.3.0
[INFO] [stderr]    Compiling same-file v1.0.6
[INFO] [stderr]    Compiling regex-automata v0.4.3
[INFO] [stderr]    Compiling ipnet v2.8.0
[INFO] [stderr]    Compiling walkdir v2.4.0
[INFO] [stderr]    Compiling argparse v0.2.2
[INFO] [stderr]    Compiling openssl-sys v0.9.93
[INFO] [stderr]    Compiling jemalloc-sys v0.3.2
[INFO] [stderr]    Compiling is-terminal v0.4.9
[INFO] [stderr]    Compiling time v0.3.30
[INFO] [stderr]    Compiling colored v1.9.4
[INFO] [stderr]    Compiling simple_logger v1.16.0
[INFO] [stderr]    Compiling futures-macro v0.3.28
[INFO] [stderr]    Compiling tokio-macros v2.1.0
[INFO] [stderr]    Compiling openssl-macros v0.1.1
[INFO] [stderr]    Compiling serde_derive v1.0.189
[INFO] [stderr]    Compiling regex v1.10.2
[INFO] [stderr]    Compiling tokio v1.33.0
[INFO] [stderr]    Compiling indicatif v0.15.0
[INFO] [stderr]    Compiling futures-executor v0.3.28
[INFO] [stderr]    Compiling futures v0.3.28
[INFO] [stderr]    Compiling governor v0.4.2
[INFO] [stderr]    Compiling tokio-util v0.7.9
[INFO] [stderr]    Compiling tokio-native-tls v0.3.1
[INFO] [stderr]    Compiling h2 v0.3.21
[INFO] [stderr]    Compiling serde_urlencoded v0.7.1
[INFO] [stderr]    Compiling uuid v0.8.2
[INFO] [stderr]    Compiling hyper v0.14.27
[INFO] [stderr]    Compiling hyper-tls v0.5.0
[INFO] [stderr]    Compiling reqwest v0.11.22
[INFO] [stderr]    Compiling jemallocator v0.3.2
[INFO] [stderr]    Compiling mdscrape v0.2.1 (/opt/rustwide/workdir)
[INFO] [stdout] warning: the item `Rc` is imported redundantly
[INFO] [stdout]    --> src/chapter.rs:113:13
[INFO] [stdout]     |
[INFO] [stdout] 7   | use std::rc::Rc;
[INFO] [stdout]     |     ----------- the item `Rc` is already imported here
[INFO] [stdout] ...
[INFO] [stdout] 113 |         use std::rc::Rc;
[INFO] [stdout]     |             ^^^^^^^^^^^
[INFO] [stdout]     |
[INFO] [stdout]     = note: `#[warn(unused_imports)]` on by default
[INFO] [stdout] 
[INFO] [stdout] 
[INFO] [stdout] warning: fields `id` and `lang_code` are never read
[INFO] [stdout]   --> src/chapter.rs:57:5
[INFO] [stdout]    |
[INFO] [stdout] 56 | pub struct ChapterInfo {
[INFO] [stdout]    |            ----------- fields in this struct
[INFO] [stdout] 57 |     id: Uuid,
[INFO] [stdout]    |     ^^
[INFO] [stdout] 58 |     lang_code: String,
[INFO] [stdout]    |     ^^^^^^^^^
[INFO] [stdout]    |
[INFO] [stdout]    = note: `ChapterInfo` has derived impls for the traits `Debug` and `Clone`, but these are intentionally ignored during dead code analysis
[INFO] [stdout]    = note: `#[warn(dead_code)]` on by default
[INFO] [stdout] 
[INFO] [stdout] 
[INFO] [stdout] warning: function `escape_path_string` is never used
[INFO] [stdout]  --> src/common.rs:6:8
[INFO] [stdout]   |
[INFO] [stdout] 6 | pub fn escape_path_string(s: String) -> String {
[INFO] [stdout]   |        ^^^^^^^^^^^^^^^^^^
[INFO] [stdout] 
[INFO] [stdout] 
[INFO] [stdout] warning: variants `NoSuchChapter` and `ChapterIsWrongLanguage` are never constructed
[INFO] [stdout]  --> src/retry.rs:8:5
[INFO] [stdout]   |
[INFO] [stdout] 6 | pub enum DownloadError {
[INFO] [stdout]   |          ------------- variants in this enum
[INFO] [stdout] 7 |     IOError(std::io::Error),
[INFO] [stdout] 8 |     NoSuchChapter(usize),
[INFO] [stdout]   |     ^^^^^^^^^^^^^
[INFO] [stdout] 9 |     ChapterIsWrongLanguage(usize),
[INFO] [stdout]   |     ^^^^^^^^^^^^^^^^^^^^^^
[INFO] [stdout]   |
[INFO] [stdout]   = note: `DownloadError` has a derived impl for the trait `Debug`, but this is intentionally ignored during dead code analysis
[INFO] [stdout] 
[INFO] [stdout] 
[INFO] [stdout] warning: enum `RenderTarget` is never used
[INFO] [stdout]  --> src/tui.rs:3:10
[INFO] [stdout]   |
[INFO] [stdout] 3 | pub enum RenderTarget {
[INFO] [stdout]   |          ^^^^^^^^^^^^
[INFO] [stdout] 
[INFO] [stdout] 
[INFO] [stdout] warning: field `render_info` is never read
[INFO] [stdout]   --> src/tui.rs:10:5
[INFO] [stdout]    |
[INFO] [stdout] 9  | pub struct TUI {
[INFO] [stdout]    |            --- field in this struct
[INFO] [stdout] 10 |     render_info: Vec<TUIProgressBar>,
[INFO] [stdout]    |     ^^^^^^^^^^^
[INFO] [stdout] 
[INFO] [stdout] 
[INFO] [stdout] warning: methods `create_progress_bar` and `render` are never used
[INFO] [stdout]   --> src/tui.rs:14:8
[INFO] [stdout]    |
[INFO] [stdout] 13 | impl TUI {
[INFO] [stdout]    | -------- methods in this implementation
[INFO] [stdout] 14 |     fn create_progress_bar(&self) -> TUIProgressBar {
[INFO] [stdout]    |        ^^^^^^^^^^^^^^^^^^^
[INFO] [stdout] ...
[INFO] [stdout] 17 |     fn render(&mut self) {}
[INFO] [stdout]    |        ^^^^^^
[INFO] [stdout] 
[INFO] [stdout] 
[INFO] [stdout] warning: constant `user_agent` should have an upper case name
[INFO] [stdout]  --> src/client.rs:3:11
[INFO] [stdout]   |
[INFO] [stdout] 3 | pub const user_agent: &str = "Mozilla/5.0 (X11; Linux x86_64; rv:109.0) Gecko/20100101 Firefox/118.0";
[INFO] [stdout]   |           ^^^^^^^^^^ help: convert the identifier to upper case: `USER_AGENT`
[INFO] [stdout]   |
[INFO] [stdout]   = note: `#[warn(non_upper_case_globals)]` on by default
[INFO] [stdout] 
[INFO] [stdout] 
[INFO] [stdout] warning: 8 warnings emitted
[INFO] [stdout] 
[INFO] [stdout] 
[INFO] [stderr]     Finished dev [unoptimized + debuginfo] target(s) in 48.75s
[INFO] running `Command { std: "docker" "inspect" "8feae541dbd90fc122657ea5a173762ee249c905a403555d2d8e850fb3b6b9c3", kill_on_drop: false }`
[INFO] running `Command { std: "docker" "rm" "-f" "8feae541dbd90fc122657ea5a173762ee249c905a403555d2d8e850fb3b6b9c3", kill_on_drop: false }`
[INFO] [stdout] 8feae541dbd90fc122657ea5a173762ee249c905a403555d2d8e850fb3b6b9c3
[INFO] running `Command { std: "docker" "create" "-v" "/var/lib/crater-agent-workspace/builds/worker-0-tc2/target:/opt/rustwide/target:rw,Z" "-v" "/var/lib/crater-agent-workspace/builds/worker-0-tc2/source:/opt/rustwide/workdir:ro,Z" "-v" "/var/lib/crater-agent-workspace/cargo-home:/opt/rustwide/cargo-home:ro,Z" "-v" "/var/lib/crater-agent-workspace/rustup-home:/opt/rustwide/rustup-home:ro,Z" "-e" "SOURCE_DIR=/opt/rustwide/workdir" "-e" "CARGO_TARGET_DIR=/opt/rustwide/target" "-e" "CARGO_INCREMENTAL=0" "-e" "RUST_BACKTRACE=full" "-e" "RUSTFLAGS=--cap-lints=warn" "-e" "RUSTDOCFLAGS=--cap-lints=warn" "-e" "CARGO_HOME=/opt/rustwide/cargo-home" "-e" "RUSTUP_HOME=/opt/rustwide/rustup-home" "-w" "/opt/rustwide/workdir" "-m" "1610612736" "--user" "0:0" "--network" "none" "ghcr.io/rust-lang/crates-build-env/linux@sha256:2788e3201cd34a07e3172128adcd8b3090168a8e3bcc40d7c032b9dda1df7d1c" "/opt/rustwide/cargo-home/bin/cargo" "+beta-2023-12-22" "test" "--frozen" "--no-run" "--message-format=json", kill_on_drop: false }`
[INFO] [stdout] 3ae34af14a83accf878870bad4c806bf3cb88c4b9971298e14af168e9aa288bc
[INFO] running `Command { std: "docker" "start" "-a" "3ae34af14a83accf878870bad4c806bf3cb88c4b9971298e14af168e9aa288bc", kill_on_drop: false }`
[INFO] [stderr]    Compiling mdscrape v0.2.1 (/opt/rustwide/workdir)
[INFO] [stdout] warning: the item `Rc` is imported redundantly
[INFO] [stdout]    --> src/chapter.rs:113:13
[INFO] [stdout]     |
[INFO] [stdout] 7   | use std::rc::Rc;
[INFO] [stdout]     |     ----------- the item `Rc` is already imported here
[INFO] [stdout] ...
[INFO] [stdout] 113 |         use std::rc::Rc;
[INFO] [stdout]     |             ^^^^^^^^^^^
[INFO] [stdout]     |
[INFO] [stdout]     = note: `#[warn(unused_imports)]` on by default
[INFO] [stdout] 
[INFO] [stdout] 
[INFO] [stdout] warning: fields `id` and `lang_code` are never read
[INFO] [stdout]   --> src/chapter.rs:57:5
[INFO] [stdout]    |
[INFO] [stdout] 56 | pub struct ChapterInfo {
[INFO] [stdout]    |            ----------- fields in this struct
[INFO] [stdout] 57 |     id: Uuid,
[INFO] [stdout]    |     ^^
[INFO] [stdout] 58 |     lang_code: String,
[INFO] [stdout]    |     ^^^^^^^^^
[INFO] [stdout]    |
[INFO] [stdout]    = note: `ChapterInfo` has derived impls for the traits `Debug` and `Clone`, but these are intentionally ignored during dead code analysis
[INFO] [stdout]    = note: `#[warn(dead_code)]` on by default
[INFO] [stdout] 
[INFO] [stdout] 
[INFO] [stdout] warning: function `escape_path_string` is never used
[INFO] [stdout]  --> src/common.rs:6:8
[INFO] [stdout]   |
[INFO] [stdout] 6 | pub fn escape_path_string(s: String) -> String {
[INFO] [stdout]   |        ^^^^^^^^^^^^^^^^^^
[INFO] [stdout] 
[INFO] [stdout] 
[INFO] [stdout] warning: variants `NoSuchChapter` and `ChapterIsWrongLanguage` are never constructed
[INFO] [stdout]  --> src/retry.rs:8:5
[INFO] [stdout]   |
[INFO] [stdout] 6 | pub enum DownloadError {
[INFO] [stdout]   |          ------------- variants in this enum
[INFO] [stdout] 7 |     IOError(std::io::Error),
[INFO] [stdout] 8 |     NoSuchChapter(usize),
[INFO] [stdout]   |     ^^^^^^^^^^^^^
[INFO] [stdout] 9 |     ChapterIsWrongLanguage(usize),
[INFO] [stdout]   |     ^^^^^^^^^^^^^^^^^^^^^^
[INFO] [stdout]   |
[INFO] [stdout]   = note: `DownloadError` has a derived impl for the trait `Debug`, but this is intentionally ignored during dead code analysis
[INFO] [stdout] 
[INFO] [stdout] 
[INFO] [stdout] warning: enum `RenderTarget` is never used
[INFO] [stdout]  --> src/tui.rs:3:10
[INFO] [stdout]   |
[INFO] [stdout] 3 | pub enum RenderTarget {
[INFO] [stdout]   |          ^^^^^^^^^^^^
[INFO] [stdout] 
[INFO] [stdout] 
[INFO] [stdout] warning: field `render_info` is never read
[INFO] [stdout]   --> src/tui.rs:10:5
[INFO] [stdout]    |
[INFO] [stdout] 9  | pub struct TUI {
[INFO] [stdout]    |            --- field in this struct
[INFO] [stdout] 10 |     render_info: Vec<TUIProgressBar>,
[INFO] [stdout]    |     ^^^^^^^^^^^
[INFO] [stdout] 
[INFO] [stdout] 
[INFO] [stdout] warning: methods `create_progress_bar` and `render` are never used
[INFO] [stdout]   --> src/tui.rs:14:8
[INFO] [stdout]    |
[INFO] [stdout] 13 | impl TUI {
[INFO] [stdout]    | -------- methods in this implementation
[INFO] [stdout] 14 |     fn create_progress_bar(&self) -> TUIProgressBar {
[INFO] [stdout]    |        ^^^^^^^^^^^^^^^^^^^
[INFO] [stdout] ...
[INFO] [stdout] 17 |     fn render(&mut self) {}
[INFO] [stdout]    |        ^^^^^^
[INFO] [stdout] 
[INFO] [stdout] 
[INFO] [stdout] warning: constant `user_agent` should have an upper case name
[INFO] [stdout]  --> src/client.rs:3:11
[INFO] [stdout]   |
[INFO] [stdout] 3 | pub const user_agent: &str = "Mozilla/5.0 (X11; Linux x86_64; rv:109.0) Gecko/20100101 Firefox/118.0";
[INFO] [stdout]   |           ^^^^^^^^^^ help: convert the identifier to upper case: `USER_AGENT`
[INFO] [stdout]   |
[INFO] [stdout]   = note: `#[warn(non_upper_case_globals)]` on by default
[INFO] [stdout] 
[INFO] [stdout] 
[INFO] [stdout] warning: 8 warnings emitted
[INFO] [stdout] 
[INFO] [stdout] 
[INFO] [stderr]     Finished test [unoptimized + debuginfo] target(s) in 3.07s
[INFO] running `Command { std: "docker" "inspect" "3ae34af14a83accf878870bad4c806bf3cb88c4b9971298e14af168e9aa288bc", kill_on_drop: false }`
[INFO] running `Command { std: "docker" "rm" "-f" "3ae34af14a83accf878870bad4c806bf3cb88c4b9971298e14af168e9aa288bc", kill_on_drop: false }`
[INFO] [stdout] 3ae34af14a83accf878870bad4c806bf3cb88c4b9971298e14af168e9aa288bc
[INFO] running `Command { std: "docker" "create" "-v" "/var/lib/crater-agent-workspace/builds/worker-0-tc2/target:/opt/rustwide/target:rw,Z" "-v" "/var/lib/crater-agent-workspace/builds/worker-0-tc2/source:/opt/rustwide/workdir:ro,Z" "-v" "/var/lib/crater-agent-workspace/cargo-home:/opt/rustwide/cargo-home:ro,Z" "-v" "/var/lib/crater-agent-workspace/rustup-home:/opt/rustwide/rustup-home:ro,Z" "-e" "SOURCE_DIR=/opt/rustwide/workdir" "-e" "CARGO_TARGET_DIR=/opt/rustwide/target" "-e" "CARGO_INCREMENTAL=0" "-e" "RUST_BACKTRACE=full" "-e" "RUSTFLAGS=--cap-lints=warn" "-e" "RUSTDOCFLAGS=--cap-lints=warn" "-e" "CARGO_HOME=/opt/rustwide/cargo-home" "-e" "RUSTUP_HOME=/opt/rustwide/rustup-home" "-w" "/opt/rustwide/workdir" "-m" "1610612736" "--user" "0:0" "--network" "none" "ghcr.io/rust-lang/crates-build-env/linux@sha256:2788e3201cd34a07e3172128adcd8b3090168a8e3bcc40d7c032b9dda1df7d1c" "/opt/rustwide/cargo-home/bin/cargo" "+beta-2023-12-22" "test" "--frozen", kill_on_drop: false }`
[INFO] [stdout] a848f213f5ea6994170c4adf3c2090a7b68b4c71d7585124097761e3fced1bfa
[INFO] running `Command { std: "docker" "start" "-a" "a848f213f5ea6994170c4adf3c2090a7b68b4c71d7585124097761e3fced1bfa", kill_on_drop: false }`
[INFO] [stderr] warning: the item `Rc` is imported redundantly
[INFO] [stderr]    --> src/chapter.rs:113:13
[INFO] [stderr]     |
[INFO] [stderr] 7   | use std::rc::Rc;
[INFO] [stderr]     |     ----------- the item `Rc` is already imported here
[INFO] [stderr] ...
[INFO] [stderr] 113 |         use std::rc::Rc;
[INFO] [stderr]     |             ^^^^^^^^^^^
[INFO] [stderr]     |
[INFO] [stderr]     = note: `#[warn(unused_imports)]` on by default
[INFO] [stderr] 
[INFO] [stderr] warning: fields `id` and `lang_code` are never read
[INFO] [stderr]   --> src/chapter.rs:57:5
[INFO] [stderr]    |
[INFO] [stderr] 56 | pub struct ChapterInfo {
[INFO] [stderr]    |            ----------- fields in this struct
[INFO] [stderr] 57 |     id: Uuid,
[INFO] [stderr]    |     ^^
[INFO] [stderr] 58 |     lang_code: String,
[INFO] [stderr]    |     ^^^^^^^^^
[INFO] [stderr]    |
[INFO] [stderr]    = note: `ChapterInfo` has derived impls for the traits `Debug` and `Clone`, but these are intentionally ignored during dead code analysis
[INFO] [stderr]    = note: `#[warn(dead_code)]` on by default
[INFO] [stderr] 
[INFO] [stderr] warning: function `escape_path_string` is never used
[INFO] [stderr]  --> src/common.rs:6:8
[INFO] [stderr]   |
[INFO] [stderr] 6 | pub fn escape_path_string(s: String) -> String {
[INFO] [stderr]   |        ^^^^^^^^^^^^^^^^^^
[INFO] [stderr] 
[INFO] [stderr] warning: variants `NoSuchChapter` and `ChapterIsWrongLanguage` are never constructed
[INFO] [stderr]  --> src/retry.rs:8:5
[INFO] [stderr]   |
[INFO] [stderr] 6 | pub enum DownloadError {
[INFO] [stderr]   |          ------------- variants in this enum
[INFO] [stderr] 7 |     IOError(std::io::Error),
[INFO] [stderr] 8 |     NoSuchChapter(usize),
[INFO] [stderr]   |     ^^^^^^^^^^^^^
[INFO] [stderr] 9 |     ChapterIsWrongLanguage(usize),
[INFO] [stderr]   |     ^^^^^^^^^^^^^^^^^^^^^^
[INFO] [stderr]   |
[INFO] [stderr]   = note: `DownloadError` has a derived impl for the trait `Debug`, but this is intentionally ignored during dead code analysis
[INFO] [stderr] 
[INFO] [stderr] warning: enum `RenderTarget` is never used
[INFO] [stderr]  --> src/tui.rs:3:10
[INFO] [stderr]   |
[INFO] [stderr] 3 | pub enum RenderTarget {
[INFO] [stderr]   |          ^^^^^^^^^^^^
[INFO] [stderr] 
[INFO] [stderr] warning: field `render_info` is never read
[INFO] [stderr]   --> src/tui.rs:10:5
[INFO] [stderr]    |
[INFO] [stderr] 9  | pub struct TUI {
[INFO] [stderr]    |            --- field in this struct
[INFO] [stderr] 10 |     render_info: Vec<TUIProgressBar>,
[INFO] [stderr]    |     ^^^^^^^^^^^
[INFO] [stderr] 
[INFO] [stderr] warning: methods `create_progress_bar` and `render` are never used
[INFO] [stderr]   --> src/tui.rs:14:8
[INFO] [stderr]    |
[INFO] [stderr] 13 | impl TUI {
[INFO] [stderr]    | -------- methods in this implementation
[INFO] [stderr] 14 |     fn create_progress_bar(&self) -> TUIProgressBar {
[INFO] [stderr]    |        ^^^^^^^^^^^^^^^^^^^
[INFO] [stderr] ...
[INFO] [stderr] 17 |     fn render(&mut self) {}
[INFO] [stderr]    |        ^^^^^^
[INFO] [stderr] 
[INFO] [stderr] warning: constant `user_agent` should have an upper case name
[INFO] [stderr]  --> src/client.rs:3:11
[INFO] [stderr]   |
[INFO] [stderr] 3 | pub const user_agent: &str = "Mozilla/5.0 (X11; Linux x86_64; rv:109.0) Gecko/20100101 Firefox/118.0";
[INFO] [stderr]   |           ^^^^^^^^^^ help: convert the identifier to upper case: `USER_AGENT`
[INFO] [stderr]   |
[INFO] [stderr]   = note: `#[warn(non_upper_case_globals)]` on by default
[INFO] [stderr] 
[INFO] [stderr] warning: `mdscrape` (bin "mdscrape" test) generated 8 warnings
[INFO] [stderr]     Finished test [unoptimized + debuginfo] target(s) in 0.09s
[INFO] [stderr]      Running unittests src/main.rs (/opt/rustwide/target/debug/deps/mdscrape-f652b585ed883947)
[INFO] [stdout] 
[INFO] [stdout] running 4 tests
[INFO] [stdout] test throttle::test::test_throttle_ticketing ... ok
[INFO] [stdout] test api::manga::test::can_get_manga_response ... FAILED
[INFO] [stdout] test api::chapter::test::can_get_chapter_response ... FAILED
[INFO] [stdout] test api::at_home::test::can_get_server_info_response ... FAILED
[INFO] [stdout] 
[INFO] [stdout] failures:
[INFO] [stdout] 
[INFO] [stdout] ---- api::manga::test::can_get_manga_response stdout ----
[INFO] [stdout] Error: reqwest::Error { kind: Request, url: Url { scheme: "https", cannot_be_a_base: false, username: "", password: None, host: Some(Domain("api.mangadex.org")), port: None, path: "/manga/76ee7069-23b4-493c-bc44-34ccbf3051a8/feed", query: Some("offset=2&limit=10&translatedLanguage[]=en&order[volume]=asc&order[chapter]=asc"), fragment: None }, source: hyper::Error(Connect, ConnectError("dns error", Custom { kind: Uncategorized, error: "failed to lookup address information: Temporary failure in name resolution" })) }
[INFO] [stdout] 
[INFO] [stdout] ---- api::chapter::test::can_get_chapter_response stdout ----
[INFO] [stdout] Error: reqwest::Error { kind: Request, url: Url { scheme: "https", cannot_be_a_base: false, username: "", password: None, host: Some(Domain("api.mangadex.org")), port: None, path: "/chapter/417d64e1-6c88-48f8-b507-ad43e9636888", query: None, fragment: None }, source: hyper::Error(Connect, ConnectError("dns error", Custom { kind: Uncategorized, error: "failed to lookup address information: Temporary failure in name resolution" })) }
[INFO] [stdout] 
[INFO] [stdout] ---- api::at_home::test::can_get_server_info_response stdout ----
[INFO] [stdout] Error: reqwest::Error { kind: Request, url: Url { scheme: "https", cannot_be_a_base: false, username: "", password: None, host: Some(Domain("api.mangadex.org")), port: None, path: "/at-home/server/417d64e1-6c88-48f8-b507-ad43e9636888", query: None, fragment: None }, source: hyper::Error(Connect, ConnectError("dns error", Custom { kind: Uncategorized, error: "failed to lookup address information: Temporary failure in name resolution" })) }
[INFO] [stdout] 
[INFO] [stdout] 
[INFO] [stdout] failures:
[INFO] [stdout]     api::at_home::test::can_get_server_info_response
[INFO] [stdout]     api::chapter::test::can_get_chapter_response
[INFO] [stdout]     api::manga::test::can_get_manga_response
[INFO] [stdout] 
[INFO] [stdout] test result: FAILED. 1 passed; 3 failed; 0 ignored; 0 measured; 0 filtered out; finished in 0.05s
[INFO] [stdout] 
[INFO] [stderr] error: test failed, to rerun pass `--bin mdscrape`
[INFO] running `Command { std: "docker" "inspect" "a848f213f5ea6994170c4adf3c2090a7b68b4c71d7585124097761e3fced1bfa", kill_on_drop: false }`
[INFO] running `Command { std: "docker" "rm" "-f" "a848f213f5ea6994170c4adf3c2090a7b68b4c71d7585124097761e3fced1bfa", kill_on_drop: false }`
[INFO] [stdout] a848f213f5ea6994170c4adf3c2090a7b68b4c71d7585124097761e3fced1bfa
