[INFO] cloning repository https://github.com/carribus/rust_url_builder
[INFO] running `Command { std: "git" "-c" "credential.helper=" "-c" "credential.helper=/workspace/cargo-home/bin/git-credential-null" "clone" "--bare" "https://github.com/carribus/rust_url_builder" "/workspace/cache/git-repos/https%3A%2F%2Fgithub.com%2Fcarribus%2Frust_url_builder", kill_on_drop: false }`
[INFO] [stderr] Cloning into bare repository '/workspace/cache/git-repos/https%3A%2F%2Fgithub.com%2Fcarribus%2Frust_url_builder'...
[INFO] running `Command { std: "git" "rev-parse" "HEAD", kill_on_drop: false }`
[INFO] [stdout] a44d3502c026a18fd8eb0c175a9e6f5401937158
[INFO] testing carribus/rust_url_builder against 1.75.0 for beta-1.76-1
[INFO] running `Command { std: "git" "clone" "/workspace/cache/git-repos/https%3A%2F%2Fgithub.com%2Fcarribus%2Frust_url_builder" "/workspace/builds/worker-0-tc1/source", kill_on_drop: false }`
[INFO] [stderr] Cloning into '/workspace/builds/worker-0-tc1/source'...
[INFO] [stderr] done.
[INFO] validating manifest of git repo https://github.com/carribus/rust_url_builder on toolchain 1.75.0
[INFO] running `Command { std: CARGO_HOME="/workspace/cargo-home" RUSTUP_HOME="/workspace/rustup-home" "/workspace/cargo-home/bin/cargo" "+1.75.0" "metadata" "--manifest-path" "Cargo.toml" "--no-deps", kill_on_drop: false }`
[INFO] started tweaking git repo https://github.com/carribus/rust_url_builder
[INFO] finished tweaking git repo https://github.com/carribus/rust_url_builder
[INFO] tweaked toml for git repo https://github.com/carribus/rust_url_builder written to /workspace/builds/worker-0-tc1/source/Cargo.toml
[INFO] crate git repo https://github.com/carribus/rust_url_builder already has a lockfile, it will not be regenerated
[INFO] running `Command { std: CARGO_HOME="/workspace/cargo-home" RUSTUP_HOME="/workspace/rustup-home" "/workspace/cargo-home/bin/cargo" "+1.75.0" "fetch" "--manifest-path" "Cargo.toml", kill_on_drop: false }`
[INFO] running `Command { std: "docker" "create" "-v" "/var/lib/crater-agent-workspace/builds/worker-0-tc1/target:/opt/rustwide/target:rw,Z" "-v" "/var/lib/crater-agent-workspace/builds/worker-0-tc1/source:/opt/rustwide/workdir:ro,Z" "-v" "/var/lib/crater-agent-workspace/cargo-home:/opt/rustwide/cargo-home:ro,Z" "-v" "/var/lib/crater-agent-workspace/rustup-home:/opt/rustwide/rustup-home:ro,Z" "-e" "SOURCE_DIR=/opt/rustwide/workdir" "-e" "CARGO_TARGET_DIR=/opt/rustwide/target" "-e" "CARGO_HOME=/opt/rustwide/cargo-home" "-e" "RUSTUP_HOME=/opt/rustwide/rustup-home" "-w" "/opt/rustwide/workdir" "-m" "1610612736" "--user" "0:0" "--network" "none" "ghcr.io/rust-lang/crates-build-env/linux@sha256:2788e3201cd34a07e3172128adcd8b3090168a8e3bcc40d7c032b9dda1df7d1c" "/opt/rustwide/cargo-home/bin/cargo" "+1.75.0" "metadata" "--no-deps" "--format-version=1", kill_on_drop: false }`
[INFO] [stdout] 56f73b9ede070a09367b16399086ce55855071f7fdf9f0e60ad3265d33d82aa0
[INFO] running `Command { std: "docker" "start" "-a" "56f73b9ede070a09367b16399086ce55855071f7fdf9f0e60ad3265d33d82aa0", kill_on_drop: false }`
[INFO] running `Command { std: "docker" "inspect" "56f73b9ede070a09367b16399086ce55855071f7fdf9f0e60ad3265d33d82aa0", kill_on_drop: false }`
[INFO] running `Command { std: "docker" "rm" "-f" "56f73b9ede070a09367b16399086ce55855071f7fdf9f0e60ad3265d33d82aa0", kill_on_drop: false }`
[INFO] [stdout] 56f73b9ede070a09367b16399086ce55855071f7fdf9f0e60ad3265d33d82aa0
[INFO] running `Command { std: "docker" "create" "-v" "/var/lib/crater-agent-workspace/builds/worker-0-tc1/target:/opt/rustwide/target:rw,Z" "-v" "/var/lib/crater-agent-workspace/builds/worker-0-tc1/source:/opt/rustwide/workdir:ro,Z" "-v" "/var/lib/crater-agent-workspace/cargo-home:/opt/rustwide/cargo-home:ro,Z" "-v" "/var/lib/crater-agent-workspace/rustup-home:/opt/rustwide/rustup-home:ro,Z" "-e" "SOURCE_DIR=/opt/rustwide/workdir" "-e" "CARGO_TARGET_DIR=/opt/rustwide/target" "-e" "CARGO_INCREMENTAL=0" "-e" "RUST_BACKTRACE=full" "-e" "RUSTFLAGS=--cap-lints=warn" "-e" "RUSTDOCFLAGS=--cap-lints=warn" "-e" "CARGO_HOME=/opt/rustwide/cargo-home" "-e" "RUSTUP_HOME=/opt/rustwide/rustup-home" "-w" "/opt/rustwide/workdir" "-m" "1610612736" "--user" "0:0" "--network" "none" "ghcr.io/rust-lang/crates-build-env/linux@sha256:2788e3201cd34a07e3172128adcd8b3090168a8e3bcc40d7c032b9dda1df7d1c" "/opt/rustwide/cargo-home/bin/cargo" "+1.75.0" "build" "--frozen" "--message-format=json", kill_on_drop: false }`
[INFO] [stdout] 49279160f118485351ec10bf30daca99b28354992956dc05e3458859457a1a14
[INFO] running `Command { std: "docker" "start" "-a" "49279160f118485351ec10bf30daca99b28354992956dc05e3458859457a1a14", kill_on_drop: false }`
[INFO] [stderr]    Compiling url_builder v0.1.0 (/opt/rustwide/workdir)
[INFO] [stderr]     Finished dev [unoptimized + debuginfo] target(s) in 0.35s
[INFO] running `Command { std: "docker" "inspect" "49279160f118485351ec10bf30daca99b28354992956dc05e3458859457a1a14", kill_on_drop: false }`
[INFO] running `Command { std: "docker" "rm" "-f" "49279160f118485351ec10bf30daca99b28354992956dc05e3458859457a1a14", kill_on_drop: false }`
[INFO] [stdout] 49279160f118485351ec10bf30daca99b28354992956dc05e3458859457a1a14
[INFO] running `Command { std: "docker" "create" "-v" "/var/lib/crater-agent-workspace/builds/worker-0-tc1/target:/opt/rustwide/target:rw,Z" "-v" "/var/lib/crater-agent-workspace/builds/worker-0-tc1/source:/opt/rustwide/workdir:ro,Z" "-v" "/var/lib/crater-agent-workspace/cargo-home:/opt/rustwide/cargo-home:ro,Z" "-v" "/var/lib/crater-agent-workspace/rustup-home:/opt/rustwide/rustup-home:ro,Z" "-e" "SOURCE_DIR=/opt/rustwide/workdir" "-e" "CARGO_TARGET_DIR=/opt/rustwide/target" "-e" "CARGO_INCREMENTAL=0" "-e" "RUST_BACKTRACE=full" "-e" "RUSTFLAGS=--cap-lints=warn" "-e" "RUSTDOCFLAGS=--cap-lints=warn" "-e" "CARGO_HOME=/opt/rustwide/cargo-home" "-e" "RUSTUP_HOME=/opt/rustwide/rustup-home" "-w" "/opt/rustwide/workdir" "-m" "1610612736" "--user" "0:0" "--network" "none" "ghcr.io/rust-lang/crates-build-env/linux@sha256:2788e3201cd34a07e3172128adcd8b3090168a8e3bcc40d7c032b9dda1df7d1c" "/opt/rustwide/cargo-home/bin/cargo" "+1.75.0" "test" "--frozen" "--no-run" "--message-format=json", kill_on_drop: false }`
[INFO] [stdout] 8c240d1eab03f35d6dd5e3b6d2ca08ecc88a3e7fcfb63f9e7bba25051ee63374
[INFO] running `Command { std: "docker" "start" "-a" "8c240d1eab03f35d6dd5e3b6d2ca08ecc88a3e7fcfb63f9e7bba25051ee63374", kill_on_drop: false }`
[INFO] [stderr]    Compiling url_builder v0.1.0 (/opt/rustwide/workdir)
[INFO] [stderr]     Finished test [unoptimized + debuginfo] target(s) in 0.67s
[INFO] running `Command { std: "docker" "inspect" "8c240d1eab03f35d6dd5e3b6d2ca08ecc88a3e7fcfb63f9e7bba25051ee63374", kill_on_drop: false }`
[INFO] running `Command { std: "docker" "rm" "-f" "8c240d1eab03f35d6dd5e3b6d2ca08ecc88a3e7fcfb63f9e7bba25051ee63374", kill_on_drop: false }`
[INFO] [stdout] 8c240d1eab03f35d6dd5e3b6d2ca08ecc88a3e7fcfb63f9e7bba25051ee63374
[INFO] running `Command { std: "docker" "create" "-v" "/var/lib/crater-agent-workspace/builds/worker-0-tc1/target:/opt/rustwide/target:rw,Z" "-v" "/var/lib/crater-agent-workspace/builds/worker-0-tc1/source:/opt/rustwide/workdir:ro,Z" "-v" "/var/lib/crater-agent-workspace/cargo-home:/opt/rustwide/cargo-home:ro,Z" "-v" "/var/lib/crater-agent-workspace/rustup-home:/opt/rustwide/rustup-home:ro,Z" "-e" "SOURCE_DIR=/opt/rustwide/workdir" "-e" "CARGO_TARGET_DIR=/opt/rustwide/target" "-e" "CARGO_INCREMENTAL=0" "-e" "RUST_BACKTRACE=full" "-e" "RUSTFLAGS=--cap-lints=warn" "-e" "RUSTDOCFLAGS=--cap-lints=warn" "-e" "CARGO_HOME=/opt/rustwide/cargo-home" "-e" "RUSTUP_HOME=/opt/rustwide/rustup-home" "-w" "/opt/rustwide/workdir" "-m" "1610612736" "--user" "0:0" "--network" "none" "ghcr.io/rust-lang/crates-build-env/linux@sha256:2788e3201cd34a07e3172128adcd8b3090168a8e3bcc40d7c032b9dda1df7d1c" "/opt/rustwide/cargo-home/bin/cargo" "+1.75.0" "test" "--frozen", kill_on_drop: false }`
[INFO] [stdout] ddda67929501ef5e444eaa7429a5c842653e56657e676b64c1705622364f29d9
[INFO] running `Command { std: "docker" "start" "-a" "ddda67929501ef5e444eaa7429a5c842653e56657e676b64c1705622364f29d9", kill_on_drop: false }`
[INFO] [stderr]     Finished test [unoptimized + debuginfo] target(s) in 0.01s
[INFO] [stderr]      Running unittests src/lib.rs (/opt/rustwide/target/debug/deps/url_builder-a8cb400a4c38ceeb)
[INFO] [stdout] 
[INFO] [stdout] running 5 tests
[INFO] [stdout] test tests::create_google_url ... ok
[INFO] [stdout] test tests::create_url_with_params ... ok
[INFO] [stderr]    Doc-tests url_builder
[INFO] [stdout] test tests::test_set_port ... ok
[INFO] [stdout] test tests::test_set_protocol ... ok
[INFO] [stdout] test tests::test_set_host ... ok
[INFO] [stdout] 
[INFO] [stdout] test result: ok. 5 passed; 0 failed; 0 ignored; 0 measured; 0 filtered out; finished in 0.01s
[INFO] [stdout] 
[INFO] [stdout] 
[INFO] [stdout] running 4 tests
[INFO] [stdout] test src/lib.rs - URLBuilder::add_param (line 82) ... FAILED
[INFO] [stdout] test src/lib.rs - URLBuilder::new (line 43) ... FAILED
[INFO] [stdout] test src/lib.rs - (line 16) ... FAILED
[INFO] [stdout] test src/lib.rs - URLBuilder::build (line 59) ... FAILED
[INFO] [stdout] 
[INFO] [stdout] failures:
[INFO] [stdout] 
[INFO] [stdout] ---- src/lib.rs - URLBuilder::add_param (line 82) stdout ----
[INFO] [stdout] error: expected `;`, found `}`
[INFO] [stdout]  --> src/lib.rs:87:50
[INFO] [stdout]   |
[INFO] [stdout] 7 |             .add_param("parameter", "some_value")
[INFO] [stdout]   |                                                  ^ help: add `;` here
[INFO] [stdout] 8 | } _doctest_main_src_lib_rs_82_0() }
[INFO] [stdout]   | - unexpected token
[INFO] [stdout] 
[INFO] [stdout] error[E0433]: failed to resolve: use of undeclared type `URLBuilder`
[INFO] [stdout]  --> src/lib.rs:83:14
[INFO] [stdout]   |
[INFO] [stdout] 3 | let mut ub = URLBuilder::new();
[INFO] [stdout]   |              ^^^^^^^^^^ use of undeclared type `URLBuilder`
[INFO] [stdout]   |
[INFO] [stdout] help: consider importing this struct
[INFO] [stdout]   |
[INFO] [stdout] 2 + use url_builder::URLBuilder;
[INFO] [stdout]   |
[INFO] [stdout] 
[INFO] [stdout] error: aborting due to 2 previous errors
[INFO] [stdout] 
[INFO] [stdout] For more information about this error, try `rustc --explain E0433`.
[INFO] [stdout] Couldn't compile the test.
[INFO] [stdout] ---- src/lib.rs - URLBuilder::new (line 43) stdout ----
[INFO] [stdout] error[E0433]: failed to resolve: use of undeclared type `URLBuilder`
[INFO] [stdout]  --> src/lib.rs:44:14
[INFO] [stdout]   |
[INFO] [stdout] 3 | let mut ub = URLBuilder::new();
[INFO] [stdout]   |              ^^^^^^^^^^ use of undeclared type `URLBuilder`
[INFO] [stdout]   |
[INFO] [stdout] help: consider importing this struct
[INFO] [stdout]   |
[INFO] [stdout] 2 + use url_builder::URLBuilder;
[INFO] [stdout]   |
[INFO] [stdout] 
[INFO] [stdout] error: aborting due to previous error
[INFO] [stdout] 
[INFO] [stdout] For more information about this error, try `rustc --explain E0433`.
[INFO] [stdout] Couldn't compile the test.
[INFO] [stdout] ---- src/lib.rs - (line 16) stdout ----
[INFO] [stdout] error[E0433]: failed to resolve: use of undeclared type `URLBuilder`
[INFO] [stdout]  --> src/lib.rs:17:14
[INFO] [stdout]   |
[INFO] [stdout] 3 | let mut ub = URLBuilder::new();
[INFO] [stdout]   |              ^^^^^^^^^^ use of undeclared type `URLBuilder`
[INFO] [stdout]   |
[INFO] [stdout] help: consider importing this struct
[INFO] [stdout]   |
[INFO] [stdout] 2 + use url_builder::URLBuilder;
[INFO] [stdout]   |
[INFO] [stdout] 
[INFO] [stdout] error: aborting due to previous error
[INFO] [stdout] 
[INFO] [stdout] For more information about this error, try `rustc --explain E0433`.
[INFO] [stdout] Couldn't compile the test.
[INFO] [stdout] ---- src/lib.rs - URLBuilder::build (line 59) stdout ----
[INFO] [stdout] error[E0433]: failed to resolve: use of undeclared type `URLBuilder`
[INFO] [stdout]  --> src/lib.rs:60:14
[INFO] [stdout]   |
[INFO] [stdout] 3 | let mut ub = URLBuilder::new();
[INFO] [stdout]   |              ^^^^^^^^^^ use of undeclared type `URLBuilder`
[INFO] [stdout]   |
[INFO] [stdout] help: consider importing this struct
[INFO] [stdout]   |
[INFO] [stdout] 2 + use url_builder::URLBuilder;
[INFO] [stdout]   |
[INFO] [stdout] 
[INFO] [stdout] error: aborting due to previous error
[INFO] [stdout] 
[INFO] [stdout] For more information about this error, try `rustc --explain E0433`.
[INFO] [stdout] Couldn't compile the test.
[INFO] [stdout] 
[INFO] [stdout] failures:
[INFO] [stdout]     src/lib.rs - (line 16)
[INFO] [stdout]     src/lib.rs - URLBuilder::add_param (line 82)
[INFO] [stdout]     src/lib.rs - URLBuilder::build (line 59)
[INFO] [stdout]     src/lib.rs - URLBuilder::new (line 43)
[INFO] [stdout] 
[INFO] [stdout] test result: FAILED. 0 passed; 4 failed; 0 ignored; 0 measured; 0 filtered out; finished in 0.10s
[INFO] [stdout] 
[INFO] [stderr] error: doctest failed, to rerun pass `--doc`
[INFO] running `Command { std: "docker" "inspect" "ddda67929501ef5e444eaa7429a5c842653e56657e676b64c1705622364f29d9", kill_on_drop: false }`
[INFO] running `Command { std: "docker" "rm" "-f" "ddda67929501ef5e444eaa7429a5c842653e56657e676b64c1705622364f29d9", kill_on_drop: false }`
[INFO] [stdout] ddda67929501ef5e444eaa7429a5c842653e56657e676b64c1705622364f29d9
