[INFO] cloning repository https://github.com/carls-rodrigues/microservice-encoder-rust
[INFO] running `Command { std: "git" "-c" "credential.helper=" "-c" "credential.helper=/workspace/cargo-home/bin/git-credential-null" "clone" "--bare" "https://github.com/carls-rodrigues/microservice-encoder-rust" "/workspace/cache/git-repos/https%3A%2F%2Fgithub.com%2Fcarls-rodrigues%2Fmicroservice-encoder-rust", kill_on_drop: false }`
[INFO] [stderr] Cloning into bare repository '/workspace/cache/git-repos/https%3A%2F%2Fgithub.com%2Fcarls-rodrigues%2Fmicroservice-encoder-rust'...
[INFO] running `Command { std: "git" "rev-parse" "HEAD", kill_on_drop: false }`
[INFO] [stdout] 93a09473bae2ca3e5ce7e7150e9e958c572650c0
[INFO] testing carls-rodrigues/microservice-encoder-rust against 1.75.0 for beta-1.76-1
[INFO] running `Command { std: "git" "clone" "/workspace/cache/git-repos/https%3A%2F%2Fgithub.com%2Fcarls-rodrigues%2Fmicroservice-encoder-rust" "/workspace/builds/worker-6-tc1/source", kill_on_drop: false }`
[INFO] [stderr] Cloning into '/workspace/builds/worker-6-tc1/source'...
[INFO] [stderr] done.
[INFO] validating manifest of git repo https://github.com/carls-rodrigues/microservice-encoder-rust on toolchain 1.75.0
[INFO] running `Command { std: CARGO_HOME="/workspace/cargo-home" RUSTUP_HOME="/workspace/rustup-home" "/workspace/cargo-home/bin/cargo" "+1.75.0" "metadata" "--manifest-path" "Cargo.toml" "--no-deps", kill_on_drop: false }`
[INFO] started tweaking git repo https://github.com/carls-rodrigues/microservice-encoder-rust
[INFO] finished tweaking git repo https://github.com/carls-rodrigues/microservice-encoder-rust
[INFO] tweaked toml for git repo https://github.com/carls-rodrigues/microservice-encoder-rust written to /workspace/builds/worker-6-tc1/source/Cargo.toml
[INFO] crate git repo https://github.com/carls-rodrigues/microservice-encoder-rust already has a lockfile, it will not be regenerated
[INFO] running `Command { std: CARGO_HOME="/workspace/cargo-home" RUSTUP_HOME="/workspace/rustup-home" "/workspace/cargo-home/bin/cargo" "+1.75.0" "fetch" "--manifest-path" "Cargo.toml", kill_on_drop: false }`
[INFO] [stderr] warning: dependency (uuid) specified without providing a local path, Git repository, version, or workspace dependency to use. This will be considered an error in future versions
[INFO] [stderr] warning: unused manifest key: dependencies.uuid.verion
[INFO] [stderr] warning: unused manifest key: package.author
[INFO] [stderr]     Updating crates.io index
[INFO] [stderr]  Downloading crates ...
[INFO] [stderr]   Downloaded google-cloud-metadata v0.3.2
[INFO] [stderr]   Downloaded google-cloud-storage v0.13.0
[INFO] [stderr]   Downloaded google-cloud-auth v0.12.0
[INFO] [stderr]   Downloaded google-cloud-token v0.1.1
[INFO] running `Command { std: "docker" "create" "-v" "/var/lib/crater-agent-workspace/builds/worker-6-tc1/target:/opt/rustwide/target:rw,Z" "-v" "/var/lib/crater-agent-workspace/builds/worker-6-tc1/source:/opt/rustwide/workdir:ro,Z" "-v" "/var/lib/crater-agent-workspace/cargo-home:/opt/rustwide/cargo-home:ro,Z" "-v" "/var/lib/crater-agent-workspace/rustup-home:/opt/rustwide/rustup-home:ro,Z" "-e" "SOURCE_DIR=/opt/rustwide/workdir" "-e" "CARGO_TARGET_DIR=/opt/rustwide/target" "-e" "CARGO_HOME=/opt/rustwide/cargo-home" "-e" "RUSTUP_HOME=/opt/rustwide/rustup-home" "-w" "/opt/rustwide/workdir" "-m" "1610612736" "--user" "0:0" "--network" "none" "ghcr.io/rust-lang/crates-build-env/linux@sha256:2788e3201cd34a07e3172128adcd8b3090168a8e3bcc40d7c032b9dda1df7d1c" "/opt/rustwide/cargo-home/bin/cargo" "+1.75.0" "metadata" "--no-deps" "--format-version=1", kill_on_drop: false }`
[INFO] [stdout] 76342cc944d3fd41b1336015562101b0557a563835f4366a66a51c672056445c
[INFO] running `Command { std: "docker" "start" "-a" "76342cc944d3fd41b1336015562101b0557a563835f4366a66a51c672056445c", kill_on_drop: false }`
[INFO] running `Command { std: "docker" "inspect" "76342cc944d3fd41b1336015562101b0557a563835f4366a66a51c672056445c", kill_on_drop: false }`
[INFO] running `Command { std: "docker" "rm" "-f" "76342cc944d3fd41b1336015562101b0557a563835f4366a66a51c672056445c", kill_on_drop: false }`
[INFO] [stdout] 76342cc944d3fd41b1336015562101b0557a563835f4366a66a51c672056445c
[INFO] running `Command { std: "docker" "create" "-v" "/var/lib/crater-agent-workspace/builds/worker-6-tc1/target:/opt/rustwide/target:rw,Z" "-v" "/var/lib/crater-agent-workspace/builds/worker-6-tc1/source:/opt/rustwide/workdir:ro,Z" "-v" "/var/lib/crater-agent-workspace/cargo-home:/opt/rustwide/cargo-home:ro,Z" "-v" "/var/lib/crater-agent-workspace/rustup-home:/opt/rustwide/rustup-home:ro,Z" "-e" "SOURCE_DIR=/opt/rustwide/workdir" "-e" "CARGO_TARGET_DIR=/opt/rustwide/target" "-e" "CARGO_INCREMENTAL=0" "-e" "RUST_BACKTRACE=full" "-e" "RUSTFLAGS=--cap-lints=warn" "-e" "RUSTDOCFLAGS=--cap-lints=warn" "-e" "CARGO_HOME=/opt/rustwide/cargo-home" "-e" "RUSTUP_HOME=/opt/rustwide/rustup-home" "-w" "/opt/rustwide/workdir" "-m" "1610612736" "--user" "0:0" "--network" "none" "ghcr.io/rust-lang/crates-build-env/linux@sha256:2788e3201cd34a07e3172128adcd8b3090168a8e3bcc40d7c032b9dda1df7d1c" "/opt/rustwide/cargo-home/bin/cargo" "+1.75.0" "build" "--frozen" "--message-format=json", kill_on_drop: false }`
[INFO] [stdout] 699e6280cea2839db0b83c5e89b3dffa8dd376cee98f4bcb7b9a144ada7e3476
[INFO] running `Command { std: "docker" "start" "-a" "699e6280cea2839db0b83c5e89b3dffa8dd376cee98f4bcb7b9a144ada7e3476", kill_on_drop: false }`
[INFO] [stderr] warning: dependency (uuid) specified without providing a local path, Git repository, version, or workspace dependency to use. This will be considered an error in future versions
[INFO] [stderr] warning: unused manifest key: dependencies.uuid.verion
[INFO] [stderr] warning: unused manifest key: package.author
[INFO] [stderr]    Compiling autocfg v1.1.0
[INFO] [stderr]    Compiling proc-macro2 v1.0.66
[INFO] [stderr]    Compiling version_check v0.9.4
[INFO] [stderr]    Compiling once_cell v1.18.0
[INFO] [stderr]    Compiling pin-project-lite v0.2.12
[INFO] [stderr]    Compiling spin v0.5.2
[INFO] [stderr]    Compiling smallvec v1.11.0
[INFO] [stderr]    Compiling cc v1.0.83
[INFO] [stderr]    Compiling bytes v1.4.0
[INFO] [stderr]    Compiling typenum v1.16.0
[INFO] [stderr]    Compiling futures-core v0.3.28
[INFO] [stderr]    Compiling socket2 v0.5.3
[INFO] [stderr]    Compiling lock_api v0.4.10
[INFO] [stderr]    Compiling generic-array v0.14.7
[INFO] [stderr]    Compiling num_cpus v1.16.0
[INFO] [stderr]    Compiling mio v0.8.8
[INFO] [stderr]    Compiling untrusted v0.7.1
[INFO] [stderr]    Compiling scopeguard v1.2.0
[INFO] [stderr]    Compiling parking_lot_core v0.9.8
[INFO] [stderr]    Compiling quote v1.0.33
[INFO] [stderr]    Compiling subtle v2.5.0
[INFO] [stderr]    Compiling libm v0.2.7
[INFO] [stderr]    Compiling serde v1.0.186
[INFO] [stderr]    Compiling syn v2.0.29
[INFO] [stderr]    Compiling log v0.4.20
[INFO] [stderr]    Compiling num-traits v0.2.16
[INFO] [stderr]    Compiling num-integer v0.1.45
[INFO] [stderr]    Compiling signal-hook-registry v1.4.1
[INFO] [stderr]    Compiling ring v0.16.20
[INFO] [stderr]    Compiling parking_lot v0.12.1
[INFO] [stderr]    Compiling tinyvec_macros v0.1.1
[INFO] [stderr]    Compiling tinyvec v1.6.0
[INFO] [stderr]    Compiling getrandom v0.2.10
[INFO] [stderr]    Compiling vcpkg v0.2.15
[INFO] [stderr]    Compiling hashbrown v0.12.3
[INFO] [stderr]    Compiling pin-utils v0.1.0
[INFO] [stderr]    Compiling pkg-config v0.3.27
[INFO] [stderr]    Compiling crypto-common v0.1.6
[INFO] [stderr]    Compiling block-buffer v0.10.4
[INFO] [stderr]    Compiling slab v0.4.9
[INFO] [stderr]    Compiling unicode-normalization v0.1.22
[INFO] [stderr]    Compiling rustls v0.20.8
[INFO] [stderr]    Compiling unicode-bidi v0.3.13
[INFO] [stderr]    Compiling futures-task v0.3.28
[INFO] [stderr]    Compiling openssl-sys v0.9.91
[INFO] [stderr]    Compiling futures-sink v0.3.28
[INFO] [stderr]    Compiling percent-encoding v2.3.0
[INFO] [stderr]    Compiling serde_json v1.0.105
[INFO] [stderr]    Compiling form_urlencoded v1.2.0
[INFO] [stderr]    Compiling digest v0.10.7
[INFO] [stderr]    Compiling rand_core v0.6.4
[INFO] [stderr]    Compiling num-bigint v0.4.4
[INFO] [stderr]    Compiling indexmap v1.9.3
[INFO] [stderr]    Compiling ppv-lite86 v0.2.17
[INFO] [stderr]    Compiling futures-util v0.3.28
[INFO] [stderr]    Compiling thiserror v1.0.47
[INFO] [stderr]    Compiling rand_chacha v0.3.1
[INFO] [stderr]    Compiling idna v0.4.0
[INFO] [stderr]    Compiling base64 v0.21.2
[INFO] [stderr]    Compiling futures-channel v0.3.28
[INFO] [stderr]    Compiling memchr v2.5.0
[INFO] [stderr]    Compiling unicase v2.7.0
[INFO] [stderr]    Compiling tracing-core v0.1.31
[INFO] [stderr]    Compiling openssl v0.10.56
[INFO] [stderr]    Compiling http v0.2.9
[INFO] [stderr]    Compiling ahash v0.8.3
[INFO] [stderr]    Compiling native-tls v0.2.11
[INFO] [stderr]    Compiling minimal-lexical v0.2.1
[INFO] [stderr]    Compiling httparse v1.8.0
[INFO] [stderr]    Compiling parking_lot_core v0.8.6
[INFO] [stderr]    Compiling instant v0.1.12
[INFO] [stderr]    Compiling byteorder v1.4.3
[INFO] [stderr]    Compiling openssl-probe v0.1.5
[INFO] [stderr]    Compiling rust_decimal v1.32.0
[INFO] [stderr]    Compiling crossbeam-utils v0.8.16
[INFO] [stderr]    Compiling try-lock v0.2.4
[INFO] [stderr]    Compiling either v1.9.0
[INFO] [stderr]    Compiling webpki v0.22.0
[INFO] [stderr]    Compiling cpufeatures v0.2.9
[INFO] [stderr]    Compiling base64ct v1.6.0
[INFO] [stderr]    Compiling sct v0.7.0
[INFO] [stderr]    Compiling itertools v0.10.5
[INFO] [stderr]    Compiling want v0.3.1
[INFO] [stderr]    Compiling mime_guess v2.0.4
[INFO] [stderr]    Compiling pem-rfc7468 v0.3.1
[INFO] [stderr]    Compiling serde_derive v1.0.186
[INFO] [stderr]    Compiling tokio-macros v2.1.0
[INFO] [stderr]    Compiling thiserror-impl v1.0.47
[INFO] [stderr]    Compiling futures-macro v0.3.28
[INFO] [stderr]    Compiling tracing-attributes v0.1.26
[INFO] [stderr]    Compiling openssl-macros v0.1.1
[INFO] [stderr]    Compiling http-body v0.4.5
[INFO] [stderr]    Compiling url v2.4.0
[INFO] [stderr]    Compiling tokio v1.32.0
[INFO] [stderr]    Compiling rand v0.8.5
[INFO] [stderr]    Compiling crypto-bigint v0.3.2
[INFO] [stderr]    Compiling tracing v0.1.37
[INFO] [stderr]    Compiling ahash v0.7.6
[INFO] [stderr]    Compiling socket2 v0.4.9
[INFO] [stderr]    Compiling iana-time-zone v0.1.57
[INFO] [stderr]    Compiling paste v1.0.14
[INFO] [stderr]    Compiling allocator-api2 v0.2.16
[INFO] [stderr]    Compiling arrayvec v0.7.4
[INFO] [stderr]    Compiling crossbeam-queue v0.3.8
[INFO] [stderr]    Compiling httpdate v1.0.3
[INFO] [stderr]    Compiling tower-service v0.3.2
[INFO] [stderr]    Compiling const-oid v0.7.1
[INFO] [stderr]    Compiling base64 v0.13.1
[INFO] [stderr]    Compiling time-core v0.1.1
[INFO] [stderr]    Compiling unicode_categories v0.1.1
[INFO] [stderr]    Compiling time-macros v0.2.13
[INFO] [stderr]    Compiling der v0.5.1
[INFO] [stderr]    Compiling hashbrown v0.14.0
[INFO] [stderr]    Compiling tokio-util v0.7.8
[INFO] [stderr]    Compiling tokio-native-tls v0.3.1
[INFO] [stderr]    Compiling parking_lot v0.11.2
[INFO] [stderr]    Compiling h2 v0.3.21
[INFO] [stderr]    Compiling deranged v0.3.8
[INFO] [stderr]    Compiling sha2 v0.10.7
[INFO] [stderr]    Compiling hmac v0.12.1
[INFO] [stderr]    Compiling num-iter v0.1.43
[INFO] [stderr]    Compiling dirs-sys v0.3.7
[INFO] [stderr]    Compiling crc-catalog v2.2.0
[INFO] [stderr]    Compiling async-trait v0.1.73
[INFO] [stderr]    Compiling mime v0.3.17
[INFO] [stderr]    Compiling zeroize v1.6.0
[INFO] [stderr]    Compiling hex v0.4.3
[INFO] [stderr]    Compiling dirs v4.0.0
[INFO] [stderr]    Compiling crc v3.0.1
[INFO] [stderr]    Compiling time v0.3.27
[INFO] [stderr]    Compiling hkdf v0.12.3
[INFO] [stderr]    Compiling hyper v0.14.27
[INFO] [stderr]    Compiling serde_urlencoded v0.7.1
[INFO] [stderr]    Compiling nom v7.1.3
[INFO] [stderr]    Compiling tokio-rustls v0.23.4
[INFO] [stderr]    Compiling futures-intrusive v0.4.2
[INFO] [stderr]    Compiling spki v0.5.4
[INFO] [stderr]    Compiling hashlink v0.8.3
[INFO] [stderr]    Compiling sha1 v0.10.5
[INFO] [stderr]    Compiling rustls-pemfile v1.0.3
[INFO] [stderr]    Compiling md-5 v0.10.5
[INFO] [stderr]    Compiling stringprep v0.1.3
[INFO] [stderr]    Compiling encoding_rs v0.8.33
[INFO] [stderr]    Compiling syn v1.0.109
[INFO] [stderr]    Compiling ipnet v2.8.0
[INFO] [stderr]    Compiling hyper-tls v0.5.0
[INFO] [stderr]    Compiling whoami v1.4.1
[INFO] [stderr]    Compiling num-bigint-dig v0.8.4
[INFO] [stderr]    Compiling event-listener v2.5.3
[INFO] [stderr]    Compiling dotenvy v0.15.7
[INFO] [stderr]    Compiling sqlformat v0.2.1
[INFO] [stderr]    Compiling simple_asn1 v0.6.2
[INFO] [stderr]    Compiling reqwest v0.11.20
[INFO] [stderr]    Compiling pkcs8 v0.8.0
[INFO] [stderr]    Compiling sqlx-rt v0.6.3
[INFO] [stderr]    Compiling tokio-stream v0.1.14
[INFO] [stderr]    Compiling pem v1.1.1
[INFO] [stderr]    Compiling chrono v0.4.26
[INFO] [stderr]    Compiling uuid-macro-internal v1.4.1
[INFO] [stderr]    Compiling webpki-roots v0.22.6
[INFO] [stderr]    Compiling aho-corasick v1.0.4
[INFO] [stderr]    Compiling atoi v1.0.0
[INFO] [stderr]    Compiling lazy_static v1.4.0
[INFO] [stderr]    Compiling time v0.1.45
[INFO] [stderr]    Compiling bitflags v1.3.2
[INFO] [stderr]    Compiling regex-syntax v0.7.4
[INFO] [stderr]    Compiling unicode-segmentation v1.10.1
[INFO] [stderr]    Compiling uuid v1.4.1
[INFO] [stderr]    Compiling heck v0.4.1
[INFO] [stderr]    Compiling sqlx-core v0.6.3
[INFO] [stderr]    Compiling google-cloud-token v0.1.1
[INFO] [stderr]    Compiling jsonwebtoken v8.3.0
[INFO] [stderr]    Compiling regex-automata v0.3.6
[INFO] [stderr]    Compiling google-cloud-metadata v0.3.2
[INFO] [stderr]    Compiling pkcs1 v0.3.3
[INFO] [stderr]    Compiling async-stream-impl v0.3.5
[INFO] [stderr]    Compiling urlencoding v2.1.3
[INFO] [stderr]    Compiling home v0.5.5
[INFO] [stderr]    Compiling google-cloud-auth v0.12.0
[INFO] [stderr]    Compiling rsa v0.6.1
[INFO] [stderr]    Compiling async-stream v0.3.5
[INFO] [stderr]    Compiling regex v1.9.3
[INFO] [stderr]    Compiling google-cloud-storage v0.13.0
[INFO] [stderr]    Compiling sqlx-macros v0.6.3
[INFO] [stderr]    Compiling sqlx v0.6.3
[INFO] [stderr]    Compiling rust-video-encoder-service v0.1.0 (/opt/rustwide/workdir)
[INFO] [stdout] warning: unused import: `Connection`
[INFO] [stdout]  --> src/framework/database/db.rs:2:12
[INFO] [stdout]   |
[INFO] [stdout] 2 | use sqlx::{Connection, PgPool};
[INFO] [stdout]   |            ^^^^^^^^^^
[INFO] [stdout]   |
[INFO] [stdout]   = note: `#[warn(unused_imports)]` on by default
[INFO] [stdout] 
[INFO] [stdout] 
[INFO] [stdout] warning: field `video_repository` is never read
[INFO] [stdout]   --> src/application/services/video_service.rs:17:5
[INFO] [stdout]    |
[INFO] [stdout] 15 | pub struct VideoService<'a> {
[INFO] [stdout]    |            ------------ field in this struct
[INFO] [stdout] 16 |     video: &'a Video<'a>,
[INFO] [stdout] 17 |     video_repository: Box<dyn VideoRepository<'a>>,
[INFO] [stdout]    |     ^^^^^^^^^^^^^^^^
[INFO] [stdout]    |
[INFO] [stdout]    = note: `#[warn(dead_code)]` on by default
[INFO] [stdout] 
[INFO] [stdout] 
[INFO] [stdout] warning: fields `debug` and `env` are never read
[INFO] [stdout]  --> src/framework/database/db.rs:7:5
[INFO] [stdout]   |
[INFO] [stdout] 5 | pub struct Database {
[INFO] [stdout]   |            -------- fields in this struct
[INFO] [stdout] 6 |     database_url: String,
[INFO] [stdout] 7 |     debug: bool,
[INFO] [stdout]   |     ^^^^^
[INFO] [stdout] 8 |     env: String,
[INFO] [stdout]   |     ^^^
[INFO] [stdout] 
[INFO] [stdout] 
[INFO] [stdout] warning: 3 warnings emitted
[INFO] [stdout] 
[INFO] [stdout] 
[INFO] [stderr]     Finished dev [unoptimized + debuginfo] target(s) in 1m 01s
[INFO] running `Command { std: "docker" "inspect" "699e6280cea2839db0b83c5e89b3dffa8dd376cee98f4bcb7b9a144ada7e3476", kill_on_drop: false }`
[INFO] running `Command { std: "docker" "rm" "-f" "699e6280cea2839db0b83c5e89b3dffa8dd376cee98f4bcb7b9a144ada7e3476", kill_on_drop: false }`
[INFO] [stdout] 699e6280cea2839db0b83c5e89b3dffa8dd376cee98f4bcb7b9a144ada7e3476
[INFO] running `Command { std: "docker" "create" "-v" "/var/lib/crater-agent-workspace/builds/worker-6-tc1/target:/opt/rustwide/target:rw,Z" "-v" "/var/lib/crater-agent-workspace/builds/worker-6-tc1/source:/opt/rustwide/workdir:ro,Z" "-v" "/var/lib/crater-agent-workspace/cargo-home:/opt/rustwide/cargo-home:ro,Z" "-v" "/var/lib/crater-agent-workspace/rustup-home:/opt/rustwide/rustup-home:ro,Z" "-e" "SOURCE_DIR=/opt/rustwide/workdir" "-e" "CARGO_TARGET_DIR=/opt/rustwide/target" "-e" "CARGO_INCREMENTAL=0" "-e" "RUST_BACKTRACE=full" "-e" "RUSTFLAGS=--cap-lints=warn" "-e" "RUSTDOCFLAGS=--cap-lints=warn" "-e" "CARGO_HOME=/opt/rustwide/cargo-home" "-e" "RUSTUP_HOME=/opt/rustwide/rustup-home" "-w" "/opt/rustwide/workdir" "-m" "1610612736" "--user" "0:0" "--network" "none" "ghcr.io/rust-lang/crates-build-env/linux@sha256:2788e3201cd34a07e3172128adcd8b3090168a8e3bcc40d7c032b9dda1df7d1c" "/opt/rustwide/cargo-home/bin/cargo" "+1.75.0" "test" "--frozen" "--no-run" "--message-format=json", kill_on_drop: false }`
[INFO] [stdout] 457aaee37d2475bace96e14eed3563efb33bd3c8704d6f8fdd306e8e4c2f4386
[INFO] running `Command { std: "docker" "start" "-a" "457aaee37d2475bace96e14eed3563efb33bd3c8704d6f8fdd306e8e4c2f4386", kill_on_drop: false }`
[INFO] [stderr] warning: dependency (uuid) specified without providing a local path, Git repository, version, or workspace dependency to use. This will be considered an error in future versions
[INFO] [stderr] warning: unused manifest key: dependencies.uuid.verion
[INFO] [stderr] warning: unused manifest key: package.author
[INFO] [stdout] warning: unused import: `Connection`
[INFO] [stdout]  --> src/framework/database/db.rs:2:12
[INFO] [stdout]   |
[INFO] [stdout] 2 | use sqlx::{Connection, PgPool};
[INFO] [stdout]   |            ^^^^^^^^^^
[INFO] [stdout]   |
[INFO] [stdout]   = note: `#[warn(unused_imports)]` on by default
[INFO] [stdout] 
[INFO] [stdout] 
[INFO] [stdout] warning: field `video_repository` is never read
[INFO] [stdout]   --> src/application/services/video_service.rs:17:5
[INFO] [stdout]    |
[INFO] [stdout] 15 | pub struct VideoService<'a> {
[INFO] [stdout]    |            ------------ field in this struct
[INFO] [stdout] 16 |     video: &'a Video<'a>,
[INFO] [stdout] 17 |     video_repository: Box<dyn VideoRepository<'a>>,
[INFO] [stdout]    |     ^^^^^^^^^^^^^^^^
[INFO] [stdout]    |
[INFO] [stdout]    = note: `#[warn(dead_code)]` on by default
[INFO] [stdout] 
[INFO] [stdout] 
[INFO] [stdout] warning: fields `debug` and `env` are never read
[INFO] [stdout]  --> src/framework/database/db.rs:7:5
[INFO] [stdout]   |
[INFO] [stdout] 5 | pub struct Database {
[INFO] [stdout]   |            -------- fields in this struct
[INFO] [stdout] 6 |     database_url: String,
[INFO] [stdout] 7 |     debug: bool,
[INFO] [stdout]   |     ^^^^^
[INFO] [stdout] 8 |     env: String,
[INFO] [stdout]   |     ^^^
[INFO] [stdout] 
[INFO] [stdout] 
[INFO] [stderr]    Compiling rust-video-encoder-service v0.1.0 (/opt/rustwide/workdir)
[INFO] [stdout] warning: 3 warnings emitted
[INFO] [stdout] 
[INFO] [stdout] 
[INFO] [stdout] warning: unused import: `Connection`
[INFO] [stdout]  --> src/framework/database/db.rs:2:12
[INFO] [stdout]   |
[INFO] [stdout] 2 | use sqlx::{Connection, PgPool};
[INFO] [stdout]   |            ^^^^^^^^^^
[INFO] [stdout]   |
[INFO] [stdout]   = note: `#[warn(unused_imports)]` on by default
[INFO] [stdout] 
[INFO] [stdout] 
[INFO] [stdout] warning: field `video_repository` is never read
[INFO] [stdout]   --> src/application/services/video_service.rs:17:5
[INFO] [stdout]    |
[INFO] [stdout] 15 | pub struct VideoService<'a> {
[INFO] [stdout]    |            ------------ field in this struct
[INFO] [stdout] 16 |     video: &'a Video<'a>,
[INFO] [stdout] 17 |     video_repository: Box<dyn VideoRepository<'a>>,
[INFO] [stdout]    |     ^^^^^^^^^^^^^^^^
[INFO] [stdout]    |
[INFO] [stdout]    = note: `#[warn(dead_code)]` on by default
[INFO] [stdout] 
[INFO] [stdout] 
[INFO] [stdout] warning: fields `debug` and `env` are never read
[INFO] [stdout]  --> src/framework/database/db.rs:7:5
[INFO] [stdout]   |
[INFO] [stdout] 5 | pub struct Database {
[INFO] [stdout]   |            -------- fields in this struct
[INFO] [stdout] 6 |     database_url: String,
[INFO] [stdout] 7 |     debug: bool,
[INFO] [stdout]   |     ^^^^^
[INFO] [stdout] 8 |     env: String,
[INFO] [stdout]   |     ^^^
[INFO] [stdout] 
[INFO] [stdout] 
[INFO] [stdout] warning: 3 warnings emitted
[INFO] [stdout] 
[INFO] [stdout] 
[INFO] [stderr]     Finished test [unoptimized + debuginfo] target(s) in 7.03s
[INFO] running `Command { std: "docker" "inspect" "457aaee37d2475bace96e14eed3563efb33bd3c8704d6f8fdd306e8e4c2f4386", kill_on_drop: false }`
[INFO] running `Command { std: "docker" "rm" "-f" "457aaee37d2475bace96e14eed3563efb33bd3c8704d6f8fdd306e8e4c2f4386", kill_on_drop: false }`
[INFO] [stdout] 457aaee37d2475bace96e14eed3563efb33bd3c8704d6f8fdd306e8e4c2f4386
[INFO] running `Command { std: "docker" "create" "-v" "/var/lib/crater-agent-workspace/builds/worker-6-tc1/target:/opt/rustwide/target:rw,Z" "-v" "/var/lib/crater-agent-workspace/builds/worker-6-tc1/source:/opt/rustwide/workdir:ro,Z" "-v" "/var/lib/crater-agent-workspace/cargo-home:/opt/rustwide/cargo-home:ro,Z" "-v" "/var/lib/crater-agent-workspace/rustup-home:/opt/rustwide/rustup-home:ro,Z" "-e" "SOURCE_DIR=/opt/rustwide/workdir" "-e" "CARGO_TARGET_DIR=/opt/rustwide/target" "-e" "CARGO_INCREMENTAL=0" "-e" "RUST_BACKTRACE=full" "-e" "RUSTFLAGS=--cap-lints=warn" "-e" "RUSTDOCFLAGS=--cap-lints=warn" "-e" "CARGO_HOME=/opt/rustwide/cargo-home" "-e" "RUSTUP_HOME=/opt/rustwide/rustup-home" "-w" "/opt/rustwide/workdir" "-m" "1610612736" "--user" "0:0" "--network" "none" "ghcr.io/rust-lang/crates-build-env/linux@sha256:2788e3201cd34a07e3172128adcd8b3090168a8e3bcc40d7c032b9dda1df7d1c" "/opt/rustwide/cargo-home/bin/cargo" "+1.75.0" "test" "--frozen", kill_on_drop: false }`
[INFO] [stdout] 6d96e682ae8b011b864c054f48981d5bbc803f3835dd191d73e6ff28a5a07230
[INFO] running `Command { std: "docker" "start" "-a" "6d96e682ae8b011b864c054f48981d5bbc803f3835dd191d73e6ff28a5a07230", kill_on_drop: false }`
[INFO] [stderr] warning: dependency (uuid) specified without providing a local path, Git repository, version, or workspace dependency to use. This will be considered an error in future versions
[INFO] [stderr] warning: unused manifest key: dependencies.uuid.verion
[INFO] [stderr] warning: unused manifest key: package.author
[INFO] [stderr] warning: unused import: `Connection`
[INFO] [stderr]  --> src/framework/database/db.rs:2:12
[INFO] [stderr]   |
[INFO] [stderr] 2 | use sqlx::{Connection, PgPool};
[INFO] [stderr]   |            ^^^^^^^^^^
[INFO] [stderr]   |
[INFO] [stderr]   = note: `#[warn(unused_imports)]` on by default
[INFO] [stderr] 
[INFO] [stderr] warning: field `video_repository` is never read
[INFO] [stderr]   --> src/application/services/video_service.rs:17:5
[INFO] [stderr]    |
[INFO] [stderr] 15 | pub struct VideoService<'a> {
[INFO] [stderr]    |            ------------ field in this struct
[INFO] [stderr] 16 |     video: &'a Video<'a>,
[INFO] [stderr] 17 |     video_repository: Box<dyn VideoRepository<'a>>,
[INFO] [stderr]    |     ^^^^^^^^^^^^^^^^
[INFO] [stderr]    |
[INFO] [stderr]    = note: `#[warn(dead_code)]` on by default
[INFO] [stderr] 
[INFO] [stderr] warning: fields `debug` and `env` are never read
[INFO] [stderr]  --> src/framework/database/db.rs:7:5
[INFO] [stderr]   |
[INFO] [stderr] 5 | pub struct Database {
[INFO] [stderr]   |            -------- fields in this struct
[INFO] [stderr] 6 |     database_url: String,
[INFO] [stderr] 7 |     debug: bool,
[INFO] [stderr]   |     ^^^^^
[INFO] [stderr] 8 |     env: String,
[INFO] [stderr]   |     ^^^
[INFO] [stderr] 
[INFO] [stderr] warning: `rust-video-encoder-service` (lib) generated 3 warnings
[INFO] [stderr] warning: `rust-video-encoder-service` (lib test) generated 3 warnings (3 duplicates)
[INFO] [stderr]     Finished test [unoptimized + debuginfo] target(s) in 0.37s
[INFO] [stderr]      Running unittests src/lib.rs (/opt/rustwide/target/debug/deps/rust_video_encoder_service-a6a48583fbff7bef)
[INFO] [stdout] 
[INFO] [stdout] running 0 tests
[INFO] [stdout] 
[INFO] [stdout] test result: ok. 0 passed; 0 failed; 0 ignored; 0 measured; 0 filtered out; finished in 0.00s
[INFO] [stdout] 
[INFO] [stderr]      Running unittests src/main.rs (/opt/rustwide/target/debug/deps/video_encoder-a8ffd9c29a691b88)
[INFO] [stdout] 
[INFO] [stdout] running 0 tests
[INFO] [stdout] 
[INFO] [stdout] test result: ok. 0 passed; 0 failed; 0 ignored; 0 measured; 0 filtered out; finished in 0.00s
[INFO] [stdout] 
[INFO] [stderr]      Running tests/mod.rs (/opt/rustwide/target/debug/deps/mod-eae92ffb9930deb7)
[INFO] [stdout] 
[INFO] [stdout] running 9 tests
[INFO] [stdout] test domain::job_test::tests::test_new_job ... ok
[INFO] [stdout] test domain::video_test::tests::test_validate_if_video_is_empty ... ok
[INFO] [stdout] test domain::video_test::tests::test_validate_if_id_is_not_uuid ... ok
[INFO] [stdout] test domain::video_test::tests::test_validate_if_resource_id_is_not_uuid ... ok
[INFO] [stdout] test domain::video_test::tests::test_video_validation ... ok
[INFO] [stdout] test application::services::video_service_test::tests::test_video_service_download ... FAILED
[INFO] [stdout] test application::repositories::video_repository_test::tests::test_video_repository_insert ... FAILED
[INFO] [stdout] test application::repositories::job_repository_test::tests::test_job_repository_insert ... FAILED
[INFO] [stdout] test application::repositories::job_repository_test::tests::test_job_repository_update ... FAILED
[INFO] [stdout] 
[INFO] [stdout] failures:
[INFO] [stdout] 
[INFO] [stdout] ---- application::services::video_service_test::tests::test_video_service_download stdout ----
[INFO] [stdout] thread 'application::services::video_service_test::tests::test_video_service_download' panicked at /opt/rustwide/workdir/src/framework/database/db.rs:33:14:
[INFO] [stdout] Error connecting to postgres://postgres:root@db:5432/encoder?sslmode=disable: Io(Custom { kind: Uncategorized, error: "failed to lookup address information: Temporary failure in name resolution" })
[INFO] [stdout] stack backtrace:
[INFO] [stdout]    0:     0x5646448e17cc - std::backtrace_rs::backtrace::libunwind::trace::ha637c64ce894333a
[INFO] [stdout]                                at /rustc/82e1608dfa6e0b5569232559e3d385fea5a93112/library/std/src/../../backtrace/src/backtrace/libunwind.rs:104:5
[INFO] [stdout]    1:     0x5646448e17cc - std::backtrace_rs::backtrace::trace_unsynchronized::h47f62dea28e0c88d
[INFO] [stdout]                                at /rustc/82e1608dfa6e0b5569232559e3d385fea5a93112/library/std/src/../../backtrace/src/backtrace/mod.rs:66:5
[INFO] [stdout]    2:     0x5646448e17cc - std::sys_common::backtrace::_print_fmt::h9eef0abe20ede486
[INFO] [stdout]                                at /rustc/82e1608dfa6e0b5569232559e3d385fea5a93112/library/std/src/sys_common/backtrace.rs:67:5
[INFO] [stdout]    3:     0x5646448e17cc - <std::sys_common::backtrace::_print::DisplayBacktrace as core::fmt::Display>::fmt::hed7f999df88cc644
[INFO] [stdout]                                at /rustc/82e1608dfa6e0b5569232559e3d385fea5a93112/library/std/src/sys_common/backtrace.rs:44:22
[INFO] [stdout]    4:     0x5646449103c0 - core::fmt::rt::Argument::fmt::h1539a9308b8d058d
[INFO] [stdout]                                at /rustc/82e1608dfa6e0b5569232559e3d385fea5a93112/library/core/src/fmt/rt.rs:142:9
[INFO] [stdout]    5:     0x5646449103c0 - core::fmt::write::h3a39390d8560d9c9
[INFO] [stdout]                                at /rustc/82e1608dfa6e0b5569232559e3d385fea5a93112/library/core/src/fmt/mod.rs:1120:17
[INFO] [stdout]    6:     0x5646448de57f - std::io::Write::write_fmt::h040b369f3a0f9cbc
[INFO] [stdout]                                at /rustc/82e1608dfa6e0b5569232559e3d385fea5a93112/library/std/src/io/mod.rs:1762:15
[INFO] [stdout]    7:     0x5646448e15b4 - std::sys_common::backtrace::_print::h894006fb5c6f3d45
[INFO] [stdout]                                at /rustc/82e1608dfa6e0b5569232559e3d385fea5a93112/library/std/src/sys_common/backtrace.rs:47:5
[INFO] [stdout]    8:     0x5646448e15b4 - std::sys_common::backtrace::print::h23a2d212c6fff936
[INFO] [stdout]                                at /rustc/82e1608dfa6e0b5569232559e3d385fea5a93112/library/std/src/sys_common/backtrace.rs:34:9
[INFO] [stdout]    9:     0x5646448e3277 - std::panicking::default_hook::{{closure}}::h8a1d2ee00185001a
[INFO] [stdout]   10:     0x5646448e2f63 - std::panicking::default_hook::h6038f2eba384e475
[INFO] [stdout]                                at /rustc/82e1608dfa6e0b5569232559e3d385fea5a93112/library/std/src/panicking.rs:289:9
[INFO] [stdout]   11:     0x564643fd6007 - <alloc::boxed::Box<F,A> as core::ops::function::Fn<Args>>::call::h0ad024c9bdc6d768
[INFO] [stdout]                                at /rustc/82e1608dfa6e0b5569232559e3d385fea5a93112/library/alloc/src/boxed.rs:2021:9
[INFO] [stdout]   12:     0x564643fd6007 - test::test_main::{{closure}}::h7500b54257359db6
[INFO] [stdout]                                at /rustc/82e1608dfa6e0b5569232559e3d385fea5a93112/library/test/src/lib.rs:138:21
[INFO] [stdout]   13:     0x5646448e3888 - <alloc::boxed::Box<F,A> as core::ops::function::Fn<Args>>::call::h1f8f335eaa9cfaee
[INFO] [stdout]                                at /rustc/82e1608dfa6e0b5569232559e3d385fea5a93112/library/alloc/src/boxed.rs:2021:9
[INFO] [stdout]   14:     0x5646448e3888 - std::panicking::rust_panic_with_hook::h2b5517d590cab22e
[INFO] [stdout]                                at /rustc/82e1608dfa6e0b5569232559e3d385fea5a93112/library/std/src/panicking.rs:783:13
[INFO] [stdout]   15:     0x5646448e35de - std::panicking::begin_panic_handler::{{closure}}::h233112c06e0ef43e
[INFO] [stdout]                                at /rustc/82e1608dfa6e0b5569232559e3d385fea5a93112/library/std/src/panicking.rs:657:13
[INFO] [stdout]   16:     0x5646448e1c96 - std::sys_common::backtrace::__rust_end_short_backtrace::h6e893f24d7ebbff8
[INFO] [stdout]                                at /rustc/82e1608dfa6e0b5569232559e3d385fea5a93112/library/std/src/sys_common/backtrace.rs:170:18
[INFO] [stdout]   17:     0x5646448e3342 - rust_begin_unwind
[INFO] [stdout]                                at /rustc/82e1608dfa6e0b5569232559e3d385fea5a93112/library/std/src/panicking.rs:645:5
[INFO] [stdout]   18:     0x564643f4d9b5 - core::panicking::panic_fmt::hbf0e066aabfa482c
[INFO] [stdout]                                at /rustc/82e1608dfa6e0b5569232559e3d385fea5a93112/library/core/src/panicking.rs:72:14
[INFO] [stdout]   19:     0x564643f4dfe3 - core::result::unwrap_failed::hddb4fea594200c52
[INFO] [stdout]                                at /rustc/82e1608dfa6e0b5569232559e3d385fea5a93112/library/core/src/result.rs:1653:5
[INFO] [stdout]   20:     0x564643f6d34a - core::result::Result<T,E>::expect::h33758cbbfb2b4b52
[INFO] [stdout]                                at /rustc/82e1608dfa6e0b5569232559e3d385fea5a93112/library/core/src/result.rs:1034:23
[INFO] [stdout]   21:     0x564643f75f80 - rust_video_encoder_service::framework::database::db::Database::establish_pg_connection::{{closure}}::he536643bc704d2d1
[INFO] [stdout]                                at /opt/rustwide/workdir/src/framework/database/db.rs:31:16
[INFO] [stdout]   22:     0x564643f75a4a - rust_video_encoder_service::framework::database::db::Database::new_db_test::{{closure}}::hf177331eaf963d7e
[INFO] [stdout]                                at /opt/rustwide/workdir/src/framework/database/db.rs:25:65
[INFO] [stdout]   23:     0x564643f7dff3 - mod::application::services::video_service_test::prepare::{{closure}}::h3e9ca1eaadbd62a7
[INFO] [stdout]                                at /opt/rustwide/workdir/tests/application/services/video_service_test.rs:10:38
[INFO] [stdout]   24:     0x564643f8c0fa - mod::application::services::video_service_test::tests::test_video_service_download::{{closure}}::h000e002b6bd3a194
[INFO] [stdout]                                at /opt/rustwide/workdir/tests/application/services/video_service_test.rs:33:51
[INFO] [stdout]   25:     0x564643f990a8 - <core::pin::Pin<P> as core::future::future::Future>::poll::hf33b71aabdd724c1
[INFO] [stdout]                                at /rustc/82e1608dfa6e0b5569232559e3d385fea5a93112/library/core/src/future/future.rs:125:9
[INFO] [stdout]   26:     0x564643f98fdb - <core::pin::Pin<P> as core::future::future::Future>::poll::hc3f3e79d77de6053
[INFO] [stdout]                                at /rustc/82e1608dfa6e0b5569232559e3d385fea5a93112/library/core/src/future/future.rs:125:9
[INFO] [stdout]   27:     0x564643f8ac54 - tokio::runtime::scheduler::current_thread::CoreGuard::block_on::{{closure}}::{{closure}}::{{closure}}::h137e69fcd1824285
[INFO] [stdout]                                at /opt/rustwide/cargo-home/registry/src/index.crates.io-6f17d22bba15001f/tokio-1.32.0/src/runtime/scheduler/current_thread/mod.rs:665:57
[INFO] [stdout]   28:     0x564643f8ab7a - tokio::runtime::coop::with_budget::hc99267cdb0d0ce71
[INFO] [stdout]                                at /opt/rustwide/cargo-home/registry/src/index.crates.io-6f17d22bba15001f/tokio-1.32.0/src/runtime/coop.rs:107:5
[INFO] [stdout]   29:     0x564643f8ab7a - tokio::runtime::coop::budget::h95c6fd55fe255e47
[INFO] [stdout]                                at /opt/rustwide/cargo-home/registry/src/index.crates.io-6f17d22bba15001f/tokio-1.32.0/src/runtime/coop.rs:73:5
[INFO] [stdout]   30:     0x564643f8ab7a - tokio::runtime::scheduler::current_thread::CoreGuard::block_on::{{closure}}::{{closure}}::h39bb6b94ea2447f8
[INFO] [stdout]                                at /opt/rustwide/cargo-home/registry/src/index.crates.io-6f17d22bba15001f/tokio-1.32.0/src/runtime/scheduler/current_thread/mod.rs:665:25
[INFO] [stdout]   31:     0x564643f8950c - tokio::runtime::scheduler::current_thread::Context::enter::hcf3fc0ec1787229a
[INFO] [stdout]                                at /opt/rustwide/cargo-home/registry/src/index.crates.io-6f17d22bba15001f/tokio-1.32.0/src/runtime/scheduler/current_thread/mod.rs:410:19
[INFO] [stdout]   32:     0x564643f8a37e - tokio::runtime::scheduler::current_thread::CoreGuard::block_on::{{closure}}::h52be1c2c62ffd4e4
[INFO] [stdout]                                at /opt/rustwide/cargo-home/registry/src/index.crates.io-6f17d22bba15001f/tokio-1.32.0/src/runtime/scheduler/current_thread/mod.rs:664:36
[INFO] [stdout]   33:     0x564643f8a08b - tokio::runtime::scheduler::current_thread::CoreGuard::enter::{{closure}}::h0795eb3033d3df6b
[INFO] [stdout]                                at /opt/rustwide/cargo-home/registry/src/index.crates.io-6f17d22bba15001f/tokio-1.32.0/src/runtime/scheduler/current_thread/mod.rs:743:68
[INFO] [stdout]   34:     0x564643f782ab - tokio::runtime::context::scoped::Scoped<T>::set::h0ed4d7b906164fea
[INFO] [stdout]                                at /opt/rustwide/cargo-home/registry/src/index.crates.io-6f17d22bba15001f/tokio-1.32.0/src/runtime/context/scoped.rs:40:9
[INFO] [stdout]   35:     0x564643f7d459 - tokio::runtime::context::set_scheduler::{{closure}}::hc99b8a0b50a4123e
[INFO] [stdout]                                at /opt/rustwide/cargo-home/registry/src/index.crates.io-6f17d22bba15001f/tokio-1.32.0/src/runtime/context.rs:176:26
[INFO] [stdout]   36:     0x564643f962f6 - std::thread::local::LocalKey<T>::try_with::hd3e95f7bed5274e1
[INFO] [stdout]                                at /rustc/82e1608dfa6e0b5569232559e3d385fea5a93112/library/std/src/thread/local.rs:270:16
[INFO] [stdout]   37:     0x564643f95afa - std::thread::local::LocalKey<T>::with::h2b4709f0e80589e4
[INFO] [stdout]                                at /rustc/82e1608dfa6e0b5569232559e3d385fea5a93112/library/std/src/thread/local.rs:246:9
[INFO] [stdout]   38:     0x564643f7d40d - tokio::runtime::context::set_scheduler::h37c33301d90ba459
[INFO] [stdout]                                at /opt/rustwide/cargo-home/registry/src/index.crates.io-6f17d22bba15001f/tokio-1.32.0/src/runtime/context.rs:176:9
[INFO] [stdout]   39:     0x564643f89e20 - tokio::runtime::scheduler::current_thread::CoreGuard::enter::h55859d4ec658b7fd
[INFO] [stdout]                                at /opt/rustwide/cargo-home/registry/src/index.crates.io-6f17d22bba15001f/tokio-1.32.0/src/runtime/scheduler/current_thread/mod.rs:743:27
[INFO] [stdout]   40:     0x564643f8a0bd - tokio::runtime::scheduler::current_thread::CoreGuard::block_on::ha9e363bad1db0454
[INFO] [stdout]                                at /opt/rustwide/cargo-home/registry/src/index.crates.io-6f17d22bba15001f/tokio-1.32.0/src/runtime/scheduler/current_thread/mod.rs:652:19
[INFO] [stdout]   41:     0x564643f88fed - tokio::runtime::scheduler::current_thread::CurrentThread::block_on::{{closure}}::hebe86cba3b7757f7
[INFO] [stdout]                                at /opt/rustwide/cargo-home/registry/src/index.crates.io-6f17d22bba15001f/tokio-1.32.0/src/runtime/scheduler/current_thread/mod.rs:175:28
[INFO] [stdout]   42:     0x564643f942aa - tokio::runtime::context::runtime::enter_runtime::h2f6a4893a3bef29f
[INFO] [stdout]                                at /opt/rustwide/cargo-home/registry/src/index.crates.io-6f17d22bba15001f/tokio-1.32.0/src/runtime/context/runtime.rs:65:16
[INFO] [stdout]   43:     0x564643f88f00 - tokio::runtime::scheduler::current_thread::CurrentThread::block_on::h75cc3d9846bbefbd
[INFO] [stdout]                                at /opt/rustwide/cargo-home/registry/src/index.crates.io-6f17d22bba15001f/tokio-1.32.0/src/runtime/scheduler/current_thread/mod.rs:167:9
[INFO] [stdout]   44:     0x564643f6e89d - tokio::runtime::runtime::Runtime::block_on::h1228a217cc0ef077
[INFO] [stdout]                                at /opt/rustwide/cargo-home/registry/src/index.crates.io-6f17d22bba15001f/tokio-1.32.0/src/runtime/runtime.rs:347:47
[INFO] [stdout]   45:     0x564643f8be49 - mod::application::services::video_service_test::tests::test_video_service_download::h1755585395de86e7
[INFO] [stdout]                                at /opt/rustwide/workdir/tests/application/services/video_service_test.rs:44:9
[INFO] [stdout]   46:     0x564643f8bca7 - mod::application::services::video_service_test::tests::test_video_service_download::{{closure}}::h29f7b25f22408c2b
[INFO] [stdout]                                at /opt/rustwide/workdir/tests/application/services/video_service_test.rs:32:43
[INFO] [stdout]   47:     0x564643f9ac16 - core::ops::function::FnOnce::call_once::h1cf698cb1b8e13b7
[INFO] [stdout]                                at /rustc/82e1608dfa6e0b5569232559e3d385fea5a93112/library/core/src/ops/function.rs:250:5
[INFO] [stdout]   48:     0x564643fdb65f - core::ops::function::FnOnce::call_once::h2b5d431d5046312d
[INFO] [stdout]                                at /rustc/82e1608dfa6e0b5569232559e3d385fea5a93112/library/core/src/ops/function.rs:250:5
[INFO] [stdout]   49:     0x564643fdb65f - test::__rust_begin_short_backtrace::h7714669af176e207
[INFO] [stdout]                                at /rustc/82e1608dfa6e0b5569232559e3d385fea5a93112/library/test/src/lib.rs:628:18
[INFO] [stdout]   50:     0x564643fda675 - test::run_test_in_process::{{closure}}::h85218797dcbcec12
[INFO] [stdout]                                at /rustc/82e1608dfa6e0b5569232559e3d385fea5a93112/library/test/src/lib.rs:651:60
[INFO] [stdout]   51:     0x564643fda675 - <core::panic::unwind_safe::AssertUnwindSafe<F> as core::ops::function::FnOnce<()>>::call_once::h76c106ea31c14d7b
[INFO] [stdout]                                at /rustc/82e1608dfa6e0b5569232559e3d385fea5a93112/library/core/src/panic/unwind_safe.rs:272:9
[INFO] [stdout]   52:     0x564643fda675 - std::panicking::try::do_call::h3bd5d0f6620ee946
[INFO] [stdout]                                at /rustc/82e1608dfa6e0b5569232559e3d385fea5a93112/library/std/src/panicking.rs:552:40
[INFO] [stdout]   53:     0x564643fda675 - std::panicking::try::h232e535e4744fe31
[INFO] [stdout]                                at /rustc/82e1608dfa6e0b5569232559e3d385fea5a93112/library/std/src/panicking.rs:516:19
[INFO] [stdout]   54:     0x564643fda675 - std::panic::catch_unwind::h3ce3bd6ca8dbac68
[INFO] [stdout]                                at /rustc/82e1608dfa6e0b5569232559e3d385fea5a93112/library/std/src/panic.rs:142:14
[INFO] [stdout]   55:     0x564643fda675 - test::run_test_in_process::hc97b257c9621286a
[INFO] [stdout]                                at /rustc/82e1608dfa6e0b5569232559e3d385fea5a93112/library/test/src/lib.rs:651:27
[INFO] [stdout]   56:     0x564643fda675 - test::run_test::{{closure}}::h2aa798823a438d38
[INFO] [stdout]                                at /rustc/82e1608dfa6e0b5569232559e3d385fea5a93112/library/test/src/lib.rs:574:43
[INFO] [stdout]   57:     0x564643fa2936 - test::run_test::{{closure}}::h87d231c78fb59832
[INFO] [stdout]                                at /rustc/82e1608dfa6e0b5569232559e3d385fea5a93112/library/test/src/lib.rs:602:41
[INFO] [stdout]   58:     0x564643fa2936 - std::sys_common::backtrace::__rust_begin_short_backtrace::he6df152596625789
[INFO] [stdout]                                at /rustc/82e1608dfa6e0b5569232559e3d385fea5a93112/library/std/src/sys_common/backtrace.rs:154:18
[INFO] [stdout]   59:     0x564643fa79e7 - std::thread::Builder::spawn_unchecked_::{{closure}}::{{closure}}::ha94be15d1e0acf36
[INFO] [stdout]                                at /rustc/82e1608dfa6e0b5569232559e3d385fea5a93112/library/std/src/thread/mod.rs:529:17
[INFO] [stdout]   60:     0x564643fa79e7 - <core::panic::unwind_safe::AssertUnwindSafe<F> as core::ops::function::FnOnce<()>>::call_once::h9dc6bd6372f16606
[INFO] [stdout]                                at /rustc/82e1608dfa6e0b5569232559e3d385fea5a93112/library/core/src/panic/unwind_safe.rs:272:9
[INFO] [stdout]   61:     0x564643fa79e7 - std::panicking::try::do_call::h9057517f80303cd4
[INFO] [stdout]                                at /rustc/82e1608dfa6e0b5569232559e3d385fea5a93112/library/std/src/panicking.rs:552:40
[INFO] [stdout]   62:     0x564643fa79e7 - std::panicking::try::he3a30b11ee45340c
[INFO] [stdout]                                at /rustc/82e1608dfa6e0b5569232559e3d385fea5a93112/library/std/src/panicking.rs:516:19
[INFO] [stdout]   63:     0x564643fa79e7 - std::panic::catch_unwind::h410458cfd3528b8b
[INFO] [stdout]                                at /rustc/82e1608dfa6e0b5569232559e3d385fea5a93112/library/std/src/panic.rs:142:14
[INFO] [stdout]   64:     0x564643fa79e7 - std::thread::Builder::spawn_unchecked_::{{closure}}::h72ac3bdb567b737b
[INFO] [stdout]                                at /rustc/82e1608dfa6e0b5569232559e3d385fea5a93112/library/std/src/thread/mod.rs:528:30
[INFO] [stdout]   65:     0x564643fa79e7 - core::ops::function::FnOnce::call_once{{vtable.shim}}::h38f34da3654a8344
[INFO] [stdout]                                at /rustc/82e1608dfa6e0b5569232559e3d385fea5a93112/library/core/src/ops/function.rs:250:5
[INFO] [stdout]   66:     0x5646448e9165 - <alloc::boxed::Box<F,A> as core::ops::function::FnOnce<Args>>::call_once::hc7eafaff61e32df9
[INFO] [stdout]                                at /rustc/82e1608dfa6e0b5569232559e3d385fea5a93112/library/alloc/src/boxed.rs:2007:9
[INFO] [stdout]   67:     0x5646448e9165 - <alloc::boxed::Box<F,A> as core::ops::function::FnOnce<Args>>::call_once::h6ba4a5de48dd2304
[INFO] [stdout]                                at /rustc/82e1608dfa6e0b5569232559e3d385fea5a93112/library/alloc/src/boxed.rs:2007:9
[INFO] [stdout]   68:     0x5646448e9165 - std::sys::unix::thread::Thread::new::thread_start::he469335aef763e45
[INFO] [stdout]                                at /rustc/82e1608dfa6e0b5569232559e3d385fea5a93112/library/std/src/sys/unix/thread.rs:108:17
[INFO] [stdout]   69:     0x7f2fe3a60ac3 - <unknown>
[INFO] [stdout]   70:     0x7f2fe3af1bf4 - __clone
[INFO] [stdout]   71:                0x0 - <unknown>
[INFO] [stdout] 
[INFO] [stdout] ---- application::repositories::video_repository_test::tests::test_video_repository_insert stdout ----
[INFO] [stdout] thread 'application::repositories::video_repository_test::tests::test_video_repository_insert' panicked at /opt/rustwide/workdir/src/framework/database/db.rs:33:14:
[INFO] [stdout] Error connecting to postgres://postgres:root@db:5432/encoder?sslmode=disable: Io(Custom { kind: Uncategorized, error: "failed to lookup address information: Temporary failure in name resolution" })
[INFO] [stdout] stack backtrace:
[INFO] [stdout]    0:     0x5646448e17cc - std::backtrace_rs::backtrace::libunwind::trace::ha637c64ce894333a
[INFO] [stdout]                                at /rustc/82e1608dfa6e0b5569232559e3d385fea5a93112/library/std/src/../../backtrace/src/backtrace/libunwind.rs:104:5
[INFO] [stdout]    1:     0x5646448e17cc - std::backtrace_rs::backtrace::trace_unsynchronized::h47f62dea28e0c88d
[INFO] [stdout]                                at /rustc/82e1608dfa6e0b5569232559e3d385fea5a93112/library/std/src/../../backtrace/src/backtrace/mod.rs:66:5
[INFO] [stdout]    2:     0x5646448e17cc - std::sys_common::backtrace::_print_fmt::h9eef0abe20ede486
[INFO] [stdout]                                at /rustc/82e1608dfa6e0b5569232559e3d385fea5a93112/library/std/src/sys_common/backtrace.rs:67:5
[INFO] [stdout]    3:     0x5646448e17cc - <std::sys_common::backtrace::_print::DisplayBacktrace as core::fmt::Display>::fmt::hed7f999df88cc644
[INFO] [stdout]                                at /rustc/82e1608dfa6e0b5569232559e3d385fea5a93112/library/std/src/sys_common/backtrace.rs:44:22
[INFO] [stdout]    4:     0x5646449103c0 - core::fmt::rt::Argument::fmt::h1539a9308b8d058d
[INFO] [stdout]                                at /rustc/82e1608dfa6e0b5569232559e3d385fea5a93112/library/core/src/fmt/rt.rs:142:9
[INFO] [stdout]    5:     0x5646449103c0 - core::fmt::write::h3a39390d8560d9c9
[INFO] [stdout]                                at /rustc/82e1608dfa6e0b5569232559e3d385fea5a93112/library/core/src/fmt/mod.rs:1120:17
[INFO] [stdout]    6:     0x5646448de57f - std::io::Write::write_fmt::h040b369f3a0f9cbc
[INFO] [stdout]                                at /rustc/82e1608dfa6e0b5569232559e3d385fea5a93112/library/std/src/io/mod.rs:1762:15
[INFO] [stdout]    7:     0x5646448e15b4 - std::sys_common::backtrace::_print::h894006fb5c6f3d45
[INFO] [stdout]                                at /rustc/82e1608dfa6e0b5569232559e3d385fea5a93112/library/std/src/sys_common/backtrace.rs:47:5
[INFO] [stdout]    8:     0x5646448e15b4 - std::sys_common::backtrace::print::h23a2d212c6fff936
[INFO] [stdout]                                at /rustc/82e1608dfa6e0b5569232559e3d385fea5a93112/library/std/src/sys_common/backtrace.rs:34:9
[INFO] [stdout]    9:     0x5646448e3277 - std::panicking::default_hook::{{closure}}::h8a1d2ee00185001a
[INFO] [stdout]   10:     0x5646448e2f63 - std::panicking::default_hook::h6038f2eba384e475
[INFO] [stdout]                                at /rustc/82e1608dfa6e0b5569232559e3d385fea5a93112/library/std/src/panicking.rs:289:9
[INFO] [stdout]   11:     0x564643fd6007 - <alloc::boxed::Box<F,A> as core::ops::function::Fn<Args>>::call::h0ad024c9bdc6d768
[INFO] [stdout]                                at /rustc/82e1608dfa6e0b5569232559e3d385fea5a93112/library/alloc/src/boxed.rs:2021:9
[INFO] [stdout]   12:     0x564643fd6007 - test::test_main::{{closure}}::h7500b54257359db6
[INFO] [stdout]                                at /rustc/82e1608dfa6e0b5569232559e3d385fea5a93112/library/test/src/lib.rs:138:21
[INFO] [stdout]   13:     0x5646448e3888 - <alloc::boxed::Box<F,A> as core::ops::function::Fn<Args>>::call::h1f8f335eaa9cfaee
[INFO] [stdout]                                at /rustc/82e1608dfa6e0b5569232559e3d385fea5a93112/library/alloc/src/boxed.rs:2021:9
[INFO] [stdout]   14:     0x5646448e3888 - std::panicking::rust_panic_with_hook::h2b5517d590cab22e
[INFO] [stdout]                                at /rustc/82e1608dfa6e0b5569232559e3d385fea5a93112/library/std/src/panicking.rs:783:13
[INFO] [stdout]   15:     0x5646448e35de - std::panicking::begin_panic_handler::{{closure}}::h233112c06e0ef43e
[INFO] [stdout]                                at /rustc/82e1608dfa6e0b5569232559e3d385fea5a93112/library/std/src/panicking.rs:657:13
[INFO] [stdout]   16:     0x5646448e1c96 - std::sys_common::backtrace::__rust_end_short_backtrace::h6e893f24d7ebbff8
[INFO] [stdout]                                at /rustc/82e1608dfa6e0b5569232559e3d385fea5a93112/library/std/src/sys_common/backtrace.rs:170:18
[INFO] [stdout]   17:     0x5646448e3342 - rust_begin_unwind
[INFO] [stdout]                                at /rustc/82e1608dfa6e0b5569232559e3d385fea5a93112/library/std/src/panicking.rs:645:5
[INFO] [stdout]   18:     0x564643f4d9b5 - core::panicking::panic_fmt::hbf0e066aabfa482c
[INFO] [stdout]                                at /rustc/82e1608dfa6e0b5569232559e3d385fea5a93112/library/core/src/panicking.rs:72:14
[INFO] [stdout]   19:     0x564643f4dfe3 - core::result::unwrap_failed::hddb4fea594200c52
[INFO] [stdout]                                at /rustc/82e1608dfa6e0b5569232559e3d385fea5a93112/library/core/src/result.rs:1653:5
[INFO] [stdout]   20:     0x564643f6d34a - core::result::Result<T,E>::expect::h33758cbbfb2b4b52
[INFO] [stdout]                                at /rustc/82e1608dfa6e0b5569232559e3d385fea5a93112/library/core/src/result.rs:1034:23
[INFO] [stdout]   21:     0x564643f75f80 - rust_video_encoder_service::framework::database::db::Database::establish_pg_connection::{{closure}}::he536643bc704d2d1
[INFO] [stdout]                                at /opt/rustwide/workdir/src/framework/database/db.rs:31:16
[INFO] [stdout]   22:     0x564643f75a4a - rust_video_encoder_service::framework::database::db::Database::new_db_test::{{closure}}::hf177331eaf963d7e
[INFO] [stdout]                                at /opt/rustwide/workdir/src/framework/database/db.rs:25:65
[INFO] [stdout]   23:     0x564643f81d6c - mod::application::repositories::video_repository_test::tests::test_video_repository_insert::{{closure}}::h596bc4964263f191
[INFO] [stdout]                                at /opt/rustwide/workdir/tests/application/repositories/video_repository_test.rs:13:42
[INFO] [stdout]   24:     0x564643f990a8 - <core::pin::Pin<P> as core::future::future::Future>::poll::hf33b71aabdd724c1
[INFO] [stdout]                                at /rustc/82e1608dfa6e0b5569232559e3d385fea5a93112/library/core/src/future/future.rs:125:9
[INFO] [stdout]   25:     0x564643f98fdb - <core::pin::Pin<P> as core::future::future::Future>::poll::hc3f3e79d77de6053
[INFO] [stdout]                                at /rustc/82e1608dfa6e0b5569232559e3d385fea5a93112/library/core/src/future/future.rs:125:9
[INFO] [stdout]   26:     0x564643f8ac54 - tokio::runtime::scheduler::current_thread::CoreGuard::block_on::{{closure}}::{{closure}}::{{closure}}::h137e69fcd1824285
[INFO] [stdout]                                at /opt/rustwide/cargo-home/registry/src/index.crates.io-6f17d22bba15001f/tokio-1.32.0/src/runtime/scheduler/current_thread/mod.rs:665:57
[INFO] [stdout]   27:     0x564643f8ab7a - tokio::runtime::coop::with_budget::hc99267cdb0d0ce71
[INFO] [stdout]                                at /opt/rustwide/cargo-home/registry/src/index.crates.io-6f17d22bba15001f/tokio-1.32.0/src/runtime/coop.rs:107:5
[INFO] [stdout]   28:     0x564643f8ab7a - tokio::runtime::coop::budget::h95c6fd55fe255e47
[INFO] [stdout]                                at /opt/rustwide/cargo-home/registry/src/index.crates.io-6f17d22bba15001f/tokio-1.32.0/src/runtime/coop.rs:73:5
[INFO] [stdout]   29:     0x564643f8ab7a - tokio::runtime::scheduler::current_thread::CoreGuard::block_on::{{closure}}::{{closure}}::h39bb6b94ea2447f8
[INFO] [stdout]                                at /opt/rustwide/cargo-home/registry/src/index.crates.io-6f17d22bba15001f/tokio-1.32.0/src/runtime/scheduler/current_thread/mod.rs:665:25
[INFO] [stdout]   30:     0x564643f8950c - tokio::runtime::scheduler::current_thread::Context::enter::hcf3fc0ec1787229a
[INFO] [stdout]                                at /opt/rustwide/cargo-home/registry/src/index.crates.io-6f17d22bba15001f/tokio-1.32.0/src/runtime/scheduler/current_thread/mod.rs:410:19
[INFO] [stdout]   31:     0x564643f8a37e - tokio::runtime::scheduler::current_thread::CoreGuard::block_on::{{closure}}::h52be1c2c62ffd4e4
[INFO] [stdout]                                at /opt/rustwide/cargo-home/registry/src/index.crates.io-6f17d22bba15001f/tokio-1.32.0/src/runtime/scheduler/current_thread/mod.rs:664:36
[INFO] [stdout]   32:     0x564643f8a08b - tokio::runtime::scheduler::current_thread::CoreGuard::enter::{{closure}}::h0795eb3033d3df6b
[INFO] [stdout]                                at /opt/rustwide/cargo-home/registry/src/index.crates.io-6f17d22bba15001f/tokio-1.32.0/src/runtime/scheduler/current_thread/mod.rs:743:68
[INFO] [stdout]   33:     0x564643f782ab - tokio::runtime::context::scoped::Scoped<T>::set::h0ed4d7b906164fea
[INFO] [stdout]                                at /opt/rustwide/cargo-home/registry/src/index.crates.io-6f17d22bba15001f/tokio-1.32.0/src/runtime/context/scoped.rs:40:9
[INFO] [stdout]   34:     0x564643f7d459 - tokio::runtime::context::set_scheduler::{{closure}}::hc99b8a0b50a4123e
[INFO] [stdout]                                at /opt/rustwide/cargo-home/registry/src/index.crates.io-6f17d22bba15001f/tokio-1.32.0/src/runtime/context.rs:176:26
[INFO] [stdout]   35:     0x564643f962f6 - std::thread::local::LocalKey<T>::try_with::hd3e95f7bed5274e1
[INFO] [stdout]                                at /rustc/82e1608dfa6e0b5569232559e3d385fea5a93112/library/std/src/thread/local.rs:270:16
[INFO] [stdout]   36:     0x564643f95afa - std::thread::local::LocalKey<T>::with::h2b4709f0e80589e4
[INFO] [stdout]                                at /rustc/82e1608dfa6e0b5569232559e3d385fea5a93112/library/std/src/thread/local.rs:246:9
[INFO] [stdout]   37:     0x564643f7d40d - tokio::runtime::context::set_scheduler::h37c33301d90ba459
[INFO] [stdout]                                at /opt/rustwide/cargo-home/registry/src/index.crates.io-6f17d22bba15001f/tokio-1.32.0/src/runtime/context.rs:176:9
[INFO] [stdout]   38:     0x564643f89e20 - tokio::runtime::scheduler::current_thread::CoreGuard::enter::h55859d4ec658b7fd
[INFO] [stdout]                                at /opt/rustwide/cargo-home/registry/src/index.crates.io-6f17d22bba15001f/tokio-1.32.0/src/runtime/scheduler/current_thread/mod.rs:743:27
[INFO] [stdout]   39:     0x564643f8a0bd - tokio::runtime::scheduler::current_thread::CoreGuard::block_on::ha9e363bad1db0454
[INFO] [stdout]                                at /opt/rustwide/cargo-home/registry/src/index.crates.io-6f17d22bba15001f/tokio-1.32.0/src/runtime/scheduler/current_thread/mod.rs:652:19
[INFO] [stdout]   40:     0x564643f88fed - tokio::runtime::scheduler::current_thread::CurrentThread::block_on::{{closure}}::hebe86cba3b7757f7
[INFO] [stdout]                                at /opt/rustwide/cargo-home/registry/src/index.crates.io-6f17d22bba15001f/tokio-1.32.0/src/runtime/scheduler/current_thread/mod.rs:175:28
[INFO] [stdout]   41:     0x564643f942aa - tokio::runtime::context::runtime::enter_runtime::h2f6a4893a3bef29f
[INFO] [stdout]                                at /opt/rustwide/cargo-home/registry/src/index.crates.io-6f17d22bba15001f/tokio-1.32.0/src/runtime/context/runtime.rs:65:16
[INFO] [stdout]   42:     0x564643f88f00 - tokio::runtime::scheduler::current_thread::CurrentThread::block_on::h75cc3d9846bbefbd
[INFO] [stdout]                                at /opt/rustwide/cargo-home/registry/src/index.crates.io-6f17d22bba15001f/tokio-1.32.0/src/runtime/scheduler/current_thread/mod.rs:167:9
[INFO] [stdout]   43:     0x564643f6e89d - tokio::runtime::runtime::Runtime::block_on::h1228a217cc0ef077
[INFO] [stdout]                                at /opt/rustwide/cargo-home/registry/src/index.crates.io-6f17d22bba15001f/tokio-1.32.0/src/runtime/runtime.rs:347:47
[INFO] [stdout]   44:     0x564643f81ab9 - mod::application::repositories::video_repository_test::tests::test_video_repository_insert::h65017b3826946f3b
[INFO] [stdout]                                at /opt/rustwide/workdir/tests/application/repositories/video_repository_test.rs:26:9
[INFO] [stdout]   45:     0x564643f81917 - mod::application::repositories::video_repository_test::tests::test_video_repository_insert::{{closure}}::hc0b4f6ae59e4ead8
[INFO] [stdout]                                at /opt/rustwide/workdir/tests/application/repositories/video_repository_test.rs:12:44
[INFO] [stdout]   46:     0x564643f9af86 - core::ops::function::FnOnce::call_once::h7a1511e8202a89b2
[INFO] [stdout]                                at /rustc/82e1608dfa6e0b5569232559e3d385fea5a93112/library/core/src/ops/function.rs:250:5
[INFO] [stdout]   47:     0x564643fdb65f - core::ops::function::FnOnce::call_once::h2b5d431d5046312d
[INFO] [stdout]                                at /rustc/82e1608dfa6e0b5569232559e3d385fea5a93112/library/core/src/ops/function.rs:250:5
[INFO] [stdout]   48:     0x564643fdb65f - test::__rust_begin_short_backtrace::h7714669af176e207
[INFO] [stdout]                                at /rustc/82e1608dfa6e0b5569232559e3d385fea5a93112/library/test/src/lib.rs:628:18
[INFO] [stdout]   49:     0x564643fda675 - test::run_test_in_process::{{closure}}::h85218797dcbcec12
[INFO] [stdout]                                at /rustc/82e1608dfa6e0b5569232559e3d385fea5a93112/library/test/src/lib.rs:651:60
[INFO] [stdout]   50:     0x564643fda675 - <core::panic::unwind_safe::AssertUnwindSafe<F> as core::ops::function::FnOnce<()>>::call_once::h76c106ea31c14d7b
[INFO] [stdout]                                at /rustc/82e1608dfa6e0b5569232559e3d385fea5a93112/library/core/src/panic/unwind_safe.rs:272:9
[INFO] [stdout]   51:     0x564643fda675 - std::panicking::try::do_call::h3bd5d0f6620ee946
[INFO] [stdout]                                at /rustc/82e1608dfa6e0b5569232559e3d385fea5a93112/library/std/src/panicking.rs:552:40
[INFO] [stdout]   52:     0x564643fda675 - std::panicking::try::h232e535e4744fe31
[INFO] [stdout]                                at /rustc/82e1608dfa6e0b5569232559e3d385fea5a93112/library/std/src/panicking.rs:516:19
[INFO] [stdout]   53:     0x564643fda675 - std::panic::catch_unwind::h3ce3bd6ca8dbac68
[INFO] [stdout]                                at /rustc/82e1608dfa6e0b5569232559e3d385fea5a93112/library/std/src/panic.rs:142:14
[INFO] [stdout]   54:     0x564643fda675 - test::run_test_in_process::hc97b257c9621286a
[INFO] [stdout]                                at /rustc/82e1608dfa6e0b5569232559e3d385fea5a93112/library/test/src/lib.rs:651:27
[INFO] [stdout]   55:     0x564643fda675 - test::run_test::{{closure}}::h2aa798823a438d38
[INFO] [stdout]                                at /rustc/82e1608dfa6e0b5569232559e3d385fea5a93112/library/test/src/lib.rs:574:43
[INFO] [stdout]   56:     0x564643fa2936 - test::run_test::{{closure}}::h87d231c78fb59832
[INFO] [stdout]                                at /rustc/82e1608dfa6e0b5569232559e3d385fea5a93112/library/test/src/lib.rs:602:41
[INFO] [stdout]   57:     0x564643fa2936 - std::sys_common::backtrace::__rust_begin_short_backtrace::he6df152596625789
[INFO] [stdout]                                at /rustc/82e1608dfa6e0b5569232559e3d385fea5a93112/library/std/src/sys_common/backtrace.rs:154:18
[INFO] [stdout]   58:     0x564643fa79e7 - std::thread::Builder::spawn_unchecked_::{{closure}}::{{closure}}::ha94be15d1e0acf36
[INFO] [stdout]                                at /rustc/82e1608dfa6e0b5569232559e3d385fea5a93112/library/std/src/thread/mod.rs:529:17
[INFO] [stdout]   59:     0x564643fa79e7 - <core::panic::unwind_safe::AssertUnwindSafe<F> as core::ops::function::FnOnce<()>>::call_once::h9dc6bd6372f16606
[INFO] [stdout]                                at /rustc/82e1608dfa6e0b5569232559e3d385fea5a93112/library/core/src/panic/unwind_safe.rs:272:9
[INFO] [stdout]   60:     0x564643fa79e7 - std::panicking::try::do_call::h9057517f80303cd4
[INFO] [stdout]                                at /rustc/82e1608dfa6e0b5569232559e3d385fea5a93112/library/std/src/panicking.rs:552:40
[INFO] [stdout]   61:     0x564643fa79e7 - std::panicking::try::he3a30b11ee45340c
[INFO] [stdout]                                at /rustc/82e1608dfa6e0b5569232559e3d385fea5a93112/library/std/src/panicking.rs:516:19
[INFO] [stdout]   62:     0x564643fa79e7 - std::panic::catch_unwind::h410458cfd3528b8b
[INFO] [stdout]                                at /rustc/82e1608dfa6e0b5569232559e3d385fea5a93112/library/std/src/panic.rs:142:14
[INFO] [stdout]   63:     0x564643fa79e7 - std::thread::Builder::spawn_unchecked_::{{closure}}::h72ac3bdb567b737b
[INFO] [stdout]                                at /rustc/82e1608dfa6e0b5569232559e3d385fea5a93112/library/std/src/thread/mod.rs:528:30
[INFO] [stdout]   64:     0x564643fa79e7 - core::ops::function::FnOnce::call_once{{vtable.shim}}::h38f34da3654a8344
[INFO] [stdout]                                at /rustc/82e1608dfa6e0b5569232559e3d385fea5a93112/library/core/src/ops/function.rs:250:5
[INFO] [stdout]   65:     0x5646448e9165 - <alloc::boxed::Box<F,A> as core::ops::function::FnOnce<Args>>::call_once::hc7eafaff61e32df9
[INFO] [stdout]                                at /rustc/82e1608dfa6e0b5569232559e3d385fea5a93112/library/alloc/src/boxed.rs:2007:9
[INFO] [stdout]   66:     0x5646448e9165 - <alloc::boxed::Box<F,A> as core::ops::function::FnOnce<Args>>::call_once::h6ba4a5de48dd2304
[INFO] [stdout]                                at /rustc/82e1608dfa6e0b5569232559e3d385fea5a93112/library/alloc/src/boxed.rs:2007:9
[INFO] [stdout]   67:     0x5646448e9165 - std::sys::unix::thread::Thread::new::thread_start::he469335aef763e45
[INFO] [stdout]                                at /rustc/82e1608dfa6e0b5569232559e3d385fea5a93112/library/std/src/sys/unix/thread.rs:108:17
[INFO] [stdout]   68:     0x7f2fe3a60ac3 - <unknown>
[INFO] [stdout]   69:     0x7f2fe3af1bf4 - __clone
[INFO] [stdout]   70:                0x0 - <unknown>
[INFO] [stdout] 
[INFO] [stdout] ---- application::repositories::job_repository_test::tests::test_job_repository_insert stdout ----
[INFO] [stdout] thread 'application::repositories::job_repository_test::tests::test_job_repository_insert' panicked at /opt/rustwide/workdir/src/framework/database/db.rs:33:14:
[INFO] [stdout] Error connecting to postgres://postgres:root@db:5432/encoder?sslmode=disable: Io(Custom { kind: Uncategorized, error: "failed to lookup address information: Temporary failure in name resolution" })
[INFO] [stdout] stack backtrace:
[INFO] [stdout]    0:     0x5646448e17cc - std::backtrace_rs::backtrace::libunwind::trace::ha637c64ce894333a
[INFO] [stdout]                                at /rustc/82e1608dfa6e0b5569232559e3d385fea5a93112/library/std/src/../../backtrace/src/backtrace/libunwind.rs:104:5
[INFO] [stdout]    1:     0x5646448e17cc - std::backtrace_rs::backtrace::trace_unsynchronized::h47f62dea28e0c88d
[INFO] [stdout]                                at /rustc/82e1608dfa6e0b5569232559e3d385fea5a93112/library/std/src/../../backtrace/src/backtrace/mod.rs:66:5
[INFO] [stdout]    2:     0x5646448e17cc - std::sys_common::backtrace::_print_fmt::h9eef0abe20ede486
[INFO] [stdout]                                at /rustc/82e1608dfa6e0b5569232559e3d385fea5a93112/library/std/src/sys_common/backtrace.rs:67:5
[INFO] [stdout]    3:     0x5646448e17cc - <std::sys_common::backtrace::_print::DisplayBacktrace as core::fmt::Display>::fmt::hed7f999df88cc644
[INFO] [stdout]                                at /rustc/82e1608dfa6e0b5569232559e3d385fea5a93112/library/std/src/sys_common/backtrace.rs:44:22
[INFO] [stdout]    4:     0x5646449103c0 - core::fmt::rt::Argument::fmt::h1539a9308b8d058d
[INFO] [stdout]                                at /rustc/82e1608dfa6e0b5569232559e3d385fea5a93112/library/core/src/fmt/rt.rs:142:9
[INFO] [stdout]    5:     0x5646449103c0 - core::fmt::write::h3a39390d8560d9c9
[INFO] [stdout]                                at /rustc/82e1608dfa6e0b5569232559e3d385fea5a93112/library/core/src/fmt/mod.rs:1120:17
[INFO] [stdout]    6:     0x5646448de57f - std::io::Write::write_fmt::h040b369f3a0f9cbc
[INFO] [stdout]                                at /rustc/82e1608dfa6e0b5569232559e3d385fea5a93112/library/std/src/io/mod.rs:1762:15
[INFO] [stdout]    7:     0x5646448e15b4 - std::sys_common::backtrace::_print::h894006fb5c6f3d45
[INFO] [stdout]                                at /rustc/82e1608dfa6e0b5569232559e3d385fea5a93112/library/std/src/sys_common/backtrace.rs:47:5
[INFO] [stdout]    8:     0x5646448e15b4 - std::sys_common::backtrace::print::h23a2d212c6fff936
[INFO] [stdout]                                at /rustc/82e1608dfa6e0b5569232559e3d385fea5a93112/library/std/src/sys_common/backtrace.rs:34:9
[INFO] [stdout]    9:     0x5646448e3277 - std::panicking::default_hook::{{closure}}::h8a1d2ee00185001a
[INFO] [stdout]   10:     0x5646448e2f63 - std::panicking::default_hook::h6038f2eba384e475
[INFO] [stdout]                                at /rustc/82e1608dfa6e0b5569232559e3d385fea5a93112/library/std/src/panicking.rs:289:9
[INFO] [stdout]   11:     0x564643fd6007 - <alloc::boxed::Box<F,A> as core::ops::function::Fn<Args>>::call::h0ad024c9bdc6d768
[INFO] [stdout]                                at /rustc/82e1608dfa6e0b5569232559e3d385fea5a93112/library/alloc/src/boxed.rs:2021:9
[INFO] [stdout]   12:     0x564643fd6007 - test::test_main::{{closure}}::h7500b54257359db6
[INFO] [stdout]                                at /rustc/82e1608dfa6e0b5569232559e3d385fea5a93112/library/test/src/lib.rs:138:21
[INFO] [stdout]   13:     0x5646448e3888 - <alloc::boxed::Box<F,A> as core::ops::function::Fn<Args>>::call::h1f8f335eaa9cfaee
[INFO] [stdout]                                at /rustc/82e1608dfa6e0b5569232559e3d385fea5a93112/library/alloc/src/boxed.rs:2021:9
[INFO] [stdout]   14:     0x5646448e3888 - std::panicking::rust_panic_with_hook::h2b5517d590cab22e
[INFO] [stdout]                                at /rustc/82e1608dfa6e0b5569232559e3d385fea5a93112/library/std/src/panicking.rs:783:13
[INFO] [stdout]   15:     0x5646448e35de - std::panicking::begin_panic_handler::{{closure}}::h233112c06e0ef43e
[INFO] [stdout]                                at /rustc/82e1608dfa6e0b5569232559e3d385fea5a93112/library/std/src/panicking.rs:657:13
[INFO] [stdout]   16:     0x5646448e1c96 - std::sys_common::backtrace::__rust_end_short_backtrace::h6e893f24d7ebbff8
[INFO] [stdout]                                at /rustc/82e1608dfa6e0b5569232559e3d385fea5a93112/library/std/src/sys_common/backtrace.rs:170:18
[INFO] [stdout]   17:     0x5646448e3342 - rust_begin_unwind
[INFO] [stdout]                                at /rustc/82e1608dfa6e0b5569232559e3d385fea5a93112/library/std/src/panicking.rs:645:5
[INFO] [stdout]   18:     0x564643f4d9b5 - core::panicking::panic_fmt::hbf0e066aabfa482c
[INFO] [stdout]                                at /rustc/82e1608dfa6e0b5569232559e3d385fea5a93112/library/core/src/panicking.rs:72:14
[INFO] [stdout]   19:     0x564643f4dfe3 - core::result::unwrap_failed::hddb4fea594200c52
[INFO] [stdout]                                at /rustc/82e1608dfa6e0b5569232559e3d385fea5a93112/library/core/src/result.rs:1653:5
[INFO] [stdout]   20:     0x564643f6d34a - core::result::Result<T,E>::expect::h33758cbbfb2b4b52
[INFO] [stdout]                                at /rustc/82e1608dfa6e0b5569232559e3d385fea5a93112/library/core/src/result.rs:1034:23
[INFO] [stdout]   21:     0x564643f75f80 - rust_video_encoder_service::framework::database::db::Database::establish_pg_connection::{{closure}}::he536643bc704d2d1
[INFO] [stdout]                                at /opt/rustwide/workdir/src/framework/database/db.rs:31:16
[INFO] [stdout]   22:     0x564643f75a4a - rust_video_encoder_service::framework::database::db::Database::new_db_test::{{closure}}::hf177331eaf963d7e
[INFO] [stdout]                                at /opt/rustwide/workdir/src/framework/database/db.rs:25:65
[INFO] [stdout]   23:     0x564643f7ebd1 - mod::application::repositories::job_repository_test::tests::test_job_repository_insert::{{closure}}::h2f47b37b1abf30f0
[INFO] [stdout]                                at /opt/rustwide/workdir/tests/application/repositories/job_repository_test.rs:14:42
[INFO] [stdout]   24:     0x564643f990a8 - <core::pin::Pin<P> as core::future::future::Future>::poll::hf33b71aabdd724c1
[INFO] [stdout]                                at /rustc/82e1608dfa6e0b5569232559e3d385fea5a93112/library/core/src/future/future.rs:125:9
[INFO] [stdout]   25:     0x564643f98fdb - <core::pin::Pin<P> as core::future::future::Future>::poll::hc3f3e79d77de6053
[INFO] [stdout]                                at /rustc/82e1608dfa6e0b5569232559e3d385fea5a93112/library/core/src/future/future.rs:125:9
[INFO] [stdout]   26:     0x564643f8ac54 - tokio::runtime::scheduler::current_thread::CoreGuard::block_on::{{closure}}::{{closure}}::{{closure}}::h137e69fcd1824285
[INFO] [stdout]                                at /opt/rustwide/cargo-home/registry/src/index.crates.io-6f17d22bba15001f/tokio-1.32.0/src/runtime/scheduler/current_thread/mod.rs:665:57
[INFO] [stdout]   27:     0x564643f8ab7a - tokio::runtime::coop::with_budget::hc99267cdb0d0ce71
[INFO] [stdout]                                at /opt/rustwide/cargo-home/registry/src/index.crates.io-6f17d22bba15001f/tokio-1.32.0/src/runtime/coop.rs:107:5
[INFO] [stdout]   28:     0x564643f8ab7a - tokio::runtime::coop::budget::h95c6fd55fe255e47
[INFO] [stdout]                                at /opt/rustwide/cargo-home/registry/src/index.crates.io-6f17d22bba15001f/tokio-1.32.0/src/runtime/coop.rs:73:5
[INFO] [stdout]   29:     0x564643f8ab7a - tokio::runtime::scheduler::current_thread::CoreGuard::block_on::{{closure}}::{{closure}}::h39bb6b94ea2447f8
[INFO] [stdout]                                at /opt/rustwide/cargo-home/registry/src/index.crates.io-6f17d22bba15001f/tokio-1.32.0/src/runtime/scheduler/current_thread/mod.rs:665:25
[INFO] [stdout]   30:     0x564643f8950c - tokio::runtime::scheduler::current_thread::Context::enter::hcf3fc0ec1787229a
[INFO] [stdout]                                at /opt/rustwide/cargo-home/registry/src/index.crates.io-6f17d22bba15001f/tokio-1.32.0/src/runtime/scheduler/current_thread/mod.rs:410:19
[INFO] [stdout]   31:     0x564643f8a37e - tokio::runtime::scheduler::current_thread::CoreGuard::block_on::{{closure}}::h52be1c2c62ffd4e4
[INFO] [stdout]                                at /opt/rustwide/cargo-home/registry/src/index.crates.io-6f17d22bba15001f/tokio-1.32.0/src/runtime/scheduler/current_thread/mod.rs:664:36
[INFO] [stdout]   32:     0x564643f8a08b - tokio::runtime::scheduler::current_thread::CoreGuard::enter::{{closure}}::h0795eb3033d3df6b
[INFO] [stdout]                                at /opt/rustwide/cargo-home/registry/src/index.crates.io-6f17d22bba15001f/tokio-1.32.0/src/runtime/scheduler/current_thread/mod.rs:743:68
[INFO] [stdout]   33:     0x564643f782ab - tokio::runtime::context::scoped::Scoped<T>::set::h0ed4d7b906164fea
[INFO] [stdout]                                at /opt/rustwide/cargo-home/registry/src/index.crates.io-6f17d22bba15001f/tokio-1.32.0/src/runtime/context/scoped.rs:40:9
[INFO] [stdout]   34:     0x564643f7d459 - tokio::runtime::context::set_scheduler::{{closure}}::hc99b8a0b50a4123e
[INFO] [stdout]                                at /opt/rustwide/cargo-home/registry/src/index.crates.io-6f17d22bba15001f/tokio-1.32.0/src/runtime/context.rs:176:26
[INFO] [stdout]   35:     0x564643f962f6 - std::thread::local::LocalKey<T>::try_with::hd3e95f7bed5274e1
[INFO] [stdout]                                at /rustc/82e1608dfa6e0b5569232559e3d385fea5a93112/library/std/src/thread/local.rs:270:16
[INFO] [stdout]   36:     0x564643f95afa - std::thread::local::LocalKey<T>::with::h2b4709f0e80589e4
[INFO] [stdout]                                at /rustc/82e1608dfa6e0b5569232559e3d385fea5a93112/library/std/src/thread/local.rs:246:9
[INFO] [stdout]   37:     0x564643f7d40d - tokio::runtime::context::set_scheduler::h37c33301d90ba459
[INFO] [stdout]                                at /opt/rustwide/cargo-home/registry/src/index.crates.io-6f17d22bba15001f/tokio-1.32.0/src/runtime/context.rs:176:9
[INFO] [stdout]   38:     0x564643f89e20 - tokio::runtime::scheduler::current_thread::CoreGuard::enter::h55859d4ec658b7fd
[INFO] [stdout]                                at /opt/rustwide/cargo-home/registry/src/index.crates.io-6f17d22bba15001f/tokio-1.32.0/src/runtime/scheduler/current_thread/mod.rs:743:27
[INFO] [stdout]   39:     0x564643f8a0bd - tokio::runtime::scheduler::current_thread::CoreGuard::block_on::ha9e363bad1db0454
[INFO] [stdout]                                at /opt/rustwide/cargo-home/registry/src/index.crates.io-6f17d22bba15001f/tokio-1.32.0/src/runtime/scheduler/current_thread/mod.rs:652:19
[INFO] [stdout]   40:     0x564643f88fed - tokio::runtime::scheduler::current_thread::CurrentThread::block_on::{{closure}}::hebe86cba3b7757f7
[INFO] [stdout]                                at /opt/rustwide/cargo-home/registry/src/index.crates.io-6f17d22bba15001f/tokio-1.32.0/src/runtime/scheduler/current_thread/mod.rs:175:28
[INFO] [stdout]   41:     0x564643f942aa - tokio::runtime::context::runtime::enter_runtime::h2f6a4893a3bef29f
[INFO] [stdout]                                at /opt/rustwide/cargo-home/registry/src/index.crates.io-6f17d22bba15001f/tokio-1.32.0/src/runtime/context/runtime.rs:65:16
[INFO] [stdout]   42:     0x564643f88f00 - tokio::runtime::scheduler::current_thread::CurrentThread::block_on::h75cc3d9846bbefbd
[INFO] [stdout]                                at /opt/rustwide/cargo-home/registry/src/index.crates.io-6f17d22bba15001f/tokio-1.32.0/src/runtime/scheduler/current_thread/mod.rs:167:9
[INFO] [stdout]   43:     0x564643f6e89d - tokio::runtime::runtime::Runtime::block_on::h1228a217cc0ef077
[INFO] [stdout]                                at /opt/rustwide/cargo-home/registry/src/index.crates.io-6f17d22bba15001f/tokio-1.32.0/src/runtime/runtime.rs:347:47
[INFO] [stdout]   44:     0x564643f7e8f9 - mod::application::repositories::job_repository_test::tests::test_job_repository_insert::h5fa4b9b203141bc9
[INFO] [stdout]                                at /opt/rustwide/workdir/tests/application/repositories/job_repository_test.rs:35:9
[INFO] [stdout]   45:     0x564643f7e757 - mod::application::repositories::job_repository_test::tests::test_job_repository_insert::{{closure}}::h6310c955971a381e
[INFO] [stdout]                                at /opt/rustwide/workdir/tests/application/repositories/job_repository_test.rs:13:42
[INFO] [stdout]   46:     0x564643f9acb6 - core::ops::function::FnOnce::call_once::h2abe1297a046bbfd
[INFO] [stdout]                                at /rustc/82e1608dfa6e0b5569232559e3d385fea5a93112/library/core/src/ops/function.rs:250:5
[INFO] [stdout]   47:     0x564643fdb65f - core::ops::function::FnOnce::call_once::h2b5d431d5046312d
[INFO] [stdout]                                at /rustc/82e1608dfa6e0b5569232559e3d385fea5a93112/library/core/src/ops/function.rs:250:5
[INFO] [stdout]   48:     0x564643fdb65f - test::__rust_begin_short_backtrace::h7714669af176e207
[INFO] [stdout]                                at /rustc/82e1608dfa6e0b5569232559e3d385fea5a93112/library/test/src/lib.rs:628:18
[INFO] [stdout]   49:     0x564643fda675 - test::run_test_in_process::{{closure}}::h85218797dcbcec12
[INFO] [stdout]                                at /rustc/82e1608dfa6e0b5569232559e3d385fea5a93112/library/test/src/lib.rs:651:60
[INFO] [stdout]   50:     0x564643fda675 - <core::panic::unwind_safe::AssertUnwindSafe<F> as core::ops::function::FnOnce<()>>::call_once::h76c106ea31c14d7b
[INFO] [stdout]                                at /rustc/82e1608dfa6e0b5569232559e3d385fea5a93112/library/core/src/panic/unwind_safe.rs:272:9
[INFO] [stdout]   51:     0x564643fda675 - std::panicking::try::do_call::h3bd5d0f6620ee946
[INFO] [stdout]                                at /rustc/82e1608dfa6e0b5569232559e3d385fea5a93112/library/std/src/panicking.rs:552:40
[INFO] [stdout]   52:     0x564643fda675 - std::panicking::try::h232e535e4744fe31
[INFO] [stdout]                                at /rustc/82e1608dfa6e0b5569232559e3d385fea5a93112/library/std/src/panicking.rs:516:19
[INFO] [stdout]   53:     0x564643fda675 - std::panic::catch_unwind::h3ce3bd6ca8dbac68
[INFO] [stdout]                                at /rustc/82e1608dfa6e0b5569232559e3d385fea5a93112/library/std/src/panic.rs:142:14
[INFO] [stdout]   54:     0x564643fda675 - test::run_test_in_process::hc97b257c9621286a
[INFO] [stdout]                                at /rustc/82e1608dfa6e0b5569232559e3d385fea5a93112/library/test/src/lib.rs:651:27
[INFO] [stdout]   55:     0x564643fda675 - test::run_test::{{closure}}::h2aa798823a438d38
[INFO] [stdout]                                at /rustc/82e1608dfa6e0b5569232559e3d385fea5a93112/library/test/src/lib.rs:574:43
[INFO] [stdout]   56:     0x564643fa2936 - test::run_test::{{closure}}::h87d231c78fb59832
[INFO] [stdout]                                at /rustc/82e1608dfa6e0b5569232559e3d385fea5a93112/library/test/src/lib.rs:602:41
[INFO] [stdout]   57:     0x564643fa2936 - std::sys_common::backtrace::__rust_begin_short_backtrace::he6df152596625789
[INFO] [stdout]                                at /rustc/82e1608dfa6e0b5569232559e3d385fea5a93112/library/std/src/sys_common/backtrace.rs:154:18
[INFO] [stdout]   58:     0x564643fa79e7 - std::thread::Builder::spawn_unchecked_::{{closure}}::{{closure}}::ha94be15d1e0acf36
[INFO] [stdout]                                at /rustc/82e1608dfa6e0b5569232559e3d385fea5a93112/library/std/src/thread/mod.rs:529:17
[INFO] [stdout]   59:     0x564643fa79e7 - <core::panic::unwind_safe::AssertUnwindSafe<F> as core::ops::function::FnOnce<()>>::call_once::h9dc6bd6372f16606
[INFO] [stdout]                                at /rustc/82e1608dfa6e0b5569232559e3d385fea5a93112/library/core/src/panic/unwind_safe.rs:272:9
[INFO] [stdout]   60:     0x564643fa79e7 - std::panicking::try::do_call::h9057517f80303cd4
[INFO] [stdout]                                at /rustc/82e1608dfa6e0b5569232559e3d385fea5a93112/library/std/src/panicking.rs:552:40
[INFO] [stdout]   61:     0x564643fa79e7 - std::panicking::try::he3a30b11ee45340c
[INFO] [stdout]                                at /rustc/82e1608dfa6e0b5569232559e3d385fea5a93112/library/std/src/panicking.rs:516:19
[INFO] [stdout]   62:     0x564643fa79e7 - std::panic::catch_unwind::h410458cfd3528b8b
[INFO] [stdout]                                at /rustc/82e1608dfa6e0b5569232559e3d385fea5a93112/library/std/src/panic.rs:142:14
[INFO] [stdout]   63:     0x564643fa79e7 - std::thread::Builder::spawn_unchecked_::{{closure}}::h72ac3bdb567b737b
[INFO] [stdout]                                at /rustc/82e1608dfa6e0b5569232559e3d385fea5a93112/library/std/src/thread/mod.rs:528:30
[INFO] [stdout]   64:     0x564643fa79e7 - core::ops::function::FnOnce::call_once{{vtable.shim}}::h38f34da3654a8344
[INFO] [stdout]                                at /rustc/82e1608dfa6e0b5569232559e3d385fea5a93112/library/core/src/ops/function.rs:250:5
[INFO] [stdout]   65:     0x5646448e9165 - <alloc::boxed::Box<F,A> as core::ops::function::FnOnce<Args>>::call_once::hc7eafaff61e32df9
[INFO] [stdout]                                at /rustc/82e1608dfa6e0b5569232559e3d385fea5a93112/library/alloc/src/boxed.rs:2007:9
[INFO] [stdout]   66:     0x5646448e9165 - <alloc::boxed::Box<F,A> as core::ops::function::FnOnce<Args>>::call_once::h6ba4a5de48dd2304
[INFO] [stdout]                                at /rustc/82e1608dfa6e0b5569232559e3d385fea5a93112/library/alloc/src/boxed.rs:2007:9
[INFO] [stdout]   67:     0x5646448e9165 - std::sys::unix::thread::Thread::new::thread_start::he469335aef763e45
[INFO] [stdout]                                at /rustc/82e1608dfa6e0b5569232559e3d385fea5a93112/library/std/src/sys/unix/thread.rs:108:17
[INFO] [stdout]   68:     0x7f2fe3a60ac3 - <unknown>
[INFO] [stdout]   69:     0x7f2fe3af1bf4 - __clone
[INFO] [stdout]   70:                0x0 - <unknown>
[INFO] [stdout] 
[INFO] [stdout] ---- application::repositories::job_repository_test::tests::test_job_repository_update stdout ----
[INFO] [stdout] thread 'application::repositories::job_repository_test::tests::test_job_repository_update' panicked at /opt/rustwide/workdir/src/framework/database/db.rs:33:14:
[INFO] [stdout] Error connecting to postgres://postgres:root@db:5432/encoder?sslmode=disable: Io(Custom { kind: Uncategorized, error: "failed to lookup address information: Temporary failure in name resolution" })
[INFO] [stdout] stack backtrace:
[INFO] [stdout]    0:     0x5646448e17cc - std::backtrace_rs::backtrace::libunwind::trace::ha637c64ce894333a
[INFO] [stdout]                                at /rustc/82e1608dfa6e0b5569232559e3d385fea5a93112/library/std/src/../../backtrace/src/backtrace/libunwind.rs:104:5
[INFO] [stdout]    1:     0x5646448e17cc - std::backtrace_rs::backtrace::trace_unsynchronized::h47f62dea28e0c88d
[INFO] [stdout]                                at /rustc/82e1608dfa6e0b5569232559e3d385fea5a93112/library/std/src/../../backtrace/src/backtrace/mod.rs:66:5
[INFO] [stdout]    2:     0x5646448e17cc - std::sys_common::backtrace::_print_fmt::h9eef0abe20ede486
[INFO] [stdout]                                at /rustc/82e1608dfa6e0b5569232559e3d385fea5a93112/library/std/src/sys_common/backtrace.rs:67:5
[INFO] [stdout]    3:     0x5646448e17cc - <std::sys_common::backtrace::_print::DisplayBacktrace as core::fmt::Display>::fmt::hed7f999df88cc644
[INFO] [stdout]                                at /rustc/82e1608dfa6e0b5569232559e3d385fea5a93112/library/std/src/sys_common/backtrace.rs:44:22
[INFO] [stdout]    4:     0x5646449103c0 - core::fmt::rt::Argument::fmt::h1539a9308b8d058d
[INFO] [stdout]                                at /rustc/82e1608dfa6e0b5569232559e3d385fea5a93112/library/core/src/fmt/rt.rs:142:9
[INFO] [stdout]    5:     0x5646449103c0 - core::fmt::write::h3a39390d8560d9c9
[INFO] [stdout]                                at /rustc/82e1608dfa6e0b5569232559e3d385fea5a93112/library/core/src/fmt/mod.rs:1120:17
[INFO] [stdout]    6:     0x5646448de57f - std::io::Write::write_fmt::h040b369f3a0f9cbc
[INFO] [stdout]                                at /rustc/82e1608dfa6e0b5569232559e3d385fea5a93112/library/std/src/io/mod.rs:1762:15
[INFO] [stdout]    7:     0x5646448e15b4 - std::sys_common::backtrace::_print::h894006fb5c6f3d45
[INFO] [stdout]                                at /rustc/82e1608dfa6e0b5569232559e3d385fea5a93112/library/std/src/sys_common/backtrace.rs:47:5
[INFO] [stdout]    8:     0x5646448e15b4 - std::sys_common::backtrace::print::h23a2d212c6fff936
[INFO] [stdout]                                at /rustc/82e1608dfa6e0b5569232559e3d385fea5a93112/library/std/src/sys_common/backtrace.rs:34:9
[INFO] [stdout]    9:     0x5646448e3277 - std::panicking::default_hook::{{closure}}::h8a1d2ee00185001a
[INFO] [stdout]   10:     0x5646448e2f63 - std::panicking::default_hook::h6038f2eba384e475
[INFO] [stdout]                                at /rustc/82e1608dfa6e0b5569232559e3d385fea5a93112/library/std/src/panicking.rs:289:9
[INFO] [stdout]   11:     0x564643fd6007 - <alloc::boxed::Box<F,A> as core::ops::function::Fn<Args>>::call::h0ad024c9bdc6d768
[INFO] [stdout]                                at /rustc/82e1608dfa6e0b5569232559e3d385fea5a93112/library/alloc/src/boxed.rs:2021:9
[INFO] [stdout]   12:     0x564643fd6007 - test::test_main::{{closure}}::h7500b54257359db6
[INFO] [stdout]                                at /rustc/82e1608dfa6e0b5569232559e3d385fea5a93112/library/test/src/lib.rs:138:21
[INFO] [stdout]   13:     0x5646448e3888 - <alloc::boxed::Box<F,A> as core::ops::function::Fn<Args>>::call::h1f8f335eaa9cfaee
[INFO] [stdout]                                at /rustc/82e1608dfa6e0b5569232559e3d385fea5a93112/library/alloc/src/boxed.rs:2021:9
[INFO] [stdout]   14:     0x5646448e3888 - std::panicking::rust_panic_with_hook::h2b5517d590cab22e
[INFO] [stdout]                                at /rustc/82e1608dfa6e0b5569232559e3d385fea5a93112/library/std/src/panicking.rs:783:13
[INFO] [stdout]   15:     0x5646448e35de - std::panicking::begin_panic_handler::{{closure}}::h233112c06e0ef43e
[INFO] [stdout]                                at /rustc/82e1608dfa6e0b5569232559e3d385fea5a93112/library/std/src/panicking.rs:657:13
[INFO] [stdout]   16:     0x5646448e1c96 - std::sys_common::backtrace::__rust_end_short_backtrace::h6e893f24d7ebbff8
[INFO] [stdout]                                at /rustc/82e1608dfa6e0b5569232559e3d385fea5a93112/library/std/src/sys_common/backtrace.rs:170:18
[INFO] [stdout]   17:     0x5646448e3342 - rust_begin_unwind
[INFO] [stdout]                                at /rustc/82e1608dfa6e0b5569232559e3d385fea5a93112/library/std/src/panicking.rs:645:5
[INFO] [stdout]   18:     0x564643f4d9b5 - core::panicking::panic_fmt::hbf0e066aabfa482c
[INFO] [stdout]                                at /rustc/82e1608dfa6e0b5569232559e3d385fea5a93112/library/core/src/panicking.rs:72:14
[INFO] [stdout]   19:     0x564643f4dfe3 - core::result::unwrap_failed::hddb4fea594200c52
[INFO] [stdout]                                at /rustc/82e1608dfa6e0b5569232559e3d385fea5a93112/library/core/src/result.rs:1653:5
[INFO] [stdout]   20:     0x564643f6d34a - core::result::Result<T,E>::expect::h33758cbbfb2b4b52
[INFO] [stdout]                                at /rustc/82e1608dfa6e0b5569232559e3d385fea5a93112/library/core/src/result.rs:1034:23
[INFO] [stdout]   21:     0x564643f75f80 - rust_video_encoder_service::framework::database::db::Database::establish_pg_connection::{{closure}}::he536643bc704d2d1
[INFO] [stdout]                                at /opt/rustwide/workdir/src/framework/database/db.rs:31:16
[INFO] [stdout]   22:     0x564643f75a4a - rust_video_encoder_service::framework::database::db::Database::new_db_test::{{closure}}::hf177331eaf963d7e
[INFO] [stdout]                                at /opt/rustwide/workdir/src/framework/database/db.rs:25:65
[INFO] [stdout]   23:     0x564643f80083 - mod::application::repositories::job_repository_test::tests::test_job_repository_update::{{closure}}::hae00dd2757562f9e
[INFO] [stdout]                                at /opt/rustwide/workdir/tests/application/repositories/job_repository_test.rs:40:42
[INFO] [stdout]   24:     0x564643f990a8 - <core::pin::Pin<P> as core::future::future::Future>::poll::hf33b71aabdd724c1
[INFO] [stdout]                                at /rustc/82e1608dfa6e0b5569232559e3d385fea5a93112/library/core/src/future/future.rs:125:9
[INFO] [stdout]   25:     0x564643f98fdb - <core::pin::Pin<P> as core::future::future::Future>::poll::hc3f3e79d77de6053
[INFO] [stdout]                                at /rustc/82e1608dfa6e0b5569232559e3d385fea5a93112/library/core/src/future/future.rs:125:9
[INFO] [stdout]   26:     0x564643f8ac54 - tokio::runtime::scheduler::current_thread::CoreGuard::block_on::{{closure}}::{{closure}}::{{closure}}::h137e69fcd1824285
[INFO] [stdout]                                at /opt/rustwide/cargo-home/registry/src/index.crates.io-6f17d22bba15001f/tokio-1.32.0/src/runtime/scheduler/current_thread/mod.rs:665:57
[INFO] [stdout]   27:     0x564643f8ab7a - tokio::runtime::coop::with_budget::hc99267cdb0d0ce71
[INFO] [stdout]                                at /opt/rustwide/cargo-home/registry/src/index.crates.io-6f17d22bba15001f/tokio-1.32.0/src/runtime/coop.rs:107:5
[INFO] [stdout]   28:     0x564643f8ab7a - tokio::runtime::coop::budget::h95c6fd55fe255e47
[INFO] [stdout]                                at /opt/rustwide/cargo-home/registry/src/index.crates.io-6f17d22bba15001f/tokio-1.32.0/src/runtime/coop.rs:73:5
[INFO] [stdout]   29:     0x564643f8ab7a - tokio::runtime::scheduler::current_thread::CoreGuard::block_on::{{closure}}::{{closure}}::h39bb6b94ea2447f8
[INFO] [stdout]                                at /opt/rustwide/cargo-home/registry/src/index.crates.io-6f17d22bba15001f/tokio-1.32.0/src/runtime/scheduler/current_thread/mod.rs:665:25
[INFO] [stdout]   30:     0x564643f8950c - tokio::runtime::scheduler::current_thread::Context::enter::hcf3fc0ec1787229a
[INFO] [stdout]                                at /opt/rustwide/cargo-home/registry/src/index.crates.io-6f17d22bba15001f/tokio-1.32.0/src/runtime/scheduler/current_thread/mod.rs:410:19
[INFO] [stdout]   31:     0x564643f8a37e - tokio::runtime::scheduler::current_thread::CoreGuard::block_on::{{closure}}::h52be1c2c62ffd4e4
[INFO] [stdout]                                at /opt/rustwide/cargo-home/registry/src/index.crates.io-6f17d22bba15001f/tokio-1.32.0/src/runtime/scheduler/current_thread/mod.rs:664:36
[INFO] [stdout]   32:     0x564643f8a08b - tokio::runtime::scheduler::current_thread::CoreGuard::enter::{{closure}}::h0795eb3033d3df6b
[INFO] [stdout]                                at /opt/rustwide/cargo-home/registry/src/index.crates.io-6f17d22bba15001f/tokio-1.32.0/src/runtime/scheduler/current_thread/mod.rs:743:68
[INFO] [stdout]   33:     0x564643f782ab - tokio::runtime::context::scoped::Scoped<T>::set::h0ed4d7b906164fea
[INFO] [stdout]                                at /opt/rustwide/cargo-home/registry/src/index.crates.io-6f17d22bba15001f/tokio-1.32.0/src/runtime/context/scoped.rs:40:9
[INFO] [stdout]   34:     0x564643f7d459 - tokio::runtime::context::set_scheduler::{{closure}}::hc99b8a0b50a4123e
[INFO] [stdout]                                at /opt/rustwide/cargo-home/registry/src/index.crates.io-6f17d22bba15001f/tokio-1.32.0/src/runtime/context.rs:176:26
[INFO] [stdout]   35:     0x564643f962f6 - std::thread::local::LocalKey<T>::try_with::hd3e95f7bed5274e1
[INFO] [stdout]                                at /rustc/82e1608dfa6e0b5569232559e3d385fea5a93112/library/std/src/thread/local.rs:270:16
[INFO] [stdout]   36:     0x564643f95afa - std::thread::local::LocalKey<T>::with::h2b4709f0e80589e4
[INFO] [stdout]                                at /rustc/82e1608dfa6e0b5569232559e3d385fea5a93112/library/std/src/thread/local.rs:246:9
[INFO] [stdout]   37:     0x564643f7d40d - tokio::runtime::context::set_scheduler::h37c33301d90ba459
[INFO] [stdout]                                at /opt/rustwide/cargo-home/registry/src/index.crates.io-6f17d22bba15001f/tokio-1.32.0/src/runtime/context.rs:176:9
[INFO] [stdout]   38:     0x564643f89e20 - tokio::runtime::scheduler::current_thread::CoreGuard::enter::h55859d4ec658b7fd
[INFO] [stdout]                                at /opt/rustwide/cargo-home/registry/src/index.crates.io-6f17d22bba15001f/tokio-1.32.0/src/runtime/scheduler/current_thread/mod.rs:743:27
[INFO] [stdout]   39:     0x564643f8a0bd - tokio::runtime::scheduler::current_thread::CoreGuard::block_on::ha9e363bad1db0454
[INFO] [stdout]                                at /opt/rustwide/cargo-home/registry/src/index.crates.io-6f17d22bba15001f/tokio-1.32.0/src/runtime/scheduler/current_thread/mod.rs:652:19
[INFO] [stdout]   40:     0x564643f88fed - tokio::runtime::scheduler::current_thread::CurrentThread::block_on::{{closure}}::hebe86cba3b7757f7
[INFO] [stdout]                                at /opt/rustwide/cargo-home/registry/src/index.crates.io-6f17d22bba15001f/tokio-1.32.0/src/runtime/scheduler/current_thread/mod.rs:175:28
[INFO] [stdout]   41:     0x564643f942aa - tokio::runtime::context::runtime::enter_runtime::h2f6a4893a3bef29f
[INFO] [stdout]                                at /opt/rustwide/cargo-home/registry/src/index.crates.io-6f17d22bba15001f/tokio-1.32.0/src/runtime/context/runtime.rs:65:16
[INFO] [stdout]   42:     0x564643f88f00 - tokio::runtime::scheduler::current_thread::CurrentThread::block_on::h75cc3d9846bbefbd
[INFO] [stdout]                                at /opt/rustwide/cargo-home/registry/src/index.crates.io-6f17d22bba15001f/tokio-1.32.0/src/runtime/scheduler/current_thread/mod.rs:167:9
[INFO] [stdout]   43:     0x564643f6e89d - tokio::runtime::runtime::Runtime::block_on::h1228a217cc0ef077
[INFO] [stdout]                                at /opt/rustwide/cargo-home/registry/src/index.crates.io-6f17d22bba15001f/tokio-1.32.0/src/runtime/runtime.rs:347:47
[INFO] [stdout]   44:     0x564643f7fd59 - mod::application::repositories::job_repository_test::tests::test_job_repository_update::h60ae4479ef42f59b
[INFO] [stdout]                                at /opt/rustwide/workdir/tests/application/repositories/job_repository_test.rs:76:9
[INFO] [stdout]   45:     0x564643f7fbb7 - mod::application::repositories::job_repository_test::tests::test_job_repository_update::{{closure}}::hd7c9e018e2c9d0a9
[INFO] [stdout]                                at /opt/rustwide/workdir/tests/application/repositories/job_repository_test.rs:39:42
[INFO] [stdout]   46:     0x564643f9aeb6 - core::ops::function::FnOnce::call_once::h64427ed3034c09d0
[INFO] [stdout]                                at /rustc/82e1608dfa6e0b5569232559e3d385fea5a93112/library/core/src/ops/function.rs:250:5
[INFO] [stdout]   47:     0x564643fdb65f - core::ops::function::FnOnce::call_once::h2b5d431d5046312d
[INFO] [stdout]                                at /rustc/82e1608dfa6e0b5569232559e3d385fea5a93112/library/core/src/ops/function.rs:250:5
[INFO] [stdout]   48:     0x564643fdb65f - test::__rust_begin_short_backtrace::h7714669af176e207
[INFO] [stdout]                                at /rustc/82e1608dfa6e0b5569232559e3d385fea5a93112/library/test/src/lib.rs:628:18
[INFO] [stdout]   49:     0x564643fda675 - test::run_test_in_process::{{closure}}::h85218797dcbcec12
[INFO] [stdout]                                at /rustc/82e1608dfa6e0b5569232559e3d385fea5a93112/library/test/src/lib.rs:651:60
[INFO] [stdout]   50:     0x564643fda675 - <core::panic::unwind_safe::AssertUnwindSafe<F> as core::ops::function::FnOnce<()>>::call_once::h76c106ea31c14d7b
[INFO] [stdout]                                at /rustc/82e1608dfa6e0b5569232559e3d385fea5a93112/library/core/src/panic/unwind_safe.rs:272:9
[INFO] [stdout]   51:     0x564643fda675 - std::panicking::try::do_call::h3bd5d0f6620ee946
[INFO] [stdout]                                at /rustc/82e1608dfa6e0b5569232559e3d385fea5a93112/library/std/src/panicking.rs:552:40
[INFO] [stdout]   52:     0x564643fda675 - std::panicking::try::h232e535e4744fe31
[INFO] [stdout]                                at /rustc/82e1608dfa6e0b5569232559e3d385fea5a93112/library/std/src/panicking.rs:516:19
[INFO] [stdout]   53:     0x564643fda675 - std::panic::catch_unwind::h3ce3bd6ca8dbac68
[INFO] [stdout]                                at /rustc/82e1608dfa6e0b5569232559e3d385fea5a93112/library/std/src/panic.rs:142:14
[INFO] [stdout]   54:     0x564643fda675 - test::run_test_in_process::hc97b257c9621286a
[INFO] [stdout]                                at /rustc/82e1608dfa6e0b5569232559e3d385fea5a93112/library/test/src/lib.rs:651:27
[INFO] [stdout]   55:     0x564643fda675 - test::run_test::{{closure}}::h2aa798823a438d38
[INFO] [stdout]                                at /rustc/82e1608dfa6e0b5569232559e3d385fea5a93112/library/test/src/lib.rs:574:43
[INFO] [stdout]   56:     0x564643fa2936 - test::run_test::{{closure}}::h87d231c78fb59832
[INFO] [stdout]                                at /rustc/82e1608dfa6e0b5569232559e3d385fea5a93112/library/test/src/lib.rs:602:41
[INFO] [stdout]   57:     0x564643fa2936 - std::sys_common::backtrace::__rust_begin_short_backtrace::he6df152596625789
[INFO] [stdout]                                at /rustc/82e1608dfa6e0b5569232559e3d385fea5a93112/library/std/src/sys_common/backtrace.rs:154:18
[INFO] [stdout]   58:     0x564643fa79e7 - std::thread::Builder::spawn_unchecked_::{{closure}}::{{closure}}::ha94be15d1e0acf36
[INFO] [stdout]                                at /rustc/82e1608dfa6e0b5569232559e3d385fea5a93112/library/std/src/thread/mod.rs:529:17
[INFO] [stdout]   59:     0x564643fa79e7 - <core::panic::unwind_safe::AssertUnwindSafe<F> as core::ops::function::FnOnce<()>>::call_once::h9dc6bd6372f16606
[INFO] [stdout]                                at /rustc/82e1608dfa6e0b5569232559e3d385fea5a93112/library/core/src/panic/unwind_safe.rs:272:9
[INFO] [stdout]   60:     0x564643fa79e7 - std::panicking::try::do_call::h9057517f80303cd4
[INFO] [stdout]                                at /rustc/82e1608dfa6e0b5569232559e3d385fea5a93112/library/std/src/panicking.rs:552:40
[INFO] [stdout]   61:     0x564643fa79e7 - std::panicking::try::he3a30b11ee45340c
[INFO] [stdout]                                at /rustc/82e1608dfa6e0b5569232559e3d385fea5a93112/library/std/src/panicking.rs:516:19
[INFO] [stdout]   62:     0x564643fa79e7 - std::panic::catch_unwind::h410458cfd3528b8b
[INFO] [stdout]                                at /rustc/82e1608dfa6e0b5569232559e3d385fea5a93112/library/std/src/panic.rs:142:14
[INFO] [stdout]   63:     0x564643fa79e7 - std::thread::Builder::spawn_unchecked_::{{closure}}::h72ac3bdb567b737b
[INFO] [stdout]                                at /rustc/82e1608dfa6e0b5569232559e3d385fea5a93112/library/std/src/thread/mod.rs:528:30
[INFO] [stdout]   64:     0x564643fa79e7 - core::ops::function::FnOnce::call_once{{vtable.shim}}::h38f34da3654a8344
[INFO] [stdout]                                at /rustc/82e1608dfa6e0b5569232559e3d385fea5a93112/library/core/src/ops/function.rs:250:5
[INFO] [stdout]   65:     0x5646448e9165 - <alloc::boxed::Box<F,A> as core::ops::function::FnOnce<Args>>::call_once::hc7eafaff61e32df9
[INFO] [stdout]                                at /rustc/82e1608dfa6e0b5569232559e3d385fea5a93112/library/alloc/src/boxed.rs:2007:9
[INFO] [stdout]   66:     0x5646448e9165 - <alloc::boxed::Box<F,A> as core::ops::function::FnOnce<Args>>::call_once::h6ba4a5de48dd2304
[INFO] [stdout]                                at /rustc/82e1608dfa6e0b5569232559e3d385fea5a93112/library/alloc/src/boxed.rs:2007:9
[INFO] [stdout]   67:     0x5646448e9165 - std::sys::unix::thread::Thread::new::thread_start::he469335aef763e45
[INFO] [stdout]                                at /rustc/82e1608dfa6e0b5569232559e3d385fea5a93112/library/std/src/sys/unix/thread.rs:108:17
[INFO] [stdout]   68:     0x7f2fe3a60ac3 - <unknown>
[INFO] [stdout]   69:     0x7f2fe3af1bf4 - __clone
[INFO] [stdout]   70:                0x0 - <unknown>
[INFO] [stdout] 
[INFO] [stdout] 
[INFO] [stdout] failures:
[INFO] [stdout]     application::repositories::job_repository_test::tests::test_job_repository_insert
[INFO] [stdout]     application::repositories::job_repository_test::tests::test_job_repository_update
[INFO] [stdout]     application::repositories::video_repository_test::tests::test_video_repository_insert
[INFO] [stdout]     application::services::video_service_test::tests::test_video_service_download
[INFO] [stdout] 
[INFO] [stdout] test result: FAILED. 5 passed; 4 failed; 0 ignored; 0 measured; 0 filtered out; finished in 0.08s
[INFO] [stdout] 
[INFO] [stderr] error: test failed, to rerun pass `--test mod`
[INFO] running `Command { std: "docker" "inspect" "6d96e682ae8b011b864c054f48981d5bbc803f3835dd191d73e6ff28a5a07230", kill_on_drop: false }`
[INFO] running `Command { std: "docker" "rm" "-f" "6d96e682ae8b011b864c054f48981d5bbc803f3835dd191d73e6ff28a5a07230", kill_on_drop: false }`
[INFO] [stdout] 6d96e682ae8b011b864c054f48981d5bbc803f3835dd191d73e6ff28a5a07230
[INFO] testing carls-rodrigues/microservice-encoder-rust against beta-2023-12-22 for beta-1.76-1
[INFO] running `Command { std: "git" "clone" "/workspace/cache/git-repos/https%3A%2F%2Fgithub.com%2Fcarls-rodrigues%2Fmicroservice-encoder-rust" "/workspace/builds/worker-6-tc2/source", kill_on_drop: false }`
[INFO] [stderr] Cloning into '/workspace/builds/worker-6-tc2/source'...
[INFO] [stderr] done.
[INFO] validating manifest of git repo https://github.com/carls-rodrigues/microservice-encoder-rust on toolchain beta-2023-12-22
[INFO] running `Command { std: CARGO_HOME="/workspace/cargo-home" RUSTUP_HOME="/workspace/rustup-home" "/workspace/cargo-home/bin/cargo" "+beta-2023-12-22" "metadata" "--manifest-path" "Cargo.toml" "--no-deps", kill_on_drop: false }`
[INFO] started tweaking git repo https://github.com/carls-rodrigues/microservice-encoder-rust
[INFO] finished tweaking git repo https://github.com/carls-rodrigues/microservice-encoder-rust
[INFO] tweaked toml for git repo https://github.com/carls-rodrigues/microservice-encoder-rust written to /workspace/builds/worker-6-tc2/source/Cargo.toml
[INFO] crate git repo https://github.com/carls-rodrigues/microservice-encoder-rust already has a lockfile, it will not be regenerated
[INFO] running `Command { std: CARGO_HOME="/workspace/cargo-home" RUSTUP_HOME="/workspace/rustup-home" "/workspace/cargo-home/bin/cargo" "+beta-2023-12-22" "fetch" "--manifest-path" "Cargo.toml", kill_on_drop: false }`
[INFO] [stderr] warning: dependency (uuid) specified without providing a local path, Git repository, version, or workspace dependency to use. This will be considered an error in future versions
[INFO] [stderr] warning: unused manifest key: dependencies.uuid.verion
[INFO] [stderr] warning: unused manifest key: package.author
[INFO] running `Command { std: "docker" "create" "-v" "/var/lib/crater-agent-workspace/builds/worker-6-tc2/target:/opt/rustwide/target:rw,Z" "-v" "/var/lib/crater-agent-workspace/builds/worker-6-tc2/source:/opt/rustwide/workdir:ro,Z" "-v" "/var/lib/crater-agent-workspace/cargo-home:/opt/rustwide/cargo-home:ro,Z" "-v" "/var/lib/crater-agent-workspace/rustup-home:/opt/rustwide/rustup-home:ro,Z" "-e" "SOURCE_DIR=/opt/rustwide/workdir" "-e" "CARGO_TARGET_DIR=/opt/rustwide/target" "-e" "CARGO_HOME=/opt/rustwide/cargo-home" "-e" "RUSTUP_HOME=/opt/rustwide/rustup-home" "-w" "/opt/rustwide/workdir" "-m" "1610612736" "--user" "0:0" "--network" "none" "ghcr.io/rust-lang/crates-build-env/linux@sha256:2788e3201cd34a07e3172128adcd8b3090168a8e3bcc40d7c032b9dda1df7d1c" "/opt/rustwide/cargo-home/bin/cargo" "+beta-2023-12-22" "metadata" "--no-deps" "--format-version=1", kill_on_drop: false }`
[INFO] [stdout] 7e496fe4b5d5c76a20f87eff21466fbfd9fa7e6f716044525ff965cb52e85144
[INFO] running `Command { std: "docker" "start" "-a" "7e496fe4b5d5c76a20f87eff21466fbfd9fa7e6f716044525ff965cb52e85144", kill_on_drop: false }`
[INFO] running `Command { std: "docker" "inspect" "7e496fe4b5d5c76a20f87eff21466fbfd9fa7e6f716044525ff965cb52e85144", kill_on_drop: false }`
[INFO] running `Command { std: "docker" "rm" "-f" "7e496fe4b5d5c76a20f87eff21466fbfd9fa7e6f716044525ff965cb52e85144", kill_on_drop: false }`
[INFO] [stdout] 7e496fe4b5d5c76a20f87eff21466fbfd9fa7e6f716044525ff965cb52e85144
[INFO] running `Command { std: "docker" "create" "-v" "/var/lib/crater-agent-workspace/builds/worker-6-tc2/target:/opt/rustwide/target:rw,Z" "-v" "/var/lib/crater-agent-workspace/builds/worker-6-tc2/source:/opt/rustwide/workdir:ro,Z" "-v" "/var/lib/crater-agent-workspace/cargo-home:/opt/rustwide/cargo-home:ro,Z" "-v" "/var/lib/crater-agent-workspace/rustup-home:/opt/rustwide/rustup-home:ro,Z" "-e" "SOURCE_DIR=/opt/rustwide/workdir" "-e" "CARGO_TARGET_DIR=/opt/rustwide/target" "-e" "CARGO_INCREMENTAL=0" "-e" "RUST_BACKTRACE=full" "-e" "RUSTFLAGS=--cap-lints=warn" "-e" "RUSTDOCFLAGS=--cap-lints=warn" "-e" "CARGO_HOME=/opt/rustwide/cargo-home" "-e" "RUSTUP_HOME=/opt/rustwide/rustup-home" "-w" "/opt/rustwide/workdir" "-m" "1610612736" "--user" "0:0" "--network" "none" "ghcr.io/rust-lang/crates-build-env/linux@sha256:2788e3201cd34a07e3172128adcd8b3090168a8e3bcc40d7c032b9dda1df7d1c" "/opt/rustwide/cargo-home/bin/cargo" "+beta-2023-12-22" "build" "--frozen" "--message-format=json", kill_on_drop: false }`
[INFO] [stdout] eca470e2a35e2f76eacfe42347d057afc071720f77263d7372af68b864920e0b
[INFO] running `Command { std: "docker" "start" "-a" "eca470e2a35e2f76eacfe42347d057afc071720f77263d7372af68b864920e0b", kill_on_drop: false }`
[INFO] [stderr] warning: dependency (uuid) specified without providing a local path, Git repository, version, or workspace dependency to use. This will be considered an error in future versions
[INFO] [stderr] warning: unused manifest key: dependencies.uuid.verion
[INFO] [stderr] warning: unused manifest key: package.author
[INFO] [stderr]    Compiling autocfg v1.1.0
[INFO] [stderr]    Compiling proc-macro2 v1.0.66
[INFO] [stderr]    Compiling version_check v0.9.4
[INFO] [stderr]    Compiling once_cell v1.18.0
[INFO] [stderr]    Compiling pin-project-lite v0.2.12
[INFO] [stderr]    Compiling smallvec v1.11.0
[INFO] [stderr]    Compiling spin v0.5.2
[INFO] [stderr]    Compiling cc v1.0.83
[INFO] [stderr]    Compiling bytes v1.4.0
[INFO] [stderr]    Compiling futures-core v0.3.28
[INFO] [stderr]    Compiling typenum v1.16.0
[INFO] [stderr]    Compiling socket2 v0.5.3
[INFO] [stderr]    Compiling generic-array v0.14.7
[INFO] [stderr]    Compiling lock_api v0.4.10
[INFO] [stderr]    Compiling num_cpus v1.16.0
[INFO] [stderr]    Compiling mio v0.8.8
[INFO] [stderr]    Compiling untrusted v0.7.1
[INFO] [stderr]    Compiling scopeguard v1.2.0
[INFO] [stderr]    Compiling quote v1.0.33
[INFO] [stderr]    Compiling parking_lot_core v0.9.8
[INFO] [stderr]    Compiling log v0.4.20
[INFO] [stderr]    Compiling syn v2.0.29
[INFO] [stderr]    Compiling libm v0.2.7
[INFO] [stderr]    Compiling serde v1.0.186
[INFO] [stderr]    Compiling subtle v2.5.0
[INFO] [stderr]    Compiling num-integer v0.1.45
[INFO] [stderr]    Compiling num-traits v0.2.16
[INFO] [stderr]    Compiling parking_lot v0.12.1
[INFO] [stderr]    Compiling signal-hook-registry v1.4.1
[INFO] [stderr]    Compiling ring v0.16.20
[INFO] [stderr]    Compiling tinyvec_macros v0.1.1
[INFO] [stderr]    Compiling tinyvec v1.6.0
[INFO] [stderr]    Compiling getrandom v0.2.10
[INFO] [stderr]    Compiling pin-utils v0.1.0
[INFO] [stderr]    Compiling pkg-config v0.3.27
[INFO] [stderr]    Compiling vcpkg v0.2.15
[INFO] [stderr]    Compiling hashbrown v0.12.3
[INFO] [stderr]    Compiling unicode-normalization v0.1.22
[INFO] [stderr]    Compiling block-buffer v0.10.4
[INFO] [stderr]    Compiling crypto-common v0.1.6
[INFO] [stderr]    Compiling slab v0.4.9
[INFO] [stderr]    Compiling percent-encoding v2.3.0
[INFO] [stderr]    Compiling serde_json v1.0.105
[INFO] [stderr]    Compiling futures-sink v0.3.28
[INFO] [stderr]    Compiling rustls v0.20.8
[INFO] [stderr]    Compiling futures-task v0.3.28
[INFO] [stderr]    Compiling unicode-bidi v0.3.13
[INFO] [stderr]    Compiling openssl-sys v0.9.91
[INFO] [stderr]    Compiling form_urlencoded v1.2.0
[INFO] [stderr]    Compiling digest v0.10.7
[INFO] [stderr]    Compiling rand_core v0.6.4
[INFO] [stderr]    Compiling num-bigint v0.4.4
[INFO] [stderr]    Compiling indexmap v1.9.3
[INFO] [stderr]    Compiling futures-util v0.3.28
[INFO] [stderr]    Compiling ppv-lite86 v0.2.17
[INFO] [stderr]    Compiling thiserror v1.0.47
[INFO] [stderr]    Compiling rand_chacha v0.3.1
[INFO] [stderr]    Compiling idna v0.4.0
[INFO] [stderr]    Compiling memchr v2.5.0
[INFO] [stderr]    Compiling futures-channel v0.3.28
[INFO] [stderr]    Compiling base64 v0.21.2
[INFO] [stderr]    Compiling unicase v2.7.0
[INFO] [stderr]    Compiling tracing-core v0.1.31
[INFO] [stderr]    Compiling openssl v0.10.56
[INFO] [stderr]    Compiling http v0.2.9
[INFO] [stderr]    Compiling ahash v0.8.3
[INFO] [stderr]    Compiling httparse v1.8.0
[INFO] [stderr]    Compiling minimal-lexical v0.2.1
[INFO] [stderr]    Compiling native-tls v0.2.11
[INFO] [stderr]    Compiling parking_lot_core v0.8.6
[INFO] [stderr]    Compiling webpki v0.22.0
[INFO] [stderr]    Compiling instant v0.1.12
[INFO] [stderr]    Compiling either v1.9.0
[INFO] [stderr]    Compiling cpufeatures v0.2.9
[INFO] [stderr]    Compiling byteorder v1.4.3
[INFO] [stderr]    Compiling openssl-probe v0.1.5
[INFO] [stderr]    Compiling crossbeam-utils v0.8.16
[INFO] [stderr]    Compiling try-lock v0.2.4
[INFO] [stderr]    Compiling rust_decimal v1.32.0
[INFO] [stderr]    Compiling base64ct v1.6.0
[INFO] [stderr]    Compiling want v0.3.1
[INFO] [stderr]    Compiling mime_guess v2.0.4
[INFO] [stderr]    Compiling itertools v0.10.5
[INFO] [stderr]    Compiling pem-rfc7468 v0.3.1
[INFO] [stderr]    Compiling sct v0.7.0
[INFO] [stderr]    Compiling http-body v0.4.5
[INFO] [stderr]    Compiling url v2.4.0
[INFO] [stderr]    Compiling rand v0.8.5
[INFO] [stderr]    Compiling crypto-bigint v0.3.2
[INFO] [stderr]    Compiling tokio v1.32.0
[INFO] [stderr]    Compiling ahash v0.7.6
[INFO] [stderr]    Compiling serde_derive v1.0.186
[INFO] [stderr]    Compiling tokio-macros v2.1.0
[INFO] [stderr]    Compiling thiserror-impl v1.0.47
[INFO] [stderr]    Compiling futures-macro v0.3.28
[INFO] [stderr]    Compiling tracing-attributes v0.1.26
[INFO] [stderr]    Compiling openssl-macros v0.1.1
[INFO] [stderr]    Compiling socket2 v0.4.9
[INFO] [stderr]    Compiling time-core v0.1.1
[INFO] [stderr]    Compiling crossbeam-queue v0.3.8
[INFO] [stderr]    Compiling httpdate v1.0.3
[INFO] [stderr]    Compiling paste v1.0.14
[INFO] [stderr]    Compiling base64 v0.13.1
[INFO] [stderr]    Compiling tracing v0.1.37
[INFO] [stderr]    Compiling iana-time-zone v0.1.57
[INFO] [stderr]    Compiling unicode_categories v0.1.1
[INFO] [stderr]    Compiling allocator-api2 v0.2.16
[INFO] [stderr]    Compiling tower-service v0.3.2
[INFO] [stderr]    Compiling arrayvec v0.7.4
[INFO] [stderr]    Compiling const-oid v0.7.1
[INFO] [stderr]    Compiling der v0.5.1
[INFO] [stderr]    Compiling hashbrown v0.14.0
[INFO] [stderr]    Compiling time-macros v0.2.13
[INFO] [stderr]    Compiling parking_lot v0.11.2
[INFO] [stderr]    Compiling tokio-util v0.7.8
[INFO] [stderr]    Compiling tokio-native-tls v0.3.1
[INFO] [stderr]    Compiling h2 v0.3.21
[INFO] [stderr]    Compiling sha2 v0.10.7
[INFO] [stderr]    Compiling hmac v0.12.1
[INFO] [stderr]    Compiling num-iter v0.1.43
[INFO] [stderr]    Compiling dirs-sys v0.3.7
[INFO] [stderr]    Compiling zeroize v1.6.0
[INFO] [stderr]    Compiling hex v0.4.3
[INFO] [stderr]    Compiling crc-catalog v2.2.0
[INFO] [stderr]    Compiling async-trait v0.1.73
[INFO] [stderr]    Compiling mime v0.3.17
[INFO] [stderr]    Compiling crc v3.0.1
[INFO] [stderr]    Compiling dirs v4.0.0
[INFO] [stderr]    Compiling tokio-rustls v0.23.4
[INFO] [stderr]    Compiling hkdf v0.12.3
[INFO] [stderr]    Compiling nom v7.1.3
[INFO] [stderr]    Compiling futures-intrusive v0.4.2
[INFO] [stderr]    Compiling deranged v0.3.8
[INFO] [stderr]    Compiling serde_urlencoded v0.7.1
[INFO] [stderr]    Compiling hyper v0.14.27
[INFO] [stderr]    Compiling time v0.3.27
[INFO] [stderr]    Compiling spki v0.5.4
[INFO] [stderr]    Compiling hashlink v0.8.3
[INFO] [stderr]    Compiling sha1 v0.10.5
[INFO] [stderr]    Compiling rustls-pemfile v1.0.3
[INFO] [stderr]    Compiling md-5 v0.10.5
[INFO] [stderr]    Compiling stringprep v0.1.3
[INFO] [stderr]    Compiling encoding_rs v0.8.33
[INFO] [stderr]    Compiling whoami v1.4.1
[INFO] [stderr]    Compiling ipnet v2.8.0
[INFO] [stderr]    Compiling dotenvy v0.15.7
[INFO] [stderr]    Compiling hyper-tls v0.5.0
[INFO] [stderr]    Compiling syn v1.0.109
[INFO] [stderr]    Compiling event-listener v2.5.3
[INFO] [stderr]    Compiling num-bigint-dig v0.8.4
[INFO] [stderr]    Compiling simple_asn1 v0.6.2
[INFO] [stderr]    Compiling reqwest v0.11.20
[INFO] [stderr]    Compiling pkcs8 v0.8.0
[INFO] [stderr]    Compiling sqlformat v0.2.1
[INFO] [stderr]    Compiling sqlx-rt v0.6.3
[INFO] [stderr]    Compiling tokio-stream v0.1.14
[INFO] [stderr]    Compiling chrono v0.4.26
[INFO] [stderr]    Compiling pem v1.1.1
[INFO] [stderr]    Compiling uuid-macro-internal v1.4.1
[INFO] [stderr]    Compiling webpki-roots v0.22.6
[INFO] [stderr]    Compiling atoi v1.0.0
[INFO] [stderr]    Compiling aho-corasick v1.0.4
[INFO] [stderr]    Compiling lazy_static v1.4.0
[INFO] [stderr]    Compiling time v0.1.45
[INFO] [stderr]    Compiling regex-syntax v0.7.4
[INFO] [stderr]    Compiling uuid v1.4.1
[INFO] [stderr]    Compiling unicode-segmentation v1.10.1
[INFO] [stderr]    Compiling bitflags v1.3.2
[INFO] [stderr]    Compiling heck v0.4.1
[INFO] [stderr]    Compiling sqlx-core v0.6.3
[INFO] [stderr]    Compiling google-cloud-token v0.1.1
[INFO] [stderr]    Compiling jsonwebtoken v8.3.0
[INFO] [stderr]    Compiling regex-automata v0.3.6
[INFO] [stderr]    Compiling google-cloud-metadata v0.3.2
[INFO] [stderr]    Compiling pkcs1 v0.3.3
[INFO] [stderr]    Compiling async-stream-impl v0.3.5
[INFO] [stderr]    Compiling home v0.5.5
[INFO] [stderr]    Compiling urlencoding v2.1.3
[INFO] [stderr]    Compiling google-cloud-auth v0.12.0
[INFO] [stderr]    Compiling rsa v0.6.1
[INFO] [stderr]    Compiling async-stream v0.3.5
[INFO] [stderr]    Compiling regex v1.9.3
[INFO] [stderr]    Compiling google-cloud-storage v0.13.0
[INFO] [stderr]    Compiling sqlx-macros v0.6.3
[INFO] [stderr]    Compiling sqlx v0.6.3
[INFO] [stderr]    Compiling rust-video-encoder-service v0.1.0 (/opt/rustwide/workdir)
[INFO] [stdout] warning: unused import: `Connection`
[INFO] [stdout]  --> src/framework/database/db.rs:2:12
[INFO] [stdout]   |
[INFO] [stdout] 2 | use sqlx::{Connection, PgPool};
[INFO] [stdout]   |            ^^^^^^^^^^
[INFO] [stdout]   |
[INFO] [stdout]   = note: `#[warn(unused_imports)]` on by default
[INFO] [stdout] 
[INFO] [stdout] 
[INFO] [stdout] warning: field `video_repository` is never read
[INFO] [stdout]   --> src/application/services/video_service.rs:17:5
[INFO] [stdout]    |
[INFO] [stdout] 15 | pub struct VideoService<'a> {
[INFO] [stdout]    |            ------------ field in this struct
[INFO] [stdout] 16 |     video: &'a Video<'a>,
[INFO] [stdout] 17 |     video_repository: Box<dyn VideoRepository<'a>>,
[INFO] [stdout]    |     ^^^^^^^^^^^^^^^^
[INFO] [stdout]    |
[INFO] [stdout]    = note: `#[warn(dead_code)]` on by default
[INFO] [stdout] 
[INFO] [stdout] 
[INFO] [stdout] warning: fields `debug` and `env` are never read
[INFO] [stdout]  --> src/framework/database/db.rs:7:5
[INFO] [stdout]   |
[INFO] [stdout] 5 | pub struct Database {
[INFO] [stdout]   |            -------- fields in this struct
[INFO] [stdout] 6 |     database_url: String,
[INFO] [stdout] 7 |     debug: bool,
[INFO] [stdout]   |     ^^^^^
[INFO] [stdout] 8 |     env: String,
[INFO] [stdout]   |     ^^^
[INFO] [stdout] 
[INFO] [stdout] 
[INFO] [stdout] warning: 3 warnings emitted
[INFO] [stdout] 
[INFO] [stdout] 
[INFO] [stderr]     Finished dev [unoptimized + debuginfo] target(s) in 1m 22s
[INFO] running `Command { std: "docker" "inspect" "eca470e2a35e2f76eacfe42347d057afc071720f77263d7372af68b864920e0b", kill_on_drop: false }`
[INFO] running `Command { std: "docker" "rm" "-f" "eca470e2a35e2f76eacfe42347d057afc071720f77263d7372af68b864920e0b", kill_on_drop: false }`
[INFO] [stdout] eca470e2a35e2f76eacfe42347d057afc071720f77263d7372af68b864920e0b
[INFO] running `Command { std: "docker" "create" "-v" "/var/lib/crater-agent-workspace/builds/worker-6-tc2/target:/opt/rustwide/target:rw,Z" "-v" "/var/lib/crater-agent-workspace/builds/worker-6-tc2/source:/opt/rustwide/workdir:ro,Z" "-v" "/var/lib/crater-agent-workspace/cargo-home:/opt/rustwide/cargo-home:ro,Z" "-v" "/var/lib/crater-agent-workspace/rustup-home:/opt/rustwide/rustup-home:ro,Z" "-e" "SOURCE_DIR=/opt/rustwide/workdir" "-e" "CARGO_TARGET_DIR=/opt/rustwide/target" "-e" "CARGO_INCREMENTAL=0" "-e" "RUST_BACKTRACE=full" "-e" "RUSTFLAGS=--cap-lints=warn" "-e" "RUSTDOCFLAGS=--cap-lints=warn" "-e" "CARGO_HOME=/opt/rustwide/cargo-home" "-e" "RUSTUP_HOME=/opt/rustwide/rustup-home" "-w" "/opt/rustwide/workdir" "-m" "1610612736" "--user" "0:0" "--network" "none" "ghcr.io/rust-lang/crates-build-env/linux@sha256:2788e3201cd34a07e3172128adcd8b3090168a8e3bcc40d7c032b9dda1df7d1c" "/opt/rustwide/cargo-home/bin/cargo" "+beta-2023-12-22" "test" "--frozen" "--no-run" "--message-format=json", kill_on_drop: false }`
[INFO] [stdout] 17b80f767f29a21363f3cf240805c4ed979ccdebc7db96eb6f7ea179dead59bc
[INFO] running `Command { std: "docker" "start" "-a" "17b80f767f29a21363f3cf240805c4ed979ccdebc7db96eb6f7ea179dead59bc", kill_on_drop: false }`
[INFO] [stderr] warning: dependency (uuid) specified without providing a local path, Git repository, version, or workspace dependency to use. This will be considered an error in future versions
[INFO] [stderr] warning: unused manifest key: dependencies.uuid.verion
[INFO] [stderr] warning: unused manifest key: package.author
[INFO] [stdout] warning: unused import: `Connection`
[INFO] [stdout]  --> src/framework/database/db.rs:2:12
[INFO] [stdout]   |
[INFO] [stdout] 2 | use sqlx::{Connection, PgPool};
[INFO] [stdout]   |            ^^^^^^^^^^
[INFO] [stdout]   |
[INFO] [stdout]   = note: `#[warn(unused_imports)]` on by default
[INFO] [stdout] 
[INFO] [stdout] 
[INFO] [stdout] warning: field `video_repository` is never read
[INFO] [stdout]   --> src/application/services/video_service.rs:17:5
[INFO] [stdout]    |
[INFO] [stdout] 15 | pub struct VideoService<'a> {
[INFO] [stdout]    |            ------------ field in this struct
[INFO] [stdout] 16 |     video: &'a Video<'a>,
[INFO] [stdout] 17 |     video_repository: Box<dyn VideoRepository<'a>>,
[INFO] [stdout]    |     ^^^^^^^^^^^^^^^^
[INFO] [stdout]    |
[INFO] [stdout]    = note: `#[warn(dead_code)]` on by default
[INFO] [stdout] 
[INFO] [stdout] 
[INFO] [stdout] warning: fields `debug` and `env` are never read
[INFO] [stdout]  --> src/framework/database/db.rs:7:5
[INFO] [stdout]   |
[INFO] [stdout] 5 | pub struct Database {
[INFO] [stdout]   |            -------- fields in this struct
[INFO] [stdout] 6 |     database_url: String,
[INFO] [stdout] 7 |     debug: bool,
[INFO] [stdout]   |     ^^^^^
[INFO] [stdout] 8 |     env: String,
[INFO] [stdout]   |     ^^^
[INFO] [stdout] 
[INFO] [stdout] 
[INFO] [stderr]    Compiling rust-video-encoder-service v0.1.0 (/opt/rustwide/workdir)
[INFO] [stdout] warning: 3 warnings emitted
[INFO] [stdout] 
[INFO] [stdout] 
[INFO] [stdout] warning: unused import: `Connection`
[INFO] [stdout]  --> src/framework/database/db.rs:2:12
[INFO] [stdout]   |
[INFO] [stdout] 2 | use sqlx::{Connection, PgPool};
[INFO] [stdout]   |            ^^^^^^^^^^
[INFO] [stdout]   |
[INFO] [stdout]   = note: `#[warn(unused_imports)]` on by default
[INFO] [stdout] 
[INFO] [stdout] 
[INFO] [stdout] warning: field `video_repository` is never read
[INFO] [stdout]   --> src/application/services/video_service.rs:17:5
[INFO] [stdout]    |
[INFO] [stdout] 15 | pub struct VideoService<'a> {
[INFO] [stdout]    |            ------------ field in this struct
[INFO] [stdout] 16 |     video: &'a Video<'a>,
[INFO] [stdout] 17 |     video_repository: Box<dyn VideoRepository<'a>>,
[INFO] [stdout]    |     ^^^^^^^^^^^^^^^^
[INFO] [stdout]    |
[INFO] [stdout]    = note: `#[warn(dead_code)]` on by default
[INFO] [stdout] 
[INFO] [stdout] 
[INFO] [stdout] warning: fields `debug` and `env` are never read
[INFO] [stdout]  --> src/framework/database/db.rs:7:5
[INFO] [stdout]   |
[INFO] [stdout] 5 | pub struct Database {
[INFO] [stdout]   |            -------- fields in this struct
[INFO] [stdout] 6 |     database_url: String,
[INFO] [stdout] 7 |     debug: bool,
[INFO] [stdout]   |     ^^^^^
[INFO] [stdout] 8 |     env: String,
[INFO] [stdout]   |     ^^^
[INFO] [stdout] 
[INFO] [stdout] 
[INFO] [stdout] warning: 3 warnings emitted
[INFO] [stdout] 
[INFO] [stdout] 
[INFO] [stderr]     Finished test [unoptimized + debuginfo] target(s) in 8.25s
[INFO] running `Command { std: "docker" "inspect" "17b80f767f29a21363f3cf240805c4ed979ccdebc7db96eb6f7ea179dead59bc", kill_on_drop: false }`
[INFO] running `Command { std: "docker" "rm" "-f" "17b80f767f29a21363f3cf240805c4ed979ccdebc7db96eb6f7ea179dead59bc", kill_on_drop: false }`
[INFO] [stdout] 17b80f767f29a21363f3cf240805c4ed979ccdebc7db96eb6f7ea179dead59bc
[INFO] running `Command { std: "docker" "create" "-v" "/var/lib/crater-agent-workspace/builds/worker-6-tc2/target:/opt/rustwide/target:rw,Z" "-v" "/var/lib/crater-agent-workspace/builds/worker-6-tc2/source:/opt/rustwide/workdir:ro,Z" "-v" "/var/lib/crater-agent-workspace/cargo-home:/opt/rustwide/cargo-home:ro,Z" "-v" "/var/lib/crater-agent-workspace/rustup-home:/opt/rustwide/rustup-home:ro,Z" "-e" "SOURCE_DIR=/opt/rustwide/workdir" "-e" "CARGO_TARGET_DIR=/opt/rustwide/target" "-e" "CARGO_INCREMENTAL=0" "-e" "RUST_BACKTRACE=full" "-e" "RUSTFLAGS=--cap-lints=warn" "-e" "RUSTDOCFLAGS=--cap-lints=warn" "-e" "CARGO_HOME=/opt/rustwide/cargo-home" "-e" "RUSTUP_HOME=/opt/rustwide/rustup-home" "-w" "/opt/rustwide/workdir" "-m" "1610612736" "--user" "0:0" "--network" "none" "ghcr.io/rust-lang/crates-build-env/linux@sha256:2788e3201cd34a07e3172128adcd8b3090168a8e3bcc40d7c032b9dda1df7d1c" "/opt/rustwide/cargo-home/bin/cargo" "+beta-2023-12-22" "test" "--frozen", kill_on_drop: false }`
[INFO] [stdout] 107ebf88115e306803f7a05e656cf37d7f8d0ef55e97b7c4e30f2ef2cfd7ce77
[INFO] running `Command { std: "docker" "start" "-a" "107ebf88115e306803f7a05e656cf37d7f8d0ef55e97b7c4e30f2ef2cfd7ce77", kill_on_drop: false }`
[INFO] [stderr] warning: dependency (uuid) specified without providing a local path, Git repository, version, or workspace dependency to use. This will be considered an error in future versions
[INFO] [stderr] warning: unused manifest key: dependencies.uuid.verion
[INFO] [stderr] warning: unused manifest key: package.author
[INFO] [stderr] warning: unused import: `Connection`
[INFO] [stderr]  --> src/framework/database/db.rs:2:12
[INFO] [stderr]   |
[INFO] [stderr] 2 | use sqlx::{Connection, PgPool};
[INFO] [stderr]   |            ^^^^^^^^^^
[INFO] [stderr]   |
[INFO] [stderr]   = note: `#[warn(unused_imports)]` on by default
[INFO] [stderr] 
[INFO] [stderr] warning: field `video_repository` is never read
[INFO] [stderr]   --> src/application/services/video_service.rs:17:5
[INFO] [stderr]    |
[INFO] [stderr] 15 | pub struct VideoService<'a> {
[INFO] [stderr]    |            ------------ field in this struct
[INFO] [stderr] 16 |     video: &'a Video<'a>,
[INFO] [stderr] 17 |     video_repository: Box<dyn VideoRepository<'a>>,
[INFO] [stderr]    |     ^^^^^^^^^^^^^^^^
[INFO] [stderr]    |
[INFO] [stderr]    = note: `#[warn(dead_code)]` on by default
[INFO] [stderr] 
[INFO] [stderr] warning: fields `debug` and `env` are never read
[INFO] [stderr]  --> src/framework/database/db.rs:7:5
[INFO] [stderr]   |
[INFO] [stderr] 5 | pub struct Database {
[INFO] [stderr]   |            -------- fields in this struct
[INFO] [stderr] 6 |     database_url: String,
[INFO] [stderr] 7 |     debug: bool,
[INFO] [stderr]   |     ^^^^^
[INFO] [stderr] 8 |     env: String,
[INFO] [stderr]   |     ^^^
[INFO] [stderr] 
[INFO] [stderr] warning: `rust-video-encoder-service` (lib) generated 3 warnings
[INFO] [stderr] warning: `rust-video-encoder-service` (lib test) generated 3 warnings (3 duplicates)
[INFO] [stderr]     Finished test [unoptimized + debuginfo] target(s) in 0.22s
[INFO] [stderr]      Running unittests src/lib.rs (/opt/rustwide/target/debug/deps/rust_video_encoder_service-826919350f73499d)
[INFO] [stdout] 
[INFO] [stdout] running 0 tests
[INFO] [stdout] 
[INFO] [stdout] test result: ok. 0 passed; 0 failed; 0 ignored; 0 measured; 0 filtered out; finished in 0.00s
[INFO] [stdout] 
[INFO] [stderr]      Running unittests src/main.rs (/opt/rustwide/target/debug/deps/video_encoder-ef7504610ea29517)
[INFO] [stdout] 
[INFO] [stdout] running 0 tests
[INFO] [stdout] 
[INFO] [stdout] test result: ok. 0 passed; 0 failed; 0 ignored; 0 measured; 0 filtered out; finished in 0.00s
[INFO] [stdout] 
[INFO] [stderr]      Running tests/mod.rs (/opt/rustwide/target/debug/deps/mod-bcdd84d9c240aac0)
[INFO] [stdout] 
[INFO] [stdout] running 9 tests
[INFO] [stdout] test domain::video_test::tests::test_validate_if_video_is_empty ... ok
[INFO] [stdout] test domain::video_test::tests::test_validate_if_resource_id_is_not_uuid ... ok
[INFO] [stdout] test domain::video_test::tests::test_video_validation ... ok
[INFO] [stdout] test domain::job_test::tests::test_new_job ... ok
[INFO] [stdout] test domain::video_test::tests::test_validate_if_id_is_not_uuid ... ok
[INFO] [stdout] test application::repositories::job_repository_test::tests::test_job_repository_insert ... FAILED
[INFO] [stdout] test application::repositories::video_repository_test::tests::test_video_repository_insert ... FAILED
[INFO] [stdout] test application::repositories::job_repository_test::tests::test_job_repository_update ... FAILED
[INFO] [stdout] test application::services::video_service_test::tests::test_video_service_download ... FAILED
[INFO] [stdout] 
[INFO] [stdout] failures:
[INFO] [stdout] 
[INFO] [stdout] ---- application::repositories::job_repository_test::tests::test_job_repository_insert stdout ----
[INFO] [stdout] thread 'application::repositories::job_repository_test::tests::test_job_repository_insert' panicked at /opt/rustwide/workdir/src/framework/database/db.rs:33:14:
[INFO] [stdout] Error connecting to postgres://postgres:root@db:5432/encoder?sslmode=disable: Io(Custom { kind: Uncategorized, error: "failed to lookup address information: Temporary failure in name resolution" })
[INFO] [stdout] stack backtrace:
[INFO] [stdout]    0:     0x557d248915a6 - std::backtrace_rs::backtrace::libunwind::trace::h261606ad26a499c1
[INFO] [stdout]                                at /rustc/0e09125c6c3c2fd70d7de961bcf0e51575235fad/library/std/src/../../backtrace/src/backtrace/libunwind.rs:104:5
[INFO] [stdout]    1:     0x557d248915a6 - std::backtrace_rs::backtrace::trace_unsynchronized::hd183f0625477fb28
[INFO] [stdout]                                at /rustc/0e09125c6c3c2fd70d7de961bcf0e51575235fad/library/std/src/../../backtrace/src/backtrace/mod.rs:66:5
[INFO] [stdout]    2:     0x557d248915a6 - std::sys_common::backtrace::_print_fmt::hd7f8fef21b4eda67
[INFO] [stdout]                                at /rustc/0e09125c6c3c2fd70d7de961bcf0e51575235fad/library/std/src/sys_common/backtrace.rs:68:5
[INFO] [stdout]    3:     0x557d248915a6 - <std::sys_common::backtrace::_print::DisplayBacktrace as core::fmt::Display>::fmt::h623d9b51f2f453f1
[INFO] [stdout]                                at /rustc/0e09125c6c3c2fd70d7de961bcf0e51575235fad/library/std/src/sys_common/backtrace.rs:44:22
[INFO] [stdout]    4:     0x557d248bf450 - core::fmt::rt::Argument::fmt::h9f417ac76a86f368
[INFO] [stdout]                                at /rustc/0e09125c6c3c2fd70d7de961bcf0e51575235fad/library/core/src/fmt/rt.rs:142:9
[INFO] [stdout]    5:     0x557d248bf450 - core::fmt::write::hc9b6faf4ac2aeff7
[INFO] [stdout]                                at /rustc/0e09125c6c3c2fd70d7de961bcf0e51575235fad/library/core/src/fmt/mod.rs:1120:17
[INFO] [stdout]    6:     0x557d2488e30f - std::io::Write::write_fmt::he04625a3a989fec3
[INFO] [stdout]                                at /rustc/0e09125c6c3c2fd70d7de961bcf0e51575235fad/library/std/src/io/mod.rs:1810:15
[INFO] [stdout]    7:     0x557d24891384 - std::sys_common::backtrace::_print::hd5d66399c7df88a2
[INFO] [stdout]                                at /rustc/0e09125c6c3c2fd70d7de961bcf0e51575235fad/library/std/src/sys_common/backtrace.rs:47:5
[INFO] [stdout]    8:     0x557d24891384 - std::sys_common::backtrace::print::he81ed2da642d37e5
[INFO] [stdout]                                at /rustc/0e09125c6c3c2fd70d7de961bcf0e51575235fad/library/std/src/sys_common/backtrace.rs:34:9
[INFO] [stdout]    9:     0x557d248930f7 - std::panicking::default_hook::{{closure}}::h85773f4fa117163d
[INFO] [stdout]   10:     0x557d24892ddd - std::panicking::default_hook::h6a1694a91d09b278
[INFO] [stdout]                                at /rustc/0e09125c6c3c2fd70d7de961bcf0e51575235fad/library/std/src/panicking.rs:289:9
[INFO] [stdout]   11:     0x557d23f87757 - <alloc::boxed::Box<F,A> as core::ops::function::Fn<Args>>::call::h616ac37fa3cd6c8f
[INFO] [stdout]                                at /rustc/0e09125c6c3c2fd70d7de961bcf0e51575235fad/library/alloc/src/boxed.rs:2029:9
[INFO] [stdout]   12:     0x557d23f87757 - test::test_main::{{closure}}::h00d84697cefdcbb6
[INFO] [stdout]                                at /rustc/0e09125c6c3c2fd70d7de961bcf0e51575235fad/library/test/src/lib.rs:138:21
[INFO] [stdout]   13:     0x557d24893716 - <alloc::boxed::Box<F,A> as core::ops::function::Fn<Args>>::call::hcb3fe3b9bb537ba8
[INFO] [stdout]                                at /rustc/0e09125c6c3c2fd70d7de961bcf0e51575235fad/library/alloc/src/boxed.rs:2029:9
[INFO] [stdout]   14:     0x557d24893716 - std::panicking::rust_panic_with_hook::h0a7ad96e90f7145b
[INFO] [stdout]                                at /rustc/0e09125c6c3c2fd70d7de961bcf0e51575235fad/library/std/src/panicking.rs:783:13
[INFO] [stdout]   15:     0x557d24893462 - std::panicking::begin_panic_handler::{{closure}}::h7919090525c6485e
[INFO] [stdout]                                at /rustc/0e09125c6c3c2fd70d7de961bcf0e51575235fad/library/std/src/panicking.rs:657:13
[INFO] [stdout]   16:     0x557d24891aa6 - std::sys_common::backtrace::__rust_end_short_backtrace::hf3289479464f7dfe
[INFO] [stdout]                                at /rustc/0e09125c6c3c2fd70d7de961bcf0e51575235fad/library/std/src/sys_common/backtrace.rs:171:18
[INFO] [stdout]   17:     0x557d248931c0 - rust_begin_unwind
[INFO] [stdout]                                at /rustc/0e09125c6c3c2fd70d7de961bcf0e51575235fad/library/std/src/panicking.rs:645:5
[INFO] [stdout]   18:     0x557d23efc9b5 - core::panicking::panic_fmt::hcc9f77c5c132af55
[INFO] [stdout]                                at /rustc/0e09125c6c3c2fd70d7de961bcf0e51575235fad/library/core/src/panicking.rs:72:14
[INFO] [stdout]   19:     0x557d23efcff3 - core::result::unwrap_failed::hbe14f498be1452f9
[INFO] [stdout]                                at /rustc/0e09125c6c3c2fd70d7de961bcf0e51575235fad/library/core/src/result.rs:1649:5
[INFO] [stdout]   20:     0x557d23f28f13 - core::result::Result<T,E>::expect::h9a3f4d4d1490ce66
[INFO] [stdout]                                at /rustc/0e09125c6c3c2fd70d7de961bcf0e51575235fad/library/core/src/result.rs:1030:23
[INFO] [stdout]   21:     0x557d23f449b9 - rust_video_encoder_service::framework::database::db::Database::establish_pg_connection::{{closure}}::h662ba22947f3692f
[INFO] [stdout]                                at /opt/rustwide/workdir/src/framework/database/db.rs:31:16
[INFO] [stdout]   22:     0x557d23f44472 - rust_video_encoder_service::framework::database::db::Database::new_db_test::{{closure}}::h3afa957535745e21
[INFO] [stdout]                                at /opt/rustwide/workdir/src/framework/database/db.rs:25:65
[INFO] [stdout]   23:     0x557d23f2efeb - mod::application::repositories::job_repository_test::tests::test_job_repository_insert::{{closure}}::he9013443abc64c9d
[INFO] [stdout]                                at /opt/rustwide/workdir/tests/application/repositories/job_repository_test.rs:14:42
[INFO] [stdout]   24:     0x557d23f48d18 - <core::pin::Pin<P> as core::future::future::Future>::poll::h8d85d31535b78011
[INFO] [stdout]                                at /rustc/0e09125c6c3c2fd70d7de961bcf0e51575235fad/library/core/src/future/future.rs:124:9
[INFO] [stdout]   25:     0x557d23f48cbb - <core::pin::Pin<P> as core::future::future::Future>::poll::h8d17ecb5e1e2006b
[INFO] [stdout]                                at /rustc/0e09125c6c3c2fd70d7de961bcf0e51575235fad/library/core/src/future/future.rs:124:9
[INFO] [stdout]   26:     0x557d23f48a14 - tokio::runtime::scheduler::current_thread::CoreGuard::block_on::{{closure}}::{{closure}}::{{closure}}::h097a0bdeb2525e61
[INFO] [stdout]                                at /opt/rustwide/cargo-home/registry/src/index.crates.io-6f17d22bba15001f/tokio-1.32.0/src/runtime/scheduler/current_thread/mod.rs:665:57
[INFO] [stdout]   27:     0x557d23f4893a - tokio::runtime::coop::with_budget::hdecff545dea700ab
[INFO] [stdout]                                at /opt/rustwide/cargo-home/registry/src/index.crates.io-6f17d22bba15001f/tokio-1.32.0/src/runtime/coop.rs:107:5
[INFO] [stdout]   28:     0x557d23f4893a - tokio::runtime::coop::budget::h4cea66773693598d
[INFO] [stdout]                                at /opt/rustwide/cargo-home/registry/src/index.crates.io-6f17d22bba15001f/tokio-1.32.0/src/runtime/coop.rs:73:5
[INFO] [stdout]   29:     0x557d23f4893a - tokio::runtime::scheduler::current_thread::CoreGuard::block_on::{{closure}}::{{closure}}::h26dd5502693ee92f
[INFO] [stdout]                                at /opt/rustwide/cargo-home/registry/src/index.crates.io-6f17d22bba15001f/tokio-1.32.0/src/runtime/scheduler/current_thread/mod.rs:665:25
[INFO] [stdout]   30:     0x557d23f475cc - tokio::runtime::scheduler::current_thread::Context::enter::h7cc0ffab16d391ed
[INFO] [stdout]                                at /opt/rustwide/cargo-home/registry/src/index.crates.io-6f17d22bba15001f/tokio-1.32.0/src/runtime/scheduler/current_thread/mod.rs:410:19
[INFO] [stdout]   31:     0x557d23f4813e - tokio::runtime::scheduler::current_thread::CoreGuard::block_on::{{closure}}::h84bae0f53c1cce7b
[INFO] [stdout]                                at /opt/rustwide/cargo-home/registry/src/index.crates.io-6f17d22bba15001f/tokio-1.32.0/src/runtime/scheduler/current_thread/mod.rs:664:36
[INFO] [stdout]   32:     0x557d23f47e4b - tokio::runtime::scheduler::current_thread::CoreGuard::enter::{{closure}}::h157605ffe2243e43
[INFO] [stdout]                                at /opt/rustwide/cargo-home/registry/src/index.crates.io-6f17d22bba15001f/tokio-1.32.0/src/runtime/scheduler/current_thread/mod.rs:743:68
[INFO] [stdout]   33:     0x557d23f46b8b - tokio::runtime::context::scoped::Scoped<T>::set::h3094277118bfbd45
[INFO] [stdout]                                at /opt/rustwide/cargo-home/registry/src/index.crates.io-6f17d22bba15001f/tokio-1.32.0/src/runtime/context/scoped.rs:40:9
[INFO] [stdout]   34:     0x557d23f209a9 - tokio::runtime::context::set_scheduler::{{closure}}::h02f2ab51c8967077
[INFO] [stdout]                                at /opt/rustwide/cargo-home/registry/src/index.crates.io-6f17d22bba15001f/tokio-1.32.0/src/runtime/context.rs:176:26
[INFO] [stdout]   35:     0x557d23f1d736 - std::thread::local::LocalKey<T>::try_with::hf0fe68f848d74969
[INFO] [stdout]                                at /rustc/0e09125c6c3c2fd70d7de961bcf0e51575235fad/library/std/src/thread/local.rs:270:16
[INFO] [stdout]   36:     0x557d23f1ce3a - std::thread::local::LocalKey<T>::with::h08b512d2bef0b6a1
[INFO] [stdout]                                at /rustc/0e09125c6c3c2fd70d7de961bcf0e51575235fad/library/std/src/thread/local.rs:246:9
[INFO] [stdout]   37:     0x557d23f2095d - tokio::runtime::context::set_scheduler::h7b708e1b60318dc7
[INFO] [stdout]                                at /opt/rustwide/cargo-home/registry/src/index.crates.io-6f17d22bba15001f/tokio-1.32.0/src/runtime/context.rs:176:9
[INFO] [stdout]   38:     0x557d23f47be0 - tokio::runtime::scheduler::current_thread::CoreGuard::enter::he8c6ffcbddf968ee
[INFO] [stdout]                                at /opt/rustwide/cargo-home/registry/src/index.crates.io-6f17d22bba15001f/tokio-1.32.0/src/runtime/scheduler/current_thread/mod.rs:743:27
[INFO] [stdout]   39:     0x557d23f47e7d - tokio::runtime::scheduler::current_thread::CoreGuard::block_on::h65172c8deb2364be
[INFO] [stdout]                                at /opt/rustwide/cargo-home/registry/src/index.crates.io-6f17d22bba15001f/tokio-1.32.0/src/runtime/scheduler/current_thread/mod.rs:652:19
[INFO] [stdout]   40:     0x557d23f46dbd - tokio::runtime::scheduler::current_thread::CurrentThread::block_on::{{closure}}::h1f8586e31e2bd84b
[INFO] [stdout]                                at /opt/rustwide/cargo-home/registry/src/index.crates.io-6f17d22bba15001f/tokio-1.32.0/src/runtime/scheduler/current_thread/mod.rs:175:28
[INFO] [stdout]   41:     0x557d23f386ea - tokio::runtime::context::runtime::enter_runtime::h38818a6cc58532a3
[INFO] [stdout]                                at /opt/rustwide/cargo-home/registry/src/index.crates.io-6f17d22bba15001f/tokio-1.32.0/src/runtime/context/runtime.rs:65:16
[INFO] [stdout]   42:     0x557d23f46cce - tokio::runtime::scheduler::current_thread::CurrentThread::block_on::h09d76f24e5d83ad1
[INFO] [stdout]                                at /opt/rustwide/cargo-home/registry/src/index.crates.io-6f17d22bba15001f/tokio-1.32.0/src/runtime/scheduler/current_thread/mod.rs:167:9
[INFO] [stdout]   43:     0x557d23f29ded - tokio::runtime::runtime::Runtime::block_on::h8821dc0a9b5e9738
[INFO] [stdout]                                at /opt/rustwide/cargo-home/registry/src/index.crates.io-6f17d22bba15001f/tokio-1.32.0/src/runtime/runtime.rs:347:47
[INFO] [stdout]   44:     0x557d23f2ed19 - mod::application::repositories::job_repository_test::tests::test_job_repository_insert::h35fb379ebfe463f7
[INFO] [stdout]                                at /opt/rustwide/workdir/tests/application/repositories/job_repository_test.rs:35:9
[INFO] [stdout]   45:     0x557d23f2eb77 - mod::application::repositories::job_repository_test::tests::test_job_repository_insert::{{closure}}::hfd19ebf8f52a664c
[INFO] [stdout]                                at /opt/rustwide/workdir/tests/application/repositories/job_repository_test.rs:13:42
[INFO] [stdout]   46:     0x557d23f4b4f6 - core::ops::function::FnOnce::call_once::h22d253c886dc6fe2
[INFO] [stdout]                                at /rustc/0e09125c6c3c2fd70d7de961bcf0e51575235fad/library/core/src/ops/function.rs:250:5
[INFO] [stdout]   47:     0x557d23f8d02f - core::ops::function::FnOnce::call_once::hd64d26f405258157
[INFO] [stdout]                                at /rustc/0e09125c6c3c2fd70d7de961bcf0e51575235fad/library/core/src/ops/function.rs:250:5
[INFO] [stdout]   48:     0x557d23f8d02f - test::__rust_begin_short_backtrace::he21b0b7a6d731bf9
[INFO] [stdout]                                at /rustc/0e09125c6c3c2fd70d7de961bcf0e51575235fad/library/test/src/lib.rs:627:18
[INFO] [stdout]   49:     0x557d23f8bdb1 - test::run_test_in_process::{{closure}}::hf5c73986d7bdfde2
[INFO] [stdout]                                at /rustc/0e09125c6c3c2fd70d7de961bcf0e51575235fad/library/test/src/lib.rs:650:60
[INFO] [stdout]   50:     0x557d23f8bdb1 - <core::panic::unwind_safe::AssertUnwindSafe<F> as core::ops::function::FnOnce<()>>::call_once::h330011ad032aadc0
[INFO] [stdout]                                at /rustc/0e09125c6c3c2fd70d7de961bcf0e51575235fad/library/core/src/panic/unwind_safe.rs:272:9
[INFO] [stdout]   51:     0x557d23f8bdb1 - std::panicking::try::do_call::he61b0a958b795a41
[INFO] [stdout]                                at /rustc/0e09125c6c3c2fd70d7de961bcf0e51575235fad/library/std/src/panicking.rs:552:40
[INFO] [stdout]   52:     0x557d23f8bdb1 - std::panicking::try::h7309da130f906eb7
[INFO] [stdout]                                at /rustc/0e09125c6c3c2fd70d7de961bcf0e51575235fad/library/std/src/panicking.rs:516:19
[INFO] [stdout]   53:     0x557d23f8bdb1 - std::panic::catch_unwind::hc5c3a06fdaf0a92a
[INFO] [stdout]                                at /rustc/0e09125c6c3c2fd70d7de961bcf0e51575235fad/library/std/src/panic.rs:142:14
[INFO] [stdout]   54:     0x557d23f8bdb1 - test::run_test_in_process::h7e7b7c71c3324e0f
[INFO] [stdout]                                at /rustc/0e09125c6c3c2fd70d7de961bcf0e51575235fad/library/test/src/lib.rs:650:27
[INFO] [stdout]   55:     0x557d23f8bdb1 - test::run_test::{{closure}}::h1f509f28f5cf20b1
[INFO] [stdout]                                at /rustc/0e09125c6c3c2fd70d7de961bcf0e51575235fad/library/test/src/lib.rs:573:43
[INFO] [stdout]   56:     0x557d23f530e6 - test::run_test::{{closure}}::h1754218abf443f6d
[INFO] [stdout]                                at /rustc/0e09125c6c3c2fd70d7de961bcf0e51575235fad/library/test/src/lib.rs:601:41
[INFO] [stdout]   57:     0x557d23f530e6 - std::sys_common::backtrace::__rust_begin_short_backtrace::h2ee174b9d5954948
[INFO] [stdout]                                at /rustc/0e09125c6c3c2fd70d7de961bcf0e51575235fad/library/std/src/sys_common/backtrace.rs:155:18
[INFO] [stdout]   58:     0x557d23f58147 - std::thread::Builder::spawn_unchecked_::{{closure}}::{{closure}}::hf60bee9c1a17ef09
[INFO] [stdout]                                at /rustc/0e09125c6c3c2fd70d7de961bcf0e51575235fad/library/std/src/thread/mod.rs:529:17
[INFO] [stdout]   59:     0x557d23f58147 - <core::panic::unwind_safe::AssertUnwindSafe<F> as core::ops::function::FnOnce<()>>::call_once::h33d0dddec5216160
[INFO] [stdout]                                at /rustc/0e09125c6c3c2fd70d7de961bcf0e51575235fad/library/core/src/panic/unwind_safe.rs:272:9
[INFO] [stdout]   60:     0x557d23f58147 - std::panicking::try::do_call::h144b3048b546f835
[INFO] [stdout]                                at /rustc/0e09125c6c3c2fd70d7de961bcf0e51575235fad/library/std/src/panicking.rs:552:40
[INFO] [stdout]   61:     0x557d23f58147 - std::panicking::try::h978244d04646189f
[INFO] [stdout]                                at /rustc/0e09125c6c3c2fd70d7de961bcf0e51575235fad/library/std/src/panicking.rs:516:19
[INFO] [stdout]   62:     0x557d23f58147 - std::panic::catch_unwind::hdf436369d188fe86
[INFO] [stdout]                                at /rustc/0e09125c6c3c2fd70d7de961bcf0e51575235fad/library/std/src/panic.rs:142:14
[INFO] [stdout]   63:     0x557d23f58147 - std::thread::Builder::spawn_unchecked_::{{closure}}::h87329cbdd33c79ec
[INFO] [stdout]                                at /rustc/0e09125c6c3c2fd70d7de961bcf0e51575235fad/library/std/src/thread/mod.rs:528:30
[INFO] [stdout]   64:     0x557d23f58147 - core::ops::function::FnOnce::call_once{{vtable.shim}}::h401abbe67897d450
[INFO] [stdout]                                at /rustc/0e09125c6c3c2fd70d7de961bcf0e51575235fad/library/core/src/ops/function.rs:250:5
[INFO] [stdout]   65:     0x557d24899025 - <alloc::boxed::Box<F,A> as core::ops::function::FnOnce<Args>>::call_once::h5d7c8f150ab9c84c
[INFO] [stdout]                                at /rustc/0e09125c6c3c2fd70d7de961bcf0e51575235fad/library/alloc/src/boxed.rs:2015:9
[INFO] [stdout]   66:     0x557d24899025 - <alloc::boxed::Box<F,A> as core::ops::function::FnOnce<Args>>::call_once::h570d5b005c242c15
[INFO] [stdout]                                at /rustc/0e09125c6c3c2fd70d7de961bcf0e51575235fad/library/alloc/src/boxed.rs:2015:9
[INFO] [stdout]   67:     0x557d24899025 - std::sys::unix::thread::Thread::new::thread_start::h36b0a20c0b2361ad
[INFO] [stdout]                                at /rustc/0e09125c6c3c2fd70d7de961bcf0e51575235fad/library/std/src/sys/unix/thread.rs:108:17
[INFO] [stdout]   68:     0x7f170eee7ac3 - <unknown>
[INFO] [stdout]   69:     0x7f170ef78bf4 - __clone
[INFO] [stdout]   70:                0x0 - <unknown>
[INFO] [stdout] 
[INFO] [stdout] ---- application::repositories::video_repository_test::tests::test_video_repository_insert stdout ----
[INFO] [stdout] thread 'application::repositories::video_repository_test::tests::test_video_repository_insert' panicked at /opt/rustwide/workdir/src/framework/database/db.rs:33:14:
[INFO] [stdout] Error connecting to postgres://postgres:root@db:5432/encoder?sslmode=disable: Io(Custom { kind: Uncategorized, error: "failed to lookup address information: Temporary failure in name resolution" })
[INFO] [stdout] stack backtrace:
[INFO] [stdout]    0:     0x557d248915a6 - std::backtrace_rs::backtrace::libunwind::trace::h261606ad26a499c1
[INFO] [stdout]                                at /rustc/0e09125c6c3c2fd70d7de961bcf0e51575235fad/library/std/src/../../backtrace/src/backtrace/libunwind.rs:104:5
[INFO] [stdout]    1:     0x557d248915a6 - std::backtrace_rs::backtrace::trace_unsynchronized::hd183f0625477fb28
[INFO] [stdout]                                at /rustc/0e09125c6c3c2fd70d7de961bcf0e51575235fad/library/std/src/../../backtrace/src/backtrace/mod.rs:66:5
[INFO] [stdout]    2:     0x557d248915a6 - std::sys_common::backtrace::_print_fmt::hd7f8fef21b4eda67
[INFO] [stdout]                                at /rustc/0e09125c6c3c2fd70d7de961bcf0e51575235fad/library/std/src/sys_common/backtrace.rs:68:5
[INFO] [stdout]    3:     0x557d248915a6 - <std::sys_common::backtrace::_print::DisplayBacktrace as core::fmt::Display>::fmt::h623d9b51f2f453f1
[INFO] [stdout]                                at /rustc/0e09125c6c3c2fd70d7de961bcf0e51575235fad/library/std/src/sys_common/backtrace.rs:44:22
[INFO] [stdout]    4:     0x557d248bf450 - core::fmt::rt::Argument::fmt::h9f417ac76a86f368
[INFO] [stdout]                                at /rustc/0e09125c6c3c2fd70d7de961bcf0e51575235fad/library/core/src/fmt/rt.rs:142:9
[INFO] [stdout]    5:     0x557d248bf450 - core::fmt::write::hc9b6faf4ac2aeff7
[INFO] [stdout]                                at /rustc/0e09125c6c3c2fd70d7de961bcf0e51575235fad/library/core/src/fmt/mod.rs:1120:17
[INFO] [stdout]    6:     0x557d2488e30f - std::io::Write::write_fmt::he04625a3a989fec3
[INFO] [stdout]                                at /rustc/0e09125c6c3c2fd70d7de961bcf0e51575235fad/library/std/src/io/mod.rs:1810:15
[INFO] [stdout]    7:     0x557d24891384 - std::sys_common::backtrace::_print::hd5d66399c7df88a2
[INFO] [stdout]                                at /rustc/0e09125c6c3c2fd70d7de961bcf0e51575235fad/library/std/src/sys_common/backtrace.rs:47:5
[INFO] [stdout]    8:     0x557d24891384 - std::sys_common::backtrace::print::he81ed2da642d37e5
[INFO] [stdout]                                at /rustc/0e09125c6c3c2fd70d7de961bcf0e51575235fad/library/std/src/sys_common/backtrace.rs:34:9
[INFO] [stdout]    9:     0x557d248930f7 - std::panicking::default_hook::{{closure}}::h85773f4fa117163d
[INFO] [stdout]   10:     0x557d24892ddd - std::panicking::default_hook::h6a1694a91d09b278
[INFO] [stdout]                                at /rustc/0e09125c6c3c2fd70d7de961bcf0e51575235fad/library/std/src/panicking.rs:289:9
[INFO] [stdout]   11:     0x557d23f87757 - <alloc::boxed::Box<F,A> as core::ops::function::Fn<Args>>::call::h616ac37fa3cd6c8f
[INFO] [stdout]                                at /rustc/0e09125c6c3c2fd70d7de961bcf0e51575235fad/library/alloc/src/boxed.rs:2029:9
[INFO] [stdout]   12:     0x557d23f87757 - test::test_main::{{closure}}::h00d84697cefdcbb6
[INFO] [stdout]                                at /rustc/0e09125c6c3c2fd70d7de961bcf0e51575235fad/library/test/src/lib.rs:138:21
[INFO] [stdout]   13:     0x557d24893716 - <alloc::boxed::Box<F,A> as core::ops::function::Fn<Args>>::call::hcb3fe3b9bb537ba8
[INFO] [stdout]                                at /rustc/0e09125c6c3c2fd70d7de961bcf0e51575235fad/library/alloc/src/boxed.rs:2029:9
[INFO] [stdout]   14:     0x557d24893716 - std::panicking::rust_panic_with_hook::h0a7ad96e90f7145b
[INFO] [stdout]                                at /rustc/0e09125c6c3c2fd70d7de961bcf0e51575235fad/library/std/src/panicking.rs:783:13
[INFO] [stdout]   15:     0x557d24893462 - std::panicking::begin_panic_handler::{{closure}}::h7919090525c6485e
[INFO] [stdout]                                at /rustc/0e09125c6c3c2fd70d7de961bcf0e51575235fad/library/std/src/panicking.rs:657:13
[INFO] [stdout]   16:     0x557d24891aa6 - std::sys_common::backtrace::__rust_end_short_backtrace::hf3289479464f7dfe
[INFO] [stdout]                                at /rustc/0e09125c6c3c2fd70d7de961bcf0e51575235fad/library/std/src/sys_common/backtrace.rs:171:18
[INFO] [stdout]   17:     0x557d248931c0 - rust_begin_unwind
[INFO] [stdout]                                at /rustc/0e09125c6c3c2fd70d7de961bcf0e51575235fad/library/std/src/panicking.rs:645:5
[INFO] [stdout]   18:     0x557d23efc9b5 - core::panicking::panic_fmt::hcc9f77c5c132af55
[INFO] [stdout]                                at /rustc/0e09125c6c3c2fd70d7de961bcf0e51575235fad/library/core/src/panicking.rs:72:14
[INFO] [stdout]   19:     0x557d23efcff3 - core::result::unwrap_failed::hbe14f498be1452f9
[INFO] [stdout]                                at /rustc/0e09125c6c3c2fd70d7de961bcf0e51575235fad/library/core/src/result.rs:1649:5
[INFO] [stdout]   20:     0x557d23f28f13 - core::result::Result<T,E>::expect::h9a3f4d4d1490ce66
[INFO] [stdout]                                at /rustc/0e09125c6c3c2fd70d7de961bcf0e51575235fad/library/core/src/result.rs:1030:23
[INFO] [stdout]   21:     0x557d23f449b9 - rust_video_encoder_service::framework::database::db::Database::establish_pg_connection::{{closure}}::h662ba22947f3692f
[INFO] [stdout]                                at /opt/rustwide/workdir/src/framework/database/db.rs:31:16
[INFO] [stdout]   22:     0x557d23f44472 - rust_video_encoder_service::framework::database::db::Database::new_db_test::{{closure}}::h3afa957535745e21
[INFO] [stdout]                                at /opt/rustwide/workdir/src/framework/database/db.rs:25:65
[INFO] [stdout]   23:     0x557d23f32236 - mod::application::repositories::video_repository_test::tests::test_video_repository_insert::{{closure}}::h5831d8f17949c1c8
[INFO] [stdout]                                at /opt/rustwide/workdir/tests/application/repositories/video_repository_test.rs:13:42
[INFO] [stdout]   24:     0x557d23f48d18 - <core::pin::Pin<P> as core::future::future::Future>::poll::h8d85d31535b78011
[INFO] [stdout]                                at /rustc/0e09125c6c3c2fd70d7de961bcf0e51575235fad/library/core/src/future/future.rs:124:9
[INFO] [stdout]   25:     0x557d23f48cbb - <core::pin::Pin<P> as core::future::future::Future>::poll::h8d17ecb5e1e2006b
[INFO] [stdout]                                at /rustc/0e09125c6c3c2fd70d7de961bcf0e51575235fad/library/core/src/future/future.rs:124:9
[INFO] [stdout]   26:     0x557d23f48a14 - tokio::runtime::scheduler::current_thread::CoreGuard::block_on::{{closure}}::{{closure}}::{{closure}}::h097a0bdeb2525e61
[INFO] [stdout]                                at /opt/rustwide/cargo-home/registry/src/index.crates.io-6f17d22bba15001f/tokio-1.32.0/src/runtime/scheduler/current_thread/mod.rs:665:57
[INFO] [stdout]   27:     0x557d23f4893a - tokio::runtime::coop::with_budget::hdecff545dea700ab
[INFO] [stdout]                                at /opt/rustwide/cargo-home/registry/src/index.crates.io-6f17d22bba15001f/tokio-1.32.0/src/runtime/coop.rs:107:5
[INFO] [stdout]   28:     0x557d23f4893a - tokio::runtime::coop::budget::h4cea66773693598d
[INFO] [stdout]                                at /opt/rustwide/cargo-home/registry/src/index.crates.io-6f17d22bba15001f/tokio-1.32.0/src/runtime/coop.rs:73:5
[INFO] [stdout]   29:     0x557d23f4893a - tokio::runtime::scheduler::current_thread::CoreGuard::block_on::{{closure}}::{{closure}}::h26dd5502693ee92f
[INFO] [stdout]                                at /opt/rustwide/cargo-home/registry/src/index.crates.io-6f17d22bba15001f/tokio-1.32.0/src/runtime/scheduler/current_thread/mod.rs:665:25
[INFO] [stdout]   30:     0x557d23f475cc - tokio::runtime::scheduler::current_thread::Context::enter::h7cc0ffab16d391ed
[INFO] [stdout]                                at /opt/rustwide/cargo-home/registry/src/index.crates.io-6f17d22bba15001f/tokio-1.32.0/src/runtime/scheduler/current_thread/mod.rs:410:19
[INFO] [stdout]   31:     0x557d23f4813e - tokio::runtime::scheduler::current_thread::CoreGuard::block_on::{{closure}}::h84bae0f53c1cce7b
[INFO] [stdout]                                at /opt/rustwide/cargo-home/registry/src/index.crates.io-6f17d22bba15001f/tokio-1.32.0/src/runtime/scheduler/current_thread/mod.rs:664:36
[INFO] [stdout]   32:     0x557d23f47e4b - tokio::runtime::scheduler::current_thread::CoreGuard::enter::{{closure}}::h157605ffe2243e43
[INFO] [stdout]                                at /opt/rustwide/cargo-home/registry/src/index.crates.io-6f17d22bba15001f/tokio-1.32.0/src/runtime/scheduler/current_thread/mod.rs:743:68
[INFO] [stdout]   33:     0x557d23f46b8b - tokio::runtime::context::scoped::Scoped<T>::set::h3094277118bfbd45
[INFO] [stdout]                                at /opt/rustwide/cargo-home/registry/src/index.crates.io-6f17d22bba15001f/tokio-1.32.0/src/runtime/context/scoped.rs:40:9
[INFO] [stdout]   34:     0x557d23f209a9 - tokio::runtime::context::set_scheduler::{{closure}}::h02f2ab51c8967077
[INFO] [stdout]                                at /opt/rustwide/cargo-home/registry/src/index.crates.io-6f17d22bba15001f/tokio-1.32.0/src/runtime/context.rs:176:26
[INFO] [stdout]   35:     0x557d23f1d736 - std::thread::local::LocalKey<T>::try_with::hf0fe68f848d74969
[INFO] [stdout]                                at /rustc/0e09125c6c3c2fd70d7de961bcf0e51575235fad/library/std/src/thread/local.rs:270:16
[INFO] [stdout]   36:     0x557d23f1ce3a - std::thread::local::LocalKey<T>::with::h08b512d2bef0b6a1
[INFO] [stdout]                                at /rustc/0e09125c6c3c2fd70d7de961bcf0e51575235fad/library/std/src/thread/local.rs:246:9
[INFO] [stdout]   37:     0x557d23f2095d - tokio::runtime::context::set_scheduler::h7b708e1b60318dc7
[INFO] [stdout]                                at /opt/rustwide/cargo-home/registry/src/index.crates.io-6f17d22bba15001f/tokio-1.32.0/src/runtime/context.rs:176:9
[INFO] [stdout]   38:     0x557d23f47be0 - tokio::runtime::scheduler::current_thread::CoreGuard::enter::he8c6ffcbddf968ee
[INFO] [stdout]                                at /opt/rustwide/cargo-home/registry/src/index.crates.io-6f17d22bba15001f/tokio-1.32.0/src/runtime/scheduler/current_thread/mod.rs:743:27
[INFO] [stdout]   39:     0x557d23f47e7d - tokio::runtime::scheduler::current_thread::CoreGuard::block_on::h65172c8deb2364be
[INFO] [stdout]                                at /opt/rustwide/cargo-home/registry/src/index.crates.io-6f17d22bba15001f/tokio-1.32.0/src/runtime/scheduler/current_thread/mod.rs:652:19
[INFO] [stdout]   40:     0x557d23f46dbd - tokio::runtime::scheduler::current_thread::CurrentThread::block_on::{{closure}}::h1f8586e31e2bd84b
[INFO] [stdout]                                at /opt/rustwide/cargo-home/registry/src/index.crates.io-6f17d22bba15001f/tokio-1.32.0/src/runtime/scheduler/current_thread/mod.rs:175:28
[INFO] [stdout]   41:     0x557d23f386ea - tokio::runtime::context::runtime::enter_runtime::h38818a6cc58532a3
[INFO] [stdout]                                at /opt/rustwide/cargo-home/registry/src/index.crates.io-6f17d22bba15001f/tokio-1.32.0/src/runtime/context/runtime.rs:65:16
[INFO] [stdout]   42:     0x557d23f46cce - tokio::runtime::scheduler::current_thread::CurrentThread::block_on::h09d76f24e5d83ad1
[INFO] [stdout]                                at /opt/rustwide/cargo-home/registry/src/index.crates.io-6f17d22bba15001f/tokio-1.32.0/src/runtime/scheduler/current_thread/mod.rs:167:9
[INFO] [stdout]   43:     0x557d23f29ded - tokio::runtime::runtime::Runtime::block_on::h8821dc0a9b5e9738
[INFO] [stdout]                                at /opt/rustwide/cargo-home/registry/src/index.crates.io-6f17d22bba15001f/tokio-1.32.0/src/runtime/runtime.rs:347:47
[INFO] [stdout]   44:     0x557d23f31f89 - mod::application::repositories::video_repository_test::tests::test_video_repository_insert::h35e7600c3b866ec9
[INFO] [stdout]                                at /opt/rustwide/workdir/tests/application/repositories/video_repository_test.rs:26:9
[INFO] [stdout]   45:     0x557d23f31de7 - mod::application::repositories::video_repository_test::tests::test_video_repository_insert::{{closure}}::h3285164b111b05d8
[INFO] [stdout]                                at /opt/rustwide/workdir/tests/application/repositories/video_repository_test.rs:12:44
[INFO] [stdout]   46:     0x557d23f4b496 - core::ops::function::FnOnce::call_once::h12ed80cecfc4f044
[INFO] [stdout]                                at /rustc/0e09125c6c3c2fd70d7de961bcf0e51575235fad/library/core/src/ops/function.rs:250:5
[INFO] [stdout]   47:     0x557d23f8d02f - core::ops::function::FnOnce::call_once::hd64d26f405258157
[INFO] [stdout]                                at /rustc/0e09125c6c3c2fd70d7de961bcf0e51575235fad/library/core/src/ops/function.rs:250:5
[INFO] [stdout]   48:     0x557d23f8d02f - test::__rust_begin_short_backtrace::he21b0b7a6d731bf9
[INFO] [stdout]                                at /rustc/0e09125c6c3c2fd70d7de961bcf0e51575235fad/library/test/src/lib.rs:627:18
[INFO] [stdout]   49:     0x557d23f8bdb1 - test::run_test_in_process::{{closure}}::hf5c73986d7bdfde2
[INFO] [stdout]                                at /rustc/0e09125c6c3c2fd70d7de961bcf0e51575235fad/library/test/src/lib.rs:650:60
[INFO] [stdout]   50:     0x557d23f8bdb1 - <core::panic::unwind_safe::AssertUnwindSafe<F> as core::ops::function::FnOnce<()>>::call_once::h330011ad032aadc0
[INFO] [stdout]                                at /rustc/0e09125c6c3c2fd70d7de961bcf0e51575235fad/library/core/src/panic/unwind_safe.rs:272:9
[INFO] [stdout]   51:     0x557d23f8bdb1 - std::panicking::try::do_call::he61b0a958b795a41
[INFO] [stdout]                                at /rustc/0e09125c6c3c2fd70d7de961bcf0e51575235fad/library/std/src/panicking.rs:552:40
[INFO] [stdout]   52:     0x557d23f8bdb1 - std::panicking::try::h7309da130f906eb7
[INFO] [stdout]                                at /rustc/0e09125c6c3c2fd70d7de961bcf0e51575235fad/library/std/src/panicking.rs:516:19
[INFO] [stdout]   53:     0x557d23f8bdb1 - std::panic::catch_unwind::hc5c3a06fdaf0a92a
[INFO] [stdout]                                at /rustc/0e09125c6c3c2fd70d7de961bcf0e51575235fad/library/std/src/panic.rs:142:14
[INFO] [stdout]   54:     0x557d23f8bdb1 - test::run_test_in_process::h7e7b7c71c3324e0f
[INFO] [stdout]                                at /rustc/0e09125c6c3c2fd70d7de961bcf0e51575235fad/library/test/src/lib.rs:650:27
[INFO] [stdout]   55:     0x557d23f8bdb1 - test::run_test::{{closure}}::h1f509f28f5cf20b1
[INFO] [stdout]                                at /rustc/0e09125c6c3c2fd70d7de961bcf0e51575235fad/library/test/src/lib.rs:573:43
[INFO] [stdout]   56:     0x557d23f530e6 - test::run_test::{{closure}}::h1754218abf443f6d
[INFO] [stdout]                                at /rustc/0e09125c6c3c2fd70d7de961bcf0e51575235fad/library/test/src/lib.rs:601:41
[INFO] [stdout]   57:     0x557d23f530e6 - std::sys_common::backtrace::__rust_begin_short_backtrace::h2ee174b9d5954948
[INFO] [stdout]                                at /rustc/0e09125c6c3c2fd70d7de961bcf0e51575235fad/library/std/src/sys_common/backtrace.rs:155:18
[INFO] [stdout]   58:     0x557d23f58147 - std::thread::Builder::spawn_unchecked_::{{closure}}::{{closure}}::hf60bee9c1a17ef09
[INFO] [stdout]                                at /rustc/0e09125c6c3c2fd70d7de961bcf0e51575235fad/library/std/src/thread/mod.rs:529:17
[INFO] [stdout]   59:     0x557d23f58147 - <core::panic::unwind_safe::AssertUnwindSafe<F> as core::ops::function::FnOnce<()>>::call_once::h33d0dddec5216160
[INFO] [stdout]                                at /rustc/0e09125c6c3c2fd70d7de961bcf0e51575235fad/library/core/src/panic/unwind_safe.rs:272:9
[INFO] [stdout]   60:     0x557d23f58147 - std::panicking::try::do_call::h144b3048b546f835
[INFO] [stdout]                                at /rustc/0e09125c6c3c2fd70d7de961bcf0e51575235fad/library/std/src/panicking.rs:552:40
[INFO] [stdout]   61:     0x557d23f58147 - std::panicking::try::h978244d04646189f
[INFO] [stdout]                                at /rustc/0e09125c6c3c2fd70d7de961bcf0e51575235fad/library/std/src/panicking.rs:516:19
[INFO] [stdout]   62:     0x557d23f58147 - std::panic::catch_unwind::hdf436369d188fe86
[INFO] [stdout]                                at /rustc/0e09125c6c3c2fd70d7de961bcf0e51575235fad/library/std/src/panic.rs:142:14
[INFO] [stdout]   63:     0x557d23f58147 - std::thread::Builder::spawn_unchecked_::{{closure}}::h87329cbdd33c79ec
[INFO] [stdout]                                at /rustc/0e09125c6c3c2fd70d7de961bcf0e51575235fad/library/std/src/thread/mod.rs:528:30
[INFO] [stdout]   64:     0x557d23f58147 - core::ops::function::FnOnce::call_once{{vtable.shim}}::h401abbe67897d450
[INFO] [stdout]                                at /rustc/0e09125c6c3c2fd70d7de961bcf0e51575235fad/library/core/src/ops/function.rs:250:5
[INFO] [stdout]   65:     0x557d24899025 - <alloc::boxed::Box<F,A> as core::ops::function::FnOnce<Args>>::call_once::h5d7c8f150ab9c84c
[INFO] [stdout]                                at /rustc/0e09125c6c3c2fd70d7de961bcf0e51575235fad/library/alloc/src/boxed.rs:2015:9
[INFO] [stdout]   66:     0x557d24899025 - <alloc::boxed::Box<F,A> as core::ops::function::FnOnce<Args>>::call_once::h570d5b005c242c15
[INFO] [stdout]                                at /rustc/0e09125c6c3c2fd70d7de961bcf0e51575235fad/library/alloc/src/boxed.rs:2015:9
[INFO] [stdout]   67:     0x557d24899025 - std::sys::unix::thread::Thread::new::thread_start::h36b0a20c0b2361ad
[INFO] [stdout]                                at /rustc/0e09125c6c3c2fd70d7de961bcf0e51575235fad/library/std/src/sys/unix/thread.rs:108:17
[INFO] [stdout]   68:     0x7f170eee7ac3 - <unknown>
[INFO] [stdout]   69:     0x7f170ef78bf4 - __clone
[INFO] [stdout]   70:                0x0 - <unknown>
[INFO] [stdout] 
[INFO] [stdout] ---- application::repositories::job_repository_test::tests::test_job_repository_update stdout ----
[INFO] [stdout] thread 'application::repositories::job_repository_test::tests::test_job_repository_update' panicked at /opt/rustwide/workdir/src/framework/database/db.rs:33:14:
[INFO] [stdout] Error connecting to postgres://postgres:root@db:5432/encoder?sslmode=disable: Io(Custom { kind: Uncategorized, error: "failed to lookup address information: Temporary failure in name resolution" })
[INFO] [stdout] stack backtrace:
[INFO] [stdout]    0:     0x557d248915a6 - std::backtrace_rs::backtrace::libunwind::trace::h261606ad26a499c1
[INFO] [stdout]                                at /rustc/0e09125c6c3c2fd70d7de961bcf0e51575235fad/library/std/src/../../backtrace/src/backtrace/libunwind.rs:104:5
[INFO] [stdout]    1:     0x557d248915a6 - std::backtrace_rs::backtrace::trace_unsynchronized::hd183f0625477fb28
[INFO] [stdout]                                at /rustc/0e09125c6c3c2fd70d7de961bcf0e51575235fad/library/std/src/../../backtrace/src/backtrace/mod.rs:66:5
[INFO] [stdout]    2:     0x557d248915a6 - std::sys_common::backtrace::_print_fmt::hd7f8fef21b4eda67
[INFO] [stdout]                                at /rustc/0e09125c6c3c2fd70d7de961bcf0e51575235fad/library/std/src/sys_common/backtrace.rs:68:5
[INFO] [stdout]    3:     0x557d248915a6 - <std::sys_common::backtrace::_print::DisplayBacktrace as core::fmt::Display>::fmt::h623d9b51f2f453f1
[INFO] [stdout]                                at /rustc/0e09125c6c3c2fd70d7de961bcf0e51575235fad/library/std/src/sys_common/backtrace.rs:44:22
[INFO] [stdout]    4:     0x557d248bf450 - core::fmt::rt::Argument::fmt::h9f417ac76a86f368
[INFO] [stdout]                                at /rustc/0e09125c6c3c2fd70d7de961bcf0e51575235fad/library/core/src/fmt/rt.rs:142:9
[INFO] [stdout]    5:     0x557d248bf450 - core::fmt::write::hc9b6faf4ac2aeff7
[INFO] [stdout]                                at /rustc/0e09125c6c3c2fd70d7de961bcf0e51575235fad/library/core/src/fmt/mod.rs:1120:17
[INFO] [stdout]    6:     0x557d2488e30f - std::io::Write::write_fmt::he04625a3a989fec3
[INFO] [stdout]                                at /rustc/0e09125c6c3c2fd70d7de961bcf0e51575235fad/library/std/src/io/mod.rs:1810:15
[INFO] [stdout]    7:     0x557d24891384 - std::sys_common::backtrace::_print::hd5d66399c7df88a2
[INFO] [stdout]                                at /rustc/0e09125c6c3c2fd70d7de961bcf0e51575235fad/library/std/src/sys_common/backtrace.rs:47:5
[INFO] [stdout]    8:     0x557d24891384 - std::sys_common::backtrace::print::he81ed2da642d37e5
[INFO] [stdout]                                at /rustc/0e09125c6c3c2fd70d7de961bcf0e51575235fad/library/std/src/sys_common/backtrace.rs:34:9
[INFO] [stdout]    9:     0x557d248930f7 - std::panicking::default_hook::{{closure}}::h85773f4fa117163d
[INFO] [stdout]   10:     0x557d24892ddd - std::panicking::default_hook::h6a1694a91d09b278
[INFO] [stdout]                                at /rustc/0e09125c6c3c2fd70d7de961bcf0e51575235fad/library/std/src/panicking.rs:289:9
[INFO] [stdout]   11:     0x557d23f87757 - <alloc::boxed::Box<F,A> as core::ops::function::Fn<Args>>::call::h616ac37fa3cd6c8f
[INFO] [stdout]                                at /rustc/0e09125c6c3c2fd70d7de961bcf0e51575235fad/library/alloc/src/boxed.rs:2029:9
[INFO] [stdout]   12:     0x557d23f87757 - test::test_main::{{closure}}::h00d84697cefdcbb6
[INFO] [stdout]                                at /rustc/0e09125c6c3c2fd70d7de961bcf0e51575235fad/library/test/src/lib.rs:138:21
[INFO] [stdout]   13:     0x557d24893716 - <alloc::boxed::Box<F,A> as core::ops::function::Fn<Args>>::call::hcb3fe3b9bb537ba8
[INFO] [stdout]                                at /rustc/0e09125c6c3c2fd70d7de961bcf0e51575235fad/library/alloc/src/boxed.rs:2029:9
[INFO] [stdout]   14:     0x557d24893716 - std::panicking::rust_panic_with_hook::h0a7ad96e90f7145b
[INFO] [stdout]                                at /rustc/0e09125c6c3c2fd70d7de961bcf0e51575235fad/library/std/src/panicking.rs:783:13
[INFO] [stdout]   15:     0x557d24893462 - std::panicking::begin_panic_handler::{{closure}}::h7919090525c6485e
[INFO] [stdout]                                at /rustc/0e09125c6c3c2fd70d7de961bcf0e51575235fad/library/std/src/panicking.rs:657:13
[INFO] [stdout]   16:     0x557d24891aa6 - std::sys_common::backtrace::__rust_end_short_backtrace::hf3289479464f7dfe
[INFO] [stdout]                                at /rustc/0e09125c6c3c2fd70d7de961bcf0e51575235fad/library/std/src/sys_common/backtrace.rs:171:18
[INFO] [stdout]   17:     0x557d248931c0 - rust_begin_unwind
[INFO] [stdout]                                at /rustc/0e09125c6c3c2fd70d7de961bcf0e51575235fad/library/std/src/panicking.rs:645:5
[INFO] [stdout]   18:     0x557d23efc9b5 - core::panicking::panic_fmt::hcc9f77c5c132af55
[INFO] [stdout]                                at /rustc/0e09125c6c3c2fd70d7de961bcf0e51575235fad/library/core/src/panicking.rs:72:14
[INFO] [stdout]   19:     0x557d23efcff3 - core::result::unwrap_failed::hbe14f498be1452f9
[INFO] [stdout]                                at /rustc/0e09125c6c3c2fd70d7de961bcf0e51575235fad/library/core/src/result.rs:1649:5
[INFO] [stdout]   20:     0x557d23f28f13 - core::result::Result<T,E>::expect::h9a3f4d4d1490ce66
[INFO] [stdout]                                at /rustc/0e09125c6c3c2fd70d7de961bcf0e51575235fad/library/core/src/result.rs:1030:23
[INFO] [stdout]   21:     0x557d23f449b9 - rust_video_encoder_service::framework::database::db::Database::establish_pg_connection::{{closure}}::h662ba22947f3692f
[INFO] [stdout]                                at /opt/rustwide/workdir/src/framework/database/db.rs:31:16
[INFO] [stdout]   22:     0x557d23f44472 - rust_video_encoder_service::framework::database::db::Database::new_db_test::{{closure}}::h3afa957535745e21
[INFO] [stdout]                                at /opt/rustwide/workdir/src/framework/database/db.rs:25:65
[INFO] [stdout]   23:     0x557d23f304dd - mod::application::repositories::job_repository_test::tests::test_job_repository_update::{{closure}}::h549043368aee9a4c
[INFO] [stdout]                                at /opt/rustwide/workdir/tests/application/repositories/job_repository_test.rs:40:42
[INFO] [stdout]   24:     0x557d23f48d18 - <core::pin::Pin<P> as core::future::future::Future>::poll::h8d85d31535b78011
[INFO] [stdout]                                at /rustc/0e09125c6c3c2fd70d7de961bcf0e51575235fad/library/core/src/future/future.rs:124:9
[INFO] [stdout]   25:     0x557d23f48cbb - <core::pin::Pin<P> as core::future::future::Future>::poll::h8d17ecb5e1e2006b
[INFO] [stdout]                                at /rustc/0e09125c6c3c2fd70d7de961bcf0e51575235fad/library/core/src/future/future.rs:124:9
[INFO] [stdout]   26:     0x557d23f48a14 - tokio::runtime::scheduler::current_thread::CoreGuard::block_on::{{closure}}::{{closure}}::{{closure}}::h097a0bdeb2525e61
[INFO] [stdout]                                at /opt/rustwide/cargo-home/registry/src/index.crates.io-6f17d22bba15001f/tokio-1.32.0/src/runtime/scheduler/current_thread/mod.rs:665:57
[INFO] [stdout]   27:     0x557d23f4893a - tokio::runtime::coop::with_budget::hdecff545dea700ab
[INFO] [stdout]                                at /opt/rustwide/cargo-home/registry/src/index.crates.io-6f17d22bba15001f/tokio-1.32.0/src/runtime/coop.rs:107:5
[INFO] [stdout]   28:     0x557d23f4893a - tokio::runtime::coop::budget::h4cea66773693598d
[INFO] [stdout]                                at /opt/rustwide/cargo-home/registry/src/index.crates.io-6f17d22bba15001f/tokio-1.32.0/src/runtime/coop.rs:73:5
[INFO] [stdout]   29:     0x557d23f4893a - tokio::runtime::scheduler::current_thread::CoreGuard::block_on::{{closure}}::{{closure}}::h26dd5502693ee92f
[INFO] [stdout]                                at /opt/rustwide/cargo-home/registry/src/index.crates.io-6f17d22bba15001f/tokio-1.32.0/src/runtime/scheduler/current_thread/mod.rs:665:25
[INFO] [stdout]   30:     0x557d23f475cc - tokio::runtime::scheduler::current_thread::Context::enter::h7cc0ffab16d391ed
[INFO] [stdout]                                at /opt/rustwide/cargo-home/registry/src/index.crates.io-6f17d22bba15001f/tokio-1.32.0/src/runtime/scheduler/current_thread/mod.rs:410:19
[INFO] [stdout]   31:     0x557d23f4813e - tokio::runtime::scheduler::current_thread::CoreGuard::block_on::{{closure}}::h84bae0f53c1cce7b
[INFO] [stdout]                                at /opt/rustwide/cargo-home/registry/src/index.crates.io-6f17d22bba15001f/tokio-1.32.0/src/runtime/scheduler/current_thread/mod.rs:664:36
[INFO] [stdout]   32:     0x557d23f47e4b - tokio::runtime::scheduler::current_thread::CoreGuard::enter::{{closure}}::h157605ffe2243e43
[INFO] [stdout]                                at /opt/rustwide/cargo-home/registry/src/index.crates.io-6f17d22bba15001f/tokio-1.32.0/src/runtime/scheduler/current_thread/mod.rs:743:68
[INFO] [stdout]   33:     0x557d23f46b8b - tokio::runtime::context::scoped::Scoped<T>::set::h3094277118bfbd45
[INFO] [stdout]                                at /opt/rustwide/cargo-home/registry/src/index.crates.io-6f17d22bba15001f/tokio-1.32.0/src/runtime/context/scoped.rs:40:9
[INFO] [stdout]   34:     0x557d23f209a9 - tokio::runtime::context::set_scheduler::{{closure}}::h02f2ab51c8967077
[INFO] [stdout]                                at /opt/rustwide/cargo-home/registry/src/index.crates.io-6f17d22bba15001f/tokio-1.32.0/src/runtime/context.rs:176:26
[INFO] [stdout]   35:     0x557d23f1d736 - std::thread::local::LocalKey<T>::try_with::hf0fe68f848d74969
[INFO] [stdout]                                at /rustc/0e09125c6c3c2fd70d7de961bcf0e51575235fad/library/std/src/thread/local.rs:270:16
[INFO] [stdout]   36:     0x557d23f1ce3a - std::thread::local::LocalKey<T>::with::h08b512d2bef0b6a1
[INFO] [stdout]                                at /rustc/0e09125c6c3c2fd70d7de961bcf0e51575235fad/library/std/src/thread/local.rs:246:9
[INFO] [stdout]   37:     0x557d23f2095d - tokio::runtime::context::set_scheduler::h7b708e1b60318dc7
[INFO] [stdout]                                at /opt/rustwide/cargo-home/registry/src/index.crates.io-6f17d22bba15001f/tokio-1.32.0/src/runtime/context.rs:176:9
[INFO] [stdout]   38:     0x557d23f47be0 - tokio::runtime::scheduler::current_thread::CoreGuard::enter::he8c6ffcbddf968ee
[INFO] [stdout]                                at /opt/rustwide/cargo-home/registry/src/index.crates.io-6f17d22bba15001f/tokio-1.32.0/src/runtime/scheduler/current_thread/mod.rs:743:27
[INFO] [stdout]   39:     0x557d23f47e7d - tokio::runtime::scheduler::current_thread::CoreGuard::block_on::h65172c8deb2364be
[INFO] [stdout]                                at /opt/rustwide/cargo-home/registry/src/index.crates.io-6f17d22bba15001f/tokio-1.32.0/src/runtime/scheduler/current_thread/mod.rs:652:19
[INFO] [stdout]   40:     0x557d23f46dbd - tokio::runtime::scheduler::current_thread::CurrentThread::block_on::{{closure}}::h1f8586e31e2bd84b
[INFO] [stdout]                                at /opt/rustwide/cargo-home/registry/src/index.crates.io-6f17d22bba15001f/tokio-1.32.0/src/runtime/scheduler/current_thread/mod.rs:175:28
[INFO] [stdout]   41:     0x557d23f386ea - tokio::runtime::context::runtime::enter_runtime::h38818a6cc58532a3
[INFO] [stdout]                                at /opt/rustwide/cargo-home/registry/src/index.crates.io-6f17d22bba15001f/tokio-1.32.0/src/runtime/context/runtime.rs:65:16
[INFO] [stdout]   42:     0x557d23f46cce - tokio::runtime::scheduler::current_thread::CurrentThread::block_on::h09d76f24e5d83ad1
[INFO] [stdout]                                at /opt/rustwide/cargo-home/registry/src/index.crates.io-6f17d22bba15001f/tokio-1.32.0/src/runtime/scheduler/current_thread/mod.rs:167:9
[INFO] [stdout]   43:     0x557d23f29ded - tokio::runtime::runtime::Runtime::block_on::h8821dc0a9b5e9738
[INFO] [stdout]                                at /opt/rustwide/cargo-home/registry/src/index.crates.io-6f17d22bba15001f/tokio-1.32.0/src/runtime/runtime.rs:347:47
[INFO] [stdout]   44:     0x557d23f301b9 - mod::application::repositories::job_repository_test::tests::test_job_repository_update::h21d36c17e90ffbbc
[INFO] [stdout]                                at /opt/rustwide/workdir/tests/application/repositories/job_repository_test.rs:76:9
[INFO] [stdout]   45:     0x557d23f30017 - mod::application::repositories::job_repository_test::tests::test_job_repository_update::{{closure}}::ha351ad5e284dfd41
[INFO] [stdout]                                at /opt/rustwide/workdir/tests/application/repositories/job_repository_test.rs:39:42
[INFO] [stdout]   46:     0x557d23f4b786 - core::ops::function::FnOnce::call_once::h80f22af5c05338e9
[INFO] [stdout]                                at /rustc/0e09125c6c3c2fd70d7de961bcf0e51575235fad/library/core/src/ops/function.rs:250:5
[INFO] [stdout]   47:     0x557d23f8d02f - core::ops::function::FnOnce::call_once::hd64d26f405258157
[INFO] [stdout]                                at /rustc/0e09125c6c3c2fd70d7de961bcf0e51575235fad/library/core/src/ops/function.rs:250:5
[INFO] [stdout]   48:     0x557d23f8d02f - test::__rust_begin_short_backtrace::he21b0b7a6d731bf9
[INFO] [stdout]                                at /rustc/0e09125c6c3c2fd70d7de961bcf0e51575235fad/library/test/src/lib.rs:627:18
[INFO] [stdout]   49:     0x557d23f8bdb1 - test::run_test_in_process::{{closure}}::hf5c73986d7bdfde2
[INFO] [stdout]                                at /rustc/0e09125c6c3c2fd70d7de961bcf0e51575235fad/library/test/src/lib.rs:650:60
[INFO] [stdout]   50:     0x557d23f8bdb1 - <core::panic::unwind_safe::AssertUnwindSafe<F> as core::ops::function::FnOnce<()>>::call_once::h330011ad032aadc0
[INFO] [stdout]                                at /rustc/0e09125c6c3c2fd70d7de961bcf0e51575235fad/library/core/src/panic/unwind_safe.rs:272:9
[INFO] [stdout]   51:     0x557d23f8bdb1 - std::panicking::try::do_call::he61b0a958b795a41
[INFO] [stdout]                                at /rustc/0e09125c6c3c2fd70d7de961bcf0e51575235fad/library/std/src/panicking.rs:552:40
[INFO] [stdout]   52:     0x557d23f8bdb1 - std::panicking::try::h7309da130f906eb7
[INFO] [stdout]                                at /rustc/0e09125c6c3c2fd70d7de961bcf0e51575235fad/library/std/src/panicking.rs:516:19
[INFO] [stdout]   53:     0x557d23f8bdb1 - std::panic::catch_unwind::hc5c3a06fdaf0a92a
[INFO] [stdout]                                at /rustc/0e09125c6c3c2fd70d7de961bcf0e51575235fad/library/std/src/panic.rs:142:14
[INFO] [stdout]   54:     0x557d23f8bdb1 - test::run_test_in_process::h7e7b7c71c3324e0f
[INFO] [stdout]                                at /rustc/0e09125c6c3c2fd70d7de961bcf0e51575235fad/library/test/src/lib.rs:650:27
[INFO] [stdout]   55:     0x557d23f8bdb1 - test::run_test::{{closure}}::h1f509f28f5cf20b1
[INFO] [stdout]                                at /rustc/0e09125c6c3c2fd70d7de961bcf0e51575235fad/library/test/src/lib.rs:573:43
[INFO] [stdout]   56:     0x557d23f530e6 - test::run_test::{{closure}}::h1754218abf443f6d
[INFO] [stdout]                                at /rustc/0e09125c6c3c2fd70d7de961bcf0e51575235fad/library/test/src/lib.rs:601:41
[INFO] [stdout]   57:     0x557d23f530e6 - std::sys_common::backtrace::__rust_begin_short_backtrace::h2ee174b9d5954948
[INFO] [stdout]                                at /rustc/0e09125c6c3c2fd70d7de961bcf0e51575235fad/library/std/src/sys_common/backtrace.rs:155:18
[INFO] [stdout]   58:     0x557d23f58147 - std::thread::Builder::spawn_unchecked_::{{closure}}::{{closure}}::hf60bee9c1a17ef09
[INFO] [stdout]                                at /rustc/0e09125c6c3c2fd70d7de961bcf0e51575235fad/library/std/src/thread/mod.rs:529:17
[INFO] [stdout]   59:     0x557d23f58147 - <core::panic::unwind_safe::AssertUnwindSafe<F> as core::ops::function::FnOnce<()>>::call_once::h33d0dddec5216160
[INFO] [stdout]                                at /rustc/0e09125c6c3c2fd70d7de961bcf0e51575235fad/library/core/src/panic/unwind_safe.rs:272:9
[INFO] [stdout]   60:     0x557d23f58147 - std::panicking::try::do_call::h144b3048b546f835
[INFO] [stdout]                                at /rustc/0e09125c6c3c2fd70d7de961bcf0e51575235fad/library/std/src/panicking.rs:552:40
[INFO] [stdout]   61:     0x557d23f58147 - std::panicking::try::h978244d04646189f
[INFO] [stdout]                                at /rustc/0e09125c6c3c2fd70d7de961bcf0e51575235fad/library/std/src/panicking.rs:516:19
[INFO] [stdout]   62:     0x557d23f58147 - std::panic::catch_unwind::hdf436369d188fe86
[INFO] [stdout]                                at /rustc/0e09125c6c3c2fd70d7de961bcf0e51575235fad/library/std/src/panic.rs:142:14
[INFO] [stdout]   63:     0x557d23f58147 - std::thread::Builder::spawn_unchecked_::{{closure}}::h87329cbdd33c79ec
[INFO] [stdout]                                at /rustc/0e09125c6c3c2fd70d7de961bcf0e51575235fad/library/std/src/thread/mod.rs:528:30
[INFO] [stdout]   64:     0x557d23f58147 - core::ops::function::FnOnce::call_once{{vtable.shim}}::h401abbe67897d450
[INFO] [stdout]                                at /rustc/0e09125c6c3c2fd70d7de961bcf0e51575235fad/library/core/src/ops/function.rs:250:5
[INFO] [stdout]   65:     0x557d24899025 - <alloc::boxed::Box<F,A> as core::ops::function::FnOnce<Args>>::call_once::h5d7c8f150ab9c84c
[INFO] [stdout]                                at /rustc/0e09125c6c3c2fd70d7de961bcf0e51575235fad/library/alloc/src/boxed.rs:2015:9
[INFO] [stdout]   66:     0x557d24899025 - <alloc::boxed::Box<F,A> as core::ops::function::FnOnce<Args>>::call_once::h570d5b005c242c15
[INFO] [stdout]                                at /rustc/0e09125c6c3c2fd70d7de961bcf0e51575235fad/library/alloc/src/boxed.rs:2015:9
[INFO] [stdout]   67:     0x557d24899025 - std::sys::unix::thread::Thread::new::thread_start::h36b0a20c0b2361ad
[INFO] [stdout]                                at /rustc/0e09125c6c3c2fd70d7de961bcf0e51575235fad/library/std/src/sys/unix/thread.rs:108:17
[INFO] [stdout]   68:     0x7f170eee7ac3 - <unknown>
[INFO] [stdout]   69:     0x7f170ef78bf4 - __clone
[INFO] [stdout]   70:                0x0 - <unknown>
[INFO] [stdout] 
[INFO] [stdout] ---- application::services::video_service_test::tests::test_video_service_download stdout ----
[INFO] [stdout] thread 'application::services::video_service_test::tests::test_video_service_download' panicked at /opt/rustwide/workdir/src/framework/database/db.rs:33:14:
[INFO] [stdout] Error connecting to postgres://postgres:root@db:5432/encoder?sslmode=disable: Io(Custom { kind: Uncategorized, error: "failed to lookup address information: Temporary failure in name resolution" })
[INFO] [stdout] stack backtrace:
[INFO] [stdout]    0:     0x557d248915a6 - std::backtrace_rs::backtrace::libunwind::trace::h261606ad26a499c1
[INFO] [stdout]                                at /rustc/0e09125c6c3c2fd70d7de961bcf0e51575235fad/library/std/src/../../backtrace/src/backtrace/libunwind.rs:104:5
[INFO] [stdout]    1:     0x557d248915a6 - std::backtrace_rs::backtrace::trace_unsynchronized::hd183f0625477fb28
[INFO] [stdout]                                at /rustc/0e09125c6c3c2fd70d7de961bcf0e51575235fad/library/std/src/../../backtrace/src/backtrace/mod.rs:66:5
[INFO] [stdout]    2:     0x557d248915a6 - std::sys_common::backtrace::_print_fmt::hd7f8fef21b4eda67
[INFO] [stdout]                                at /rustc/0e09125c6c3c2fd70d7de961bcf0e51575235fad/library/std/src/sys_common/backtrace.rs:68:5
[INFO] [stdout]    3:     0x557d248915a6 - <std::sys_common::backtrace::_print::DisplayBacktrace as core::fmt::Display>::fmt::h623d9b51f2f453f1
[INFO] [stdout]                                at /rustc/0e09125c6c3c2fd70d7de961bcf0e51575235fad/library/std/src/sys_common/backtrace.rs:44:22
[INFO] [stdout]    4:     0x557d248bf450 - core::fmt::rt::Argument::fmt::h9f417ac76a86f368
[INFO] [stdout]                                at /rustc/0e09125c6c3c2fd70d7de961bcf0e51575235fad/library/core/src/fmt/rt.rs:142:9
[INFO] [stdout]    5:     0x557d248bf450 - core::fmt::write::hc9b6faf4ac2aeff7
[INFO] [stdout]                                at /rustc/0e09125c6c3c2fd70d7de961bcf0e51575235fad/library/core/src/fmt/mod.rs:1120:17
[INFO] [stdout]    6:     0x557d2488e30f - std::io::Write::write_fmt::he04625a3a989fec3
[INFO] [stdout]                                at /rustc/0e09125c6c3c2fd70d7de961bcf0e51575235fad/library/std/src/io/mod.rs:1810:15
[INFO] [stdout]    7:     0x557d24891384 - std::sys_common::backtrace::_print::hd5d66399c7df88a2
[INFO] [stdout]                                at /rustc/0e09125c6c3c2fd70d7de961bcf0e51575235fad/library/std/src/sys_common/backtrace.rs:47:5
[INFO] [stdout]    8:     0x557d24891384 - std::sys_common::backtrace::print::he81ed2da642d37e5
[INFO] [stdout]                                at /rustc/0e09125c6c3c2fd70d7de961bcf0e51575235fad/library/std/src/sys_common/backtrace.rs:34:9
[INFO] [stdout]    9:     0x557d248930f7 - std::panicking::default_hook::{{closure}}::h85773f4fa117163d
[INFO] [stdout]   10:     0x557d24892ddd - std::panicking::default_hook::h6a1694a91d09b278
[INFO] [stdout]                                at /rustc/0e09125c6c3c2fd70d7de961bcf0e51575235fad/library/std/src/panicking.rs:289:9
[INFO] [stdout]   11:     0x557d23f87757 - <alloc::boxed::Box<F,A> as core::ops::function::Fn<Args>>::call::h616ac37fa3cd6c8f
[INFO] [stdout]                                at /rustc/0e09125c6c3c2fd70d7de961bcf0e51575235fad/library/alloc/src/boxed.rs:2029:9
[INFO] [stdout]   12:     0x557d23f87757 - test::test_main::{{closure}}::h00d84697cefdcbb6
[INFO] [stdout]                                at /rustc/0e09125c6c3c2fd70d7de961bcf0e51575235fad/library/test/src/lib.rs:138:21
[INFO] [stdout]   13:     0x557d24893716 - <alloc::boxed::Box<F,A> as core::ops::function::Fn<Args>>::call::hcb3fe3b9bb537ba8
[INFO] [stdout]                                at /rustc/0e09125c6c3c2fd70d7de961bcf0e51575235fad/library/alloc/src/boxed.rs:2029:9
[INFO] [stdout]   14:     0x557d24893716 - std::panicking::rust_panic_with_hook::h0a7ad96e90f7145b
[INFO] [stdout]                                at /rustc/0e09125c6c3c2fd70d7de961bcf0e51575235fad/library/std/src/panicking.rs:783:13
[INFO] [stdout]   15:     0x557d24893462 - std::panicking::begin_panic_handler::{{closure}}::h7919090525c6485e
[INFO] [stdout]                                at /rustc/0e09125c6c3c2fd70d7de961bcf0e51575235fad/library/std/src/panicking.rs:657:13
[INFO] [stdout]   16:     0x557d24891aa6 - std::sys_common::backtrace::__rust_end_short_backtrace::hf3289479464f7dfe
[INFO] [stdout]                                at /rustc/0e09125c6c3c2fd70d7de961bcf0e51575235fad/library/std/src/sys_common/backtrace.rs:171:18
[INFO] [stdout]   17:     0x557d248931c0 - rust_begin_unwind
[INFO] [stdout]                                at /rustc/0e09125c6c3c2fd70d7de961bcf0e51575235fad/library/std/src/panicking.rs:645:5
[INFO] [stdout]   18:     0x557d23efc9b5 - core::panicking::panic_fmt::hcc9f77c5c132af55
[INFO] [stdout]                                at /rustc/0e09125c6c3c2fd70d7de961bcf0e51575235fad/library/core/src/panicking.rs:72:14
[INFO] [stdout]   19:     0x557d23efcff3 - core::result::unwrap_failed::hbe14f498be1452f9
[INFO] [stdout]                                at /rustc/0e09125c6c3c2fd70d7de961bcf0e51575235fad/library/core/src/result.rs:1649:5
[INFO] [stdout]   20:     0x557d23f28f13 - core::result::Result<T,E>::expect::h9a3f4d4d1490ce66
[INFO] [stdout]                                at /rustc/0e09125c6c3c2fd70d7de961bcf0e51575235fad/library/core/src/result.rs:1030:23
[INFO] [stdout]   21:     0x557d23f449b9 - rust_video_encoder_service::framework::database::db::Database::establish_pg_connection::{{closure}}::h662ba22947f3692f
[INFO] [stdout]                                at /opt/rustwide/workdir/src/framework/database/db.rs:31:16
[INFO] [stdout]   22:     0x557d23f44472 - rust_video_encoder_service::framework::database::db::Database::new_db_test::{{closure}}::h3afa957535745e21
[INFO] [stdout]                                at /opt/rustwide/workdir/src/framework/database/db.rs:25:65
[INFO] [stdout]   23:     0x557d23f2e407 - mod::application::services::video_service_test::prepare::{{closure}}::hd2d938eb16cf7b2f
[INFO] [stdout]                                at /opt/rustwide/workdir/tests/application/services/video_service_test.rs:10:38
[INFO] [stdout]   24:     0x557d23f404d4 - mod::application::services::video_service_test::tests::test_video_service_download::{{closure}}::he5185149b59fff70
[INFO] [stdout]                                at /opt/rustwide/workdir/tests/application/services/video_service_test.rs:33:51
[INFO] [stdout]   25:     0x557d23f48d18 - <core::pin::Pin<P> as core::future::future::Future>::poll::h8d85d31535b78011
[INFO] [stdout]                                at /rustc/0e09125c6c3c2fd70d7de961bcf0e51575235fad/library/core/src/future/future.rs:124:9
[INFO] [stdout]   26:     0x557d23f48cbb - <core::pin::Pin<P> as core::future::future::Future>::poll::h8d17ecb5e1e2006b
[INFO] [stdout]                                at /rustc/0e09125c6c3c2fd70d7de961bcf0e51575235fad/library/core/src/future/future.rs:124:9
[INFO] [stdout]   27:     0x557d23f48a14 - tokio::runtime::scheduler::current_thread::CoreGuard::block_on::{{closure}}::{{closure}}::{{closure}}::h097a0bdeb2525e61
[INFO] [stdout]                                at /opt/rustwide/cargo-home/registry/src/index.crates.io-6f17d22bba15001f/tokio-1.32.0/src/runtime/scheduler/current_thread/mod.rs:665:57
[INFO] [stdout]   28:     0x557d23f4893a - tokio::runtime::coop::with_budget::hdecff545dea700ab
[INFO] [stdout]                                at /opt/rustwide/cargo-home/registry/src/index.crates.io-6f17d22bba15001f/tokio-1.32.0/src/runtime/coop.rs:107:5
[INFO] [stdout]   29:     0x557d23f4893a - tokio::runtime::coop::budget::h4cea66773693598d
[INFO] [stdout]                                at /opt/rustwide/cargo-home/registry/src/index.crates.io-6f17d22bba15001f/tokio-1.32.0/src/runtime/coop.rs:73:5
[INFO] [stdout]   30:     0x557d23f4893a - tokio::runtime::scheduler::current_thread::CoreGuard::block_on::{{closure}}::{{closure}}::h26dd5502693ee92f
[INFO] [stdout]                                at /opt/rustwide/cargo-home/registry/src/index.crates.io-6f17d22bba15001f/tokio-1.32.0/src/runtime/scheduler/current_thread/mod.rs:665:25
[INFO] [stdout]   31:     0x557d23f475cc - tokio::runtime::scheduler::current_thread::Context::enter::h7cc0ffab16d391ed
[INFO] [stdout]                                at /opt/rustwide/cargo-home/registry/src/index.crates.io-6f17d22bba15001f/tokio-1.32.0/src/runtime/scheduler/current_thread/mod.rs:410:19
[INFO] [stdout]   32:     0x557d23f4813e - tokio::runtime::scheduler::current_thread::CoreGuard::block_on::{{closure}}::h84bae0f53c1cce7b
[INFO] [stdout]                                at /opt/rustwide/cargo-home/registry/src/index.crates.io-6f17d22bba15001f/tokio-1.32.0/src/runtime/scheduler/current_thread/mod.rs:664:36
[INFO] [stdout]   33:     0x557d23f47e4b - tokio::runtime::scheduler::current_thread::CoreGuard::enter::{{closure}}::h157605ffe2243e43
[INFO] [stdout]                                at /opt/rustwide/cargo-home/registry/src/index.crates.io-6f17d22bba15001f/tokio-1.32.0/src/runtime/scheduler/current_thread/mod.rs:743:68
[INFO] [stdout]   34:     0x557d23f46b8b - tokio::runtime::context::scoped::Scoped<T>::set::h3094277118bfbd45
[INFO] [stdout]                                at /opt/rustwide/cargo-home/registry/src/index.crates.io-6f17d22bba15001f/tokio-1.32.0/src/runtime/context/scoped.rs:40:9
[INFO] [stdout]   35:     0x557d23f209a9 - tokio::runtime::context::set_scheduler::{{closure}}::h02f2ab51c8967077
[INFO] [stdout]                                at /opt/rustwide/cargo-home/registry/src/index.crates.io-6f17d22bba15001f/tokio-1.32.0/src/runtime/context.rs:176:26
[INFO] [stdout]   36:     0x557d23f1d736 - std::thread::local::LocalKey<T>::try_with::hf0fe68f848d74969
[INFO] [stdout]                                at /rustc/0e09125c6c3c2fd70d7de961bcf0e51575235fad/library/std/src/thread/local.rs:270:16
[INFO] [stdout]   37:     0x557d23f1ce3a - std::thread::local::LocalKey<T>::with::h08b512d2bef0b6a1
[INFO] [stdout]                                at /rustc/0e09125c6c3c2fd70d7de961bcf0e51575235fad/library/std/src/thread/local.rs:246:9
[INFO] [stdout]   38:     0x557d23f2095d - tokio::runtime::context::set_scheduler::h7b708e1b60318dc7
[INFO] [stdout]                                at /opt/rustwide/cargo-home/registry/src/index.crates.io-6f17d22bba15001f/tokio-1.32.0/src/runtime/context.rs:176:9
[INFO] [stdout]   39:     0x557d23f47be0 - tokio::runtime::scheduler::current_thread::CoreGuard::enter::he8c6ffcbddf968ee
[INFO] [stdout]                                at /opt/rustwide/cargo-home/registry/src/index.crates.io-6f17d22bba15001f/tokio-1.32.0/src/runtime/scheduler/current_thread/mod.rs:743:27
[INFO] [stdout]   40:     0x557d23f47e7d - tokio::runtime::scheduler::current_thread::CoreGuard::block_on::h65172c8deb2364be
[INFO] [stdout]                                at /opt/rustwide/cargo-home/registry/src/index.crates.io-6f17d22bba15001f/tokio-1.32.0/src/runtime/scheduler/current_thread/mod.rs:652:19
[INFO] [stdout]   41:     0x557d23f46dbd - tokio::runtime::scheduler::current_thread::CurrentThread::block_on::{{closure}}::h1f8586e31e2bd84b
[INFO] [stdout]                                at /opt/rustwide/cargo-home/registry/src/index.crates.io-6f17d22bba15001f/tokio-1.32.0/src/runtime/scheduler/current_thread/mod.rs:175:28
[INFO] [stdout]   42:     0x557d23f386ea - tokio::runtime::context::runtime::enter_runtime::h38818a6cc58532a3
[INFO] [stdout]                                at /opt/rustwide/cargo-home/registry/src/index.crates.io-6f17d22bba15001f/tokio-1.32.0/src/runtime/context/runtime.rs:65:16
[INFO] [stdout]   43:     0x557d23f46cce - tokio::runtime::scheduler::current_thread::CurrentThread::block_on::h09d76f24e5d83ad1
[INFO] [stdout]                                at /opt/rustwide/cargo-home/registry/src/index.crates.io-6f17d22bba15001f/tokio-1.32.0/src/runtime/scheduler/current_thread/mod.rs:167:9
[INFO] [stdout]   44:     0x557d23f29ded - tokio::runtime::runtime::Runtime::block_on::h8821dc0a9b5e9738
[INFO] [stdout]                                at /opt/rustwide/cargo-home/registry/src/index.crates.io-6f17d22bba15001f/tokio-1.32.0/src/runtime/runtime.rs:347:47
[INFO] [stdout]   45:     0x557d23f40229 - mod::application::services::video_service_test::tests::test_video_service_download::h1d58b3d9726ab944
[INFO] [stdout]                                at /opt/rustwide/workdir/tests/application/services/video_service_test.rs:44:9
[INFO] [stdout]   46:     0x557d23f40087 - mod::application::services::video_service_test::tests::test_video_service_download::{{closure}}::h75e0a6c7d660b4fa
[INFO] [stdout]                                at /opt/rustwide/workdir/tests/application/services/video_service_test.rs:32:43
[INFO] [stdout]   47:     0x557d23f4baa6 - core::ops::function::FnOnce::call_once::hf72f293c5a6a9521
[INFO] [stdout]                                at /rustc/0e09125c6c3c2fd70d7de961bcf0e51575235fad/library/core/src/ops/function.rs:250:5
[INFO] [stdout]   48:     0x557d23f8d02f - core::ops::function::FnOnce::call_once::hd64d26f405258157
[INFO] [stdout]                                at /rustc/0e09125c6c3c2fd70d7de961bcf0e51575235fad/library/core/src/ops/function.rs:250:5
[INFO] [stdout]   49:     0x557d23f8d02f - test::__rust_begin_short_backtrace::he21b0b7a6d731bf9
[INFO] [stdout]                                at /rustc/0e09125c6c3c2fd70d7de961bcf0e51575235fad/library/test/src/lib.rs:627:18
[INFO] [stdout]   50:     0x557d23f8bdb1 - test::run_test_in_process::{{closure}}::hf5c73986d7bdfde2
[INFO] [stdout]                                at /rustc/0e09125c6c3c2fd70d7de961bcf0e51575235fad/library/test/src/lib.rs:650:60
[INFO] [stdout]   51:     0x557d23f8bdb1 - <core::panic::unwind_safe::AssertUnwindSafe<F> as core::ops::function::FnOnce<()>>::call_once::h330011ad032aadc0
[INFO] [stdout]                                at /rustc/0e09125c6c3c2fd70d7de961bcf0e51575235fad/library/core/src/panic/unwind_safe.rs:272:9
[INFO] [stdout]   52:     0x557d23f8bdb1 - std::panicking::try::do_call::he61b0a958b795a41
[INFO] [stdout]                                at /rustc/0e09125c6c3c2fd70d7de961bcf0e51575235fad/library/std/src/panicking.rs:552:40
[INFO] [stdout]   53:     0x557d23f8bdb1 - std::panicking::try::h7309da130f906eb7
[INFO] [stdout]                                at /rustc/0e09125c6c3c2fd70d7de961bcf0e51575235fad/library/std/src/panicking.rs:516:19
[INFO] [stdout]   54:     0x557d23f8bdb1 - std::panic::catch_unwind::hc5c3a06fdaf0a92a
[INFO] [stdout]                                at /rustc/0e09125c6c3c2fd70d7de961bcf0e51575235fad/library/std/src/panic.rs:142:14
[INFO] [stdout]   55:     0x557d23f8bdb1 - test::run_test_in_process::h7e7b7c71c3324e0f
[INFO] [stdout]                                at /rustc/0e09125c6c3c2fd70d7de961bcf0e51575235fad/library/test/src/lib.rs:650:27
[INFO] [stdout]   56:     0x557d23f8bdb1 - test::run_test::{{closure}}::h1f509f28f5cf20b1
[INFO] [stdout]                                at /rustc/0e09125c6c3c2fd70d7de961bcf0e51575235fad/library/test/src/lib.rs:573:43
[INFO] [stdout]   57:     0x557d23f530e6 - test::run_test::{{closure}}::h1754218abf443f6d
[INFO] [stdout]                                at /rustc/0e09125c6c3c2fd70d7de961bcf0e51575235fad/library/test/src/lib.rs:601:41
[INFO] [stdout]   58:     0x557d23f530e6 - std::sys_common::backtrace::__rust_begin_short_backtrace::h2ee174b9d5954948
[INFO] [stdout]                                at /rustc/0e09125c6c3c2fd70d7de961bcf0e51575235fad/library/std/src/sys_common/backtrace.rs:155:18
[INFO] [stdout]   59:     0x557d23f58147 - std::thread::Builder::spawn_unchecked_::{{closure}}::{{closure}}::hf60bee9c1a17ef09
[INFO] [stdout]                                at /rustc/0e09125c6c3c2fd70d7de961bcf0e51575235fad/library/std/src/thread/mod.rs:529:17
[INFO] [stdout]   60:     0x557d23f58147 - <core::panic::unwind_safe::AssertUnwindSafe<F> as core::ops::function::FnOnce<()>>::call_once::h33d0dddec5216160
[INFO] [stdout]                                at /rustc/0e09125c6c3c2fd70d7de961bcf0e51575235fad/library/core/src/panic/unwind_safe.rs:272:9
[INFO] [stdout]   61:     0x557d23f58147 - std::panicking::try::do_call::h144b3048b546f835
[INFO] [stdout]                                at /rustc/0e09125c6c3c2fd70d7de961bcf0e51575235fad/library/std/src/panicking.rs:552:40
[INFO] [stdout]   62:     0x557d23f58147 - std::panicking::try::h978244d04646189f
[INFO] [stdout]                                at /rustc/0e09125c6c3c2fd70d7de961bcf0e51575235fad/library/std/src/panicking.rs:516:19
[INFO] [stdout]   63:     0x557d23f58147 - std::panic::catch_unwind::hdf436369d188fe86
[INFO] [stdout]                                at /rustc/0e09125c6c3c2fd70d7de961bcf0e51575235fad/library/std/src/panic.rs:142:14
[INFO] [stdout]   64:     0x557d23f58147 - std::thread::Builder::spawn_unchecked_::{{closure}}::h87329cbdd33c79ec
[INFO] [stdout]                                at /rustc/0e09125c6c3c2fd70d7de961bcf0e51575235fad/library/std/src/thread/mod.rs:528:30
[INFO] [stdout]   65:     0x557d23f58147 - core::ops::function::FnOnce::call_once{{vtable.shim}}::h401abbe67897d450
[INFO] [stdout]                                at /rustc/0e09125c6c3c2fd70d7de961bcf0e51575235fad/library/core/src/ops/function.rs:250:5
[INFO] [stdout]   66:     0x557d24899025 - <alloc::boxed::Box<F,A> as core::ops::function::FnOnce<Args>>::call_once::h5d7c8f150ab9c84c
[INFO] [stdout]                                at /rustc/0e09125c6c3c2fd70d7de961bcf0e51575235fad/library/alloc/src/boxed.rs:2015:9
[INFO] [stdout]   67:     0x557d24899025 - <alloc::boxed::Box<F,A> as core::ops::function::FnOnce<Args>>::call_once::h570d5b005c242c15
[INFO] [stdout]                                at /rustc/0e09125c6c3c2fd70d7de961bcf0e51575235fad/library/alloc/src/boxed.rs:2015:9
[INFO] [stdout]   68:     0x557d24899025 - std::sys::unix::thread::Thread::new::thread_start::h36b0a20c0b2361ad
[INFO] [stdout]                                at /rustc/0e09125c6c3c2fd70d7de961bcf0e51575235fad/library/std/src/sys/unix/thread.rs:108:17
[INFO] [stdout]   69:     0x7f170eee7ac3 - <unknown>
[INFO] [stdout]   70:     0x7f170ef78bf4 - __clone
[INFO] [stdout]   71:                0x0 - <unknown>
[INFO] [stdout] 
[INFO] [stdout] 
[INFO] [stdout] failures:
[INFO] [stdout]     application::repositories::job_repository_test::tests::test_job_repository_insert
[INFO] [stdout]     application::repositories::job_repository_test::tests::test_job_repository_update
[INFO] [stdout]     application::repositories::video_repository_test::tests::test_video_repository_insert
[INFO] [stdout]     application::services::video_service_test::tests::test_video_service_download
[INFO] [stdout] 
[INFO] [stdout] test result: FAILED. 5 passed; 4 failed; 0 ignored; 0 measured; 0 filtered out; finished in 0.20s
[INFO] [stdout] 
[INFO] [stderr] error: test failed, to rerun pass `--test mod`
[INFO] running `Command { std: "docker" "inspect" "107ebf88115e306803f7a05e656cf37d7f8d0ef55e97b7c4e30f2ef2cfd7ce77", kill_on_drop: false }`
[INFO] running `Command { std: "docker" "rm" "-f" "107ebf88115e306803f7a05e656cf37d7f8d0ef55e97b7c4e30f2ef2cfd7ce77", kill_on_drop: false }`
[INFO] [stdout] 107ebf88115e306803f7a05e656cf37d7f8d0ef55e97b7c4e30f2ef2cfd7ce77
