[INFO] cloning repository https://github.com/capsuleappcyou/capsule-cli
[INFO] running `Command { std: "git" "-c" "credential.helper=" "-c" "credential.helper=/workspace/cargo-home/bin/git-credential-null" "clone" "--bare" "https://github.com/capsuleappcyou/capsule-cli" "/workspace/cache/git-repos/https%3A%2F%2Fgithub.com%2Fcapsuleappcyou%2Fcapsule-cli", kill_on_drop: false }`
[INFO] [stderr] Cloning into bare repository '/workspace/cache/git-repos/https%3A%2F%2Fgithub.com%2Fcapsuleappcyou%2Fcapsule-cli'...
[INFO] running `Command { std: "git" "rev-parse" "HEAD", kill_on_drop: false }`
[INFO] [stdout] 8d1c153c4faef40cda69a93754e63ed0cfe8624a
[INFO] testing capsuleappcyou/capsule-cli against 1.75.0 for beta-1.76-1
[INFO] running `Command { std: "git" "clone" "/workspace/cache/git-repos/https%3A%2F%2Fgithub.com%2Fcapsuleappcyou%2Fcapsule-cli" "/workspace/builds/worker-4-tc1/source", kill_on_drop: false }`
[INFO] [stderr] Cloning into '/workspace/builds/worker-4-tc1/source'...
[INFO] [stderr] done.
[INFO] validating manifest of git repo https://github.com/capsuleappcyou/capsule-cli on toolchain 1.75.0
[INFO] running `Command { std: CARGO_HOME="/workspace/cargo-home" RUSTUP_HOME="/workspace/rustup-home" "/workspace/cargo-home/bin/cargo" "+1.75.0" "metadata" "--manifest-path" "Cargo.toml" "--no-deps", kill_on_drop: false }`
[INFO] started tweaking git repo https://github.com/capsuleappcyou/capsule-cli
[INFO] finished tweaking git repo https://github.com/capsuleappcyou/capsule-cli
[INFO] tweaked toml for git repo https://github.com/capsuleappcyou/capsule-cli written to /workspace/builds/worker-4-tc1/source/Cargo.toml
[INFO] crate git repo https://github.com/capsuleappcyou/capsule-cli already has a lockfile, it will not be regenerated
[INFO] running `Command { std: CARGO_HOME="/workspace/cargo-home" RUSTUP_HOME="/workspace/rustup-home" "/workspace/cargo-home/bin/cargo" "+1.75.0" "fetch" "--manifest-path" "Cargo.toml", kill_on_drop: false }`
[INFO] [stderr]  Downloading crates ...
[INFO] [stderr]   Downloaded mockall_derive v0.11.0
[INFO] [stderr]   Downloaded git2 v0.14.2
[INFO] [stderr]   Downloaded libgit2-sys v0.13.2+1.4.2
[INFO] [stderr]   Downloaded fragile v1.2.0
[INFO] [stderr]   Downloaded deadpool v0.9.2
[INFO] [stderr]   Downloaded mockall v0.11.0
[INFO] [stderr]   Downloaded wiremock v0.5.12
[INFO] running `Command { std: "docker" "create" "-v" "/var/lib/crater-agent-workspace/builds/worker-4-tc1/target:/opt/rustwide/target:rw,Z" "-v" "/var/lib/crater-agent-workspace/builds/worker-4-tc1/source:/opt/rustwide/workdir:ro,Z" "-v" "/var/lib/crater-agent-workspace/cargo-home:/opt/rustwide/cargo-home:ro,Z" "-v" "/var/lib/crater-agent-workspace/rustup-home:/opt/rustwide/rustup-home:ro,Z" "-e" "SOURCE_DIR=/opt/rustwide/workdir" "-e" "CARGO_TARGET_DIR=/opt/rustwide/target" "-e" "CARGO_HOME=/opt/rustwide/cargo-home" "-e" "RUSTUP_HOME=/opt/rustwide/rustup-home" "-w" "/opt/rustwide/workdir" "-m" "1610612736" "--user" "0:0" "--network" "none" "ghcr.io/rust-lang/crates-build-env/linux@sha256:2788e3201cd34a07e3172128adcd8b3090168a8e3bcc40d7c032b9dda1df7d1c" "/opt/rustwide/cargo-home/bin/cargo" "+1.75.0" "metadata" "--no-deps" "--format-version=1", kill_on_drop: false }`
[INFO] [stdout] ad55ee4e125e3ebc01fe104cc3d998cc79c3ab4a853c4b78966fc30b97546837
[INFO] running `Command { std: "docker" "start" "-a" "ad55ee4e125e3ebc01fe104cc3d998cc79c3ab4a853c4b78966fc30b97546837", kill_on_drop: false }`
[INFO] running `Command { std: "docker" "inspect" "ad55ee4e125e3ebc01fe104cc3d998cc79c3ab4a853c4b78966fc30b97546837", kill_on_drop: false }`
[INFO] running `Command { std: "docker" "rm" "-f" "ad55ee4e125e3ebc01fe104cc3d998cc79c3ab4a853c4b78966fc30b97546837", kill_on_drop: false }`
[INFO] [stdout] ad55ee4e125e3ebc01fe104cc3d998cc79c3ab4a853c4b78966fc30b97546837
[INFO] running `Command { std: "docker" "create" "-v" "/var/lib/crater-agent-workspace/builds/worker-4-tc1/target:/opt/rustwide/target:rw,Z" "-v" "/var/lib/crater-agent-workspace/builds/worker-4-tc1/source:/opt/rustwide/workdir:ro,Z" "-v" "/var/lib/crater-agent-workspace/cargo-home:/opt/rustwide/cargo-home:ro,Z" "-v" "/var/lib/crater-agent-workspace/rustup-home:/opt/rustwide/rustup-home:ro,Z" "-e" "SOURCE_DIR=/opt/rustwide/workdir" "-e" "CARGO_TARGET_DIR=/opt/rustwide/target" "-e" "CARGO_INCREMENTAL=0" "-e" "RUST_BACKTRACE=full" "-e" "RUSTFLAGS=--cap-lints=warn" "-e" "RUSTDOCFLAGS=--cap-lints=warn" "-e" "CARGO_HOME=/opt/rustwide/cargo-home" "-e" "RUSTUP_HOME=/opt/rustwide/rustup-home" "-w" "/opt/rustwide/workdir" "-m" "1610612736" "--user" "0:0" "--network" "none" "ghcr.io/rust-lang/crates-build-env/linux@sha256:2788e3201cd34a07e3172128adcd8b3090168a8e3bcc40d7c032b9dda1df7d1c" "/opt/rustwide/cargo-home/bin/cargo" "+1.75.0" "build" "--frozen" "--message-format=json", kill_on_drop: false }`
[INFO] [stdout] 655493d0b0c32083a4f4da1e1dcca6ac8b3cf2b2457edbda7647cfa7ae77cdde
[INFO] running `Command { std: "docker" "start" "-a" "655493d0b0c32083a4f4da1e1dcca6ac8b3cf2b2457edbda7647cfa7ae77cdde", kill_on_drop: false }`
[INFO] [stderr]    Compiling libc v0.2.122
[INFO] [stderr]    Compiling pkg-config v0.3.25
[INFO] [stderr]    Compiling autocfg v1.1.0
[INFO] [stderr]    Compiling proc-macro2 v1.0.37
[INFO] [stderr]    Compiling syn v1.0.91
[INFO] [stderr]    Compiling version_check v0.9.4
[INFO] [stderr]    Compiling log v0.4.16
[INFO] [stderr]    Compiling tinyvec_macros v0.1.0
[INFO] [stderr]    Compiling futures-core v0.3.21
[INFO] [stderr]    Compiling serde_derive v1.0.136
[INFO] [stderr]    Compiling matches v0.1.9
[INFO] [stderr]    Compiling serde v1.0.136
[INFO] [stderr]    Compiling cache-padded v1.2.0
[INFO] [stderr]    Compiling unicode-bidi v0.3.7
[INFO] [stderr]    Compiling pin-project-lite v0.2.8
[INFO] [stderr]    Compiling percent-encoding v2.1.0
[INFO] [stderr]    Compiling tinyvec v1.5.1
[INFO] [stderr]    Compiling concurrent-queue v1.2.2
[INFO] [stderr]    Compiling tracing-core v0.1.24
[INFO] [stderr]    Compiling curl v0.4.43
[INFO] [stderr]    Compiling form_urlencoded v1.0.1
[INFO] [stderr]    Compiling itoa v1.0.1
[INFO] [stderr]    Compiling proc-macro-error-attr v1.0.4
[INFO] [stderr]    Compiling proc-macro-error v1.0.4
[INFO] [stderr]    Compiling serde_json v1.0.79
[INFO] [stderr]    Compiling indexmap v1.8.1
[INFO] [stderr]    Compiling event-listener v2.5.2
[INFO] [stderr]    Compiling encoding_rs v0.8.31
[INFO] [stderr]    Compiling futures-io v0.3.21
[INFO] [stderr]    Compiling crossbeam-utils v0.8.8
[INFO] [stderr]    Compiling openssl-probe v0.1.5
[INFO] [stderr]    Compiling fnv v1.0.7
[INFO] [stderr]    Compiling async-channel v1.6.1
[INFO] [stderr]    Compiling parking v2.0.0
[INFO] [stderr]    Compiling bitflags v1.3.2
[INFO] [stderr]    Compiling ryu v1.0.9
[INFO] [stderr]    Compiling hashbrown v0.11.2
[INFO] [stderr]    Compiling waker-fn v1.1.0
[INFO] [stderr]    Compiling heck v0.4.0
[INFO] [stderr]    Compiling isahc v1.7.0
[INFO] [stderr]    Compiling bytes v1.1.0
[INFO] [stderr]    Compiling fastrand v1.7.0
[INFO] [stderr]    Compiling sluice v0.5.5
[INFO] [stderr]    Compiling os_str_bytes v6.0.0
[INFO] [stderr]    Compiling mime v0.3.16
[INFO] [stderr]    Compiling textwrap v0.15.0
[INFO] [stderr]    Compiling quote v1.0.17
[INFO] [stderr]    Compiling futures-lite v1.12.0
[INFO] [stderr]    Compiling strsim v0.10.0
[INFO] [stderr]    Compiling termcolor v1.1.3
[INFO] [stderr]    Compiling once_cell v1.10.0
[INFO] [stderr]    Compiling http v0.2.6
[INFO] [stderr]    Compiling unicode-normalization v0.1.19
[INFO] [stderr]    Compiling jobserver v0.1.24
[INFO] [stderr]    Compiling socket2 v0.4.4
[INFO] [stderr]    Compiling atty v0.2.14
[INFO] [stderr]    Compiling polling v2.2.0
[INFO] [stderr]    Compiling slab v0.4.6
[INFO] [stderr]    Compiling castaway v0.1.2
[INFO] [stderr]    Compiling cc v1.0.73
[INFO] [stderr]    Compiling idna v0.2.3
[INFO] [stderr]    Compiling openssl-sys v0.9.72
[INFO] [stderr]    Compiling libz-sys v1.1.5
[INFO] [stderr]    Compiling libnghttp2-sys v0.1.7+1.45.0
[INFO] [stderr]    Compiling curl-sys v0.4.53+curl-7.82.0
[INFO] [stderr]    Compiling libssh2-sys v0.2.23
[INFO] [stderr]    Compiling libgit2-sys v0.13.2+1.4.2
[INFO] [stderr]    Compiling url v2.2.2
[INFO] [stderr]    Compiling tracing-attributes v0.1.20
[INFO] [stderr]    Compiling pin-project-internal v1.0.10
[INFO] [stderr]    Compiling clap_derive v3.1.7
[INFO] [stderr]    Compiling git2 v0.14.2
[INFO] [stderr]    Compiling pin-project v1.0.10
[INFO] [stderr]    Compiling tracing v0.1.32
[INFO] [stderr]    Compiling tracing-futures v0.2.5
[INFO] [stderr]    Compiling clap v3.1.8
[INFO] [stderr]    Compiling capsule v0.1.0 (/opt/rustwide/workdir)
[INFO] [stderr]     Finished dev [unoptimized + debuginfo] target(s) in 18.07s
[INFO] running `Command { std: "docker" "inspect" "655493d0b0c32083a4f4da1e1dcca6ac8b3cf2b2457edbda7647cfa7ae77cdde", kill_on_drop: false }`
[INFO] running `Command { std: "docker" "rm" "-f" "655493d0b0c32083a4f4da1e1dcca6ac8b3cf2b2457edbda7647cfa7ae77cdde", kill_on_drop: false }`
[INFO] [stdout] 655493d0b0c32083a4f4da1e1dcca6ac8b3cf2b2457edbda7647cfa7ae77cdde
[INFO] running `Command { std: "docker" "create" "-v" "/var/lib/crater-agent-workspace/builds/worker-4-tc1/target:/opt/rustwide/target:rw,Z" "-v" "/var/lib/crater-agent-workspace/builds/worker-4-tc1/source:/opt/rustwide/workdir:ro,Z" "-v" "/var/lib/crater-agent-workspace/cargo-home:/opt/rustwide/cargo-home:ro,Z" "-v" "/var/lib/crater-agent-workspace/rustup-home:/opt/rustwide/rustup-home:ro,Z" "-e" "SOURCE_DIR=/opt/rustwide/workdir" "-e" "CARGO_TARGET_DIR=/opt/rustwide/target" "-e" "CARGO_INCREMENTAL=0" "-e" "RUST_BACKTRACE=full" "-e" "RUSTFLAGS=--cap-lints=warn" "-e" "RUSTDOCFLAGS=--cap-lints=warn" "-e" "CARGO_HOME=/opt/rustwide/cargo-home" "-e" "RUSTUP_HOME=/opt/rustwide/rustup-home" "-w" "/opt/rustwide/workdir" "-m" "1610612736" "--user" "0:0" "--network" "none" "ghcr.io/rust-lang/crates-build-env/linux@sha256:2788e3201cd34a07e3172128adcd8b3090168a8e3bcc40d7c032b9dda1df7d1c" "/opt/rustwide/cargo-home/bin/cargo" "+1.75.0" "test" "--frozen" "--no-run" "--message-format=json", kill_on_drop: false }`
[INFO] [stdout] a222288bdd9f6f48369d8b3175f2780fc31d7dc938396b10daac9ef32c1783f5
[INFO] running `Command { std: "docker" "start" "-a" "a222288bdd9f6f48369d8b3175f2780fc31d7dc938396b10daac9ef32c1783f5", kill_on_drop: false }`
[INFO] [stderr]    Compiling log v0.4.16
[INFO] [stderr]    Compiling value-bag v1.0.0-alpha.8
[INFO] [stderr]    Compiling socket2 v0.4.4
[INFO] [stderr]    Compiling futures-sink v0.3.21
[INFO] [stderr]    Compiling futures-channel v0.3.21
[INFO] [stderr]    Compiling futures-task v0.3.21
[INFO] [stderr]    Compiling futures-util v0.3.21
[INFO] [stderr]    Compiling pin-utils v0.1.0
[INFO] [stderr]    Compiling ctor v0.1.22
[INFO] [stderr]    Compiling futures-macro v0.3.21
[INFO] [stderr]    Compiling getrandom v0.1.16
[INFO] [stderr]    Compiling url v2.2.2
[INFO] [stderr]    Compiling num-traits v0.2.14
[INFO] [stderr]    Compiling thiserror-impl v1.0.30
[INFO] [stderr]    Compiling num_cpus v1.13.1
[INFO] [stderr]    Compiling ppv-lite86 v0.2.16
[INFO] [stderr]    Compiling async-trait v0.1.53
[INFO] [stderr]    Compiling async-task v4.2.0
[INFO] [stderr]    Compiling rand_core v0.5.1
[INFO] [stderr]    Compiling anyhow v1.0.56
[INFO] [stderr]    Compiling httparse v1.6.0
[INFO] [stderr]    Compiling regex v1.5.5
[INFO] [stderr]    Compiling predicates-core v1.0.3
[INFO] [stderr]    Compiling atomic-waker v1.0.0
[INFO] [stderr]    Compiling rand_chacha v0.2.2
[INFO] [stderr]    Compiling http-types v2.12.0
[INFO] [stderr]    Compiling try-lock v0.2.3
[INFO] [stderr]    Compiling itertools v0.10.3
[INFO] [stderr]    Compiling blocking v1.2.0
[INFO] [stderr]    Compiling curl v0.4.43
[INFO] [stderr]    Compiling async-executor v1.4.1
[INFO] [stderr]    Compiling serde_urlencoded v0.7.1
[INFO] [stderr]    Compiling rand v0.7.3
[INFO] [stderr]    Compiling http-body v0.4.4
[INFO] [stderr]    Compiling async-mutex v1.4.0
[INFO] [stderr]    Compiling termtree v0.2.4
[INFO] [stderr]    Compiling infer v0.2.3
[INFO] [stderr]    Compiling difflib v0.4.0
[INFO] [stderr]    Compiling normalize-line-endings v0.3.0
[INFO] [stderr]    Compiling deadpool-runtime v0.1.2
[INFO] [stderr]    Compiling httpdate v1.0.2
[INFO] [stderr]    Compiling tower-service v0.3.1
[INFO] [stderr]    Compiling predicates-tree v1.0.5
[INFO] [stderr]    Compiling assert-json-diff v2.0.1
[INFO] [stderr]    Compiling mockall_derive v0.11.0
[INFO] [stderr]    Compiling float-cmp v0.9.0
[INFO] [stderr]    Compiling async-attributes v1.1.2
[INFO] [stderr]    Compiling rand v0.4.6
[INFO] [stderr]    Compiling async-lock v2.5.0
[INFO] [stderr]    Compiling futures-timer v3.0.2
[INFO] [stderr]    Compiling remove_dir_all v0.5.3
[INFO] [stderr]    Compiling downcast v0.11.0
[INFO] [stderr]    Compiling tracing v0.1.32
[INFO] [stderr]    Compiling mio v0.8.2
[INFO] [stderr]    Compiling polling v2.2.0
[INFO] [stderr]    Compiling want v0.3.0
[INFO] [stderr]    Compiling tracing-futures v0.2.5
[INFO] [stderr]    Compiling async-io v1.6.0
[INFO] [stderr]    Compiling predicates v2.1.1
[INFO] [stderr]    Compiling isahc v1.7.0
[INFO] [stderr]    Compiling kv-log-macro v1.0.7
[INFO] [stderr]    Compiling git2 v0.14.2
[INFO] [stderr]    Compiling thiserror v1.0.30
[INFO] [stderr]    Compiling fragile v1.2.0
[INFO] [stderr]    Compiling tempdir v0.3.7
[INFO] [stderr]    Compiling serde_qs v0.8.5
[INFO] [stderr]    Compiling tokio v1.17.0
[INFO] [stderr]    Compiling async-global-executor v2.0.4
[INFO] [stderr]    Compiling async-std v1.11.0
[INFO] [stderr]    Compiling mockall v0.11.0
[INFO] [stderr]    Compiling futures-executor v0.3.21
[INFO] [stderr]    Compiling capsule v0.1.0 (/opt/rustwide/workdir)
[INFO] [stderr]    Compiling futures v0.3.21
[INFO] [stderr]    Compiling tokio-util v0.7.1
[INFO] [stderr]    Compiling deadpool v0.9.2
[INFO] [stderr]    Compiling h2 v0.3.13
[INFO] [stderr]    Compiling hyper v0.14.18
[INFO] [stderr]    Compiling wiremock v0.5.12
[INFO] [stderr]     Finished test [unoptimized + debuginfo] target(s) in 18.32s
[INFO] running `Command { std: "docker" "inspect" "a222288bdd9f6f48369d8b3175f2780fc31d7dc938396b10daac9ef32c1783f5", kill_on_drop: false }`
[INFO] running `Command { std: "docker" "rm" "-f" "a222288bdd9f6f48369d8b3175f2780fc31d7dc938396b10daac9ef32c1783f5", kill_on_drop: false }`
[INFO] [stdout] a222288bdd9f6f48369d8b3175f2780fc31d7dc938396b10daac9ef32c1783f5
[INFO] running `Command { std: "docker" "create" "-v" "/var/lib/crater-agent-workspace/builds/worker-4-tc1/target:/opt/rustwide/target:rw,Z" "-v" "/var/lib/crater-agent-workspace/builds/worker-4-tc1/source:/opt/rustwide/workdir:ro,Z" "-v" "/var/lib/crater-agent-workspace/cargo-home:/opt/rustwide/cargo-home:ro,Z" "-v" "/var/lib/crater-agent-workspace/rustup-home:/opt/rustwide/rustup-home:ro,Z" "-e" "SOURCE_DIR=/opt/rustwide/workdir" "-e" "CARGO_TARGET_DIR=/opt/rustwide/target" "-e" "CARGO_INCREMENTAL=0" "-e" "RUST_BACKTRACE=full" "-e" "RUSTFLAGS=--cap-lints=warn" "-e" "RUSTDOCFLAGS=--cap-lints=warn" "-e" "CARGO_HOME=/opt/rustwide/cargo-home" "-e" "RUSTUP_HOME=/opt/rustwide/rustup-home" "-w" "/opt/rustwide/workdir" "-m" "1610612736" "--user" "0:0" "--network" "none" "ghcr.io/rust-lang/crates-build-env/linux@sha256:2788e3201cd34a07e3172128adcd8b3090168a8e3bcc40d7c032b9dda1df7d1c" "/opt/rustwide/cargo-home/bin/cargo" "+1.75.0" "test" "--frozen", kill_on_drop: false }`
[INFO] [stdout] 25158e95c71bbd459c394c2d1132e253ce2170140fe771ad81b491e6f891d52a
[INFO] running `Command { std: "docker" "start" "-a" "25158e95c71bbd459c394c2d1132e253ce2170140fe771ad81b491e6f891d52a", kill_on_drop: false }`
[INFO] [stderr]     Finished test [unoptimized + debuginfo] target(s) in 0.19s
[INFO] [stderr]      Running unittests src/lib.rs (/opt/rustwide/target/debug/deps/capsule-93f6881b3b1ca93a)
[INFO] [stdout] 
[INFO] [stdout] running 7 tests
[INFO] [stdout] test cmd_create_application::tests::should_create_application_if_application_directory_is_not_a_git_repository ... ok
[INFO] [stdout] test api::http::tests::should_return_error_if_server_response_500 ... ok
[INFO] [stdout] test api::http::tests::should_send_create_application_request_to_api_server ... ok
[INFO] [stdout] test cmd_create_application::tests::should_create_application_if_application_directory_is_a_git_repository ... ok
[INFO] [stdout] test cmd_create_application::tests::should_add_remote_git_repository_if_application_directory_is_a_git_repository ... ok
[INFO] [stdout] test cmd_create_application::tests::should_create_application_if_git_remote_repository_was_present ... ok
[INFO] [stdout] test api::http::tests::should_return_error_if_server_time_out ... ok
[INFO] [stdout] 
[INFO] [stdout] test result: ok. 7 passed; 0 failed; 0 ignored; 0 measured; 0 filtered out; finished in 1.01s
[INFO] [stdout] 
[INFO] [stderr]      Running unittests src/main.rs (/opt/rustwide/target/debug/deps/capsule-c098559da4d08d4e)
[INFO] [stdout] 
[INFO] [stdout] running 1 test
[INFO] [stdout] test tests::should_print_url_and_git_repo_if_create_application_successfully ... FAILED
[INFO] [stdout] 
[INFO] [stdout] failures:
[INFO] [stdout] 
[INFO] [stdout] ---- tests::should_print_url_and_git_repo_if_create_application_successfully stdout ----
[INFO] [stdout] thread 'tests::should_print_url_and_git_repo_if_create_application_successfully' panicked at src/main.rs:111:9:
[INFO] [stdout] assertion `left == right` failed
[INFO] [stdout]   left: "Creating application... failed to create locked file '/opt/rustwide/workdir/.git/config.lock': Read-only file system; class=Os (2)"
[INFO] [stdout]  right: "Creating application... done, first_capsule_application"
[INFO] [stdout] stack backtrace:
[INFO] [stdout]    0:     0x56405c6872bc - std::backtrace_rs::backtrace::libunwind::trace::ha637c64ce894333a
[INFO] [stdout]                                at /rustc/82e1608dfa6e0b5569232559e3d385fea5a93112/library/std/src/../../backtrace/src/backtrace/libunwind.rs:104:5
[INFO] [stdout]    1:     0x56405c6872bc - std::backtrace_rs::backtrace::trace_unsynchronized::h47f62dea28e0c88d
[INFO] [stdout]                                at /rustc/82e1608dfa6e0b5569232559e3d385fea5a93112/library/std/src/../../backtrace/src/backtrace/mod.rs:66:5
[INFO] [stdout]    2:     0x56405c6872bc - std::sys_common::backtrace::_print_fmt::h9eef0abe20ede486
[INFO] [stdout]                                at /rustc/82e1608dfa6e0b5569232559e3d385fea5a93112/library/std/src/sys_common/backtrace.rs:67:5
[INFO] [stdout]    3:     0x56405c6872bc - <std::sys_common::backtrace::_print::DisplayBacktrace as core::fmt::Display>::fmt::hed7f999df88cc644
[INFO] [stdout]                                at /rustc/82e1608dfa6e0b5569232559e3d385fea5a93112/library/std/src/sys_common/backtrace.rs:44:22
[INFO] [stdout]    4:     0x56405c6b4830 - core::fmt::rt::Argument::fmt::h1539a9308b8d058d
[INFO] [stdout]                                at /rustc/82e1608dfa6e0b5569232559e3d385fea5a93112/library/core/src/fmt/rt.rs:142:9
[INFO] [stdout]    5:     0x56405c6b4830 - core::fmt::write::h3a39390d8560d9c9
[INFO] [stdout]                                at /rustc/82e1608dfa6e0b5569232559e3d385fea5a93112/library/core/src/fmt/mod.rs:1120:17
[INFO] [stdout]    6:     0x56405c683f0f - std::io::Write::write_fmt::h040b369f3a0f9cbc
[INFO] [stdout]                                at /rustc/82e1608dfa6e0b5569232559e3d385fea5a93112/library/std/src/io/mod.rs:1762:15
[INFO] [stdout]    7:     0x56405c6870a4 - std::sys_common::backtrace::_print::h894006fb5c6f3d45
[INFO] [stdout]                                at /rustc/82e1608dfa6e0b5569232559e3d385fea5a93112/library/std/src/sys_common/backtrace.rs:47:5
[INFO] [stdout]    8:     0x56405c6870a4 - std::sys_common::backtrace::print::h23a2d212c6fff936
[INFO] [stdout]                                at /rustc/82e1608dfa6e0b5569232559e3d385fea5a93112/library/std/src/sys_common/backtrace.rs:34:9
[INFO] [stdout]    9:     0x56405c688d67 - std::panicking::default_hook::{{closure}}::h8a1d2ee00185001a
[INFO] [stdout]   10:     0x56405c688a53 - std::panicking::default_hook::h6038f2eba384e475
[INFO] [stdout]                                at /rustc/82e1608dfa6e0b5569232559e3d385fea5a93112/library/std/src/panicking.rs:289:9
[INFO] [stdout]   11:     0x56405bf6a2a7 - <alloc::boxed::Box<F,A> as core::ops::function::Fn<Args>>::call::h0ad024c9bdc6d768
[INFO] [stdout]                                at /rustc/82e1608dfa6e0b5569232559e3d385fea5a93112/library/alloc/src/boxed.rs:2021:9
[INFO] [stdout]   12:     0x56405bf6a2a7 - test::test_main::{{closure}}::h7500b54257359db6
[INFO] [stdout]                                at /rustc/82e1608dfa6e0b5569232559e3d385fea5a93112/library/test/src/lib.rs:138:21
[INFO] [stdout]   13:     0x56405c689378 - <alloc::boxed::Box<F,A> as core::ops::function::Fn<Args>>::call::h1f8f335eaa9cfaee
[INFO] [stdout]                                at /rustc/82e1608dfa6e0b5569232559e3d385fea5a93112/library/alloc/src/boxed.rs:2021:9
[INFO] [stdout]   14:     0x56405c689378 - std::panicking::rust_panic_with_hook::h2b5517d590cab22e
[INFO] [stdout]                                at /rustc/82e1608dfa6e0b5569232559e3d385fea5a93112/library/std/src/panicking.rs:783:13
[INFO] [stdout]   15:     0x56405c6890ce - std::panicking::begin_panic_handler::{{closure}}::h233112c06e0ef43e
[INFO] [stdout]                                at /rustc/82e1608dfa6e0b5569232559e3d385fea5a93112/library/std/src/panicking.rs:657:13
[INFO] [stdout]   16:     0x56405c687786 - std::sys_common::backtrace::__rust_end_short_backtrace::h6e893f24d7ebbff8
[INFO] [stdout]                                at /rustc/82e1608dfa6e0b5569232559e3d385fea5a93112/library/std/src/sys_common/backtrace.rs:170:18
[INFO] [stdout]   17:     0x56405c688e32 - rust_begin_unwind
[INFO] [stdout]                                at /rustc/82e1608dfa6e0b5569232559e3d385fea5a93112/library/std/src/panicking.rs:645:5
[INFO] [stdout]   18:     0x56405bf1d995 - core::panicking::panic_fmt::hbf0e066aabfa482c
[INFO] [stdout]                                at /rustc/82e1608dfa6e0b5569232559e3d385fea5a93112/library/core/src/panicking.rs:72:14
[INFO] [stdout]   19:     0x56405bf1ddeb - core::panicking::assert_failed_inner::h0bba8b7c26ee4492
[INFO] [stdout]   20:     0x56405bf2e6de - core::panicking::assert_failed::hb647c3169a2138c0
[INFO] [stdout]                                at /rustc/82e1608dfa6e0b5569232559e3d385fea5a93112/library/core/src/panicking.rs:279:5
[INFO] [stdout]   21:     0x56405bf28055 - capsule::tests::should_print_url_and_git_repo_if_create_application_successfully::{{closure}}::hff9bf418c82079bf
[INFO] [stdout]                                at /opt/rustwide/workdir/src/main.rs:111:9
[INFO] [stdout]   22:     0x56405bf2c632 - <async_std::task::builder::SupportTaskLocals<F> as core::future::future::Future>::poll::{{closure}}::ha41703b9b44ea23e
[INFO] [stdout]                                at /opt/rustwide/cargo-home/registry/src/index.crates.io-6f17d22bba15001f/async-std-1.11.0/src/task/builder.rs:199:17
[INFO] [stdout]   23:     0x56405bf2c023 - async_std::task::task_locals_wrapper::TaskLocalsWrapper::set_current::{{closure}}::h1925cebb683aefeb
[INFO] [stdout]                                at /opt/rustwide/cargo-home/registry/src/index.crates.io-6f17d22bba15001f/async-std-1.11.0/src/task/task_locals_wrapper.rs:60:13
[INFO] [stdout]   24:     0x56405bf2940e - std::thread::local::LocalKey<T>::try_with::hf90208baa2f7337c
[INFO] [stdout]                                at /rustc/82e1608dfa6e0b5569232559e3d385fea5a93112/library/std/src/thread/local.rs:270:16
[INFO] [stdout]   25:     0x56405bf2865a - std::thread::local::LocalKey<T>::with::hd966f8fee2429686
[INFO] [stdout]                                at /rustc/82e1608dfa6e0b5569232559e3d385fea5a93112/library/std/src/thread/local.rs:246:9
[INFO] [stdout]   26:     0x56405bf2bf58 - async_std::task::task_locals_wrapper::TaskLocalsWrapper::set_current::h6b431e19c7bda08b
[INFO] [stdout]                                at /opt/rustwide/cargo-home/registry/src/index.crates.io-6f17d22bba15001f/async-std-1.11.0/src/task/task_locals_wrapper.rs:55:9
[INFO] [stdout]   27:     0x56405bf2c5f5 - <async_std::task::builder::SupportTaskLocals<F> as core::future::future::Future>::poll::hdb8cd11d0e0ad275
[INFO] [stdout]                                at /opt/rustwide/cargo-home/registry/src/index.crates.io-6f17d22bba15001f/async-std-1.11.0/src/task/builder.rs:197:13
[INFO] [stdout]   28:     0x56405bf359f4 - <futures_lite::future::Or<F1,F2> as core::future::future::Future>::poll::h2d921a4832de99f8
[INFO] [stdout]                                at /opt/rustwide/cargo-home/registry/src/index.crates.io-6f17d22bba15001f/futures-lite-1.12.0/src/future.rs:526:33
[INFO] [stdout]   29:     0x56405bf2cea9 - async_executor::Executor::run::{{closure}}::hed5f8374c52a5edc
[INFO] [stdout]                                at /opt/rustwide/cargo-home/registry/src/index.crates.io-6f17d22bba15001f/async-executor-1.4.1/src/lib.rs:242:32
[INFO] [stdout]   30:     0x56405bf2caf1 - async_executor::LocalExecutor::run::{{closure}}::h5267d35d4fa0f712
[INFO] [stdout]                                at /opt/rustwide/cargo-home/registry/src/index.crates.io-6f17d22bba15001f/async-executor-1.4.1/src/lib.rs:447:34
[INFO] [stdout]   31:     0x56405bf2ac9c - async_io::driver::block_on::h395ef0cc983d8961
[INFO] [stdout]                                at /opt/rustwide/cargo-home/registry/src/index.crates.io-6f17d22bba15001f/async-io-1.6.0/src/driver.rs:142:33
[INFO] [stdout]   32:     0x56405bf2d34f - async_global_executor::reactor::block_on::{{closure}}::h9ae01a9989f6b929
[INFO] [stdout]                                at /opt/rustwide/cargo-home/registry/src/index.crates.io-6f17d22bba15001f/async-global-executor-2.0.4/src/reactor.rs:3:18
[INFO] [stdout]   33:     0x56405bf2d31f - async_global_executor::reactor::block_on::hea0ebe5c2d8247b0
[INFO] [stdout]                                at /opt/rustwide/cargo-home/registry/src/index.crates.io-6f17d22bba15001f/async-global-executor-2.0.4/src/reactor.rs:12:5
[INFO] [stdout]   34:     0x56405bf3213d - async_global_executor::executor::block_on::{{closure}}::h423ac49532450f57
[INFO] [stdout]                                at /opt/rustwide/cargo-home/registry/src/index.crates.io-6f17d22bba15001f/async-global-executor-2.0.4/src/executor.rs:26:36
[INFO] [stdout]   35:     0x56405bf28ba7 - std::thread::local::LocalKey<T>::try_with::h9d24f7e0b2d64d0a
[INFO] [stdout]                                at /rustc/82e1608dfa6e0b5569232559e3d385fea5a93112/library/std/src/thread/local.rs:270:16
[INFO] [stdout]   36:     0x56405bf285ba - std::thread::local::LocalKey<T>::with::h7371e945b5d17e97
[INFO] [stdout]                                at /rustc/82e1608dfa6e0b5569232559e3d385fea5a93112/library/std/src/thread/local.rs:246:9
[INFO] [stdout]   37:     0x56405bf320e6 - async_global_executor::executor::block_on::h74c79104a3bb45ae
[INFO] [stdout]                                at /opt/rustwide/cargo-home/registry/src/index.crates.io-6f17d22bba15001f/async-global-executor-2.0.4/src/executor.rs:26:5
[INFO] [stdout]   38:     0x56405bf3159c - async_std::task::builder::Builder::blocking::{{closure}}::{{closure}}::h2c7fbfc0fb4d17e7
[INFO] [stdout]                                at /opt/rustwide/cargo-home/registry/src/index.crates.io-6f17d22bba15001f/async-std-1.11.0/src/task/builder.rs:171:25
[INFO] [stdout]   39:     0x56405bf2c15f - async_std::task::task_locals_wrapper::TaskLocalsWrapper::set_current::{{closure}}::h1a97e16c03fe1311
[INFO] [stdout]                                at /opt/rustwide/cargo-home/registry/src/index.crates.io-6f17d22bba15001f/async-std-1.11.0/src/task/task_locals_wrapper.rs:60:13
[INFO] [stdout]   40:     0x56405bf28d45 - std::thread::local::LocalKey<T>::try_with::h9f2523bba837db09
[INFO] [stdout]                                at /rustc/82e1608dfa6e0b5569232559e3d385fea5a93112/library/std/src/thread/local.rs:270:16
[INFO] [stdout]   41:     0x56405bf2862a - std::thread::local::LocalKey<T>::with::hbc765ffa44638e1d
[INFO] [stdout]                                at /rustc/82e1608dfa6e0b5569232559e3d385fea5a93112/library/std/src/thread/local.rs:246:9
[INFO] [stdout]   42:     0x56405bf2bf16 - async_std::task::task_locals_wrapper::TaskLocalsWrapper::set_current::h5087666f166489e9
[INFO] [stdout]                                at /opt/rustwide/cargo-home/registry/src/index.crates.io-6f17d22bba15001f/async-std-1.11.0/src/task/task_locals_wrapper.rs:55:9
[INFO] [stdout]   43:     0x56405bf314ef - async_std::task::builder::Builder::blocking::{{closure}}::h56ee21f6e97944ea
[INFO] [stdout]                                at /opt/rustwide/cargo-home/registry/src/index.crates.io-6f17d22bba15001f/async-std-1.11.0/src/task/builder.rs:168:17
[INFO] [stdout]   44:     0x56405bf29297 - std::thread::local::LocalKey<T>::try_with::he665ec7162a65a3c
[INFO] [stdout]                                at /rustc/82e1608dfa6e0b5569232559e3d385fea5a93112/library/std/src/thread/local.rs:270:16
[INFO] [stdout]   45:     0x56405bf2854a - std::thread::local::LocalKey<T>::with::h6365b74e2fd6631d
[INFO] [stdout]                                at /rustc/82e1608dfa6e0b5569232559e3d385fea5a93112/library/std/src/thread/local.rs:246:9
[INFO] [stdout]   46:     0x56405bf31188 - async_std::task::builder::Builder::blocking::h9a8c35d2e2250cda
[INFO] [stdout]                                at /opt/rustwide/cargo-home/registry/src/index.crates.io-6f17d22bba15001f/async-std-1.11.0/src/task/builder.rs:161:9
[INFO] [stdout]   47:     0x56405bf2719e - async_std::task::block_on::block_on::ha1c1056da5a53819
[INFO] [stdout]                                at /opt/rustwide/cargo-home/registry/src/index.crates.io-6f17d22bba15001f/async-std-1.11.0/src/task/block_on.rs:33:5
[INFO] [stdout]   48:     0x56405bf274c6 - capsule::tests::should_print_url_and_git_repo_if_create_application_successfully::h1da21d244af499f8
[INFO] [stdout]                                at /opt/rustwide/workdir/src/main.rs:84:5
[INFO] [stdout]   49:     0x56405bf27497 - capsule::tests::should_print_url_and_git_repo_if_create_application_successfully::{{closure}}::hafcb78a60b792253
[INFO] [stdout]                                at /opt/rustwide/workdir/src/main.rs:84:23
[INFO] [stdout]   50:     0x56405bf1f6d6 - core::ops::function::FnOnce::call_once::h83effe4ad9afed10
[INFO] [stdout]                                at /rustc/82e1608dfa6e0b5569232559e3d385fea5a93112/library/core/src/ops/function.rs:250:5
[INFO] [stdout]   51:     0x56405bf6f8ff - core::ops::function::FnOnce::call_once::h2b5d431d5046312d
[INFO] [stdout]                                at /rustc/82e1608dfa6e0b5569232559e3d385fea5a93112/library/core/src/ops/function.rs:250:5
[INFO] [stdout]   52:     0x56405bf6f8ff - test::__rust_begin_short_backtrace::h7714669af176e207
[INFO] [stdout]                                at /rustc/82e1608dfa6e0b5569232559e3d385fea5a93112/library/test/src/lib.rs:628:18
[INFO] [stdout]   53:     0x56405bf6e915 - test::run_test_in_process::{{closure}}::h85218797dcbcec12
[INFO] [stdout]                                at /rustc/82e1608dfa6e0b5569232559e3d385fea5a93112/library/test/src/lib.rs:651:60
[INFO] [stdout]   54:     0x56405bf6e915 - <core::panic::unwind_safe::AssertUnwindSafe<F> as core::ops::function::FnOnce<()>>::call_once::h76c106ea31c14d7b
[INFO] [stdout]                                at /rustc/82e1608dfa6e0b5569232559e3d385fea5a93112/library/core/src/panic/unwind_safe.rs:272:9
[INFO] [stdout]   55:     0x56405bf6e915 - std::panicking::try::do_call::h3bd5d0f6620ee946
[INFO] [stdout]                                at /rustc/82e1608dfa6e0b5569232559e3d385fea5a93112/library/std/src/panicking.rs:552:40
[INFO] [stdout]   56:     0x56405bf6e915 - std::panicking::try::h232e535e4744fe31
[INFO] [stdout]                                at /rustc/82e1608dfa6e0b5569232559e3d385fea5a93112/library/std/src/panicking.rs:516:19
[INFO] [stdout]   57:     0x56405bf6e915 - std::panic::catch_unwind::h3ce3bd6ca8dbac68
[INFO] [stdout]                                at /rustc/82e1608dfa6e0b5569232559e3d385fea5a93112/library/std/src/panic.rs:142:14
[INFO] [stdout]   58:     0x56405bf6e915 - test::run_test_in_process::hc97b257c9621286a
[INFO] [stdout]                                at /rustc/82e1608dfa6e0b5569232559e3d385fea5a93112/library/test/src/lib.rs:651:27
[INFO] [stdout]   59:     0x56405bf6e915 - test::run_test::{{closure}}::h2aa798823a438d38
[INFO] [stdout]                                at /rustc/82e1608dfa6e0b5569232559e3d385fea5a93112/library/test/src/lib.rs:574:43
[INFO] [stdout]   60:     0x56405bf36bd6 - test::run_test::{{closure}}::h87d231c78fb59832
[INFO] [stdout]                                at /rustc/82e1608dfa6e0b5569232559e3d385fea5a93112/library/test/src/lib.rs:602:41
[INFO] [stdout]   61:     0x56405bf36bd6 - std::sys_common::backtrace::__rust_begin_short_backtrace::he6df152596625789
[INFO] [stdout]                                at /rustc/82e1608dfa6e0b5569232559e3d385fea5a93112/library/std/src/sys_common/backtrace.rs:154:18
[INFO] [stdout]   62:     0x56405bf3bc87 - std::thread::Builder::spawn_unchecked_::{{closure}}::{{closure}}::ha94be15d1e0acf36
[INFO] [stdout]                                at /rustc/82e1608dfa6e0b5569232559e3d385fea5a93112/library/std/src/thread/mod.rs:529:17
[INFO] [stdout]   63:     0x56405bf3bc87 - <core::panic::unwind_safe::AssertUnwindSafe<F> as core::ops::function::FnOnce<()>>::call_once::h9dc6bd6372f16606
[INFO] [stdout]                                at /rustc/82e1608dfa6e0b5569232559e3d385fea5a93112/library/core/src/panic/unwind_safe.rs:272:9
[INFO] [stdout]   64:     0x56405bf3bc87 - std::panicking::try::do_call::h9057517f80303cd4
[INFO] [stdout]                                at /rustc/82e1608dfa6e0b5569232559e3d385fea5a93112/library/std/src/panicking.rs:552:40
[INFO] [stdout]   65:     0x56405bf3bc87 - std::panicking::try::he3a30b11ee45340c
[INFO] [stdout]                                at /rustc/82e1608dfa6e0b5569232559e3d385fea5a93112/library/std/src/panicking.rs:516:19
[INFO] [stdout]   66:     0x56405bf3bc87 - std::panic::catch_unwind::h410458cfd3528b8b
[INFO] [stdout]                                at /rustc/82e1608dfa6e0b5569232559e3d385fea5a93112/library/std/src/panic.rs:142:14
[INFO] [stdout]   67:     0x56405bf3bc87 - std::thread::Builder::spawn_unchecked_::{{closure}}::h72ac3bdb567b737b
[INFO] [stdout]                                at /rustc/82e1608dfa6e0b5569232559e3d385fea5a93112/library/std/src/thread/mod.rs:528:30
[INFO] [stdout]   68:     0x56405bf3bc87 - core::ops::function::FnOnce::call_once{{vtable.shim}}::h38f34da3654a8344
[INFO] [stdout]                                at /rustc/82e1608dfa6e0b5569232559e3d385fea5a93112/library/core/src/ops/function.rs:250:5
[INFO] [stdout]   69:     0x56405c68e095 - <alloc::boxed::Box<F,A> as core::ops::function::FnOnce<Args>>::call_once::hc7eafaff61e32df9
[INFO] [stdout]                                at /rustc/82e1608dfa6e0b5569232559e3d385fea5a93112/library/alloc/src/boxed.rs:2007:9
[INFO] [stdout]   70:     0x56405c68e095 - <alloc::boxed::Box<F,A> as core::ops::function::FnOnce<Args>>::call_once::h6ba4a5de48dd2304
[INFO] [stdout]                                at /rustc/82e1608dfa6e0b5569232559e3d385fea5a93112/library/alloc/src/boxed.rs:2007:9
[INFO] [stdout]   71:     0x56405c68e095 - std::sys::unix::thread::Thread::new::thread_start::he469335aef763e45
[INFO] [stdout]                                at /rustc/82e1608dfa6e0b5569232559e3d385fea5a93112/library/std/src/sys/unix/thread.rs:108:17
[INFO] [stdout]   72:     0x7fabf6748ac3 - <unknown>
[INFO] [stdout]   73:     0x7fabf67d9bf4 - __clone
[INFO] [stdout]   74:                0x0 - <unknown>
[INFO] [stdout] 
[INFO] [stdout] 
[INFO] [stdout] failures:
[INFO] [stdout]     tests::should_print_url_and_git_repo_if_create_application_successfully
[INFO] [stdout] 
[INFO] [stdout] test result: FAILED. 0 passed; 1 failed; 0 ignored; 0 measured; 0 filtered out; finished in 0.12s
[INFO] [stdout] 
[INFO] [stderr] error: test failed, to rerun pass `--bin capsule`
[INFO] running `Command { std: "docker" "inspect" "25158e95c71bbd459c394c2d1132e253ce2170140fe771ad81b491e6f891d52a", kill_on_drop: false }`
[INFO] running `Command { std: "docker" "rm" "-f" "25158e95c71bbd459c394c2d1132e253ce2170140fe771ad81b491e6f891d52a", kill_on_drop: false }`
[INFO] [stdout] 25158e95c71bbd459c394c2d1132e253ce2170140fe771ad81b491e6f891d52a
[INFO] testing capsuleappcyou/capsule-cli against beta-2023-12-22 for beta-1.76-1
[INFO] running `Command { std: "git" "clone" "/workspace/cache/git-repos/https%3A%2F%2Fgithub.com%2Fcapsuleappcyou%2Fcapsule-cli" "/workspace/builds/worker-4-tc2/source", kill_on_drop: false }`
[INFO] [stderr] Cloning into '/workspace/builds/worker-4-tc2/source'...
[INFO] [stderr] done.
[INFO] validating manifest of git repo https://github.com/capsuleappcyou/capsule-cli on toolchain beta-2023-12-22
[INFO] running `Command { std: CARGO_HOME="/workspace/cargo-home" RUSTUP_HOME="/workspace/rustup-home" "/workspace/cargo-home/bin/cargo" "+beta-2023-12-22" "metadata" "--manifest-path" "Cargo.toml" "--no-deps", kill_on_drop: false }`
[INFO] started tweaking git repo https://github.com/capsuleappcyou/capsule-cli
[INFO] finished tweaking git repo https://github.com/capsuleappcyou/capsule-cli
[INFO] tweaked toml for git repo https://github.com/capsuleappcyou/capsule-cli written to /workspace/builds/worker-4-tc2/source/Cargo.toml
[INFO] crate git repo https://github.com/capsuleappcyou/capsule-cli already has a lockfile, it will not be regenerated
[INFO] running `Command { std: CARGO_HOME="/workspace/cargo-home" RUSTUP_HOME="/workspace/rustup-home" "/workspace/cargo-home/bin/cargo" "+beta-2023-12-22" "fetch" "--manifest-path" "Cargo.toml", kill_on_drop: false }`
[INFO] running `Command { std: "docker" "create" "-v" "/var/lib/crater-agent-workspace/builds/worker-4-tc2/target:/opt/rustwide/target:rw,Z" "-v" "/var/lib/crater-agent-workspace/builds/worker-4-tc2/source:/opt/rustwide/workdir:ro,Z" "-v" "/var/lib/crater-agent-workspace/cargo-home:/opt/rustwide/cargo-home:ro,Z" "-v" "/var/lib/crater-agent-workspace/rustup-home:/opt/rustwide/rustup-home:ro,Z" "-e" "SOURCE_DIR=/opt/rustwide/workdir" "-e" "CARGO_TARGET_DIR=/opt/rustwide/target" "-e" "CARGO_HOME=/opt/rustwide/cargo-home" "-e" "RUSTUP_HOME=/opt/rustwide/rustup-home" "-w" "/opt/rustwide/workdir" "-m" "1610612736" "--user" "0:0" "--network" "none" "ghcr.io/rust-lang/crates-build-env/linux@sha256:2788e3201cd34a07e3172128adcd8b3090168a8e3bcc40d7c032b9dda1df7d1c" "/opt/rustwide/cargo-home/bin/cargo" "+beta-2023-12-22" "metadata" "--no-deps" "--format-version=1", kill_on_drop: false }`
[INFO] [stdout] b6454700451fb1308d9c6c82737586392330a352e8e0bd8cc0da878cc039de75
[INFO] running `Command { std: "docker" "start" "-a" "b6454700451fb1308d9c6c82737586392330a352e8e0bd8cc0da878cc039de75", kill_on_drop: false }`
[INFO] running `Command { std: "docker" "inspect" "b6454700451fb1308d9c6c82737586392330a352e8e0bd8cc0da878cc039de75", kill_on_drop: false }`
[INFO] running `Command { std: "docker" "rm" "-f" "b6454700451fb1308d9c6c82737586392330a352e8e0bd8cc0da878cc039de75", kill_on_drop: false }`
[INFO] [stdout] b6454700451fb1308d9c6c82737586392330a352e8e0bd8cc0da878cc039de75
[INFO] running `Command { std: "docker" "create" "-v" "/var/lib/crater-agent-workspace/builds/worker-4-tc2/target:/opt/rustwide/target:rw,Z" "-v" "/var/lib/crater-agent-workspace/builds/worker-4-tc2/source:/opt/rustwide/workdir:ro,Z" "-v" "/var/lib/crater-agent-workspace/cargo-home:/opt/rustwide/cargo-home:ro,Z" "-v" "/var/lib/crater-agent-workspace/rustup-home:/opt/rustwide/rustup-home:ro,Z" "-e" "SOURCE_DIR=/opt/rustwide/workdir" "-e" "CARGO_TARGET_DIR=/opt/rustwide/target" "-e" "CARGO_INCREMENTAL=0" "-e" "RUST_BACKTRACE=full" "-e" "RUSTFLAGS=--cap-lints=warn" "-e" "RUSTDOCFLAGS=--cap-lints=warn" "-e" "CARGO_HOME=/opt/rustwide/cargo-home" "-e" "RUSTUP_HOME=/opt/rustwide/rustup-home" "-w" "/opt/rustwide/workdir" "-m" "1610612736" "--user" "0:0" "--network" "none" "ghcr.io/rust-lang/crates-build-env/linux@sha256:2788e3201cd34a07e3172128adcd8b3090168a8e3bcc40d7c032b9dda1df7d1c" "/opt/rustwide/cargo-home/bin/cargo" "+beta-2023-12-22" "build" "--frozen" "--message-format=json", kill_on_drop: false }`
[INFO] [stdout] 8420ce40a27d1e7926ed9923e7804bb59ec4a09c8f53f9007c820ccda47dc654
[INFO] running `Command { std: "docker" "start" "-a" "8420ce40a27d1e7926ed9923e7804bb59ec4a09c8f53f9007c820ccda47dc654", kill_on_drop: false }`
[INFO] [stderr]    Compiling libc v0.2.122
[INFO] [stderr]    Compiling pkg-config v0.3.25
[INFO] [stderr]    Compiling autocfg v1.1.0
[INFO] [stderr]    Compiling proc-macro2 v1.0.37
[INFO] [stderr]    Compiling syn v1.0.91
[INFO] [stderr]    Compiling version_check v0.9.4
[INFO] [stderr]    Compiling log v0.4.16
[INFO] [stderr]    Compiling futures-core v0.3.21
[INFO] [stderr]    Compiling tinyvec_macros v0.1.0
[INFO] [stderr]    Compiling serde_derive v1.0.136
[INFO] [stderr]    Compiling matches v0.1.9
[INFO] [stderr]    Compiling serde v1.0.136
[INFO] [stderr]    Compiling cache-padded v1.2.0
[INFO] [stderr]    Compiling pin-project-lite v0.2.8
[INFO] [stderr]    Compiling unicode-bidi v0.3.7
[INFO] [stderr]    Compiling percent-encoding v2.1.0
[INFO] [stderr]    Compiling tinyvec v1.5.1
[INFO] [stderr]    Compiling concurrent-queue v1.2.2
[INFO] [stderr]    Compiling tracing-core v0.1.24
[INFO] [stderr]    Compiling form_urlencoded v1.0.1
[INFO] [stderr]    Compiling crossbeam-utils v0.8.8
[INFO] [stderr]    Compiling encoding_rs v0.8.31
[INFO] [stderr]    Compiling curl v0.4.43
[INFO] [stderr]    Compiling futures-io v0.3.21
[INFO] [stderr]    Compiling itoa v1.0.1
[INFO] [stderr]    Compiling indexmap v1.8.1
[INFO] [stderr]    Compiling proc-macro-error-attr v1.0.4
[INFO] [stderr]    Compiling proc-macro-error v1.0.4
[INFO] [stderr]    Compiling event-listener v2.5.2
[INFO] [stderr]    Compiling serde_json v1.0.79
[INFO] [stderr]    Compiling openssl-probe v0.1.5
[INFO] [stderr]    Compiling waker-fn v1.1.0
[INFO] [stderr]    Compiling isahc v1.7.0
[INFO] [stderr]    Compiling fnv v1.0.7
[INFO] [stderr]    Compiling fastrand v1.7.0
[INFO] [stderr]    Compiling bitflags v1.3.2
[INFO] [stderr]    Compiling async-channel v1.6.1
[INFO] [stderr]    Compiling bytes v1.1.0
[INFO] [stderr]    Compiling hashbrown v0.11.2
[INFO] [stderr]    Compiling ryu v1.0.9
[INFO] [stderr]    Compiling heck v0.4.0
[INFO] [stderr]    Compiling parking v2.0.0
[INFO] [stderr]    Compiling quote v1.0.17
[INFO] [stderr]    Compiling sluice v0.5.5
[INFO] [stderr]    Compiling futures-lite v1.12.0
[INFO] [stderr]    Compiling os_str_bytes v6.0.0
[INFO] [stderr]    Compiling mime v0.3.16
[INFO] [stderr]    Compiling castaway v0.1.2
[INFO] [stderr]    Compiling termcolor v1.1.3
[INFO] [stderr]    Compiling slab v0.4.6
[INFO] [stderr]    Compiling strsim v0.10.0
[INFO] [stderr]    Compiling jobserver v0.1.24
[INFO] [stderr]    Compiling unicode-normalization v0.1.19
[INFO] [stderr]    Compiling socket2 v0.4.4
[INFO] [stderr]    Compiling atty v0.2.14
[INFO] [stderr]    Compiling polling v2.2.0
[INFO] [stderr]    Compiling http v0.2.6
[INFO] [stderr]    Compiling textwrap v0.15.0
[INFO] [stderr]    Compiling cc v1.0.73
[INFO] [stderr]    Compiling once_cell v1.10.0
[INFO] [stderr]    Compiling idna v0.2.3
[INFO] [stderr]    Compiling libz-sys v1.1.5
[INFO] [stderr]    Compiling openssl-sys v0.9.72
[INFO] [stderr]    Compiling libnghttp2-sys v0.1.7+1.45.0
[INFO] [stderr]    Compiling curl-sys v0.4.53+curl-7.82.0
[INFO] [stderr]    Compiling libssh2-sys v0.2.23
[INFO] [stderr]    Compiling libgit2-sys v0.13.2+1.4.2
[INFO] [stderr]    Compiling url v2.2.2
[INFO] [stderr]    Compiling pin-project-internal v1.0.10
[INFO] [stderr]    Compiling tracing-attributes v0.1.20
[INFO] [stderr]    Compiling clap_derive v3.1.7
[INFO] [stderr]    Compiling pin-project v1.0.10
[INFO] [stderr]    Compiling tracing v0.1.32
[INFO] [stderr]    Compiling tracing-futures v0.2.5
[INFO] [stderr]    Compiling clap v3.1.8
[INFO] [stderr]    Compiling git2 v0.14.2
[INFO] [stderr]    Compiling capsule v0.1.0 (/opt/rustwide/workdir)
[INFO] [stderr]     Finished dev [unoptimized + debuginfo] target(s) in 14.22s
[INFO] running `Command { std: "docker" "inspect" "8420ce40a27d1e7926ed9923e7804bb59ec4a09c8f53f9007c820ccda47dc654", kill_on_drop: false }`
[INFO] running `Command { std: "docker" "rm" "-f" "8420ce40a27d1e7926ed9923e7804bb59ec4a09c8f53f9007c820ccda47dc654", kill_on_drop: false }`
[INFO] [stdout] 8420ce40a27d1e7926ed9923e7804bb59ec4a09c8f53f9007c820ccda47dc654
[INFO] running `Command { std: "docker" "create" "-v" "/var/lib/crater-agent-workspace/builds/worker-4-tc2/target:/opt/rustwide/target:rw,Z" "-v" "/var/lib/crater-agent-workspace/builds/worker-4-tc2/source:/opt/rustwide/workdir:ro,Z" "-v" "/var/lib/crater-agent-workspace/cargo-home:/opt/rustwide/cargo-home:ro,Z" "-v" "/var/lib/crater-agent-workspace/rustup-home:/opt/rustwide/rustup-home:ro,Z" "-e" "SOURCE_DIR=/opt/rustwide/workdir" "-e" "CARGO_TARGET_DIR=/opt/rustwide/target" "-e" "CARGO_INCREMENTAL=0" "-e" "RUST_BACKTRACE=full" "-e" "RUSTFLAGS=--cap-lints=warn" "-e" "RUSTDOCFLAGS=--cap-lints=warn" "-e" "CARGO_HOME=/opt/rustwide/cargo-home" "-e" "RUSTUP_HOME=/opt/rustwide/rustup-home" "-w" "/opt/rustwide/workdir" "-m" "1610612736" "--user" "0:0" "--network" "none" "ghcr.io/rust-lang/crates-build-env/linux@sha256:2788e3201cd34a07e3172128adcd8b3090168a8e3bcc40d7c032b9dda1df7d1c" "/opt/rustwide/cargo-home/bin/cargo" "+beta-2023-12-22" "test" "--frozen" "--no-run" "--message-format=json", kill_on_drop: false }`
[INFO] [stdout] 824280c96a39c03eefb609c7c265a3db781931cd38023dd33e14ebfd8bd558b6
[INFO] running `Command { std: "docker" "start" "-a" "824280c96a39c03eefb609c7c265a3db781931cd38023dd33e14ebfd8bd558b6", kill_on_drop: false }`
[INFO] [stderr]    Compiling log v0.4.16
[INFO] [stderr]    Compiling value-bag v1.0.0-alpha.8
[INFO] [stderr]    Compiling socket2 v0.4.4
[INFO] [stderr]    Compiling futures-sink v0.3.21
[INFO] [stderr]    Compiling futures-task v0.3.21
[INFO] [stderr]    Compiling futures-channel v0.3.21
[INFO] [stderr]    Compiling pin-utils v0.1.0
[INFO] [stderr]    Compiling futures-util v0.3.21
[INFO] [stderr]    Compiling ctor v0.1.22
[INFO] [stderr]    Compiling futures-macro v0.3.21
[INFO] [stderr]    Compiling url v2.2.2
[INFO] [stderr]    Compiling getrandom v0.1.16
[INFO] [stderr]    Compiling num-traits v0.2.14
[INFO] [stderr]    Compiling thiserror-impl v1.0.30
[INFO] [stderr]    Compiling num_cpus v1.13.1
[INFO] [stderr]    Compiling httparse v1.6.0
[INFO] [stderr]    Compiling async-trait v0.1.53
[INFO] [stderr]    Compiling anyhow v1.0.56
[INFO] [stderr]    Compiling rand_core v0.5.1
[INFO] [stderr]    Compiling ppv-lite86 v0.2.16
[INFO] [stderr]    Compiling async-task v4.2.0
[INFO] [stderr]    Compiling regex v1.5.5
[INFO] [stderr]    Compiling http-types v2.12.0
[INFO] [stderr]    Compiling try-lock v0.2.3
[INFO] [stderr]    Compiling predicates-core v1.0.3
[INFO] [stderr]    Compiling atomic-waker v1.0.0
[INFO] [stderr]    Compiling async-executor v1.4.1
[INFO] [stderr]    Compiling blocking v1.2.0
[INFO] [stderr]    Compiling itertools v0.10.3
[INFO] [stderr]    Compiling curl v0.4.43
[INFO] [stderr]    Compiling serde_urlencoded v0.7.1
[INFO] [stderr]    Compiling rand_chacha v0.2.2
[INFO] [stderr]    Compiling http-body v0.4.4
[INFO] [stderr]    Compiling rand v0.7.3
[INFO] [stderr]    Compiling async-mutex v1.4.0
[INFO] [stderr]    Compiling difflib v0.4.0
[INFO] [stderr]    Compiling termtree v0.2.4
[INFO] [stderr]    Compiling infer v0.2.3
[INFO] [stderr]    Compiling tower-service v0.3.1
[INFO] [stderr]    Compiling deadpool-runtime v0.1.2
[INFO] [stderr]    Compiling normalize-line-endings v0.3.0
[INFO] [stderr]    Compiling httpdate v1.0.2
[INFO] [stderr]    Compiling predicates-tree v1.0.5
[INFO] [stderr]    Compiling assert-json-diff v2.0.1
[INFO] [stderr]    Compiling float-cmp v0.9.0
[INFO] [stderr]    Compiling async-attributes v1.1.2
[INFO] [stderr]    Compiling mockall_derive v0.11.0
[INFO] [stderr]    Compiling rand v0.4.6
[INFO] [stderr]    Compiling async-lock v2.5.0
[INFO] [stderr]    Compiling futures-timer v3.0.2
[INFO] [stderr]    Compiling fragile v1.2.0
[INFO] [stderr]    Compiling tracing v0.1.32
[INFO] [stderr]    Compiling mio v0.8.2
[INFO] [stderr]    Compiling polling v2.2.0
[INFO] [stderr]    Compiling tracing-futures v0.2.5
[INFO] [stderr]    Compiling want v0.3.0
[INFO] [stderr]    Compiling git2 v0.14.2
[INFO] [stderr]    Compiling async-io v1.6.0
[INFO] [stderr]    Compiling isahc v1.7.0
[INFO] [stderr]    Compiling thiserror v1.0.30
[INFO] [stderr]    Compiling tokio v1.17.0
[INFO] [stderr]    Compiling kv-log-macro v1.0.7
[INFO] [stderr]    Compiling serde_qs v0.8.5
[INFO] [stderr]    Compiling predicates v2.1.1
[INFO] [stderr]    Compiling remove_dir_all v0.5.3
[INFO] [stderr]    Compiling downcast v0.11.0
[INFO] [stderr]    Compiling tempdir v0.3.7
[INFO] [stderr]    Compiling async-global-executor v2.0.4
[INFO] [stderr]    Compiling async-std v1.11.0
[INFO] [stderr]    Compiling mockall v0.11.0
[INFO] [stderr]    Compiling capsule v0.1.0 (/opt/rustwide/workdir)
[INFO] [stderr]    Compiling futures-executor v0.3.21
[INFO] [stderr]    Compiling futures v0.3.21
[INFO] [stderr]    Compiling tokio-util v0.7.1
[INFO] [stderr]    Compiling deadpool v0.9.2
[INFO] [stderr]    Compiling h2 v0.3.13
[INFO] [stderr]    Compiling hyper v0.14.18
[INFO] [stderr]    Compiling wiremock v0.5.12
[INFO] [stderr]     Finished test [unoptimized + debuginfo] target(s) in 15.49s
[INFO] running `Command { std: "docker" "inspect" "824280c96a39c03eefb609c7c265a3db781931cd38023dd33e14ebfd8bd558b6", kill_on_drop: false }`
[INFO] running `Command { std: "docker" "rm" "-f" "824280c96a39c03eefb609c7c265a3db781931cd38023dd33e14ebfd8bd558b6", kill_on_drop: false }`
[INFO] [stdout] 824280c96a39c03eefb609c7c265a3db781931cd38023dd33e14ebfd8bd558b6
[INFO] running `Command { std: "docker" "create" "-v" "/var/lib/crater-agent-workspace/builds/worker-4-tc2/target:/opt/rustwide/target:rw,Z" "-v" "/var/lib/crater-agent-workspace/builds/worker-4-tc2/source:/opt/rustwide/workdir:ro,Z" "-v" "/var/lib/crater-agent-workspace/cargo-home:/opt/rustwide/cargo-home:ro,Z" "-v" "/var/lib/crater-agent-workspace/rustup-home:/opt/rustwide/rustup-home:ro,Z" "-e" "SOURCE_DIR=/opt/rustwide/workdir" "-e" "CARGO_TARGET_DIR=/opt/rustwide/target" "-e" "CARGO_INCREMENTAL=0" "-e" "RUST_BACKTRACE=full" "-e" "RUSTFLAGS=--cap-lints=warn" "-e" "RUSTDOCFLAGS=--cap-lints=warn" "-e" "CARGO_HOME=/opt/rustwide/cargo-home" "-e" "RUSTUP_HOME=/opt/rustwide/rustup-home" "-w" "/opt/rustwide/workdir" "-m" "1610612736" "--user" "0:0" "--network" "none" "ghcr.io/rust-lang/crates-build-env/linux@sha256:2788e3201cd34a07e3172128adcd8b3090168a8e3bcc40d7c032b9dda1df7d1c" "/opt/rustwide/cargo-home/bin/cargo" "+beta-2023-12-22" "test" "--frozen", kill_on_drop: false }`
[INFO] [stdout] 294062d9945e366b649ea21a4de65030f8b4d7ca05481276081f73ee636de657
[INFO] running `Command { std: "docker" "start" "-a" "294062d9945e366b649ea21a4de65030f8b4d7ca05481276081f73ee636de657", kill_on_drop: false }`
[INFO] [stderr]     Finished test [unoptimized + debuginfo] target(s) in 0.10s
[INFO] [stderr]      Running unittests src/lib.rs (/opt/rustwide/target/debug/deps/capsule-0e8059f0bbf39a7d)
[INFO] [stdout] 
[INFO] [stdout] running 7 tests
[INFO] [stdout] test cmd_create_application::tests::should_create_application_if_application_directory_is_not_a_git_repository ... ok
[INFO] [stdout] test api::http::tests::should_send_create_application_request_to_api_server ... ok
[INFO] [stdout] test api::http::tests::should_return_error_if_server_response_500 ... ok
[INFO] [stdout] test cmd_create_application::tests::should_create_application_if_application_directory_is_a_git_repository ... ok
[INFO] [stdout] test cmd_create_application::tests::should_create_application_if_git_remote_repository_was_present ... ok
[INFO] [stdout] test cmd_create_application::tests::should_add_remote_git_repository_if_application_directory_is_a_git_repository ... ok
[INFO] [stdout] test api::http::tests::should_return_error_if_server_time_out ... ok
[INFO] [stdout] 
[INFO] [stdout] test result: ok. 7 passed; 0 failed; 0 ignored; 0 measured; 0 filtered out; finished in 1.01s
[INFO] [stdout] 
[INFO] [stderr]      Running unittests src/main.rs (/opt/rustwide/target/debug/deps/capsule-3ef4d01bc6ce8cc1)
[INFO] [stdout] 
[INFO] [stdout] running 1 test
[INFO] [stdout] test tests::should_print_url_and_git_repo_if_create_application_successfully ... FAILED
[INFO] [stdout] 
[INFO] [stdout] failures:
[INFO] [stdout] 
[INFO] [stdout] ---- tests::should_print_url_and_git_repo_if_create_application_successfully stdout ----
[INFO] [stdout] thread 'tests::should_print_url_and_git_repo_if_create_application_successfully' panicked at src/main.rs:111:9:
[INFO] [stdout] assertion `left == right` failed
[INFO] [stdout]   left: "Creating application... failed to create locked file '/opt/rustwide/workdir/.git/config.lock': Read-only file system; class=Os (2)"
[INFO] [stdout]  right: "Creating application... done, first_capsule_application"
[INFO] [stdout] stack backtrace:
[INFO] [stdout]    0:     0x555884c958d6 - std::backtrace_rs::backtrace::libunwind::trace::h261606ad26a499c1
[INFO] [stdout]                                at /rustc/0e09125c6c3c2fd70d7de961bcf0e51575235fad/library/std/src/../../backtrace/src/backtrace/libunwind.rs:104:5
[INFO] [stdout]    1:     0x555884c958d6 - std::backtrace_rs::backtrace::trace_unsynchronized::hd183f0625477fb28
[INFO] [stdout]                                at /rustc/0e09125c6c3c2fd70d7de961bcf0e51575235fad/library/std/src/../../backtrace/src/backtrace/mod.rs:66:5
[INFO] [stdout]    2:     0x555884c958d6 - std::sys_common::backtrace::_print_fmt::hd7f8fef21b4eda67
[INFO] [stdout]                                at /rustc/0e09125c6c3c2fd70d7de961bcf0e51575235fad/library/std/src/sys_common/backtrace.rs:68:5
[INFO] [stdout]    3:     0x555884c958d6 - <std::sys_common::backtrace::_print::DisplayBacktrace as core::fmt::Display>::fmt::h623d9b51f2f453f1
[INFO] [stdout]                                at /rustc/0e09125c6c3c2fd70d7de961bcf0e51575235fad/library/std/src/sys_common/backtrace.rs:44:22
[INFO] [stdout]    4:     0x555884cc2110 - core::fmt::rt::Argument::fmt::h9f417ac76a86f368
[INFO] [stdout]                                at /rustc/0e09125c6c3c2fd70d7de961bcf0e51575235fad/library/core/src/fmt/rt.rs:142:9
[INFO] [stdout]    5:     0x555884cc2110 - core::fmt::write::hc9b6faf4ac2aeff7
[INFO] [stdout]                                at /rustc/0e09125c6c3c2fd70d7de961bcf0e51575235fad/library/core/src/fmt/mod.rs:1120:17
[INFO] [stdout]    6:     0x555884c925df - std::io::Write::write_fmt::he04625a3a989fec3
[INFO] [stdout]                                at /rustc/0e09125c6c3c2fd70d7de961bcf0e51575235fad/library/std/src/io/mod.rs:1810:15
[INFO] [stdout]    7:     0x555884c956b4 - std::sys_common::backtrace::_print::hd5d66399c7df88a2
[INFO] [stdout]                                at /rustc/0e09125c6c3c2fd70d7de961bcf0e51575235fad/library/std/src/sys_common/backtrace.rs:47:5
[INFO] [stdout]    8:     0x555884c956b4 - std::sys_common::backtrace::print::he81ed2da642d37e5
[INFO] [stdout]                                at /rustc/0e09125c6c3c2fd70d7de961bcf0e51575235fad/library/std/src/sys_common/backtrace.rs:34:9
[INFO] [stdout]    9:     0x555884c97427 - std::panicking::default_hook::{{closure}}::h85773f4fa117163d
[INFO] [stdout]   10:     0x555884c9710d - std::panicking::default_hook::h6a1694a91d09b278
[INFO] [stdout]                                at /rustc/0e09125c6c3c2fd70d7de961bcf0e51575235fad/library/std/src/panicking.rs:289:9
[INFO] [stdout]   11:     0x555884575217 - <alloc::boxed::Box<F,A> as core::ops::function::Fn<Args>>::call::h616ac37fa3cd6c8f
[INFO] [stdout]                                at /rustc/0e09125c6c3c2fd70d7de961bcf0e51575235fad/library/alloc/src/boxed.rs:2029:9
[INFO] [stdout]   12:     0x555884575217 - test::test_main::{{closure}}::h00d84697cefdcbb6
[INFO] [stdout]                                at /rustc/0e09125c6c3c2fd70d7de961bcf0e51575235fad/library/test/src/lib.rs:138:21
[INFO] [stdout]   13:     0x555884c97a46 - <alloc::boxed::Box<F,A> as core::ops::function::Fn<Args>>::call::hcb3fe3b9bb537ba8
[INFO] [stdout]                                at /rustc/0e09125c6c3c2fd70d7de961bcf0e51575235fad/library/alloc/src/boxed.rs:2029:9
[INFO] [stdout]   14:     0x555884c97a46 - std::panicking::rust_panic_with_hook::h0a7ad96e90f7145b
[INFO] [stdout]                                at /rustc/0e09125c6c3c2fd70d7de961bcf0e51575235fad/library/std/src/panicking.rs:783:13
[INFO] [stdout]   15:     0x555884c97792 - std::panicking::begin_panic_handler::{{closure}}::h7919090525c6485e
[INFO] [stdout]                                at /rustc/0e09125c6c3c2fd70d7de961bcf0e51575235fad/library/std/src/panicking.rs:657:13
[INFO] [stdout]   16:     0x555884c95dd6 - std::sys_common::backtrace::__rust_end_short_backtrace::hf3289479464f7dfe
[INFO] [stdout]                                at /rustc/0e09125c6c3c2fd70d7de961bcf0e51575235fad/library/std/src/sys_common/backtrace.rs:171:18
[INFO] [stdout]   17:     0x555884c974f0 - rust_begin_unwind
[INFO] [stdout]                                at /rustc/0e09125c6c3c2fd70d7de961bcf0e51575235fad/library/std/src/panicking.rs:645:5
[INFO] [stdout]   18:     0x555884527975 - core::panicking::panic_fmt::hcc9f77c5c132af55
[INFO] [stdout]                                at /rustc/0e09125c6c3c2fd70d7de961bcf0e51575235fad/library/core/src/panicking.rs:72:14
[INFO] [stdout]   19:     0x555884527deb - core::panicking::assert_failed_inner::h9f13e27dd63c3a08
[INFO] [stdout]                                at /rustc/0e09125c6c3c2fd70d7de961bcf0e51575235fad/library/core/src/panicking.rs:342:17
[INFO] [stdout]   20:     0x55588453d8ee - core::panicking::assert_failed::hea463579d2f1855a
[INFO] [stdout]                                at /rustc/0e09125c6c3c2fd70d7de961bcf0e51575235fad/library/core/src/panicking.rs:297:5
[INFO] [stdout]   21:     0x55588453b333 - capsule::tests::should_print_url_and_git_repo_if_create_application_successfully::{{closure}}::hd924c29b4740cb9c
[INFO] [stdout]                                at /opt/rustwide/workdir/src/main.rs:111:9
[INFO] [stdout]   22:     0x555884529022 - <async_std::task::builder::SupportTaskLocals<F> as core::future::future::Future>::poll::{{closure}}::h1101a83230a9209e
[INFO] [stdout]                                at /opt/rustwide/cargo-home/registry/src/index.crates.io-6f17d22bba15001f/async-std-1.11.0/src/task/builder.rs:199:17
[INFO] [stdout]   23:     0x555884539cd3 - async_std::task::task_locals_wrapper::TaskLocalsWrapper::set_current::{{closure}}::h70a7e2d32313ba37
[INFO] [stdout]                                at /opt/rustwide/cargo-home/registry/src/index.crates.io-6f17d22bba15001f/async-std-1.11.0/src/task/task_locals_wrapper.rs:60:13
[INFO] [stdout]   24:     0x55588453221e - std::thread::local::LocalKey<T>::try_with::h705e6c258a7ec5c6
[INFO] [stdout]                                at /rustc/0e09125c6c3c2fd70d7de961bcf0e51575235fad/library/std/src/thread/local.rs:270:16
[INFO] [stdout]   25:     0x555884531cba - std::thread::local::LocalKey<T>::with::ha6b77f1802da98ef
[INFO] [stdout]                                at /rustc/0e09125c6c3c2fd70d7de961bcf0e51575235fad/library/std/src/thread/local.rs:246:9
[INFO] [stdout]   26:     0x555884539bc8 - async_std::task::task_locals_wrapper::TaskLocalsWrapper::set_current::h6faea03df6e933cb
[INFO] [stdout]                                at /opt/rustwide/cargo-home/registry/src/index.crates.io-6f17d22bba15001f/async-std-1.11.0/src/task/task_locals_wrapper.rs:55:9
[INFO] [stdout]   27:     0x555884528fe5 - <async_std::task::builder::SupportTaskLocals<F> as core::future::future::Future>::poll::hb8e93a8dc36b1124
[INFO] [stdout]                                at /opt/rustwide/cargo-home/registry/src/index.crates.io-6f17d22bba15001f/async-std-1.11.0/src/task/builder.rs:197:13
[INFO] [stdout]   28:     0x55588453f374 - <futures_lite::future::Or<F1,F2> as core::future::future::Future>::poll::h5623f1a407f99fff
[INFO] [stdout]                                at /opt/rustwide/cargo-home/registry/src/index.crates.io-6f17d22bba15001f/futures-lite-1.12.0/src/future.rs:526:33
[INFO] [stdout]   29:     0x555884536243 - async_executor::Executor::run::{{closure}}::ha08a1986bc026849
[INFO] [stdout]                                at /opt/rustwide/cargo-home/registry/src/index.crates.io-6f17d22bba15001f/async-executor-1.4.1/src/lib.rs:242:32
[INFO] [stdout]   30:     0x555884535e8d - async_executor::LocalExecutor::run::{{closure}}::h5e55d81108a6dcd8
[INFO] [stdout]                                at /opt/rustwide/cargo-home/registry/src/index.crates.io-6f17d22bba15001f/async-executor-1.4.1/src/lib.rs:447:34
[INFO] [stdout]   31:     0x55588453f89c - async_io::driver::block_on::h826ca2a364126fd6
[INFO] [stdout]                                at /opt/rustwide/cargo-home/registry/src/index.crates.io-6f17d22bba15001f/async-io-1.6.0/src/driver.rs:142:33
[INFO] [stdout]   32:     0x5558845369df - async_global_executor::reactor::block_on::{{closure}}::h74bced3a793d9a7a
[INFO] [stdout]                                at /opt/rustwide/cargo-home/registry/src/index.crates.io-6f17d22bba15001f/async-global-executor-2.0.4/src/reactor.rs:3:18
[INFO] [stdout]   33:     0x5558845369af - async_global_executor::reactor::block_on::h18065daad072e382
[INFO] [stdout]                                at /opt/rustwide/cargo-home/registry/src/index.crates.io-6f17d22bba15001f/async-global-executor-2.0.4/src/reactor.rs:12:5
[INFO] [stdout]   34:     0x555884536aad - async_global_executor::executor::block_on::{{closure}}::h941736a47ff9ebe1
[INFO] [stdout]                                at /opt/rustwide/cargo-home/registry/src/index.crates.io-6f17d22bba15001f/async-global-executor-2.0.4/src/executor.rs:26:36
[INFO] [stdout]   35:     0x5558845324b7 - std::thread::local::LocalKey<T>::try_with::h9ac217ac77cdbd94
[INFO] [stdout]                                at /rustc/0e09125c6c3c2fd70d7de961bcf0e51575235fad/library/std/src/thread/local.rs:270:16
[INFO] [stdout]   36:     0x555884531c0a - std::thread::local::LocalKey<T>::with::h45df7840c1317bad
[INFO] [stdout]                                at /rustc/0e09125c6c3c2fd70d7de961bcf0e51575235fad/library/std/src/thread/local.rs:246:9
[INFO] [stdout]   37:     0x555884536a56 - async_global_executor::executor::block_on::h4828f155f83b09ec
[INFO] [stdout]                                at /opt/rustwide/cargo-home/registry/src/index.crates.io-6f17d22bba15001f/async-global-executor-2.0.4/src/executor.rs:26:5
[INFO] [stdout]   38:     0x5558845319ac - async_std::task::builder::Builder::blocking::{{closure}}::{{closure}}::h4178b3860f7f3dc3
[INFO] [stdout]                                at /opt/rustwide/cargo-home/registry/src/index.crates.io-6f17d22bba15001f/async-std-1.11.0/src/task/builder.rs:171:25
[INFO] [stdout]   39:     0x555884539e0f - async_std::task::task_locals_wrapper::TaskLocalsWrapper::set_current::{{closure}}::h97096fc4df14b276
[INFO] [stdout]                                at /opt/rustwide/cargo-home/registry/src/index.crates.io-6f17d22bba15001f/async-std-1.11.0/src/task/task_locals_wrapper.rs:60:13
[INFO] [stdout]   40:     0x555884532a65 - std::thread::local::LocalKey<T>::try_with::hca0025ea74ca2e05
[INFO] [stdout]                                at /rustc/0e09125c6c3c2fd70d7de961bcf0e51575235fad/library/std/src/thread/local.rs:270:16
[INFO] [stdout]   41:     0x555884531cea - std::thread::local::LocalKey<T>::with::hb2fb3aefa3a3fbca
[INFO] [stdout]                                at /rustc/0e09125c6c3c2fd70d7de961bcf0e51575235fad/library/std/src/thread/local.rs:246:9
[INFO] [stdout]   42:     0x555884539c16 - async_std::task::task_locals_wrapper::TaskLocalsWrapper::set_current::hd5dc8c24182aaa12
[INFO] [stdout]                                at /opt/rustwide/cargo-home/registry/src/index.crates.io-6f17d22bba15001f/async-std-1.11.0/src/task/task_locals_wrapper.rs:55:9
[INFO] [stdout]   43:     0x55588453191f - async_std::task::builder::Builder::blocking::{{closure}}::h91e17748d07356e0
[INFO] [stdout]                                at /opt/rustwide/cargo-home/registry/src/index.crates.io-6f17d22bba15001f/async-std-1.11.0/src/task/builder.rs:168:17
[INFO] [stdout]   44:     0x555884532657 - std::thread::local::LocalKey<T>::try_with::hab7681770bc58cca
[INFO] [stdout]                                at /rustc/0e09125c6c3c2fd70d7de961bcf0e51575235fad/library/std/src/thread/local.rs:270:16
[INFO] [stdout]   45:     0x555884531d5a - std::thread::local::LocalKey<T>::with::he03f1dd40572dd78
[INFO] [stdout]                                at /rustc/0e09125c6c3c2fd70d7de961bcf0e51575235fad/library/std/src/thread/local.rs:246:9
[INFO] [stdout]   46:     0x555884531598 - async_std::task::builder::Builder::blocking::h604746271f0ca53f
[INFO] [stdout]                                at /opt/rustwide/cargo-home/registry/src/index.crates.io-6f17d22bba15001f/async-std-1.11.0/src/task/builder.rs:161:9
[INFO] [stdout]   47:     0x555884531ace - async_std::task::block_on::block_on::h0540ebc003288454
[INFO] [stdout]                                at /opt/rustwide/cargo-home/registry/src/index.crates.io-6f17d22bba15001f/async-std-1.11.0/src/task/block_on.rs:33:5
[INFO] [stdout]   48:     0x55588453a7a6 - capsule::tests::should_print_url_and_git_repo_if_create_application_successfully::h7c1a627884f0cf94
[INFO] [stdout]                                at /opt/rustwide/workdir/src/main.rs:84:5
[INFO] [stdout]   49:     0x55588453a777 - capsule::tests::should_print_url_and_git_repo_if_create_application_successfully::{{closure}}::h5d1269feebf67444
[INFO] [stdout]                                at /opt/rustwide/workdir/src/main.rs:84:23
[INFO] [stdout]   50:     0x555884529176 - core::ops::function::FnOnce::call_once::h5c59876b3cf28006
[INFO] [stdout]                                at /rustc/0e09125c6c3c2fd70d7de961bcf0e51575235fad/library/core/src/ops/function.rs:250:5
[INFO] [stdout]   51:     0x55588457aaef - core::ops::function::FnOnce::call_once::hd64d26f405258157
[INFO] [stdout]                                at /rustc/0e09125c6c3c2fd70d7de961bcf0e51575235fad/library/core/src/ops/function.rs:250:5
[INFO] [stdout]   52:     0x55588457aaef - test::__rust_begin_short_backtrace::he21b0b7a6d731bf9
[INFO] [stdout]                                at /rustc/0e09125c6c3c2fd70d7de961bcf0e51575235fad/library/test/src/lib.rs:627:18
[INFO] [stdout]   53:     0x555884579871 - test::run_test_in_process::{{closure}}::hf5c73986d7bdfde2
[INFO] [stdout]                                at /rustc/0e09125c6c3c2fd70d7de961bcf0e51575235fad/library/test/src/lib.rs:650:60
[INFO] [stdout]   54:     0x555884579871 - <core::panic::unwind_safe::AssertUnwindSafe<F> as core::ops::function::FnOnce<()>>::call_once::h330011ad032aadc0
[INFO] [stdout]                                at /rustc/0e09125c6c3c2fd70d7de961bcf0e51575235fad/library/core/src/panic/unwind_safe.rs:272:9
[INFO] [stdout]   55:     0x555884579871 - std::panicking::try::do_call::he61b0a958b795a41
[INFO] [stdout]                                at /rustc/0e09125c6c3c2fd70d7de961bcf0e51575235fad/library/std/src/panicking.rs:552:40
[INFO] [stdout]   56:     0x555884579871 - std::panicking::try::h7309da130f906eb7
[INFO] [stdout]                                at /rustc/0e09125c6c3c2fd70d7de961bcf0e51575235fad/library/std/src/panicking.rs:516:19
[INFO] [stdout]   57:     0x555884579871 - std::panic::catch_unwind::hc5c3a06fdaf0a92a
[INFO] [stdout]                                at /rustc/0e09125c6c3c2fd70d7de961bcf0e51575235fad/library/std/src/panic.rs:142:14
[INFO] [stdout]   58:     0x555884579871 - test::run_test_in_process::h7e7b7c71c3324e0f
[INFO] [stdout]                                at /rustc/0e09125c6c3c2fd70d7de961bcf0e51575235fad/library/test/src/lib.rs:650:27
[INFO] [stdout]   59:     0x555884579871 - test::run_test::{{closure}}::h1f509f28f5cf20b1
[INFO] [stdout]                                at /rustc/0e09125c6c3c2fd70d7de961bcf0e51575235fad/library/test/src/lib.rs:573:43
[INFO] [stdout]   60:     0x555884540ba6 - test::run_test::{{closure}}::h1754218abf443f6d
[INFO] [stdout]                                at /rustc/0e09125c6c3c2fd70d7de961bcf0e51575235fad/library/test/src/lib.rs:601:41
[INFO] [stdout]   61:     0x555884540ba6 - std::sys_common::backtrace::__rust_begin_short_backtrace::h2ee174b9d5954948
[INFO] [stdout]                                at /rustc/0e09125c6c3c2fd70d7de961bcf0e51575235fad/library/std/src/sys_common/backtrace.rs:155:18
[INFO] [stdout]   62:     0x555884545c07 - std::thread::Builder::spawn_unchecked_::{{closure}}::{{closure}}::hf60bee9c1a17ef09
[INFO] [stdout]                                at /rustc/0e09125c6c3c2fd70d7de961bcf0e51575235fad/library/std/src/thread/mod.rs:529:17
[INFO] [stdout]   63:     0x555884545c07 - <core::panic::unwind_safe::AssertUnwindSafe<F> as core::ops::function::FnOnce<()>>::call_once::h33d0dddec5216160
[INFO] [stdout]                                at /rustc/0e09125c6c3c2fd70d7de961bcf0e51575235fad/library/core/src/panic/unwind_safe.rs:272:9
[INFO] [stdout]   64:     0x555884545c07 - std::panicking::try::do_call::h144b3048b546f835
[INFO] [stdout]                                at /rustc/0e09125c6c3c2fd70d7de961bcf0e51575235fad/library/std/src/panicking.rs:552:40
[INFO] [stdout]   65:     0x555884545c07 - std::panicking::try::h978244d04646189f
[INFO] [stdout]                                at /rustc/0e09125c6c3c2fd70d7de961bcf0e51575235fad/library/std/src/panicking.rs:516:19
[INFO] [stdout]   66:     0x555884545c07 - std::panic::catch_unwind::hdf436369d188fe86
[INFO] [stdout]                                at /rustc/0e09125c6c3c2fd70d7de961bcf0e51575235fad/library/std/src/panic.rs:142:14
[INFO] [stdout]   67:     0x555884545c07 - std::thread::Builder::spawn_unchecked_::{{closure}}::h87329cbdd33c79ec
[INFO] [stdout]                                at /rustc/0e09125c6c3c2fd70d7de961bcf0e51575235fad/library/std/src/thread/mod.rs:528:30
[INFO] [stdout]   68:     0x555884545c07 - core::ops::function::FnOnce::call_once{{vtable.shim}}::h401abbe67897d450
[INFO] [stdout]                                at /rustc/0e09125c6c3c2fd70d7de961bcf0e51575235fad/library/core/src/ops/function.rs:250:5
[INFO] [stdout]   69:     0x555884c9c785 - <alloc::boxed::Box<F,A> as core::ops::function::FnOnce<Args>>::call_once::h5d7c8f150ab9c84c
[INFO] [stdout]                                at /rustc/0e09125c6c3c2fd70d7de961bcf0e51575235fad/library/alloc/src/boxed.rs:2015:9
[INFO] [stdout]   70:     0x555884c9c785 - <alloc::boxed::Box<F,A> as core::ops::function::FnOnce<Args>>::call_once::h570d5b005c242c15
[INFO] [stdout]                                at /rustc/0e09125c6c3c2fd70d7de961bcf0e51575235fad/library/alloc/src/boxed.rs:2015:9
[INFO] [stdout]   71:     0x555884c9c785 - std::sys::unix::thread::Thread::new::thread_start::h36b0a20c0b2361ad
[INFO] [stdout]                                at /rustc/0e09125c6c3c2fd70d7de961bcf0e51575235fad/library/std/src/sys/unix/thread.rs:108:17
[INFO] [stdout]   72:     0x7f5c2c64eac3 - <unknown>
[INFO] [stdout]   73:     0x7f5c2c6dfbf4 - __clone
[INFO] [stdout]   74:                0x0 - <unknown>
[INFO] [stdout] 
[INFO] [stdout] 
[INFO] [stdout] failures:
[INFO] [stdout]     tests::should_print_url_and_git_repo_if_create_application_successfully
[INFO] [stdout] 
[INFO] [stdout] test result: FAILED. 0 passed; 1 failed; 0 ignored; 0 measured; 0 filtered out; finished in 0.10s
[INFO] [stdout] 
[INFO] [stderr] error: test failed, to rerun pass `--bin capsule`
[INFO] running `Command { std: "docker" "inspect" "294062d9945e366b649ea21a4de65030f8b4d7ca05481276081f73ee636de657", kill_on_drop: false }`
[INFO] running `Command { std: "docker" "rm" "-f" "294062d9945e366b649ea21a4de65030f8b4d7ca05481276081f73ee636de657", kill_on_drop: false }`
[INFO] [stdout] 294062d9945e366b649ea21a4de65030f8b4d7ca05481276081f73ee636de657
