[INFO] cloning repository https://github.com/c4collins/the-rust-programming-language-rust-2021
[INFO] running `Command { std: "git" "-c" "credential.helper=" "-c" "credential.helper=/workspace/cargo-home/bin/git-credential-null" "clone" "--bare" "https://github.com/c4collins/the-rust-programming-language-rust-2021" "/workspace/cache/git-repos/https%3A%2F%2Fgithub.com%2Fc4collins%2Fthe-rust-programming-language-rust-2021", kill_on_drop: false }`
[INFO] [stderr] Cloning into bare repository '/workspace/cache/git-repos/https%3A%2F%2Fgithub.com%2Fc4collins%2Fthe-rust-programming-language-rust-2021'...
[INFO] running `Command { std: "git" "rev-parse" "HEAD", kill_on_drop: false }`
[INFO] [stdout] 19a8c595b4beacbde9b2952938b4773130120cf0
[INFO] testing c4collins/the-rust-programming-language-rust-2021 against 1.75.0 for beta-1.76-1
[INFO] running `Command { std: "git" "clone" "/workspace/cache/git-repos/https%3A%2F%2Fgithub.com%2Fc4collins%2Fthe-rust-programming-language-rust-2021" "/workspace/builds/worker-6-tc1/source", kill_on_drop: false }`
[INFO] [stderr] Cloning into '/workspace/builds/worker-6-tc1/source'...
[INFO] [stderr] done.
[INFO] validating manifest of git repo https://github.com/c4collins/the-rust-programming-language-rust-2021 on toolchain 1.75.0
[INFO] running `Command { std: CARGO_HOME="/workspace/cargo-home" RUSTUP_HOME="/workspace/rustup-home" "/workspace/cargo-home/bin/cargo" "+1.75.0" "metadata" "--manifest-path" "Cargo.toml" "--no-deps", kill_on_drop: false }`
[INFO] started tweaking git repo https://github.com/c4collins/the-rust-programming-language-rust-2021
[INFO] finished tweaking git repo https://github.com/c4collins/the-rust-programming-language-rust-2021
[INFO] tweaked toml for git repo https://github.com/c4collins/the-rust-programming-language-rust-2021 written to /workspace/builds/worker-6-tc1/source/Cargo.toml
[INFO] crate git repo https://github.com/c4collins/the-rust-programming-language-rust-2021 already has a lockfile, it will not be regenerated
[INFO] running `Command { std: CARGO_HOME="/workspace/cargo-home" RUSTUP_HOME="/workspace/rustup-home" "/workspace/cargo-home/bin/cargo" "+1.75.0" "fetch" "--manifest-path" "Cargo.toml", kill_on_drop: false }`
[INFO] running `Command { std: "docker" "create" "-v" "/var/lib/crater-agent-workspace/builds/worker-6-tc1/target:/opt/rustwide/target:rw,Z" "-v" "/var/lib/crater-agent-workspace/builds/worker-6-tc1/source:/opt/rustwide/workdir:ro,Z" "-v" "/var/lib/crater-agent-workspace/cargo-home:/opt/rustwide/cargo-home:ro,Z" "-v" "/var/lib/crater-agent-workspace/rustup-home:/opt/rustwide/rustup-home:ro,Z" "-e" "SOURCE_DIR=/opt/rustwide/workdir" "-e" "CARGO_TARGET_DIR=/opt/rustwide/target" "-e" "CARGO_HOME=/opt/rustwide/cargo-home" "-e" "RUSTUP_HOME=/opt/rustwide/rustup-home" "-w" "/opt/rustwide/workdir" "-m" "1610612736" "--user" "0:0" "--network" "none" "ghcr.io/rust-lang/crates-build-env/linux@sha256:2788e3201cd34a07e3172128adcd8b3090168a8e3bcc40d7c032b9dda1df7d1c" "/opt/rustwide/cargo-home/bin/cargo" "+1.75.0" "metadata" "--no-deps" "--format-version=1", kill_on_drop: false }`
[INFO] [stdout] 8fc317fdc162e5cf30d357bb31e514c196093eb3ed5f074e2ed772348649f8e7
[INFO] running `Command { std: "docker" "start" "-a" "8fc317fdc162e5cf30d357bb31e514c196093eb3ed5f074e2ed772348649f8e7", kill_on_drop: false }`
[INFO] running `Command { std: "docker" "inspect" "8fc317fdc162e5cf30d357bb31e514c196093eb3ed5f074e2ed772348649f8e7", kill_on_drop: false }`
[INFO] running `Command { std: "docker" "rm" "-f" "8fc317fdc162e5cf30d357bb31e514c196093eb3ed5f074e2ed772348649f8e7", kill_on_drop: false }`
[INFO] [stdout] 8fc317fdc162e5cf30d357bb31e514c196093eb3ed5f074e2ed772348649f8e7
[INFO] running `Command { std: "docker" "create" "-v" "/var/lib/crater-agent-workspace/builds/worker-6-tc1/target:/opt/rustwide/target:rw,Z" "-v" "/var/lib/crater-agent-workspace/builds/worker-6-tc1/source:/opt/rustwide/workdir:ro,Z" "-v" "/var/lib/crater-agent-workspace/cargo-home:/opt/rustwide/cargo-home:ro,Z" "-v" "/var/lib/crater-agent-workspace/rustup-home:/opt/rustwide/rustup-home:ro,Z" "-e" "SOURCE_DIR=/opt/rustwide/workdir" "-e" "CARGO_TARGET_DIR=/opt/rustwide/target" "-e" "CARGO_INCREMENTAL=0" "-e" "RUST_BACKTRACE=full" "-e" "RUSTFLAGS=--cap-lints=warn" "-e" "RUSTDOCFLAGS=--cap-lints=warn" "-e" "CARGO_HOME=/opt/rustwide/cargo-home" "-e" "RUSTUP_HOME=/opt/rustwide/rustup-home" "-w" "/opt/rustwide/workdir" "-m" "1610612736" "--user" "0:0" "--network" "none" "ghcr.io/rust-lang/crates-build-env/linux@sha256:2788e3201cd34a07e3172128adcd8b3090168a8e3bcc40d7c032b9dda1df7d1c" "/opt/rustwide/cargo-home/bin/cargo" "+1.75.0" "build" "--frozen" "--message-format=json", kill_on_drop: false }`
[INFO] [stdout] 87763d3749fd6163585f5ab25ce382e3eb6b3ec1903cb8c94540e52e05d5a136
[INFO] running `Command { std: "docker" "start" "-a" "87763d3749fd6163585f5ab25ce382e3eb6b3ec1903cb8c94540e52e05d5a136", kill_on_drop: false }`
[INFO] [stderr]    Compiling autocfg v1.1.0
[INFO] [stderr]    Compiling libc v0.2.147
[INFO] [stderr]    Compiling proc-macro2 v1.0.66
[INFO] [stderr]    Compiling unicode-ident v1.0.11
[INFO] [stderr]    Compiling cfg-if v1.0.0
[INFO] [stderr]    Compiling rustversion v1.0.14
[INFO] [stderr]    Compiling ppv-lite86 v0.2.17
[INFO] [stderr]    Compiling heck v0.4.1
[INFO] [stderr]    Compiling strum v0.25.0
[INFO] [stderr]    Compiling num-traits v0.2.16
[INFO] [stderr]    Compiling num-integer v0.1.45
[INFO] [stderr]    Compiling num-bigint v0.4.3
[INFO] [stderr]    Compiling num-rational v0.4.1
[INFO] [stderr]    Compiling num-iter v0.1.43
[INFO] [stderr]    Compiling quote v1.0.32
[INFO] [stderr]    Compiling syn v2.0.27
[INFO] [stderr]    Compiling getrandom v0.2.10
[INFO] [stderr]    Compiling rand_core v0.6.4
[INFO] [stderr]    Compiling rand_chacha v0.3.1
[INFO] [stderr]    Compiling rand v0.8.5
[INFO] [stderr]    Compiling num-complex v0.4.3
[INFO] [stderr]    Compiling num v0.4.1
[INFO] [stderr]    Compiling strum_macros v0.25.1
[INFO] [stderr]    Compiling rust-book v0.14.1 (/opt/rustwide/workdir)
[INFO] [stdout] warning: unused imports: `Display`, `Formatter`, `Result`
[INFO] [stdout]  --> src/chapters/c20_multithreaded_web_server/http.rs:1:16
[INFO] [stdout]   |
[INFO] [stdout] 1 | use std::fmt::{Display, Formatter, Result};
[INFO] [stdout]   |                ^^^^^^^  ^^^^^^^^^  ^^^^^^
[INFO] [stdout]   |
[INFO] [stdout]   = note: `#[warn(unused_imports)]` on by default
[INFO] [stdout] 
[INFO] [stdout] 
[INFO] [stdout] warning: unused import: `thread`
[INFO] [stdout]  --> src/chapters/c20_multithreaded_web_server/server.rs:4:5
[INFO] [stdout]   |
[INFO] [stdout] 4 |     thread,
[INFO] [stdout]   |     ^^^^^^
[INFO] [stdout] 
[INFO] [stdout] 
[INFO] [stdout] warning: unused variable: `post`
[INFO] [stdout]   --> src/chapters/c17_object_orientation_in_rust/blog.rs:46:27
[INFO] [stdout]    |
[INFO] [stdout] 46 |     fn content<'a>(&self, post: &'a Post) -> &'a str {
[INFO] [stdout]    |                           ^^^^ help: if this is intentional, prefix it with an underscore: `_post`
[INFO] [stdout]    |
[INFO] [stdout]    = note: `#[warn(unused_variables)]` on by default
[INFO] [stdout] 
[INFO] [stdout] 
[INFO] [stdout] warning: unused variable: `x`
[INFO] [stdout]   --> src/chapters/c18_patterns_and_matching/matching.rs:88:17
[INFO] [stdout]    |
[INFO] [stdout] 88 |         Point { x, y } => println!("On neither axis (x, y)"),
[INFO] [stdout]    |                 ^ help: try ignoring the field: `x: _`
[INFO] [stdout] 
[INFO] [stdout] 
[INFO] [stdout] warning: unused variable: `y`
[INFO] [stdout]   --> src/chapters/c18_patterns_and_matching/matching.rs:88:20
[INFO] [stdout]    |
[INFO] [stdout] 88 |         Point { x, y } => println!("On neither axis (x, y)"),
[INFO] [stdout]    |                    ^ help: try ignoring the field: `y: _`
[INFO] [stdout] 
[INFO] [stdout] 
[INFO] [stdout] warning: unused variable: `z`
[INFO] [stdout]    --> src/chapters/c18_patterns_and_matching/matching.rs:171:9
[INFO] [stdout]     |
[INFO] [stdout] 171 |     let z = 30; // Will get a warning because it's unused
[INFO] [stdout]     |         ^ help: if this is intentional, prefix it with an underscore: `_z`
[INFO] [stdout] 
[INFO] [stdout] 
[INFO] [stdout] warning: unused variable: `r`
[INFO] [stdout]   --> src/chapters/c19_advanced_features/unsafe_rust.rs:27:9
[INFO] [stdout]    |
[INFO] [stdout] 27 |     let r = address as *const i32;
[INFO] [stdout]    |         ^ help: if this is intentional, prefix it with an underscore: `_r`
[INFO] [stdout] 
[INFO] [stdout] 
[INFO] [stdout] warning: method `can_hold` is never used
[INFO] [stdout]  --> src/chapters/c11_writing_automated_tests/rectangle/mod.rs:8:12
[INFO] [stdout]   |
[INFO] [stdout] 7 | impl Rectangle {
[INFO] [stdout]   | -------------- method in this implementation
[INFO] [stdout] 8 |     pub fn can_hold(&self, other: &Rectangle) -> bool {
[INFO] [stdout]   |            ^^^^^^^^
[INFO] [stdout]   |
[INFO] [stdout]   = note: `#[warn(dead_code)]` on by default
[INFO] [stdout] 
[INFO] [stdout] 
[INFO] [stdout] warning: function `shoes_in_size` is never used
[INFO] [stdout]   --> src/chapters/c13_iterators_and_closures/iterators/mod.rs:22:4
[INFO] [stdout]    |
[INFO] [stdout] 22 | fn shoes_in_size(shoes: Vec<Shoe>, shoe_size: u32) -> Vec<Shoe> {
[INFO] [stdout]    |    ^^^^^^^^^^^^^
[INFO] [stdout] 
[INFO] [stdout] 
[INFO] [stdout] warning: struct `LimitTracker` is never constructed
[INFO] [stdout]  --> src/chapters/c15_smart_pointers/limit_tracker.rs:5:12
[INFO] [stdout]   |
[INFO] [stdout] 5 | pub struct LimitTracker<'a, T: Messenger> {
[INFO] [stdout]   |            ^^^^^^^^^^^^
[INFO] [stdout] 
[INFO] [stdout] 
[INFO] [stdout] warning: associated items `new` and `set_value` are never used
[INFO] [stdout]   --> src/chapters/c15_smart_pointers/limit_tracker.rs:15:12
[INFO] [stdout]    |
[INFO] [stdout] 11 | / impl<'a, T> LimitTracker<'a, T>
[INFO] [stdout] 12 | | where
[INFO] [stdout] 13 | |     T: Messenger,
[INFO] [stdout]    | |_________________- associated items in this implementation
[INFO] [stdout] 14 |   {
[INFO] [stdout] 15 |       pub fn new(messenger: &'a T, max: usize) -> LimitTracker<'a, T> {
[INFO] [stdout]    |              ^^^
[INFO] [stdout] ...
[INFO] [stdout] 23 |       pub fn set_value(&mut self, value: usize) {
[INFO] [stdout]    |              ^^^^^^^^^
[INFO] [stdout] 
[INFO] [stdout] 
[INFO] [stdout] warning: fields `y` and `z` are never read
[INFO] [stdout]    --> src/chapters/c18_patterns_and_matching/matching.rs:187:9
[INFO] [stdout]     |
[INFO] [stdout] 185 |     struct Point {
[INFO] [stdout]     |            ----- fields in this struct
[INFO] [stdout] 186 |         x: i32,
[INFO] [stdout] 187 |         y: i32,
[INFO] [stdout]     |         ^
[INFO] [stdout] 188 |         z: i32,
[INFO] [stdout]     |         ^
[INFO] [stdout] 
[INFO] [stdout] 
[INFO] [stdout] warning: enum `HttpMethod` is never used
[INFO] [stdout]  --> src/chapters/c20_multithreaded_web_server/http.rs:3:6
[INFO] [stdout]   |
[INFO] [stdout] 3 | enum HttpMethod {
[INFO] [stdout]   |      ^^^^^^^^^^
[INFO] [stdout] 
[INFO] [stdout] 
[INFO] [stdout] warning: struct `HttpHeader` is never constructed
[INFO] [stdout]   --> src/chapters/c20_multithreaded_web_server/http.rs:23:12
[INFO] [stdout]    |
[INFO] [stdout] 23 | pub struct HttpHeader {
[INFO] [stdout]    |            ^^^^^^^^^^
[INFO] [stdout] 
[INFO] [stdout] 
[INFO] [stdout] warning: struct `HttpRequest` is never constructed
[INFO] [stdout]   --> src/chapters/c20_multithreaded_web_server/http.rs:28:12
[INFO] [stdout]    |
[INFO] [stdout] 28 | pub struct HttpRequest {
[INFO] [stdout]    |            ^^^^^^^^^^^
[INFO] [stdout] 
[INFO] [stdout] 
[INFO] [stdout] warning: 15 warnings emitted
[INFO] [stdout] 
[INFO] [stdout] 
[INFO] [stdout] warning: unused imports: `Display`, `Formatter`, `Result`
[INFO] [stdout]  --> src/chapters/c20_multithreaded_web_server/http.rs:1:16
[INFO] [stdout]   |
[INFO] [stdout] 1 | use std::fmt::{Display, Formatter, Result};
[INFO] [stdout]   |                ^^^^^^^  ^^^^^^^^^  ^^^^^^
[INFO] [stdout]   |
[INFO] [stdout]   = note: `#[warn(unused_imports)]` on by default
[INFO] [stdout] 
[INFO] [stdout] 
[INFO] [stdout] warning: unused import: `thread`
[INFO] [stdout]  --> src/chapters/c20_multithreaded_web_server/server.rs:4:5
[INFO] [stdout]   |
[INFO] [stdout] 4 |     thread,
[INFO] [stdout]   |     ^^^^^^
[INFO] [stdout] 
[INFO] [stdout] 
[INFO] [stdout] warning: unused variable: `post`
[INFO] [stdout]   --> src/chapters/c17_object_orientation_in_rust/blog.rs:46:27
[INFO] [stdout]    |
[INFO] [stdout] 46 |     fn content<'a>(&self, post: &'a Post) -> &'a str {
[INFO] [stdout]    |                           ^^^^ help: if this is intentional, prefix it with an underscore: `_post`
[INFO] [stdout]    |
[INFO] [stdout]    = note: `#[warn(unused_variables)]` on by default
[INFO] [stdout] 
[INFO] [stdout] 
[INFO] [stdout] warning: unused variable: `x`
[INFO] [stdout]   --> src/chapters/c18_patterns_and_matching/matching.rs:88:17
[INFO] [stdout]    |
[INFO] [stdout] 88 |         Point { x, y } => println!("On neither axis (x, y)"),
[INFO] [stdout]    |                 ^ help: try ignoring the field: `x: _`
[INFO] [stdout] 
[INFO] [stdout] 
[INFO] [stdout] warning: unused variable: `y`
[INFO] [stdout]   --> src/chapters/c18_patterns_and_matching/matching.rs:88:20
[INFO] [stdout]    |
[INFO] [stdout] 88 |         Point { x, y } => println!("On neither axis (x, y)"),
[INFO] [stdout]    |                    ^ help: try ignoring the field: `y: _`
[INFO] [stdout] 
[INFO] [stdout] 
[INFO] [stdout] warning: unused variable: `z`
[INFO] [stdout]    --> src/chapters/c18_patterns_and_matching/matching.rs:171:9
[INFO] [stdout]     |
[INFO] [stdout] 171 |     let z = 30; // Will get a warning because it's unused
[INFO] [stdout]     |         ^ help: if this is intentional, prefix it with an underscore: `_z`
[INFO] [stdout] 
[INFO] [stdout] 
[INFO] [stdout] warning: unused variable: `r`
[INFO] [stdout]   --> src/chapters/c19_advanced_features/unsafe_rust.rs:27:9
[INFO] [stdout]    |
[INFO] [stdout] 27 |     let r = address as *const i32;
[INFO] [stdout]    |         ^ help: if this is intentional, prefix it with an underscore: `_r`
[INFO] [stdout] 
[INFO] [stdout] 
[INFO] [stdout] warning: method `can_hold` is never used
[INFO] [stdout]  --> src/chapters/c11_writing_automated_tests/rectangle/mod.rs:8:12
[INFO] [stdout]   |
[INFO] [stdout] 7 | impl Rectangle {
[INFO] [stdout]   | -------------- method in this implementation
[INFO] [stdout] 8 |     pub fn can_hold(&self, other: &Rectangle) -> bool {
[INFO] [stdout]   |            ^^^^^^^^
[INFO] [stdout]   |
[INFO] [stdout]   = note: `#[warn(dead_code)]` on by default
[INFO] [stdout] 
[INFO] [stdout] 
[INFO] [stdout] warning: function `shoes_in_size` is never used
[INFO] [stdout]   --> src/chapters/c13_iterators_and_closures/iterators/mod.rs:22:4
[INFO] [stdout]    |
[INFO] [stdout] 22 | fn shoes_in_size(shoes: Vec<Shoe>, shoe_size: u32) -> Vec<Shoe> {
[INFO] [stdout]    |    ^^^^^^^^^^^^^
[INFO] [stdout] 
[INFO] [stdout] 
[INFO] [stdout] warning: struct `LimitTracker` is never constructed
[INFO] [stdout]  --> src/chapters/c15_smart_pointers/limit_tracker.rs:5:12
[INFO] [stdout]   |
[INFO] [stdout] 5 | pub struct LimitTracker<'a, T: Messenger> {
[INFO] [stdout]   |            ^^^^^^^^^^^^
[INFO] [stdout] 
[INFO] [stdout] 
[INFO] [stdout] warning: associated items `new` and `set_value` are never used
[INFO] [stdout]   --> src/chapters/c15_smart_pointers/limit_tracker.rs:15:12
[INFO] [stdout]    |
[INFO] [stdout] 11 | / impl<'a, T> LimitTracker<'a, T>
[INFO] [stdout] 12 | | where
[INFO] [stdout] 13 | |     T: Messenger,
[INFO] [stdout]    | |_________________- associated items in this implementation
[INFO] [stdout] 14 |   {
[INFO] [stdout] 15 |       pub fn new(messenger: &'a T, max: usize) -> LimitTracker<'a, T> {
[INFO] [stdout]    |              ^^^
[INFO] [stdout] ...
[INFO] [stdout] 23 |       pub fn set_value(&mut self, value: usize) {
[INFO] [stdout]    |              ^^^^^^^^^
[INFO] [stdout] 
[INFO] [stdout] 
[INFO] [stdout] warning: fields `y` and `z` are never read
[INFO] [stdout]    --> src/chapters/c18_patterns_and_matching/matching.rs:187:9
[INFO] [stdout]     |
[INFO] [stdout] 185 |     struct Point {
[INFO] [stdout]     |            ----- fields in this struct
[INFO] [stdout] 186 |         x: i32,
[INFO] [stdout] 187 |         y: i32,
[INFO] [stdout]     |         ^
[INFO] [stdout] 188 |         z: i32,
[INFO] [stdout]     |         ^
[INFO] [stdout] 
[INFO] [stdout] 
[INFO] [stdout] warning: enum `HttpMethod` is never used
[INFO] [stdout]  --> src/chapters/c20_multithreaded_web_server/http.rs:3:6
[INFO] [stdout]   |
[INFO] [stdout] 3 | enum HttpMethod {
[INFO] [stdout]   |      ^^^^^^^^^^
[INFO] [stdout] 
[INFO] [stdout] 
[INFO] [stdout] warning: struct `HttpHeader` is never constructed
[INFO] [stdout]   --> src/chapters/c20_multithreaded_web_server/http.rs:23:12
[INFO] [stdout]    |
[INFO] [stdout] 23 | pub struct HttpHeader {
[INFO] [stdout]    |            ^^^^^^^^^^
[INFO] [stdout] 
[INFO] [stdout] 
[INFO] [stdout] warning: struct `HttpRequest` is never constructed
[INFO] [stdout]   --> src/chapters/c20_multithreaded_web_server/http.rs:28:12
[INFO] [stdout]    |
[INFO] [stdout] 28 | pub struct HttpRequest {
[INFO] [stdout]    |            ^^^^^^^^^^^
[INFO] [stdout] 
[INFO] [stdout] 
[INFO] [stdout] warning: 15 warnings emitted
[INFO] [stdout] 
[INFO] [stdout] 
[INFO] [stderr]     Finished dev [unoptimized + debuginfo] target(s) in 5.02s
[INFO] running `Command { std: "docker" "inspect" "87763d3749fd6163585f5ab25ce382e3eb6b3ec1903cb8c94540e52e05d5a136", kill_on_drop: false }`
[INFO] running `Command { std: "docker" "rm" "-f" "87763d3749fd6163585f5ab25ce382e3eb6b3ec1903cb8c94540e52e05d5a136", kill_on_drop: false }`
[INFO] [stdout] 87763d3749fd6163585f5ab25ce382e3eb6b3ec1903cb8c94540e52e05d5a136
[INFO] running `Command { std: "docker" "create" "-v" "/var/lib/crater-agent-workspace/builds/worker-6-tc1/target:/opt/rustwide/target:rw,Z" "-v" "/var/lib/crater-agent-workspace/builds/worker-6-tc1/source:/opt/rustwide/workdir:ro,Z" "-v" "/var/lib/crater-agent-workspace/cargo-home:/opt/rustwide/cargo-home:ro,Z" "-v" "/var/lib/crater-agent-workspace/rustup-home:/opt/rustwide/rustup-home:ro,Z" "-e" "SOURCE_DIR=/opt/rustwide/workdir" "-e" "CARGO_TARGET_DIR=/opt/rustwide/target" "-e" "CARGO_INCREMENTAL=0" "-e" "RUST_BACKTRACE=full" "-e" "RUSTFLAGS=--cap-lints=warn" "-e" "RUSTDOCFLAGS=--cap-lints=warn" "-e" "CARGO_HOME=/opt/rustwide/cargo-home" "-e" "RUSTUP_HOME=/opt/rustwide/rustup-home" "-w" "/opt/rustwide/workdir" "-m" "1610612736" "--user" "0:0" "--network" "none" "ghcr.io/rust-lang/crates-build-env/linux@sha256:2788e3201cd34a07e3172128adcd8b3090168a8e3bcc40d7c032b9dda1df7d1c" "/opt/rustwide/cargo-home/bin/cargo" "+1.75.0" "test" "--frozen" "--no-run" "--message-format=json", kill_on_drop: false }`
[INFO] [stdout] bb5a04c92268799be50da64fa43c5102419d91f56d3084163dbe47c28e702cd2
[INFO] running `Command { std: "docker" "start" "-a" "bb5a04c92268799be50da64fa43c5102419d91f56d3084163dbe47c28e702cd2", kill_on_drop: false }`
[INFO] [stdout] warning: unused imports: `Display`, `Formatter`, `Result`
[INFO] [stdout]  --> src/chapters/c20_multithreaded_web_server/http.rs:1:16
[INFO] [stdout]   |
[INFO] [stdout] 1 | use std::fmt::{Display, Formatter, Result};
[INFO] [stdout]   |                ^^^^^^^  ^^^^^^^^^  ^^^^^^
[INFO] [stdout]   |
[INFO] [stdout]   = note: `#[warn(unused_imports)]` on by default
[INFO] [stdout] 
[INFO] [stdout] 
[INFO] [stdout] warning: unused import: `thread`
[INFO] [stdout]  --> src/chapters/c20_multithreaded_web_server/server.rs:4:5
[INFO] [stdout]   |
[INFO] [stdout] 4 |     thread,
[INFO] [stdout]   |     ^^^^^^
[INFO] [stdout] 
[INFO] [stdout] 
[INFO] [stdout] warning: unused variable: `post`
[INFO] [stdout]   --> src/chapters/c17_object_orientation_in_rust/blog.rs:46:27
[INFO] [stdout]    |
[INFO] [stdout] 46 |     fn content<'a>(&self, post: &'a Post) -> &'a str {
[INFO] [stdout]    |                           ^^^^ help: if this is intentional, prefix it with an underscore: `_post`
[INFO] [stdout]    |
[INFO] [stdout]    = note: `#[warn(unused_variables)]` on by default
[INFO] [stdout] 
[INFO] [stdout] 
[INFO] [stdout] warning: unused variable: `x`
[INFO] [stdout]   --> src/chapters/c18_patterns_and_matching/matching.rs:88:17
[INFO] [stdout]    |
[INFO] [stdout] 88 |         Point { x, y } => println!("On neither axis (x, y)"),
[INFO] [stdout]    |                 ^ help: try ignoring the field: `x: _`
[INFO] [stdout] 
[INFO] [stdout] 
[INFO] [stdout] warning: unused variable: `y`
[INFO] [stdout]   --> src/chapters/c18_patterns_and_matching/matching.rs:88:20
[INFO] [stdout]    |
[INFO] [stdout] 88 |         Point { x, y } => println!("On neither axis (x, y)"),
[INFO] [stdout]    |                    ^ help: try ignoring the field: `y: _`
[INFO] [stdout] 
[INFO] [stdout] 
[INFO] [stdout] warning: unused variable: `z`
[INFO] [stdout]    --> src/chapters/c18_patterns_and_matching/matching.rs:171:9
[INFO] [stdout]     |
[INFO] [stdout] 171 |     let z = 30; // Will get a warning because it's unused
[INFO] [stdout]     |         ^ help: if this is intentional, prefix it with an underscore: `_z`
[INFO] [stdout] 
[INFO] [stdout] 
[INFO] [stdout] warning: unused variable: `r`
[INFO] [stdout]   --> src/chapters/c19_advanced_features/unsafe_rust.rs:27:9
[INFO] [stdout]    |
[INFO] [stdout] 27 |     let r = address as *const i32;
[INFO] [stdout]    |         ^ help: if this is intentional, prefix it with an underscore: `_r`
[INFO] [stdout] 
[INFO] [stdout] 
[INFO] [stdout] warning: method `can_hold` is never used
[INFO] [stdout]  --> src/chapters/c11_writing_automated_tests/rectangle/mod.rs:8:12
[INFO] [stdout]   |
[INFO] [stdout] 7 | impl Rectangle {
[INFO] [stdout]   | -------------- method in this implementation
[INFO] [stdout] 8 |     pub fn can_hold(&self, other: &Rectangle) -> bool {
[INFO] [stdout]   |            ^^^^^^^^
[INFO] [stdout]   |
[INFO] [stdout]   = note: `#[warn(dead_code)]` on by default
[INFO] [stdout] 
[INFO] [stdout] 
[INFO] [stdout] warning: function `shoes_in_size` is never used
[INFO] [stdout]   --> src/chapters/c13_iterators_and_closures/iterators/mod.rs:22:4
[INFO] [stdout]    |
[INFO] [stdout] 22 | fn shoes_in_size(shoes: Vec<Shoe>, shoe_size: u32) -> Vec<Shoe> {
[INFO] [stdout]    |    ^^^^^^^^^^^^^
[INFO] [stdout] 
[INFO] [stdout] 
[INFO] [stdout] warning: struct `LimitTracker` is never constructed
[INFO] [stdout]  --> src/chapters/c15_smart_pointers/limit_tracker.rs:5:12
[INFO] [stdout]   |
[INFO] [stdout] 5 | pub struct LimitTracker<'a, T: Messenger> {
[INFO] [stdout]   |            ^^^^^^^^^^^^
[INFO] [stdout] 
[INFO] [stdout] 
[INFO] [stdout] warning: associated items `new` and `set_value` are never used
[INFO] [stdout]   --> src/chapters/c15_smart_pointers/limit_tracker.rs:15:12
[INFO] [stdout]    |
[INFO] [stdout] 11 | / impl<'a, T> LimitTracker<'a, T>
[INFO] [stdout] 12 | | where
[INFO] [stdout] 13 | |     T: Messenger,
[INFO] [stdout]    | |_________________- associated items in this implementation
[INFO] [stdout] 14 |   {
[INFO] [stdout] 15 |       pub fn new(messenger: &'a T, max: usize) -> LimitTracker<'a, T> {
[INFO] [stdout]    |              ^^^
[INFO] [stdout] ...
[INFO] [stdout] 23 |       pub fn set_value(&mut self, value: usize) {
[INFO] [stdout]    |              ^^^^^^^^^
[INFO] [stdout] 
[INFO] [stdout] 
[INFO] [stdout] warning: fields `y` and `z` are never read
[INFO] [stdout]    --> src/chapters/c18_patterns_and_matching/matching.rs:187:9
[INFO] [stdout]     |
[INFO] [stdout] 185 |     struct Point {
[INFO] [stdout]     |            ----- fields in this struct
[INFO] [stdout] 186 |         x: i32,
[INFO] [stdout] 187 |         y: i32,
[INFO] [stdout]     |         ^
[INFO] [stdout] 188 |         z: i32,
[INFO] [stdout]     |         ^
[INFO] [stdout] 
[INFO] [stdout] 
[INFO] [stdout] warning: enum `HttpMethod` is never used
[INFO] [stdout]  --> src/chapters/c20_multithreaded_web_server/http.rs:3:6
[INFO] [stdout]   |
[INFO] [stdout] 3 | enum HttpMethod {
[INFO] [stdout]   |      ^^^^^^^^^^
[INFO] [stdout] 
[INFO] [stdout] 
[INFO] [stderr]    Compiling rust-book v0.14.1 (/opt/rustwide/workdir)
[INFO] [stdout] warning: struct `HttpHeader` is never constructed
[INFO] [stdout]   --> src/chapters/c20_multithreaded_web_server/http.rs:23:12
[INFO] [stdout]    |
[INFO] [stdout] 23 | pub struct HttpHeader {
[INFO] [stdout]    |            ^^^^^^^^^^
[INFO] [stdout] 
[INFO] [stdout] 
[INFO] [stdout] warning: struct `HttpRequest` is never constructed
[INFO] [stdout]   --> src/chapters/c20_multithreaded_web_server/http.rs:28:12
[INFO] [stdout]    |
[INFO] [stdout] 28 | pub struct HttpRequest {
[INFO] [stdout]    |            ^^^^^^^^^^^
[INFO] [stdout] 
[INFO] [stdout] 
[INFO] [stdout] warning: 15 warnings emitted
[INFO] [stdout] 
[INFO] [stdout] 
[INFO] [stdout] warning: unused imports: `Display`, `Formatter`, `Result`
[INFO] [stdout]  --> src/chapters/c20_multithreaded_web_server/http.rs:1:16
[INFO] [stdout]   |
[INFO] [stdout] 1 | use std::fmt::{Display, Formatter, Result};
[INFO] [stdout]   |                ^^^^^^^  ^^^^^^^^^  ^^^^^^
[INFO] [stdout]   |
[INFO] [stdout]   = note: `#[warn(unused_imports)]` on by default
[INFO] [stdout] 
[INFO] [stdout] 
[INFO] [stdout] warning: unused import: `thread`
[INFO] [stdout]  --> src/chapters/c20_multithreaded_web_server/server.rs:4:5
[INFO] [stdout]   |
[INFO] [stdout] 4 |     thread,
[INFO] [stdout]   |     ^^^^^^
[INFO] [stdout] 
[INFO] [stdout] 
[INFO] [stdout] warning: unused variable: `post`
[INFO] [stdout]   --> src/chapters/c17_object_orientation_in_rust/blog.rs:46:27
[INFO] [stdout]    |
[INFO] [stdout] 46 |     fn content<'a>(&self, post: &'a Post) -> &'a str {
[INFO] [stdout]    |                           ^^^^ help: if this is intentional, prefix it with an underscore: `_post`
[INFO] [stdout]    |
[INFO] [stdout]    = note: `#[warn(unused_variables)]` on by default
[INFO] [stdout] 
[INFO] [stdout] 
[INFO] [stdout] warning: unused variable: `x`
[INFO] [stdout]   --> src/chapters/c18_patterns_and_matching/matching.rs:88:17
[INFO] [stdout]    |
[INFO] [stdout] 88 |         Point { x, y } => println!("On neither axis (x, y)"),
[INFO] [stdout]    |                 ^ help: try ignoring the field: `x: _`
[INFO] [stdout] 
[INFO] [stdout] 
[INFO] [stdout] warning: unused variable: `y`
[INFO] [stdout]   --> src/chapters/c18_patterns_and_matching/matching.rs:88:20
[INFO] [stdout]    |
[INFO] [stdout] 88 |         Point { x, y } => println!("On neither axis (x, y)"),
[INFO] [stdout]    |                    ^ help: try ignoring the field: `y: _`
[INFO] [stdout] 
[INFO] [stdout] 
[INFO] [stdout] warning: unused variable: `z`
[INFO] [stdout]    --> src/chapters/c18_patterns_and_matching/matching.rs:171:9
[INFO] [stdout]     |
[INFO] [stdout] 171 |     let z = 30; // Will get a warning because it's unused
[INFO] [stdout]     |         ^ help: if this is intentional, prefix it with an underscore: `_z`
[INFO] [stdout] 
[INFO] [stdout] 
[INFO] [stdout] warning: unused variable: `r`
[INFO] [stdout]   --> src/chapters/c19_advanced_features/unsafe_rust.rs:27:9
[INFO] [stdout]    |
[INFO] [stdout] 27 |     let r = address as *const i32;
[INFO] [stdout]    |         ^ help: if this is intentional, prefix it with an underscore: `_r`
[INFO] [stdout] 
[INFO] [stdout] 
[INFO] [stdout] warning: method `can_hold` is never used
[INFO] [stdout]  --> src/chapters/c11_writing_automated_tests/rectangle/mod.rs:8:12
[INFO] [stdout]   |
[INFO] [stdout] 7 | impl Rectangle {
[INFO] [stdout]   | -------------- method in this implementation
[INFO] [stdout] 8 |     pub fn can_hold(&self, other: &Rectangle) -> bool {
[INFO] [stdout]   |            ^^^^^^^^
[INFO] [stdout]   |
[INFO] [stdout]   = note: `#[warn(dead_code)]` on by default
[INFO] [stdout] 
[INFO] [stdout] 
[INFO] [stdout] warning: function `shoes_in_size` is never used
[INFO] [stdout]   --> src/chapters/c13_iterators_and_closures/iterators/mod.rs:22:4
[INFO] [stdout]    |
[INFO] [stdout] 22 | fn shoes_in_size(shoes: Vec<Shoe>, shoe_size: u32) -> Vec<Shoe> {
[INFO] [stdout]    |    ^^^^^^^^^^^^^
[INFO] [stdout] 
[INFO] [stdout] 
[INFO] [stdout] warning: struct `LimitTracker` is never constructed
[INFO] [stdout]  --> src/chapters/c15_smart_pointers/limit_tracker.rs:5:12
[INFO] [stdout]   |
[INFO] [stdout] 5 | pub struct LimitTracker<'a, T: Messenger> {
[INFO] [stdout]   |            ^^^^^^^^^^^^
[INFO] [stdout] 
[INFO] [stdout] 
[INFO] [stdout] warning: associated items `new` and `set_value` are never used
[INFO] [stdout]   --> src/chapters/c15_smart_pointers/limit_tracker.rs:15:12
[INFO] [stdout]    |
[INFO] [stdout] 11 | / impl<'a, T> LimitTracker<'a, T>
[INFO] [stdout] 12 | | where
[INFO] [stdout] 13 | |     T: Messenger,
[INFO] [stdout]    | |_________________- associated items in this implementation
[INFO] [stdout] 14 |   {
[INFO] [stdout] 15 |       pub fn new(messenger: &'a T, max: usize) -> LimitTracker<'a, T> {
[INFO] [stdout]    |              ^^^
[INFO] [stdout] ...
[INFO] [stdout] 23 |       pub fn set_value(&mut self, value: usize) {
[INFO] [stdout]    |              ^^^^^^^^^
[INFO] [stdout] 
[INFO] [stdout] 
[INFO] [stdout] warning: fields `y` and `z` are never read
[INFO] [stdout]    --> src/chapters/c18_patterns_and_matching/matching.rs:187:9
[INFO] [stdout]     |
[INFO] [stdout] 185 |     struct Point {
[INFO] [stdout]     |            ----- fields in this struct
[INFO] [stdout] 186 |         x: i32,
[INFO] [stdout] 187 |         y: i32,
[INFO] [stdout]     |         ^
[INFO] [stdout] 188 |         z: i32,
[INFO] [stdout]     |         ^
[INFO] [stdout] 
[INFO] [stdout] 
[INFO] [stdout] warning: enum `HttpMethod` is never used
[INFO] [stdout]  --> src/chapters/c20_multithreaded_web_server/http.rs:3:6
[INFO] [stdout]   |
[INFO] [stdout] 3 | enum HttpMethod {
[INFO] [stdout]   |      ^^^^^^^^^^
[INFO] [stdout] 
[INFO] [stdout] 
[INFO] [stdout] warning: struct `HttpHeader` is never constructed
[INFO] [stdout]   --> src/chapters/c20_multithreaded_web_server/http.rs:23:12
[INFO] [stdout]    |
[INFO] [stdout] 23 | pub struct HttpHeader {
[INFO] [stdout]    |            ^^^^^^^^^^
[INFO] [stdout] 
[INFO] [stdout] 
[INFO] [stdout] warning: struct `HttpRequest` is never constructed
[INFO] [stdout]   --> src/chapters/c20_multithreaded_web_server/http.rs:28:12
[INFO] [stdout]    |
[INFO] [stdout] 28 | pub struct HttpRequest {
[INFO] [stdout]    |            ^^^^^^^^^^^
[INFO] [stdout] 
[INFO] [stdout] 
[INFO] [stdout] warning: 15 warnings emitted
[INFO] [stdout] 
[INFO] [stdout] 
[INFO] [stdout] warning: unused imports: `Display`, `Formatter`, `Result`
[INFO] [stdout]  --> src/chapters/c20_multithreaded_web_server/http.rs:1:16
[INFO] [stdout]   |
[INFO] [stdout] 1 | use std::fmt::{Display, Formatter, Result};
[INFO] [stdout]   |                ^^^^^^^  ^^^^^^^^^  ^^^^^^
[INFO] [stdout]   |
[INFO] [stdout]   = note: `#[warn(unused_imports)]` on by default
[INFO] [stdout] 
[INFO] [stdout] 
[INFO] [stdout] warning: unused import: `thread`
[INFO] [stdout]  --> src/chapters/c20_multithreaded_web_server/server.rs:4:5
[INFO] [stdout]   |
[INFO] [stdout] 4 |     thread,
[INFO] [stdout]   |     ^^^^^^
[INFO] [stdout] 
[INFO] [stdout] 
[INFO] [stdout] warning: unused imports: `Display`, `Formatter`, `Result`
[INFO] [stdout]  --> src/chapters/c20_multithreaded_web_server/http.rs:1:16
[INFO] [stdout]   |
[INFO] [stdout] 1 | use std::fmt::{Display, Formatter, Result};
[INFO] [stdout]   |                ^^^^^^^  ^^^^^^^^^  ^^^^^^
[INFO] [stdout]   |
[INFO] [stdout]   = note: `#[warn(unused_imports)]` on by default
[INFO] [stdout] 
[INFO] [stdout] 
[INFO] [stdout] warning: unused import: `thread`
[INFO] [stdout]  --> src/chapters/c20_multithreaded_web_server/server.rs:4:5
[INFO] [stdout]   |
[INFO] [stdout] 4 |     thread,
[INFO] [stdout]   |     ^^^^^^
[INFO] [stdout] 
[INFO] [stdout] 
[INFO] [stdout] warning: unused variable: `post`
[INFO] [stdout]   --> src/chapters/c17_object_orientation_in_rust/blog.rs:46:27
[INFO] [stdout]    |
[INFO] [stdout] 46 |     fn content<'a>(&self, post: &'a Post) -> &'a str {
[INFO] [stdout]    |                           ^^^^ help: if this is intentional, prefix it with an underscore: `_post`
[INFO] [stdout]    |
[INFO] [stdout]    = note: `#[warn(unused_variables)]` on by default
[INFO] [stdout] 
[INFO] [stdout] 
[INFO] [stdout] warning: unused variable: `x`
[INFO] [stdout]   --> src/chapters/c18_patterns_and_matching/matching.rs:88:17
[INFO] [stdout]    |
[INFO] [stdout] 88 |         Point { x, y } => println!("On neither axis (x, y)"),
[INFO] [stdout]    |                 ^ help: try ignoring the field: `x: _`
[INFO] [stdout] 
[INFO] [stdout] 
[INFO] [stdout] warning: unused variable: `y`
[INFO] [stdout]   --> src/chapters/c18_patterns_and_matching/matching.rs:88:20
[INFO] [stdout]    |
[INFO] [stdout] 88 |         Point { x, y } => println!("On neither axis (x, y)"),
[INFO] [stdout]    |                    ^ help: try ignoring the field: `y: _`
[INFO] [stdout] 
[INFO] [stdout] 
[INFO] [stdout] warning: unused variable: `z`
[INFO] [stdout]    --> src/chapters/c18_patterns_and_matching/matching.rs:171:9
[INFO] [stdout]     |
[INFO] [stdout] 171 |     let z = 30; // Will get a warning because it's unused
[INFO] [stdout]     |         ^ help: if this is intentional, prefix it with an underscore: `_z`
[INFO] [stdout] 
[INFO] [stdout] 
[INFO] [stdout] warning: unused variable: `r`
[INFO] [stdout]   --> src/chapters/c19_advanced_features/unsafe_rust.rs:27:9
[INFO] [stdout]    |
[INFO] [stdout] 27 |     let r = address as *const i32;
[INFO] [stdout]    |         ^ help: if this is intentional, prefix it with an underscore: `_r`
[INFO] [stdout] 
[INFO] [stdout] 
[INFO] [stdout] warning: unused variable: `post`
[INFO] [stdout]   --> src/chapters/c17_object_orientation_in_rust/blog.rs:46:27
[INFO] [stdout]    |
[INFO] [stdout] 46 |     fn content<'a>(&self, post: &'a Post) -> &'a str {
[INFO] [stdout]    |                           ^^^^ help: if this is intentional, prefix it with an underscore: `_post`
[INFO] [stdout]    |
[INFO] [stdout]    = note: `#[warn(unused_variables)]` on by default
[INFO] [stdout] 
[INFO] [stdout] 
[INFO] [stdout] warning: unused variable: `x`
[INFO] [stdout]   --> src/chapters/c18_patterns_and_matching/matching.rs:88:17
[INFO] [stdout]    |
[INFO] [stdout] 88 |         Point { x, y } => println!("On neither axis (x, y)"),
[INFO] [stdout]    |                 ^ help: try ignoring the field: `x: _`
[INFO] [stdout] 
[INFO] [stdout] 
[INFO] [stdout] warning: unused variable: `y`
[INFO] [stdout]   --> src/chapters/c18_patterns_and_matching/matching.rs:88:20
[INFO] [stdout]    |
[INFO] [stdout] 88 |         Point { x, y } => println!("On neither axis (x, y)"),
[INFO] [stdout]    |                    ^ help: try ignoring the field: `y: _`
[INFO] [stdout] 
[INFO] [stdout] 
[INFO] [stdout] warning: unused variable: `z`
[INFO] [stdout]    --> src/chapters/c18_patterns_and_matching/matching.rs:171:9
[INFO] [stdout]     |
[INFO] [stdout] 171 |     let z = 30; // Will get a warning because it's unused
[INFO] [stdout]     |         ^ help: if this is intentional, prefix it with an underscore: `_z`
[INFO] [stdout] 
[INFO] [stdout] 
[INFO] [stdout] warning: unused variable: `r`
[INFO] [stdout]   --> src/chapters/c19_advanced_features/unsafe_rust.rs:27:9
[INFO] [stdout]    |
[INFO] [stdout] 27 |     let r = address as *const i32;
[INFO] [stdout]    |         ^ help: if this is intentional, prefix it with an underscore: `_r`
[INFO] [stdout] 
[INFO] [stdout] 
[INFO] [stdout] warning: fields `y` and `z` are never read
[INFO] [stdout]    --> src/chapters/c18_patterns_and_matching/matching.rs:187:9
[INFO] [stdout]     |
[INFO] [stdout] 185 |     struct Point {
[INFO] [stdout]     |            ----- fields in this struct
[INFO] [stdout] 186 |         x: i32,
[INFO] [stdout] 187 |         y: i32,
[INFO] [stdout]     |         ^
[INFO] [stdout] 188 |         z: i32,
[INFO] [stdout]     |         ^
[INFO] [stdout]     |
[INFO] [stdout]     = note: `#[warn(dead_code)]` on by default
[INFO] [stdout] 
[INFO] [stdout] 
[INFO] [stdout] warning: enum `HttpMethod` is never used
[INFO] [stdout]  --> src/chapters/c20_multithreaded_web_server/http.rs:3:6
[INFO] [stdout]   |
[INFO] [stdout] 3 | enum HttpMethod {
[INFO] [stdout]   |      ^^^^^^^^^^
[INFO] [stdout] 
[INFO] [stdout] 
[INFO] [stdout] warning: struct `HttpHeader` is never constructed
[INFO] [stdout]   --> src/chapters/c20_multithreaded_web_server/http.rs:23:12
[INFO] [stdout]    |
[INFO] [stdout] 23 | pub struct HttpHeader {
[INFO] [stdout]    |            ^^^^^^^^^^
[INFO] [stdout] 
[INFO] [stdout] 
[INFO] [stdout] warning: struct `HttpRequest` is never constructed
[INFO] [stdout]   --> src/chapters/c20_multithreaded_web_server/http.rs:28:12
[INFO] [stdout]    |
[INFO] [stdout] 28 | pub struct HttpRequest {
[INFO] [stdout]    |            ^^^^^^^^^^^
[INFO] [stdout] 
[INFO] [stdout] 
[INFO] [stdout] warning: fields `y` and `z` are never read
[INFO] [stdout]    --> src/chapters/c18_patterns_and_matching/matching.rs:187:9
[INFO] [stdout]     |
[INFO] [stdout] 185 |     struct Point {
[INFO] [stdout]     |            ----- fields in this struct
[INFO] [stdout] 186 |         x: i32,
[INFO] [stdout] 187 |         y: i32,
[INFO] [stdout]     |         ^
[INFO] [stdout] 188 |         z: i32,
[INFO] [stdout]     |         ^
[INFO] [stdout]     |
[INFO] [stdout]     = note: `#[warn(dead_code)]` on by default
[INFO] [stdout] 
[INFO] [stdout] 
[INFO] [stdout] warning: enum `HttpMethod` is never used
[INFO] [stdout]  --> src/chapters/c20_multithreaded_web_server/http.rs:3:6
[INFO] [stdout]   |
[INFO] [stdout] 3 | enum HttpMethod {
[INFO] [stdout]   |      ^^^^^^^^^^
[INFO] [stdout] 
[INFO] [stdout] 
[INFO] [stdout] warning: struct `HttpHeader` is never constructed
[INFO] [stdout]   --> src/chapters/c20_multithreaded_web_server/http.rs:23:12
[INFO] [stdout]    |
[INFO] [stdout] 23 | pub struct HttpHeader {
[INFO] [stdout]    |            ^^^^^^^^^^
[INFO] [stdout] 
[INFO] [stdout] 
[INFO] [stdout] warning: struct `HttpRequest` is never constructed
[INFO] [stdout]   --> src/chapters/c20_multithreaded_web_server/http.rs:28:12
[INFO] [stdout]    |
[INFO] [stdout] 28 | pub struct HttpRequest {
[INFO] [stdout]    |            ^^^^^^^^^^^
[INFO] [stdout] 
[INFO] [stdout] 
[INFO] [stdout] warning: 11 warnings emitted
[INFO] [stdout] 
[INFO] [stdout] 
[INFO] [stdout] warning: 11 warnings emitted
[INFO] [stdout] 
[INFO] [stdout] 
[INFO] [stderr]     Finished test [unoptimized + debuginfo] target(s) in 0.76s
[INFO] running `Command { std: "docker" "inspect" "bb5a04c92268799be50da64fa43c5102419d91f56d3084163dbe47c28e702cd2", kill_on_drop: false }`
[INFO] running `Command { std: "docker" "rm" "-f" "bb5a04c92268799be50da64fa43c5102419d91f56d3084163dbe47c28e702cd2", kill_on_drop: false }`
[INFO] [stdout] bb5a04c92268799be50da64fa43c5102419d91f56d3084163dbe47c28e702cd2
[INFO] running `Command { std: "docker" "create" "-v" "/var/lib/crater-agent-workspace/builds/worker-6-tc1/target:/opt/rustwide/target:rw,Z" "-v" "/var/lib/crater-agent-workspace/builds/worker-6-tc1/source:/opt/rustwide/workdir:ro,Z" "-v" "/var/lib/crater-agent-workspace/cargo-home:/opt/rustwide/cargo-home:ro,Z" "-v" "/var/lib/crater-agent-workspace/rustup-home:/opt/rustwide/rustup-home:ro,Z" "-e" "SOURCE_DIR=/opt/rustwide/workdir" "-e" "CARGO_TARGET_DIR=/opt/rustwide/target" "-e" "CARGO_INCREMENTAL=0" "-e" "RUST_BACKTRACE=full" "-e" "RUSTFLAGS=--cap-lints=warn" "-e" "RUSTDOCFLAGS=--cap-lints=warn" "-e" "CARGO_HOME=/opt/rustwide/cargo-home" "-e" "RUSTUP_HOME=/opt/rustwide/rustup-home" "-w" "/opt/rustwide/workdir" "-m" "1610612736" "--user" "0:0" "--network" "none" "ghcr.io/rust-lang/crates-build-env/linux@sha256:2788e3201cd34a07e3172128adcd8b3090168a8e3bcc40d7c032b9dda1df7d1c" "/opt/rustwide/cargo-home/bin/cargo" "+1.75.0" "test" "--frozen", kill_on_drop: false }`
[INFO] [stdout] 49090629acf4b4e2df6477ebe06ab8a034a81b03339ba40b76d3b8b3ba587a30
[INFO] running `Command { std: "docker" "start" "-a" "49090629acf4b4e2df6477ebe06ab8a034a81b03339ba40b76d3b8b3ba587a30", kill_on_drop: false }`
[INFO] [stderr] warning: unused imports: `Display`, `Formatter`, `Result`
[INFO] [stderr]  --> src/chapters/c20_multithreaded_web_server/http.rs:1:16
[INFO] [stderr]   |
[INFO] [stderr] 1 | use std::fmt::{Display, Formatter, Result};
[INFO] [stderr]   |                ^^^^^^^  ^^^^^^^^^  ^^^^^^
[INFO] [stderr]   |
[INFO] [stderr]   = note: `#[warn(unused_imports)]` on by default
[INFO] [stderr] 
[INFO] [stderr] warning: unused import: `thread`
[INFO] [stderr]  --> src/chapters/c20_multithreaded_web_server/server.rs:4:5
[INFO] [stderr]   |
[INFO] [stderr] 4 |     thread,
[INFO] [stderr]   |     ^^^^^^
[INFO] [stderr] 
[INFO] [stderr] warning: unused variable: `post`
[INFO] [stderr]   --> src/chapters/c17_object_orientation_in_rust/blog.rs:46:27
[INFO] [stderr]    |
[INFO] [stderr] 46 |     fn content<'a>(&self, post: &'a Post) -> &'a str {
[INFO] [stderr]    |                           ^^^^ help: if this is intentional, prefix it with an underscore: `_post`
[INFO] [stderr]    |
[INFO] [stderr]    = note: `#[warn(unused_variables)]` on by default
[INFO] [stderr] 
[INFO] [stderr] warning: unused variable: `x`
[INFO] [stderr]   --> src/chapters/c18_patterns_and_matching/matching.rs:88:17
[INFO] [stderr]    |
[INFO] [stderr] 88 |         Point { x, y } => println!("On neither axis (x, y)"),
[INFO] [stderr]    |                 ^ help: try ignoring the field: `x: _`
[INFO] [stderr] 
[INFO] [stderr] warning: unused variable: `y`
[INFO] [stderr]   --> src/chapters/c18_patterns_and_matching/matching.rs:88:20
[INFO] [stderr]    |
[INFO] [stderr] 88 |         Point { x, y } => println!("On neither axis (x, y)"),
[INFO] [stderr]    |                    ^ help: try ignoring the field: `y: _`
[INFO] [stderr] 
[INFO] [stderr] warning: unused variable: `z`
[INFO] [stderr]    --> src/chapters/c18_patterns_and_matching/matching.rs:171:9
[INFO] [stderr]     |
[INFO] [stderr] 171 |     let z = 30; // Will get a warning because it's unused
[INFO] [stderr]     |         ^ help: if this is intentional, prefix it with an underscore: `_z`
[INFO] [stderr] 
[INFO] [stderr] warning: unused variable: `r`
[INFO] [stderr]   --> src/chapters/c19_advanced_features/unsafe_rust.rs:27:9
[INFO] [stderr]    |
[INFO] [stderr] 27 |     let r = address as *const i32;
[INFO] [stderr]    |         ^ help: if this is intentional, prefix it with an underscore: `_r`
[INFO] [stderr] 
[INFO] [stderr] warning: method `can_hold` is never used
[INFO] [stderr]  --> src/chapters/c11_writing_automated_tests/rectangle/mod.rs:8:12
[INFO] [stderr]   |
[INFO] [stderr] 7 | impl Rectangle {
[INFO] [stderr]   | -------------- method in this implementation
[INFO] [stderr] 8 |     pub fn can_hold(&self, other: &Rectangle) -> bool {
[INFO] [stderr]   |            ^^^^^^^^
[INFO] [stderr]   |
[INFO] [stderr]   = note: `#[warn(dead_code)]` on by default
[INFO] [stderr] 
[INFO] [stderr] warning: function `shoes_in_size` is never used
[INFO] [stderr]   --> src/chapters/c13_iterators_and_closures/iterators/mod.rs:22:4
[INFO] [stderr]    |
[INFO] [stderr] 22 | fn shoes_in_size(shoes: Vec<Shoe>, shoe_size: u32) -> Vec<Shoe> {
[INFO] [stderr]    |    ^^^^^^^^^^^^^
[INFO] [stderr] 
[INFO] [stderr] warning: struct `LimitTracker` is never constructed
[INFO] [stderr]  --> src/chapters/c15_smart_pointers/limit_tracker.rs:5:12
[INFO] [stderr]   |
[INFO] [stderr] 5 | pub struct LimitTracker<'a, T: Messenger> {
[INFO] [stderr]   |            ^^^^^^^^^^^^
[INFO] [stderr] 
[INFO] [stderr] warning: associated items `new` and `set_value` are never used
[INFO] [stderr]   --> src/chapters/c15_smart_pointers/limit_tracker.rs:15:12
[INFO] [stderr]    |
[INFO] [stderr] 11 | / impl<'a, T> LimitTracker<'a, T>
[INFO] [stderr] 12 | | where
[INFO] [stderr] 13 | |     T: Messenger,
[INFO] [stderr]    | |_________________- associated items in this implementation
[INFO] [stderr] 14 |   {
[INFO] [stderr] 15 |       pub fn new(messenger: &'a T, max: usize) -> LimitTracker<'a, T> {
[INFO] [stderr]    |              ^^^
[INFO] [stderr] ...
[INFO] [stderr] 23 |       pub fn set_value(&mut self, value: usize) {
[INFO] [stderr]    |              ^^^^^^^^^
[INFO] [stderr] 
[INFO] [stderr] warning: fields `y` and `z` are never read
[INFO] [stderr]    --> src/chapters/c18_patterns_and_matching/matching.rs:187:9
[INFO] [stderr]     |
[INFO] [stderr] 185 |     struct Point {
[INFO] [stderr]     |            ----- fields in this struct
[INFO] [stderr] 186 |         x: i32,
[INFO] [stderr] 187 |         y: i32,
[INFO] [stderr]     |         ^
[INFO] [stderr] 188 |         z: i32,
[INFO] [stderr]     |         ^
[INFO] [stderr] 
[INFO] [stderr] warning: enum `HttpMethod` is never used
[INFO] [stderr]  --> src/chapters/c20_multithreaded_web_server/http.rs:3:6
[INFO] [stderr]   |
[INFO] [stderr] 3 | enum HttpMethod {
[INFO] [stderr]   |      ^^^^^^^^^^
[INFO] [stderr] 
[INFO] [stderr] warning: struct `HttpHeader` is never constructed
[INFO] [stderr]   --> src/chapters/c20_multithreaded_web_server/http.rs:23:12
[INFO] [stderr]    |
[INFO] [stderr] 23 | pub struct HttpHeader {
[INFO] [stderr]    |            ^^^^^^^^^^
[INFO] [stderr] 
[INFO] [stderr] warning: struct `HttpRequest` is never constructed
[INFO] [stderr]   --> src/chapters/c20_multithreaded_web_server/http.rs:28:12
[INFO] [stderr]    |
[INFO] [stderr] 28 | pub struct HttpRequest {
[INFO] [stderr]    |            ^^^^^^^^^^^
[INFO] [stderr] 
[INFO] [stderr] warning: fields `y` and `z` are never read
[INFO] [stderr]    --> src/chapters/c18_patterns_and_matching/matching.rs:187:9
[INFO] [stderr]     |
[INFO] [stderr] 185 |     struct Point {
[INFO] [stderr]     |            ----- fields in this struct
[INFO] [stderr] 186 |         x: i32,
[INFO] [stderr] 187 |         y: i32,
[INFO] [stderr]     |         ^
[INFO] [stderr] 188 |         z: i32,
[INFO] [stderr]     |         ^
[INFO] [stderr]     |
[INFO] [stderr]     = note: `#[warn(dead_code)]` on by default
[INFO] [stderr] 
[INFO] [stderr] warning: `rust-book` (lib) generated 15 warnings (run `cargo fix --lib -p rust-book` to apply 7 suggestions)
[INFO] [stderr] warning: `rust-book` (lib test) generated 11 warnings (10 duplicates)
[INFO] [stderr] warning: `rust-book` (bin "rust-book") generated 15 warnings (15 duplicates)
[INFO] [stderr] warning: `rust-book` (bin "rust-book" test) generated 11 warnings (11 duplicates)
[INFO] [stderr]     Finished test [unoptimized + debuginfo] target(s) in 0.02s
[INFO] [stderr]      Running unittests src/lib.rs (/opt/rustwide/target/debug/deps/rust_book-fb808d690f988e3f)
[INFO] [stdout] 
[INFO] [stdout] running 24 tests
[INFO] [stdout] test chapters::c11_writing_automated_tests::rectangle::tests::larger_can_hold_smaller ... ok
[INFO] [stdout] test chapters::c11_writing_automated_tests::tests::add_three_and_two ... ok
[INFO] [stdout] test chapters::c11_writing_automated_tests::tests::expensive_test ... ignored
[INFO] [stdout] test chapters::c11_writing_automated_tests::rectangle::tests::smaller_cannot_hold_larger ... ok
[INFO] [stdout] test chapters::c11_writing_automated_tests::tests::add_two_and_two ... ok
[INFO] [stdout] test chapters::c11_writing_automated_tests::tests::exploration ... ok
[INFO] [stdout] test chapters::c11_writing_automated_tests::tests::greeting_contains_name ... ok
[INFO] [stdout] test chapters::c11_writing_automated_tests::tests::it_adds_two ... ok
[INFO] [stdout] test chapters::c11_writing_automated_tests::tests::one_hundred ... ok
[INFO] [stdout] test chapters::c11_writing_automated_tests::tests::test_adding ... ok
[INFO] [stdout] test chapters::c11_writing_automated_tests::tests::this_test_will_pass ... ok
[INFO] [stdout] test chapters::c12_an_io_project::minigrep::tests::case_insensitive ... ok
[INFO] [stdout] test chapters::c12_an_io_project::minigrep::tests::case_sensitive ... ok
[INFO] [stdout] test chapters::c13_iterators_and_closures::iterators::tests::test_iterator_demonstration ... ok
[INFO] [stdout] test chapters::c13_iterators_and_closures::iterators::tests::test_filters_by_size ... ok
[INFO] [stdout] test chapters::c13_iterators_and_closures::iterators::tests::test_iterator_sum ... ok
[INFO] [stdout] test chapters::c13_iterators_and_closures::iterators::tests::test_iterators_that_produce_iterators ... ok
[INFO] [stdout] test chapters::c13_iterators_and_closures::minigrep_plus::tests::case_insensitive ... ok
[INFO] [stdout] test chapters::c13_iterators_and_closures::minigrep_plus::tests::case_sensitive ... ok
[INFO] [stdout] test chapters::c15_smart_pointers::limit_tracker::tests::test_it_sends_an_over_75_percent_warning_message ... ok
[INFO] [stdout] test chapters::c11_writing_automated_tests::guess::tests::greater_than_100 - should panic ... ok
[INFO] [stdout] test chapters::c11_writing_automated_tests::rectangle::tests::another_test - should panic ... ok
[INFO] [stdout] test chapters::c11_writing_automated_tests::tests::this_test_will_fail - should panic ... ok
[INFO] [stdout] test chapters::c20_multithreaded_web_server::templates::tests::test_get ... FAILED
[INFO] [stdout] 
[INFO] [stdout] failures:
[INFO] [stdout] 
[INFO] [stdout] ---- chapters::c20_multithreaded_web_server::templates::tests::test_get stdout ----
[INFO] [stdout] Got `hello.html`, getting `/home/tasty/Development/rust-book/src/chapters/c20_multithreaded_web_server/templates/html/hello.html`
[INFO] [stdout] thread 'chapters::c20_multithreaded_web_server::templates::tests::test_get' panicked at src/chapters/c20_multithreaded_web_server/templates/mod.rs:8:50:
[INFO] [stdout] called `Result::unwrap()` on an `Err` value: Os { code: 2, kind: NotFound, message: "No such file or directory" }
[INFO] [stdout] stack backtrace:
[INFO] [stdout]    0:     0x55a053734f3c - std::backtrace_rs::backtrace::libunwind::trace::ha637c64ce894333a
[INFO] [stdout]                                at /rustc/82e1608dfa6e0b5569232559e3d385fea5a93112/library/std/src/../../backtrace/src/backtrace/libunwind.rs:104:5
[INFO] [stdout]    1:     0x55a053734f3c - std::backtrace_rs::backtrace::trace_unsynchronized::h47f62dea28e0c88d
[INFO] [stdout]                                at /rustc/82e1608dfa6e0b5569232559e3d385fea5a93112/library/std/src/../../backtrace/src/backtrace/mod.rs:66:5
[INFO] [stdout]    2:     0x55a053734f3c - std::sys_common::backtrace::_print_fmt::h9eef0abe20ede486
[INFO] [stdout]                                at /rustc/82e1608dfa6e0b5569232559e3d385fea5a93112/library/std/src/sys_common/backtrace.rs:67:5
[INFO] [stdout]    3:     0x55a053734f3c - <std::sys_common::backtrace::_print::DisplayBacktrace as core::fmt::Display>::fmt::hed7f999df88cc644
[INFO] [stdout]                                at /rustc/82e1608dfa6e0b5569232559e3d385fea5a93112/library/std/src/sys_common/backtrace.rs:44:22
[INFO] [stdout]    4:     0x55a05375f260 - core::fmt::rt::Argument::fmt::h1539a9308b8d058d
[INFO] [stdout]                                at /rustc/82e1608dfa6e0b5569232559e3d385fea5a93112/library/core/src/fmt/rt.rs:142:9
[INFO] [stdout]    5:     0x55a05375f260 - core::fmt::write::h3a39390d8560d9c9
[INFO] [stdout]                                at /rustc/82e1608dfa6e0b5569232559e3d385fea5a93112/library/core/src/fmt/mod.rs:1120:17
[INFO] [stdout]    6:     0x55a0537328ef - std::io::Write::write_fmt::h040b369f3a0f9cbc
[INFO] [stdout]                                at /rustc/82e1608dfa6e0b5569232559e3d385fea5a93112/library/std/src/io/mod.rs:1762:15
[INFO] [stdout]    7:     0x55a053734d24 - std::sys_common::backtrace::_print::h894006fb5c6f3d45
[INFO] [stdout]                                at /rustc/82e1608dfa6e0b5569232559e3d385fea5a93112/library/std/src/sys_common/backtrace.rs:47:5
[INFO] [stdout]    8:     0x55a053734d24 - std::sys_common::backtrace::print::h23a2d212c6fff936
[INFO] [stdout]                                at /rustc/82e1608dfa6e0b5569232559e3d385fea5a93112/library/std/src/sys_common/backtrace.rs:34:9
[INFO] [stdout]    9:     0x55a0537369e7 - std::panicking::default_hook::{{closure}}::h8a1d2ee00185001a
[INFO] [stdout]   10:     0x55a0537366d3 - std::panicking::default_hook::h6038f2eba384e475
[INFO] [stdout]                                at /rustc/82e1608dfa6e0b5569232559e3d385fea5a93112/library/std/src/panicking.rs:289:9
[INFO] [stdout]   11:     0x55a0537051f7 - <alloc::boxed::Box<F,A> as core::ops::function::Fn<Args>>::call::h0ad024c9bdc6d768
[INFO] [stdout]                                at /rustc/82e1608dfa6e0b5569232559e3d385fea5a93112/library/alloc/src/boxed.rs:2021:9
[INFO] [stdout]   12:     0x55a0537051f7 - test::test_main::{{closure}}::h7500b54257359db6
[INFO] [stdout]                                at /rustc/82e1608dfa6e0b5569232559e3d385fea5a93112/library/test/src/lib.rs:138:21
[INFO] [stdout]   13:     0x55a053736ff8 - <alloc::boxed::Box<F,A> as core::ops::function::Fn<Args>>::call::h1f8f335eaa9cfaee
[INFO] [stdout]                                at /rustc/82e1608dfa6e0b5569232559e3d385fea5a93112/library/alloc/src/boxed.rs:2021:9
[INFO] [stdout]   14:     0x55a053736ff8 - std::panicking::rust_panic_with_hook::h2b5517d590cab22e
[INFO] [stdout]                                at /rustc/82e1608dfa6e0b5569232559e3d385fea5a93112/library/std/src/panicking.rs:783:13
[INFO] [stdout]   15:     0x55a053736d4e - std::panicking::begin_panic_handler::{{closure}}::h233112c06e0ef43e
[INFO] [stdout]                                at /rustc/82e1608dfa6e0b5569232559e3d385fea5a93112/library/std/src/panicking.rs:657:13
[INFO] [stdout]   16:     0x55a053735406 - std::sys_common::backtrace::__rust_end_short_backtrace::h6e893f24d7ebbff8
[INFO] [stdout]                                at /rustc/82e1608dfa6e0b5569232559e3d385fea5a93112/library/std/src/sys_common/backtrace.rs:170:18
[INFO] [stdout]   17:     0x55a053736ab2 - rust_begin_unwind
[INFO] [stdout]                                at /rustc/82e1608dfa6e0b5569232559e3d385fea5a93112/library/std/src/panicking.rs:645:5
[INFO] [stdout]   18:     0x55a0536bbd55 - core::panicking::panic_fmt::hbf0e066aabfa482c
[INFO] [stdout]                                at /rustc/82e1608dfa6e0b5569232559e3d385fea5a93112/library/core/src/panicking.rs:72:14
[INFO] [stdout]   19:     0x55a0536bc2e3 - core::result::unwrap_failed::hddb4fea594200c52
[INFO] [stdout]                                at /rustc/82e1608dfa6e0b5569232559e3d385fea5a93112/library/core/src/result.rs:1653:5
[INFO] [stdout]   20:     0x55a0536cbaac - core::result::Result<T,E>::unwrap::h2a34616e147a1add
[INFO] [stdout]                                at /rustc/82e1608dfa6e0b5569232559e3d385fea5a93112/library/core/src/result.rs:1077:23
[INFO] [stdout]   21:     0x55a0536cd65e - rust_book::chapters::c20_multithreaded_web_server::templates::get::h26669234f0549121
[INFO] [stdout]                                at /opt/rustwide/workdir/src/chapters/c20_multithreaded_web_server/templates/mod.rs:8:20
[INFO] [stdout]   22:     0x55a0536ca32d - rust_book::chapters::c20_multithreaded_web_server::templates::tests::test_get::h5cebbeb3ae7a5045
[INFO] [stdout]                                at /opt/rustwide/workdir/src/chapters/c20_multithreaded_web_server/templates/mod.rs:24:30
[INFO] [stdout]   23:     0x55a0536ca2f7 - rust_book::chapters::c20_multithreaded_web_server::templates::tests::test_get::{{closure}}::h3e8fa5e28375abb8
[INFO] [stdout]                                at /opt/rustwide/workdir/src/chapters/c20_multithreaded_web_server/templates/mod.rs:21:18
[INFO] [stdout]   24:     0x55a0536c80e6 - core::ops::function::FnOnce::call_once::hd2adbc04f4cc08e0
[INFO] [stdout]                                at /rustc/82e1608dfa6e0b5569232559e3d385fea5a93112/library/core/src/ops/function.rs:250:5
[INFO] [stdout]   25:     0x55a05370a84f - core::ops::function::FnOnce::call_once::h2b5d431d5046312d
[INFO] [stdout]                                at /rustc/82e1608dfa6e0b5569232559e3d385fea5a93112/library/core/src/ops/function.rs:250:5
[INFO] [stdout]   26:     0x55a05370a84f - test::__rust_begin_short_backtrace::h7714669af176e207
[INFO] [stdout]                                at /rustc/82e1608dfa6e0b5569232559e3d385fea5a93112/library/test/src/lib.rs:628:18
[INFO] [stdout]   27:     0x55a053709865 - test::run_test_in_process::{{closure}}::h85218797dcbcec12
[INFO] [stdout]                                at /rustc/82e1608dfa6e0b5569232559e3d385fea5a93112/library/test/src/lib.rs:651:60
[INFO] [stdout]   28:     0x55a053709865 - <core::panic::unwind_safe::AssertUnwindSafe<F> as core::ops::function::FnOnce<()>>::call_once::h76c106ea31c14d7b
[INFO] [stdout]                                at /rustc/82e1608dfa6e0b5569232559e3d385fea5a93112/library/core/src/panic/unwind_safe.rs:272:9
[INFO] [stdout]   29:     0x55a053709865 - std::panicking::try::do_call::h3bd5d0f6620ee946
[INFO] [stdout]                                at /rustc/82e1608dfa6e0b5569232559e3d385fea5a93112/library/std/src/panicking.rs:552:40
[INFO] [stdout]   30:     0x55a053709865 - std::panicking::try::h232e535e4744fe31
[INFO] [stdout]                                at /rustc/82e1608dfa6e0b5569232559e3d385fea5a93112/library/std/src/panicking.rs:516:19
[INFO] [stdout]   31:     0x55a053709865 - std::panic::catch_unwind::h3ce3bd6ca8dbac68
[INFO] [stdout]                                at /rustc/82e1608dfa6e0b5569232559e3d385fea5a93112/library/std/src/panic.rs:142:14
[INFO] [stdout]   32:     0x55a053709865 - test::run_test_in_process::hc97b257c9621286a
[INFO] [stdout]                                at /rustc/82e1608dfa6e0b5569232559e3d385fea5a93112/library/test/src/lib.rs:651:27
[INFO] [stdout]   33:     0x55a053709865 - test::run_test::{{closure}}::h2aa798823a438d38
[INFO] [stdout]                                at /rustc/82e1608dfa6e0b5569232559e3d385fea5a93112/library/test/src/lib.rs:574:43
[INFO] [stdout]   34:     0x55a0536d1b26 - test::run_test::{{closure}}::h87d231c78fb59832
[INFO] [stdout]                                at /rustc/82e1608dfa6e0b5569232559e3d385fea5a93112/library/test/src/lib.rs:602:41
[INFO] [stdout]   35:     0x55a0536d1b26 - std::sys_common::backtrace::__rust_begin_short_backtrace::he6df152596625789
[INFO] [stdout]                                at /rustc/82e1608dfa6e0b5569232559e3d385fea5a93112/library/std/src/sys_common/backtrace.rs:154:18
[INFO] [stdout]   36:     0x55a0536d6bd7 - std::thread::Builder::spawn_unchecked_::{{closure}}::{{closure}}::ha94be15d1e0acf36
[INFO] [stdout]                                at /rustc/82e1608dfa6e0b5569232559e3d385fea5a93112/library/std/src/thread/mod.rs:529:17
[INFO] [stdout]   37:     0x55a0536d6bd7 - <core::panic::unwind_safe::AssertUnwindSafe<F> as core::ops::function::FnOnce<()>>::call_once::h9dc6bd6372f16606
[INFO] [stdout]                                at /rustc/82e1608dfa6e0b5569232559e3d385fea5a93112/library/core/src/panic/unwind_safe.rs:272:9
[INFO] [stdout]   38:     0x55a0536d6bd7 - std::panicking::try::do_call::h9057517f80303cd4
[INFO] [stdout]                                at /rustc/82e1608dfa6e0b5569232559e3d385fea5a93112/library/std/src/panicking.rs:552:40
[INFO] [stdout]   39:     0x55a0536d6bd7 - std::panicking::try::he3a30b11ee45340c
[INFO] [stdout]                                at /rustc/82e1608dfa6e0b5569232559e3d385fea5a93112/library/std/src/panicking.rs:516:19
[INFO] [stdout]   40:     0x55a0536d6bd7 - std::panic::catch_unwind::h410458cfd3528b8b
[INFO] [stdout]                                at /rustc/82e1608dfa6e0b5569232559e3d385fea5a93112/library/std/src/panic.rs:142:14
[INFO] [stdout]   41:     0x55a0536d6bd7 - std::thread::Builder::spawn_unchecked_::{{closure}}::h72ac3bdb567b737b
[INFO] [stdout]                                at /rustc/82e1608dfa6e0b5569232559e3d385fea5a93112/library/std/src/thread/mod.rs:528:30
[INFO] [stdout]   42:     0x55a0536d6bd7 - core::ops::function::FnOnce::call_once{{vtable.shim}}::h38f34da3654a8344
[INFO] [stdout]                                at /rustc/82e1608dfa6e0b5569232559e3d385fea5a93112/library/core/src/ops/function.rs:250:5
[INFO] [stdout]   43:     0x55a05373ba85 - <alloc::boxed::Box<F,A> as core::ops::function::FnOnce<Args>>::call_once::hc7eafaff61e32df9
[INFO] [stdout]                                at /rustc/82e1608dfa6e0b5569232559e3d385fea5a93112/library/alloc/src/boxed.rs:2007:9
[INFO] [stdout]   44:     0x55a05373ba85 - <alloc::boxed::Box<F,A> as core::ops::function::FnOnce<Args>>::call_once::h6ba4a5de48dd2304
[INFO] [stdout]                                at /rustc/82e1608dfa6e0b5569232559e3d385fea5a93112/library/alloc/src/boxed.rs:2007:9
[INFO] [stdout]   45:     0x55a05373ba85 - std::sys::unix::thread::Thread::new::thread_start::he469335aef763e45
[INFO] [stdout]                                at /rustc/82e1608dfa6e0b5569232559e3d385fea5a93112/library/std/src/sys/unix/thread.rs:108:17
[INFO] [stdout]   46:     0x7f8f75158ac3 - <unknown>
[INFO] [stdout]   47:     0x7f8f751e9bf4 - __clone
[INFO] [stdout]   48:                0x0 - <unknown>
[INFO] [stdout] 
[INFO] [stdout] 
[INFO] [stdout] failures:
[INFO] [stdout]     chapters::c20_multithreaded_web_server::templates::tests::test_get
[INFO] [stdout] 
[INFO] [stdout] test result: FAILED. 22 passed; 1 failed; 1 ignored; 0 measured; 0 filtered out; finished in 0.01s
[INFO] [stdout] 
[INFO] [stderr] error: test failed, to rerun pass `--lib`
[INFO] running `Command { std: "docker" "inspect" "49090629acf4b4e2df6477ebe06ab8a034a81b03339ba40b76d3b8b3ba587a30", kill_on_drop: false }`
[INFO] running `Command { std: "docker" "rm" "-f" "49090629acf4b4e2df6477ebe06ab8a034a81b03339ba40b76d3b8b3ba587a30", kill_on_drop: false }`
[INFO] [stdout] 49090629acf4b4e2df6477ebe06ab8a034a81b03339ba40b76d3b8b3ba587a30
