[INFO] cloning repository https://github.com/bytecodealliance/jco
[INFO] running `Command { std: "git" "-c" "credential.helper=" "-c" "credential.helper=/workspace/cargo-home/bin/git-credential-null" "clone" "--bare" "https://github.com/bytecodealliance/jco" "/workspace/cache/git-repos/https%3A%2F%2Fgithub.com%2Fbytecodealliance%2Fjco", kill_on_drop: false }`
[INFO] [stderr] Cloning into bare repository '/workspace/cache/git-repos/https%3A%2F%2Fgithub.com%2Fbytecodealliance%2Fjco'...
[INFO] running `Command { std: "git" "rev-parse" "HEAD", kill_on_drop: false }`
[INFO] [stdout] 05b016bdf537646f1dc9aefc8a3a4cb21c80f095
[INFO] testing bytecodealliance/jco against 1.75.0 for beta-1.76-1
[INFO] running `Command { std: "git" "clone" "/workspace/cache/git-repos/https%3A%2F%2Fgithub.com%2Fbytecodealliance%2Fjco" "/workspace/builds/worker-6-tc1/source", kill_on_drop: false }`
[INFO] [stderr] Cloning into '/workspace/builds/worker-6-tc1/source'...
[INFO] [stderr] done.
[INFO] validating manifest of git repo https://github.com/bytecodealliance/jco on toolchain 1.75.0
[INFO] running `Command { std: CARGO_HOME="/workspace/cargo-home" RUSTUP_HOME="/workspace/rustup-home" "/workspace/cargo-home/bin/cargo" "+1.75.0" "metadata" "--manifest-path" "Cargo.toml" "--no-deps", kill_on_drop: false }`
[INFO] removed /workspace/builds/worker-6-tc1/source/.cargo/config
[INFO] started tweaking git repo https://github.com/bytecodealliance/jco
[INFO] finished tweaking git repo https://github.com/bytecodealliance/jco
[INFO] tweaked toml for git repo https://github.com/bytecodealliance/jco written to /workspace/builds/worker-6-tc1/source/Cargo.toml
[INFO] crate git repo https://github.com/bytecodealliance/jco already has a lockfile, it will not be regenerated
[INFO] running `Command { std: CARGO_HOME="/workspace/cargo-home" RUSTUP_HOME="/workspace/rustup-home" "/workspace/cargo-home/bin/cargo" "+1.75.0" "fetch" "--manifest-path" "Cargo.toml", kill_on_drop: false }`
[INFO] [stderr]     Updating crates.io index
[INFO] [stderr]  Downloading crates ...
[INFO] [stderr]   Downloaded wat v1.0.82
[INFO] [stderr]   Downloaded wit-bindgen-rust-macro v0.16.0
[INFO] [stderr]   Downloaded xshell v0.2.5
[INFO] [stderr]   Downloaded wit-bindgen v0.16.0
[INFO] [stderr]   Downloaded xshell-macros v0.2.5
[INFO] [stderr]   Downloaded wasmtime-component-util v16.0.0
[INFO] [stderr]   Downloaded wasm-encoder v0.38.1
[INFO] [stderr]   Downloaded wit-bindgen-core v0.16.0
[INFO] [stderr]   Downloaded cranelift-entity v0.103.0
[INFO] [stderr]   Downloaded wasm-metadata v0.10.14
[INFO] [stderr]   Downloaded wasmtime-types v16.0.0
[INFO] [stderr]   Downloaded wit-bindgen-rust v0.16.0
[INFO] [stderr]   Downloaded wasmprinter v0.2.75
[INFO] [stderr]   Downloaded wit-parser v0.13.0
[INFO] [stderr]   Downloaded wit-component v0.18.2
[INFO] [stderr]   Downloaded spdx v0.10.2
[INFO] [stderr]   Downloaded wit-component v0.19.0
[INFO] [stderr]   Downloaded wast v69.0.1
[INFO] [stderr]   Downloaded wasmtime-environ v16.0.0
[INFO] [stderr]   Downloaded wasmparser v0.118.1
[INFO] running `Command { std: "docker" "create" "-v" "/var/lib/crater-agent-workspace/builds/worker-6-tc1/target:/opt/rustwide/target:rw,Z" "-v" "/var/lib/crater-agent-workspace/builds/worker-6-tc1/source:/opt/rustwide/workdir:ro,Z" "-v" "/var/lib/crater-agent-workspace/cargo-home:/opt/rustwide/cargo-home:ro,Z" "-v" "/var/lib/crater-agent-workspace/rustup-home:/opt/rustwide/rustup-home:ro,Z" "-e" "SOURCE_DIR=/opt/rustwide/workdir" "-e" "CARGO_TARGET_DIR=/opt/rustwide/target" "-e" "CARGO_HOME=/opt/rustwide/cargo-home" "-e" "RUSTUP_HOME=/opt/rustwide/rustup-home" "-w" "/opt/rustwide/workdir" "-m" "1610612736" "--user" "0:0" "--network" "none" "ghcr.io/rust-lang/crates-build-env/linux@sha256:2788e3201cd34a07e3172128adcd8b3090168a8e3bcc40d7c032b9dda1df7d1c" "/opt/rustwide/cargo-home/bin/cargo" "+1.75.0" "metadata" "--no-deps" "--format-version=1", kill_on_drop: false }`
[INFO] [stdout] f67a0c7525d5cc849422ad08ba1706abdb44cbffa2427d914ba8d3909862ada8
[INFO] running `Command { std: "docker" "start" "-a" "f67a0c7525d5cc849422ad08ba1706abdb44cbffa2427d914ba8d3909862ada8", kill_on_drop: false }`
[INFO] running `Command { std: "docker" "inspect" "f67a0c7525d5cc849422ad08ba1706abdb44cbffa2427d914ba8d3909862ada8", kill_on_drop: false }`
[INFO] running `Command { std: "docker" "rm" "-f" "f67a0c7525d5cc849422ad08ba1706abdb44cbffa2427d914ba8d3909862ada8", kill_on_drop: false }`
[INFO] [stdout] f67a0c7525d5cc849422ad08ba1706abdb44cbffa2427d914ba8d3909862ada8
[INFO] running `Command { std: "docker" "create" "-v" "/var/lib/crater-agent-workspace/builds/worker-6-tc1/target:/opt/rustwide/target:rw,Z" "-v" "/var/lib/crater-agent-workspace/builds/worker-6-tc1/source:/opt/rustwide/workdir:ro,Z" "-v" "/var/lib/crater-agent-workspace/cargo-home:/opt/rustwide/cargo-home:ro,Z" "-v" "/var/lib/crater-agent-workspace/rustup-home:/opt/rustwide/rustup-home:ro,Z" "-e" "SOURCE_DIR=/opt/rustwide/workdir" "-e" "CARGO_TARGET_DIR=/opt/rustwide/target" "-e" "CARGO_INCREMENTAL=0" "-e" "RUST_BACKTRACE=full" "-e" "RUSTFLAGS=--cap-lints=warn" "-e" "RUSTDOCFLAGS=--cap-lints=warn" "-e" "CARGO_HOME=/opt/rustwide/cargo-home" "-e" "RUSTUP_HOME=/opt/rustwide/rustup-home" "-w" "/opt/rustwide/workdir" "-m" "1610612736" "--user" "0:0" "--network" "none" "ghcr.io/rust-lang/crates-build-env/linux@sha256:2788e3201cd34a07e3172128adcd8b3090168a8e3bcc40d7c032b9dda1df7d1c" "/opt/rustwide/cargo-home/bin/cargo" "+1.75.0" "build" "--frozen" "--message-format=json", kill_on_drop: false }`
[INFO] [stdout] 0e3a724a3e413826eac8ed7e0d2ab5b1454825092ab33661eb87031ca6037b73
[INFO] running `Command { std: "docker" "start" "-a" "0e3a724a3e413826eac8ed7e0d2ab5b1454825092ab33661eb87031ca6037b73", kill_on_drop: false }`
[INFO] [stderr]    Compiling jco v0.14.2 (/opt/rustwide/workdir)
[INFO] [stderr]     Finished dev [unoptimized + debuginfo] target(s) in 0.19s
[INFO] running `Command { std: "docker" "inspect" "0e3a724a3e413826eac8ed7e0d2ab5b1454825092ab33661eb87031ca6037b73", kill_on_drop: false }`
[INFO] running `Command { std: "docker" "rm" "-f" "0e3a724a3e413826eac8ed7e0d2ab5b1454825092ab33661eb87031ca6037b73", kill_on_drop: false }`
[INFO] [stdout] 0e3a724a3e413826eac8ed7e0d2ab5b1454825092ab33661eb87031ca6037b73
[INFO] running `Command { std: "docker" "create" "-v" "/var/lib/crater-agent-workspace/builds/worker-6-tc1/target:/opt/rustwide/target:rw,Z" "-v" "/var/lib/crater-agent-workspace/builds/worker-6-tc1/source:/opt/rustwide/workdir:ro,Z" "-v" "/var/lib/crater-agent-workspace/cargo-home:/opt/rustwide/cargo-home:ro,Z" "-v" "/var/lib/crater-agent-workspace/rustup-home:/opt/rustwide/rustup-home:ro,Z" "-e" "SOURCE_DIR=/opt/rustwide/workdir" "-e" "CARGO_TARGET_DIR=/opt/rustwide/target" "-e" "CARGO_INCREMENTAL=0" "-e" "RUST_BACKTRACE=full" "-e" "RUSTFLAGS=--cap-lints=warn" "-e" "RUSTDOCFLAGS=--cap-lints=warn" "-e" "CARGO_HOME=/opt/rustwide/cargo-home" "-e" "RUSTUP_HOME=/opt/rustwide/rustup-home" "-w" "/opt/rustwide/workdir" "-m" "1610612736" "--user" "0:0" "--network" "none" "ghcr.io/rust-lang/crates-build-env/linux@sha256:2788e3201cd34a07e3172128adcd8b3090168a8e3bcc40d7c032b9dda1df7d1c" "/opt/rustwide/cargo-home/bin/cargo" "+1.75.0" "test" "--frozen" "--no-run" "--message-format=json", kill_on_drop: false }`
[INFO] [stdout] 7ede1ddf1a0852317af2bf03e74e2eb38d2054b82a796c0ac4a95f2f1719a45d
[INFO] running `Command { std: "docker" "start" "-a" "7ede1ddf1a0852317af2bf03e74e2eb38d2054b82a796c0ac4a95f2f1719a45d", kill_on_drop: false }`
[INFO] [stderr]    Compiling libc v0.2.150
[INFO] [stderr]    Compiling anyhow v1.0.75
[INFO] [stderr]    Compiling remove_dir_all v0.5.3
[INFO] [stderr]    Compiling xshell-macros v0.2.5
[INFO] [stderr]    Compiling xshell v0.2.5
[INFO] [stderr]    Compiling rand v0.4.6
[INFO] [stderr]    Compiling tempdir v0.3.7
[INFO] [stderr]    Compiling jco v0.14.2 (/opt/rustwide/workdir)
[INFO] [stderr]     Finished test [unoptimized + debuginfo] target(s) in 1.68s
[INFO] running `Command { std: "docker" "inspect" "7ede1ddf1a0852317af2bf03e74e2eb38d2054b82a796c0ac4a95f2f1719a45d", kill_on_drop: false }`
[INFO] running `Command { std: "docker" "rm" "-f" "7ede1ddf1a0852317af2bf03e74e2eb38d2054b82a796c0ac4a95f2f1719a45d", kill_on_drop: false }`
[INFO] [stdout] 7ede1ddf1a0852317af2bf03e74e2eb38d2054b82a796c0ac4a95f2f1719a45d
[INFO] running `Command { std: "docker" "create" "-v" "/var/lib/crater-agent-workspace/builds/worker-6-tc1/target:/opt/rustwide/target:rw,Z" "-v" "/var/lib/crater-agent-workspace/builds/worker-6-tc1/source:/opt/rustwide/workdir:ro,Z" "-v" "/var/lib/crater-agent-workspace/cargo-home:/opt/rustwide/cargo-home:ro,Z" "-v" "/var/lib/crater-agent-workspace/rustup-home:/opt/rustwide/rustup-home:ro,Z" "-e" "SOURCE_DIR=/opt/rustwide/workdir" "-e" "CARGO_TARGET_DIR=/opt/rustwide/target" "-e" "CARGO_INCREMENTAL=0" "-e" "RUST_BACKTRACE=full" "-e" "RUSTFLAGS=--cap-lints=warn" "-e" "RUSTDOCFLAGS=--cap-lints=warn" "-e" "CARGO_HOME=/opt/rustwide/cargo-home" "-e" "RUSTUP_HOME=/opt/rustwide/rustup-home" "-w" "/opt/rustwide/workdir" "-m" "1610612736" "--user" "0:0" "--network" "none" "ghcr.io/rust-lang/crates-build-env/linux@sha256:2788e3201cd34a07e3172128adcd8b3090168a8e3bcc40d7c032b9dda1df7d1c" "/opt/rustwide/cargo-home/bin/cargo" "+1.75.0" "test" "--frozen", kill_on_drop: false }`
[INFO] [stdout] 0a7e5e5872866b30b69d05dd6e4c5fd9d5aa4a0157bef300f39a9e4318c6f606
[INFO] running `Command { std: "docker" "start" "-a" "0a7e5e5872866b30b69d05dd6e4c5fd9d5aa4a0157bef300f39a9e4318c6f606", kill_on_drop: false }`
[INFO] [stderr]     Finished test [unoptimized + debuginfo] target(s) in 0.02s
[INFO] [stderr]      Running unittests bin/dummy.rs (/opt/rustwide/target/debug/deps/dummy-dad1e5cfde8c4c03)
[INFO] [stdout] 
[INFO] [stdout] running 0 tests
[INFO] [stdout] 
[INFO] [stdout] test result: ok. 0 passed; 0 failed; 0 ignored; 0 measured; 0 filtered out; finished in 0.00s
[INFO] [stdout] 
[INFO] [stderr]      Running tests/mod.rs (/opt/rustwide/target/debug/deps/mod-3fa700112e4b4a63)
[INFO] [stdout] 
[INFO] [stdout] running 102 tests
[INFO] [stderr] internal/process/esm_loader.js:74
[INFO] [stderr]     internalBinding('errors').triggerUncaughtException(
[INFO] [stderr]                               ^
[INFO] [stderr] 
[INFO] [stderr] Error [ERR_MODULE_NOT_FOUND]: Cannot find package 'commander' imported from /opt/rustwide/workdir/src/jco.js
[INFO] [stderr]     at packageResolve (internal/modules/esm/resolve.js:664:9)
[INFO] [stderr]     at moduleResolve (internal/modules/esm/resolve.js:705:18)
[INFO] [stderr]     at Loader.defaultResolve [as _resolve] (internal/modules/esm/resolve.js:798:11)
[INFO] [stderr]     at Loader.resolve (internal/modules/esm/loader.js:100:40)
[INFO] [stderr]     at Loader.getModuleJob (internal/modules/esm/loader.js:246:28)
[INFO] [stderr]     at ModuleWrap.<anonymous> (internal/modules/esm/module_job.js:47:40)
[INFO] [stderr]     at link (internal/modules/esm/module_job.js:46:36) {
[INFO] [stderr]   code: 'ERR_MODULE_NOT_FOUND'
[INFO] [stderr] }
[INFO] [stderr] internal/process/esm_loader.js:74
[INFO] [stderr]     internalBinding('errors').triggerUncaughtException(
[INFO] [stderr]                               ^
[INFO] [stderr] 
[INFO] [stderr] Error [ERR_MODULE_NOT_FOUND]: Cannot find package 'commander' imported from /opt/rustwide/workdir/src/jco.js
[INFO] [stderr]     at packageResolve (internal/modules/esm/resolve.js:664:9)
[INFO] [stderr]     at moduleResolve (internal/modules/esm/resolve.js:705:18)
[INFO] [stderr]     at Loader.defaultResolve [as _resolve] (internal/modules/esm/resolve.js:798:11)
[INFO] [stderr]     at Loader.resolve (internal/modules/esm/loader.js:100:40)
[INFO] [stderr]     at Loader.getModuleJob (internal/modules/esm/loader.js:246:28)
[INFO] [stderr]     at ModuleWrap.<anonymous> (internal/modules/esm/module_job.js:47:40)
[INFO] [stderr]     at link (internal/modules/esm/module_job.js:46:36) {
[INFO] [stderr]   code: 'ERR_MODULE_NOT_FOUND'
[INFO] [stderr] }
[INFO] [stderr] internal/process/esm_loader.js:74
[INFO] [stderr]     internalBinding('errors').triggerUncaughtException(
[INFO] [stderr]                               ^
[INFO] [stderr] 
[INFO] [stderr] Error [ERR_MODULE_NOT_FOUND]: Cannot find package 'commander' imported from /opt/rustwide/workdir/src/jco.js
[INFO] [stderr]     at packageResolve (internal/modules/esm/resolve.js:664:9)
[INFO] [stderr]     at moduleResolve (internal/modules/esm/resolve.js:705:18)
[INFO] [stderr]     at Loader.defaultResolve [as _resolve] (internal/modules/esm/resolve.js:798:11)
[INFO] [stderr]     at Loader.resolve (internal/modules/esm/loader.js:100:40)
[INFO] [stderr]     at Loader.getModuleJob (internal/modules/esm/loader.js:246:28)
[INFO] [stderr]     at ModuleWrap.<anonymous> (internal/modules/esm/module_job.js:47:40)
[INFO] [stderr]     at link (internal/modules/esm/module_job.js:46:36) {
[INFO] [stderr]   code: 'ERR_MODULE_NOT_FOUND'
[INFO] [stderr] }
[INFO] [stderr] internal/process/esm_loader.js:74
[INFO] [stderr]     internalBinding('errors').triggerUncaughtException(
[INFO] [stderr]                               ^
[INFO] [stderr] 
[INFO] [stderr] Error [ERR_MODULE_NOT_FOUND]: Cannot find package 'commander' imported from /opt/rustwide/workdir/src/jco.js
[INFO] [stderr]     at packageResolve (internal/modules/esm/resolve.js:664:9)
[INFO] [stderr]     at moduleResolve (internal/modules/esm/resolve.js:705:18)
[INFO] [stderr]     at Loader.defaultResolve [as _resolve] (internal/modules/esm/resolve.js:798:11)
[INFO] [stderr]     at Loader.resolve (internal/modules/esm/loader.js:100:40)
[INFO] [stderr]     at Loader.getModuleJob (internal/modules/esm/loader.js:246:28)
[INFO] [stderr]     at ModuleWrap.<anonymous> (internal/modules/esm/module_job.js:47:40)
[INFO] [stderr]     at link (internal/modules/esm/module_job.js:46:36) {
[INFO] [stderr]   code: 'ERR_MODULE_NOT_FOUND'
[INFO] [stderr] }
[INFO] [stderr] internal/process/esm_loader.js:74
[INFO] [stderr]     internalBinding('errors').triggerUncaughtException(
[INFO] [stderr]                               ^
[INFO] [stderr] 
[INFO] [stderr] Error [ERR_MODULE_NOT_FOUND]: Cannot find package 'commander' imported from /opt/rustwide/workdir/src/jco.js
[INFO] [stderr]     at packageResolve (internal/modules/esm/resolve.js:664:9)
[INFO] [stderr]     at moduleResolve (internal/modules/esm/resolve.js:705:18)
[INFO] [stderr]     at Loader.defaultResolve [as _resolve] (internal/modules/esm/resolve.js:798:11)
[INFO] [stderr]     at Loader.resolve (internal/modules/esm/loader.js:100:40)
[INFO] [stderr]     at Loader.getModuleJob (internal/modules/esm/loader.js:246:28)
[INFO] [stderr]     at ModuleWrap.<anonymous> (internal/modules/esm/module_job.js:47:40)
[INFO] [stderr]     at link (internal/modules/esm/module_job.js:46:36) {
[INFO] [stderr]   code: 'ERR_MODULE_NOT_FOUND'
[INFO] [stderr] }
[INFO] [stderr] internal/process/esm_loader.js:74
[INFO] [stderr]     internalBinding('errors').triggerUncaughtException(
[INFO] [stderr]                               ^
[INFO] [stderr] 
[INFO] [stderr] Error [ERR_MODULE_NOT_FOUND]: Cannot find package 'commander' imported from /opt/rustwide/workdir/src/jco.js
[INFO] [stderr]     at packageResolve (internal/modules/esm/resolve.js:664:9)
[INFO] [stderr]     at moduleResolve (internal/modules/esm/resolve.js:705:18)
[INFO] [stderr]     at Loader.defaultResolve [as _resolve] (internal/modules/esm/resolve.js:798:11)
[INFO] [stderr]     at Loader.resolve (internal/modules/esm/loader.js:100:40)
[INFO] [stderr]     at Loader.getModuleJob (internal/modules/esm/loader.js:246:28)
[INFO] [stderr]     at ModuleWrap.<anonymous> (internal/modules/esm/module_job.js:47:40)
[INFO] [stderr]     at link (internal/modules/esm/module_job.js:46:36) {
[INFO] [stderr]   code: 'ERR_MODULE_NOT_FOUND'
[INFO] [stderr] }
[INFO] [stderr] internal/process/esm_loader.js:74
[INFO] [stderr]     internalBinding('errors').triggerUncaughtException(
[INFO] [stderr]                               ^
[INFO] [stderr] 
[INFO] [stderr] Error [ERR_MODULE_NOT_FOUND]: Cannot find package 'commander' imported from /opt/rustwide/workdir/src/jco.js
[INFO] [stderr]     at packageResolve (internal/modules/esm/resolve.js:664:9)
[INFO] [stderr]     at moduleResolve (internal/modules/esm/resolve.js:705:18)
[INFO] [stderr]     at Loader.defaultResolve [as _resolve] (internal/modules/esm/resolve.js:798:11)
[INFO] [stderr]     at Loader.resolve (internal/modules/esm/loader.js:100:40)
[INFO] [stderr]     at Loader.getModuleJob (internal/modules/esm/loader.js:246:28)
[INFO] [stderr]     at ModuleWrap.<anonymous> (internal/modules/esm/module_job.js:47:40)
[INFO] [stderr]     at link (internal/modules/esm/module_job.js:46:36) {
[INFO] [stderr]   code: 'ERR_MODULE_NOT_FOUND'
[INFO] [stderr] }
[INFO] [stderr] internal/process/esm_loader.js:74
[INFO] [stderr]     internalBinding('errors').triggerUncaughtException(
[INFO] [stderr]                               ^
[INFO] [stderr] 
[INFO] [stderr] Error [ERR_MODULE_NOT_FOUND]: Cannot find package 'commander' imported from /opt/rustwide/workdir/src/jco.js
[INFO] [stderr]     at packageResolve (internal/modules/esm/resolve.js:664:9)
[INFO] [stderr]     at moduleResolve (internal/modules/esm/resolve.js:705:18)
[INFO] [stderr]     at Loader.defaultResolve [as _resolve] (internal/modules/esm/resolve.js:798:11)
[INFO] [stderr]     at Loader.resolve (internal/modules/esm/loader.js:100:40)
[INFO] [stderr]     at Loader.getModuleJob (internal/modules/esm/loader.js:246:28)
[INFO] [stderr]     at ModuleWrap.<anonymous> (internal/modules/esm/module_job.js:47:40)
[INFO] [stderr]     at link (internal/modules/esm/module_job.js:46:36) {
[INFO] [stderr]   code: 'ERR_MODULE_NOT_FOUND'
[INFO] [stderr] }
[INFO] [stderr] internal/process/esm_loader.js:74
[INFO] [stderr]     internalBinding('errors').triggerUncaughtException(
[INFO] [stderr]                               ^
[INFO] [stderr] 
[INFO] [stderr] Error [ERR_MODULE_NOT_FOUND]: Cannot find package 'commander' imported from /opt/rustwide/workdir/src/jco.js
[INFO] [stderr]     at packageResolve (internal/modules/esm/resolve.js:664:9)
[INFO] [stderr]     at moduleResolve (internal/modules/esm/resolve.js:705:18)
[INFO] [stderr]     at Loader.defaultResolve [as _resolve] (internal/modules/esm/resolve.js:798:11)
[INFO] [stderr]     at Loader.resolve (internal/modules/esm/loader.js:100:40)
[INFO] [stderr]     at Loader.getModuleJob (internal/modules/esm/loader.js:246:28)
[INFO] [stderr]     at ModuleWrap.<anonymous> (internal/modules/esm/module_job.js:47:40)
[INFO] [stderr]     at link (internal/modules/esm/module_job.js:46:36) {
[INFO] [stderr]   code: 'ERR_MODULE_NOT_FOUND'
[INFO] [stderr] }
[INFO] [stderr] internal/process/esm_loader.js:74
[INFO] [stderr]     internalBinding('errors').triggerUncaughtException(
[INFO] [stderr]                               ^
[INFO] [stderr] 
[INFO] [stderr] Error [ERR_MODULE_NOT_FOUND]: Cannot find package 'commander' imported from /opt/rustwide/workdir/src/jco.js
[INFO] [stderr]     at packageResolve (internal/modules/esm/resolve.js:664:9)
[INFO] [stderr]     at moduleResolve (internal/modules/esm/resolve.js:705:18)
[INFO] [stderr]     at Loader.defaultResolve [as _resolve] (internal/modules/esm/resolve.js:798:11)
[INFO] [stderr]     at Loader.resolve (internal/modules/esm/loader.js:100:40)
[INFO] [stderr]     at Loader.getModuleJob (internal/modules/esm/loader.js:246:28)
[INFO] [stderr]     at ModuleWrap.<anonymous> (internal/modules/esm/module_job.js:47:40)
[INFO] [stderr]     at link (internal/modules/esm/module_job.js:46:36) {
[INFO] [stderr]   code: 'ERR_MODULE_NOT_FOUND'
[INFO] [stderr] }
[INFO] [stderr] internal/process/esm_loader.js:74
[INFO] [stderr]     internalBinding('errors').triggerUncaughtException(
[INFO] [stderr]                               ^
[INFO] [stderr] 
[INFO] [stderr] Error [ERR_MODULE_NOT_FOUND]: Cannot find package 'commander' imported from /opt/rustwide/workdir/src/jco.js
[INFO] [stderr]     at packageResolve (internal/modules/esm/resolve.js:664:9)
[INFO] [stderr]     at moduleResolve (internal/modules/esm/resolve.js:705:18)
[INFO] [stderr]     at Loader.defaultResolve [as _resolve] (internal/modules/esm/resolve.js:798:11)
[INFO] [stderr]     at Loader.resolve (internal/modules/esm/loader.js:100:40)
[INFO] [stderr]     at Loader.getModuleJob (internal/modules/esm/loader.js:246:28)
[INFO] [stderr]     at ModuleWrap.<anonymous> (internal/modules/esm/module_job.js:47:40)
[INFO] [stderr]     at link (internal/modules/esm/module_job.js:46:36) {
[INFO] [stderr]   code: 'ERR_MODULE_NOT_FOUND'
[INFO] [stderr] }
[INFO] [stderr] internal/process/esm_loader.js:74
[INFO] [stderr]     internalBinding('errors').triggerUncaughtException(
[INFO] [stderr]                               ^
[INFO] [stderr] 
[INFO] [stderr] Error [ERR_MODULE_NOT_FOUND]: Cannot find package 'commander' imported from /opt/rustwide/workdir/src/jco.js
[INFO] [stderr]     at packageResolve (internal/modules/esm/resolve.js:664:9)
[INFO] [stderr]     at moduleResolve (internal/modules/esm/resolve.js:705:18)
[INFO] [stderr]     at Loader.defaultResolve [as _resolve] (internal/modules/esm/resolve.js:798:11)
[INFO] [stderr]     at Loader.resolve (internal/modules/esm/loader.js:100:40)
[INFO] [stderr]     at Loader.getModuleJob (internal/modules/esm/loader.js:246:28)
[INFO] [stderr]     at ModuleWrap.<anonymous> (internal/modules/esm/module_job.js:47:40)
[INFO] [stderr]     at link (internal/modules/esm/module_job.js:46:36) {
[INFO] [stderr]   code: 'ERR_MODULE_NOT_FOUND'
[INFO] [stderr] }
[INFO] [stdout] test generated::cli_exit_default::cli_exit_default ... FAILED
[INFO] [stdout] test generated::cli_exit_success::cli_exit_success ... FAILED
[INFO] [stderr] internal/process/esm_loader.js:74
[INFO] [stderr]     internalBinding('errors').triggerUncaughtException(
[INFO] [stderr]                               ^
[INFO] [stderr] 
[INFO] [stderr] Error [ERR_MODULE_NOT_FOUND]: Cannot find package 'commander' imported from /opt/rustwide/workdir/src/jco.js
[INFO] [stderr]     at packageResolve (internal/modules/esm/resolve.js:664:9)
[INFO] [stderr]     at moduleResolve (internal/modules/esm/resolve.js:705:18)
[INFO] [stderr]     at Loader.defaultResolve [as _resolve] (internal/modules/esm/resolve.js:798:11)
[INFO] [stderr]     at Loader.resolve (internal/modules/esm/loader.js:100:40)
[INFO] [stderr]     at Loader.getModuleJob (internal/modules/esm/loader.js:246:28)
[INFO] [stderr]     at ModuleWrap.<anonymous> (internal/modules/esm/module_job.js:47:40)
[INFO] [stderr]     at link (internal/modules/esm/module_job.js:46:36) {
[INFO] [stderr]   code: 'ERR_MODULE_NOT_FOUND'
[INFO] [stderr] }
[INFO] [stdout] test generated::api_read_only::api_read_only ... FAILED
[INFO] [stdout] test generated::cli_args::cli_args ... FAILED
[INFO] [stdout] test generated::cli_default_clocks::cli_default_clocks ... FAILED
[INFO] [stdout] test generated::api_reactor::api_reactor ... FAILED
[INFO] [stdout] test generated::cli_file_append::cli_file_append ... FAILED
[INFO] [stdout] test generated::cli_hello_stdout::cli_hello_stdout ... FAILED
[INFO] [stderr] internal/process/esm_loader.js:74
[INFO] [stderr]     internalBinding('errors').triggerUncaughtException(
[INFO] [stderr]                               ^
[INFO] [stderr] 
[INFO] [stderr] Error [ERR_MODULE_NOT_FOUND]: Cannot find package 'commander' imported from /opt/rustwide/workdir/src/jco.js
[INFO] [stderr]     at packageResolve (internal/modules/esm/resolve.js:664:9)
[INFO] [stderr]     at moduleResolve (internal/modules/esm/resolve.js:705:18)
[INFO] [stderr]     at Loader.defaultResolve [as _resolve] (internal/modules/esm/resolve.js:798:11)
[INFO] [stderr]     at Loader.resolve (internal/modules/esm/loader.js:100:40)
[INFO] [stderr]     at Loader.getModuleJob (internal/modules/esm/loader.js:246:28)
[INFO] [stderr]     at ModuleWrap.<anonymous> (internal/modules/esm/module_job.js:47:40)
[INFO] [stderr]     at link (internal/modules/esm/module_job.js:46:36) {
[INFO] [stderr]   code: 'ERR_MODULE_NOT_FOUND'
[INFO] [stderr] }
[INFO] [stdout] test generated::cli_export_cabi_realloc::cli_export_cabi_realloc ... FAILED
[INFO] [stdout] test generated::cli_file_read::cli_file_read ... FAILED
[INFO] [stderr] internal/process/esm_loader.js:74
[INFO] [stderr]     internalBinding('errors').triggerUncaughtException(
[INFO] [stderr]                               ^
[INFO] [stderr] 
[INFO] [stderr] Error [ERR_MODULE_NOT_FOUND]: Cannot find package 'commander' imported from /opt/rustwide/workdir/src/jco.js
[INFO] [stderr]     at packageResolve (internal/modules/esm/resolve.js:664:9)
[INFO] [stderr]     at moduleResolve (internal/modules/esm/resolve.js:705:18)
[INFO] [stderr]     at Loader.defaultResolve [as _resolve] (internal/modules/esm/resolve.js:798:11)
[INFO] [stderr]     at Loader.resolve (internal/modules/esm/loader.js:100:40)
[INFO] [stderr]     at Loader.getModuleJob (internal/modules/esm/loader.js:246:28)
[INFO] [stderr]     at ModuleWrap.<anonymous> (internal/modules/esm/module_job.js:47:40)
[INFO] [stderr]     at link (internal/modules/esm/module_job.js:46:36) {
[INFO] [stderr]   code: 'ERR_MODULE_NOT_FOUND'
[INFO] [stderr] }
[INFO] [stdout] test generated::cli_env::cli_env ... FAILED
[INFO] [stdout] test generated::cli_exit_panic::cli_exit_panic ... ok
[INFO] [stdout] test generated::cli_exit_failure::cli_exit_failure ... ok
[INFO] [stdout] test generated::cli_file_dir_sync::cli_file_dir_sync ... FAILED
[INFO] [stdout] test generated::cli_directory_list::cli_directory_list ... FAILED
[INFO] [stderr] internal/process/esm_loader.js:74
[INFO] [stderr]     internalBinding('errors').triggerUncaughtException(
[INFO] [stderr]                               ^
[INFO] [stderr] 
[INFO] [stderr] Error [ERR_MODULE_NOT_FOUND]: Cannot find package 'commander' imported from /opt/rustwide/workdir/src/jco.js
[INFO] [stderr]     at packageResolve (internal/modules/esm/resolve.js:664:9)
[INFO] [stderr]     at moduleResolve (internal/modules/esm/resolve.js:705:18)
[INFO] [stderr]     at Loader.defaultResolve [as _resolve] (internal/modules/esm/resolve.js:798:11)
[INFO] [stderr]     at Loader.resolve (internal/modules/esm/loader.js:100:40)
[INFO] [stderr]     at Loader.getModuleJob (internal/modules/esm/loader.js:246:28)
[INFO] [stderr]     at ModuleWrap.<anonymous> (internal/modules/esm/module_job.js:47:40)
[INFO] [stderr]     at link (internal/modules/esm/module_job.js:46:36) {
[INFO] [stderr]   code: 'ERR_MODULE_NOT_FOUND'
[INFO] [stderr] }
[INFO] [stdout] test generated::api_time::api_time ... FAILED
[INFO] [stderr] internal/process/esm_loader.js:74
[INFO] [stderr]     internalBinding('errors').triggerUncaughtException(
[INFO] [stderr]                               ^
[INFO] [stderr] 
[INFO] [stderr] Error [ERR_MODULE_NOT_FOUND]: Cannot find package 'commander' imported from /opt/rustwide/workdir/src/jco.js
[INFO] [stderr]     at packageResolve (internal/modules/esm/resolve.js:664:9)
[INFO] [stderr]     at moduleResolve (internal/modules/esm/resolve.js:705:18)
[INFO] [stderr]     at Loader.defaultResolve [as _resolve] (internal/modules/esm/resolve.js:798:11)
[INFO] [stderr]     at Loader.resolve (internal/modules/esm/loader.js:100:40)
[INFO] [stderr]     at Loader.getModuleJob (internal/modules/esm/loader.js:246:28)
[INFO] [stderr]     at ModuleWrap.<anonymous> (internal/modules/esm/module_job.js:47:40)
[INFO] [stderr]     at link (internal/modules/esm/module_job.js:46:36) {
[INFO] [stderr]   code: 'ERR_MODULE_NOT_FOUND'
[INFO] [stderr] }
[INFO] [stderr] internal/process/esm_loader.js:74
[INFO] [stderr]     internalBinding('errors').triggerUncaughtException(
[INFO] [stderr]                               ^
[INFO] [stderr] 
[INFO] [stderr] Error [ERR_MODULE_NOT_FOUND]: Cannot find package 'commander' imported from /opt/rustwide/workdir/src/jco.js
[INFO] [stderr]     at packageResolve (internal/modules/esm/resolve.js:664:9)
[INFO] [stderr]     at moduleResolve (internal/modules/esm/resolve.js:705:18)
[INFO] [stderr]     at Loader.defaultResolve [as _resolve] (internal/modules/esm/resolve.js:798:11)
[INFO] [stderr]     at Loader.resolve (internal/modules/esm/loader.js:100:40)
[INFO] [stderr]     at Loader.getModuleJob (internal/modules/esm/loader.js:246:28)
[INFO] [stderr]     at ModuleWrap.<anonymous> (internal/modules/esm/module_job.js:47:40)
[INFO] [stderr]     at link (internal/modules/esm/module_job.js:46:36) {
[INFO] [stderr]   code: 'ERR_MODULE_NOT_FOUND'
[INFO] [stderr] }
[INFO] [stderr] internal/process/esm_loader.js:74
[INFO] [stderr]     internalBinding('errors').triggerUncaughtException(
[INFO] [stderr]                               ^
[INFO] [stderr] 
[INFO] [stderr] Error [ERR_MODULE_NOT_FOUND]: Cannot find package 'commander' imported from /opt/rustwide/workdir/src/jco.js
[INFO] [stderr]     at packageResolve (internal/modules/esm/resolve.js:664:9)
[INFO] [stderr]     at moduleResolve (internal/modules/esm/resolve.js:705:18)
[INFO] [stderr]     at Loader.defaultResolve [as _resolve] (internal/modules/esm/resolve.js:798:11)
[INFO] [stderr]     at Loader.resolve (internal/modules/esm/loader.js:100:40)
[INFO] [stderr]     at Loader.getModuleJob (internal/modules/esm/loader.js:246:28)
[INFO] [stderr]     at ModuleWrap.<anonymous> (internal/modules/esm/module_job.js:47:40)
[INFO] [stderr]     at link (internal/modules/esm/module_job.js:46:36) {
[INFO] [stderr]   code: 'ERR_MODULE_NOT_FOUND'
[INFO] [stderr] }
[INFO] [stderr] internal/process/esm_loader.js:74
[INFO] [stderr]     internalBinding('errors').triggerUncaughtException(
[INFO] [stderr]                               ^
[INFO] [stderr] 
[INFO] [stderr] Error [ERR_MODULE_NOT_FOUND]: Cannot find package 'commander' imported from /opt/rustwide/workdir/src/jco.js
[INFO] [stderr]     at packageResolve (internal/modules/esm/resolve.js:664:9)
[INFO] [stderr]     at moduleResolve (internal/modules/esm/resolve.js:705:18)
[INFO] [stderr]     at Loader.defaultResolve [as _resolve] (internal/modules/esm/resolve.js:798:11)
[INFO] [stderr]     at Loader.resolve (internal/modules/esm/loader.js:100:40)
[INFO] [stderr]     at Loader.getModuleJob (internal/modules/esm/loader.js:246:28)
[INFO] [stderr]     at ModuleWrap.<anonymous> (internal/modules/esm/module_job.js:47:40)
[INFO] [stderr]     at link (internal/modules/esm/module_job.js:46:36) {
[INFO] [stderr]   code: 'ERR_MODULE_NOT_FOUND'
[INFO] [stderr] }
[INFO] [stderr] internal/process/esm_loader.js:74
[INFO] [stderr]     internalBinding('errors').triggerUncaughtException(
[INFO] [stderr]                               ^
[INFO] [stderr] 
[INFO] [stderr] Error [ERR_MODULE_NOT_FOUND]: Cannot find package 'commander' imported from /opt/rustwide/workdir/src/jco.js
[INFO] [stderr]     at packageResolve (internal/modules/esm/resolve.js:664:9)
[INFO] [stderr]     at moduleResolve (internal/modules/esm/resolve.js:705:18)
[INFO] [stderr]     at Loader.defaultResolve [as _resolve] (internal/modules/esm/resolve.js:798:11)
[INFO] [stderr]     at Loader.resolve (internal/modules/esm/loader.js:100:40)
[INFO] [stderr]     at Loader.getModuleJob (internal/modules/esm/loader.js:246:28)
[INFO] [stderr]     at ModuleWrap.<anonymous> (internal/modules/esm/module_job.js:47:40)
[INFO] [stderr]     at link (internal/modules/esm/module_job.js:46:36) {
[INFO] [stderr]   code: 'ERR_MODULE_NOT_FOUND'
[INFO] [stderr] }
[INFO] [stderr] internal/process/esm_loader.js:74
[INFO] [stderr]     internalBinding('errors').triggerUncaughtException(
[INFO] [stderr]                               ^
[INFO] [stderr] 
[INFO] [stderr] Error [ERR_MODULE_NOT_FOUND]: Cannot find package 'commander' imported from /opt/rustwide/workdir/src/jco.js
[INFO] [stderr]     at packageResolve (internal/modules/esm/resolve.js:664:9)
[INFO] [stderr]     at moduleResolve (internal/modules/esm/resolve.js:705:18)
[INFO] [stderr]     at Loader.defaultResolve [as _resolve] (internal/modules/esm/resolve.js:798:11)
[INFO] [stderr]     at Loader.resolve (internal/modules/esm/loader.js:100:40)
[INFO] [stderr]     at Loader.getModuleJob (internal/modules/esm/loader.js:246:28)
[INFO] [stderr]     at ModuleWrap.<anonymous> (internal/modules/esm/module_job.js:47:40)
[INFO] [stderr]     at link (internal/modules/esm/module_job.js:46:36) {
[INFO] [stderr]   code: 'ERR_MODULE_NOT_FOUND'
[INFO] [stderr] }
[INFO] [stderr] internal/process/esm_loader.js:74
[INFO] [stderr]     internalBinding('errors').triggerUncaughtException(
[INFO] [stderr]                               ^
[INFO] [stderr] 
[INFO] [stderr] Error [ERR_MODULE_NOT_FOUND]: Cannot find package 'commander' imported from /opt/rustwide/workdir/src/jco.js
[INFO] [stderr]     at packageResolve (internal/modules/esm/resolve.js:664:9)
[INFO] [stderr]     at moduleResolve (internal/modules/esm/resolve.js:705:18)
[INFO] [stderr]     at Loader.defaultResolve [as _resolve] (internal/modules/esm/resolve.js:798:11)
[INFO] [stderr]     at Loader.resolve (internal/modules/esm/loader.js:100:40)
[INFO] [stderr]     at Loader.getModuleJob (internal/modules/esm/loader.js:246:28)
[INFO] [stderr]     at ModuleWrap.<anonymous> (internal/modules/esm/module_job.js:47:40)
[INFO] [stderr]     at link (internal/modules/esm/module_job.js:46:36) {
[INFO] [stderr]   code: 'ERR_MODULE_NOT_FOUND'
[INFO] [stderr] }
[INFO] [stderr] internal/process/esm_loader.js:74
[INFO] [stderr]     internalBinding('errors').triggerUncaughtException(
[INFO] [stderr]                               ^
[INFO] [stderr] 
[INFO] [stderr] Error [ERR_MODULE_NOT_FOUND]: Cannot find package 'commander' imported from /opt/rustwide/workdir/src/jco.js
[INFO] [stderr]     at packageResolve (internal/modules/esm/resolve.js:664:9)
[INFO] [stderr]     at moduleResolve (internal/modules/esm/resolve.js:705:18)
[INFO] [stderr]     at Loader.defaultResolve [as _resolve] (internal/modules/esm/resolve.js:798:11)
[INFO] [stderr]     at Loader.resolve (internal/modules/esm/loader.js:100:40)
[INFO] [stderr]     at Loader.getModuleJob (internal/modules/esm/loader.js:246:28)
[INFO] [stderr]     at ModuleWrap.<anonymous> (internal/modules/esm/module_job.js:47:40)
[INFO] [stderr]     at link (internal/modules/esm/module_job.js:46:36) {
[INFO] [stderr]   code: 'ERR_MODULE_NOT_FOUND'
[INFO] [stderr] }
[INFO] [stderr] internal/process/esm_loader.js:74
[INFO] [stderr]     internalBinding('errors').triggerUncaughtException(
[INFO] [stderr]                               ^
[INFO] [stderr] 
[INFO] [stderr] Error [ERR_MODULE_NOT_FOUND]: Cannot find package 'commander' imported from /opt/rustwide/workdir/src/jco.js
[INFO] [stderr]     at packageResolve (internal/modules/esm/resolve.js:664:9)
[INFO] [stderr]     at moduleResolve (internal/modules/esm/resolve.js:705:18)
[INFO] [stderr]     at Loader.defaultResolve [as _resolve] (internal/modules/esm/resolve.js:798:11)
[INFO] [stderr]     at Loader.resolve (internal/modules/esm/loader.js:100:40)
[INFO] [stderr]     at Loader.getModuleJob (internal/modules/esm/loader.js:246:28)
[INFO] [stderr]     at ModuleWrap.<anonymous> (internal/modules/esm/module_job.js:47:40)
[INFO] [stderr]     at link (internal/modules/esm/module_job.js:46:36) {
[INFO] [stderr]   code: 'ERR_MODULE_NOT_FOUND'
[INFO] [stderr] }
[INFO] [stdout] test generated::http_outbound_request_invalid_dnsname::http_outbound_request_invalid_dnsname ... FAILED
[INFO] [stdout] test generated::http_outbound_request_content_length::http_outbound_request_content_length ... FAILED
[INFO] [stdout] test generated::http_outbound_request_large_post::http_outbound_request_large_post ... FAILED
[INFO] [stdout] test generated::cli_stdin::cli_stdin ... FAILED
[INFO] [stdout] test generated::cli_stdio_write_flushes::cli_stdio_write_flushes ... FAILED
[INFO] [stdout] test generated::cli_splice_stdin::cli_splice_stdin ... FAILED
[INFO] [stdout] test generated::cli_no_ip_name_lookup::cli_no_ip_name_lookup ... FAILED
[INFO] [stderr] internal/process/esm_loader.js:74
[INFO] [stderr]     internalBinding('errors').triggerUncaughtException(
[INFO] [stderr]                               ^
[INFO] [stderr] 
[INFO] [stderr] Error [ERR_MODULE_NOT_FOUND]: Cannot find package 'commander' imported from /opt/rustwide/workdir/src/jco.js
[INFO] [stderr]     at packageResolve (internal/modules/esm/resolve.js:664:9)
[INFO] [stderr]     at moduleResolve (internal/modules/esm/resolve.js:705:18)
[INFO] [stderr]     at Loader.defaultResolve [as _resolve] (internal/modules/esm/resolve.js:798:11)
[INFO] [stderr]     at Loader.resolve (internal/modules/esm/loader.js:100:40)
[INFO] [stderr]     at Loader.getModuleJob (internal/modules/esm/loader.js:246:28)
[INFO] [stderr]     at ModuleWrap.<anonymous> (internal/modules/esm/module_job.js:47:40)
[INFO] [stderr]     at link (internal/modules/esm/module_job.js:46:36) {
[INFO] [stderr]   code: 'ERR_MODULE_NOT_FOUND'
[INFO] [stderr] }
[INFO] [stdout] test generated::http_outbound_request_invalid_header::http_outbound_request_invalid_header ... FAILED
[INFO] [stderr] internal/process/esm_loader.js:74
[INFO] [stderr]     internalBinding('errors').triggerUncaughtException(
[INFO] [stderr]                               ^
[INFO] [stderr] 
[INFO] [stderr] Error [ERR_MODULE_NOT_FOUND]: Cannot find package 'commander' imported from /opt/rustwide/workdir/src/jco.js
[INFO] [stderr]     at packageResolve (internal/modules/esm/resolve.js:664:9)
[INFO] [stderr]     at moduleResolve (internal/modules/esm/resolve.js:705:18)
[INFO] [stderr]     at Loader.defaultResolve [as _resolve] (internal/modules/esm/resolve.js:798:11)
[INFO] [stderr]     at Loader.resolve (internal/modules/esm/loader.js:100:40)
[INFO] [stderr]     at Loader.getModuleJob (internal/modules/esm/loader.js:246:28)
[INFO] [stderr]     at ModuleWrap.<anonymous> (internal/modules/esm/module_job.js:47:40)
[INFO] [stderr]     at link (internal/modules/esm/module_job.js:46:36) {
[INFO] [stderr]   code: 'ERR_MODULE_NOT_FOUND'
[INFO] [stderr] }
[INFO] [stderr] internal/process/esm_loader.js:74
[INFO] [stderr]     internalBinding('errors').triggerUncaughtException(
[INFO] [stderr]                               ^
[INFO] [stderr] 
[INFO] [stderr] Error [ERR_MODULE_NOT_FOUND]: Cannot find package 'commander' imported from /opt/rustwide/workdir/src/jco.js
[INFO] [stderr]     at packageResolve (internal/modules/esm/resolve.js:664:9)
[INFO] [stderr]     at moduleResolve (internal/modules/esm/resolve.js:705:18)
[INFO] [stderr]     at Loader.defaultResolve [as _resolve] (internal/modules/esm/resolve.js:798:11)
[INFO] [stderr]     at Loader.resolve (internal/modules/esm/loader.js:100:40)
[INFO] [stderr]     at Loader.getModuleJob (internal/modules/esm/loader.js:246:28)
[INFO] [stderr]     at ModuleWrap.<anonymous> (internal/modules/esm/module_job.js:47:40)
[INFO] [stderr]     at link (internal/modules/esm/module_job.js:46:36) {
[INFO] [stderr]   code: 'ERR_MODULE_NOT_FOUND'
[INFO] [stderr] }
[INFO] [stdout] test generated::http_outbound_request_get::http_outbound_request_get ... FAILED
[INFO] [stdout] test generated::http_outbound_request_invalid_version::http_outbound_request_invalid_version ... FAILED
[INFO] [stderr] internal/process/esm_loader.js:74
[INFO] [stderr]     internalBinding('errors').triggerUncaughtException(
[INFO] [stderr]                               ^
[INFO] [stderr] 
[INFO] [stderr] Error [ERR_MODULE_NOT_FOUND]: Cannot find package 'commander' imported from /opt/rustwide/workdir/src/jco.js
[INFO] [stderr]     at packageResolve (internal/modules/esm/resolve.js:664:9)
[INFO] [stderr]     at moduleResolve (internal/modules/esm/resolve.js:705:18)
[INFO] [stderr]     at Loader.defaultResolve [as _resolve] (internal/modules/esm/resolve.js:798:11)
[INFO] [stderr]     at Loader.resolve (internal/modules/esm/loader.js:100:40)
[INFO] [stderr]     at Loader.getModuleJob (internal/modules/esm/loader.js:246:28)
[INFO] [stderr]     at ModuleWrap.<anonymous> (internal/modules/esm/module_job.js:47:40)
[INFO] [stderr]     at link (internal/modules/esm/module_job.js:46:36) {
[INFO] [stderr]   code: 'ERR_MODULE_NOT_FOUND'
[INFO] [stderr] }
[INFO] [stderr] internal/process/esm_loader.js:74
[INFO] [stdout] test generated::http_outbound_request_invalid_port::http_outbound_request_invalid_port ... FAILED
[INFO] [stderr]     internalBinding('errors').triggerUncaughtException(
[INFO] [stdout] test generated::cli_no_udp::cli_no_udp ... FAILED
[INFO] [stderr]                               ^
[INFO] [stdout] test generated::cli_no_tcp::cli_no_tcp ... FAILED
[INFO] [stderr] 
[INFO] [stderr] Error [ERR_MODULE_NOT_FOUND]: Cannot find package 'commander' imported from /opt/rustwide/workdir/src/jco.js
[INFO] [stderr]     at packageResolve (internal/modules/esm/resolve.js:664:9)
[INFO] [stderr]     at moduleResolve (internal/modules/esm/resolve.js:705:18)
[INFO] [stderr]     at Loader.defaultResolve [as _resolve] (internal/modules/esm/resolve.js:798:11)
[INFO] [stderr]     at Loader.resolve (internal/modules/esm/loader.js:100:40)
[INFO] [stderr]     at Loader.getModuleJob (internal/modules/esm/loader.js:246:28)
[INFO] [stderr]     at ModuleWrap.<anonymous> (internal/modules/esm/module_job.js:47:40)
[INFO] [stderr]     at link (internal/modules/esm/module_job.js:46:36) {
[INFO] [stderr]   code: 'ERR_MODULE_NOT_FOUND'
[INFO] [stderr] }
[INFO] [stderr] internal/process/esm_loader.js:74
[INFO] [stderr]     internalBinding('errors').triggerUncaughtException(
[INFO] [stderr]                               ^
[INFO] [stderr] 
[INFO] [stderr] Error [ERR_MODULE_NOT_FOUND]: Cannot find package 'commander' imported from /opt/rustwide/workdir/src/jco.js
[INFO] [stderr]     at packageResolve (internal/modules/esm/resolve.js:664:9)
[INFO] [stderr]     at moduleResolve (internal/modules/esm/resolve.js:705:18)
[INFO] [stderr]     at Loader.defaultResolve [as _resolve] (internal/modules/esm/resolve.js:798:11)
[INFO] [stderr]     at Loader.resolve (internal/modules/esm/loader.js:100:40)
[INFO] [stderr]     at Loader.getModuleJob (internal/modules/esm/loader.js:246:28)
[INFO] [stderr]     at ModuleWrap.<anonymous> (internal/modules/esm/module_job.js:47:40)
[INFO] [stderr]     at link (internal/modules/esm/module_job.js:46:36) {
[INFO] [stderr]   code: 'ERR_MODULE_NOT_FOUND'
[INFO] [stderr] }
[INFO] [stdout] test generated::http_outbound_request_post::http_outbound_request_post ... FAILED
[INFO] [stdout] test generated::http_outbound_request_response_build::http_outbound_request_response_build ... FAILED
[INFO] [stderr] internal/process/esm_loader.js:74
[INFO] [stderr]     internalBinding('errors').triggerUncaughtException(
[INFO] [stderr]                               ^
[INFO] [stderr] 
[INFO] [stderr] Error [ERR_MODULE_NOT_FOUND]: Cannot find package 'commander' imported from /opt/rustwide/workdir/src/jco.js
[INFO] [stderr]     at packageResolve (internal/modules/esm/resolve.js:664:9)
[INFO] [stderr]     at moduleResolve (internal/modules/esm/resolve.js:705:18)
[INFO] [stderr]     at Loader.defaultResolve [as _resolve] (internal/modules/esm/resolve.js:798:11)
[INFO] [stderr]     at Loader.resolve (internal/modules/esm/loader.js:100:40)
[INFO] [stderr]     at Loader.getModuleJob (internal/modules/esm/loader.js:246:28)
[INFO] [stderr]     at ModuleWrap.<anonymous> (internal/modules/esm/module_job.js:47:40)
[INFO] [stderr]     at link (internal/modules/esm/module_job.js:46:36) {
[INFO] [stderr]   code: 'ERR_MODULE_NOT_FOUND'
[INFO] [stderr] }
[INFO] [stdout] test generated::http_outbound_request_put::http_outbound_request_put ... FAILED
[INFO] [stderr] internal/process/esm_loader.js:74
[INFO] [stderr]     internalBinding('errors').triggerUncaughtException(
[INFO] [stderr]                               ^
[INFO] [stderr] 
[INFO] [stderr] Error [ERR_MODULE_NOT_FOUND]: Cannot find package 'commander' imported from /opt/rustwide/workdir/src/jco.js
[INFO] [stderr]     at packageResolve (internal/modules/esm/resolve.js:664:9)
[INFO] [stderr]     at moduleResolve (internal/modules/esm/resolve.js:705:18)
[INFO] [stderr]     at Loader.defaultResolve [as _resolve] (internal/modules/esm/resolve.js:798:11)
[INFO] [stderr]     at Loader.resolve (internal/modules/esm/loader.js:100:40)
[INFO] [stderr]     at Loader.getModuleJob (internal/modules/esm/loader.js:246:28)
[INFO] [stderr]     at ModuleWrap.<anonymous> (internal/modules/esm/module_job.js:47:40)
[INFO] [stderr]     at link (internal/modules/esm/module_job.js:46:36) {
[INFO] [stderr]   code: 'ERR_MODULE_NOT_FOUND'
[INFO] [stderr] }
[INFO] [stderr] internal/process/esm_loader.js:74
[INFO] [stderr]     internalBinding('errors').triggerUncaughtException(
[INFO] [stderr]                               ^
[INFO] [stderr] 
[INFO] [stderr] Error [ERR_MODULE_NOT_FOUND]: Cannot find package 'commander' imported from /opt/rustwide/workdir/src/jco.js
[INFO] [stderr]     at packageResolve (internal/modules/esm/resolve.js:664:9)
[INFO] [stderr]     at moduleResolve (internal/modules/esm/resolve.js:705:18)
[INFO] [stderr]     at Loader.defaultResolve [as _resolve] (internal/modules/esm/resolve.js:798:11)
[INFO] [stderr]     at Loader.resolve (internal/modules/esm/loader.js:100:40)
[INFO] [stderr]     at Loader.getModuleJob (internal/modules/esm/loader.js:246:28)
[INFO] [stderr]     at ModuleWrap.<anonymous> (internal/modules/esm/module_job.js:47:40)
[INFO] [stderr]     at link (internal/modules/esm/module_job.js:46:36) {
[INFO] [stderr]   code: 'ERR_MODULE_NOT_FOUND'
[INFO] [stderr] }
[INFO] [stderr] internal/process/esm_loader.js:74
[INFO] [stderr]     internalBinding('errors').triggerUncaughtException(
[INFO] [stderr]                               ^
[INFO] [stderr] 
[INFO] [stderr] Error [ERR_MODULE_NOT_FOUND]: Cannot find package 'commander' imported from /opt/rustwide/workdir/src/jco.js
[INFO] [stderr]     at packageResolve (internal/modules/esm/resolve.js:664:9)
[INFO] [stderr]     at moduleResolve (internal/modules/esm/resolve.js:705:18)
[INFO] [stderr]     at Loader.defaultResolve [as _resolve] (internal/modules/esm/resolve.js:798:11)
[INFO] [stderr]     at Loader.resolve (internal/modules/esm/loader.js:100:40)
[INFO] [stderr]     at Loader.getModuleJob (internal/modules/esm/loader.js:246:28)
[INFO] [stderr]     at ModuleWrap.<anonymous> (internal/modules/esm/module_job.js:47:40)
[INFO] [stderr]     at link (internal/modules/esm/module_job.js:46:36) {
[INFO] [stderr]   code: 'ERR_MODULE_NOT_FOUND'
[INFO] [stderr] }
[INFO] [stderr] internal/process/esm_loader.js:74
[INFO] [stderr]     internalBinding('errors').triggerUncaughtException(
[INFO] [stderr]                               ^
[INFO] [stderr] 
[INFO] [stderr] Error [ERR_MODULE_NOT_FOUND]: Cannot find package 'commander' imported from /opt/rustwide/workdir/src/jco.js
[INFO] [stderr]     at packageResolve (internal/modules/esm/resolve.js:664:9)
[INFO] [stderr]     at moduleResolve (internal/modules/esm/resolve.js:705:18)
[INFO] [stderr]     at Loader.defaultResolve [as _resolve] (internal/modules/esm/resolve.js:798:11)
[INFO] [stderr]     at Loader.resolve (internal/modules/esm/loader.js:100:40)
[INFO] [stderr]     at Loader.getModuleJob (internal/modules/esm/loader.js:246:28)
[INFO] [stderr]     at ModuleWrap.<anonymous> (internal/modules/esm/module_job.js:47:40)
[INFO] [stderr]     at link (internal/modules/esm/module_job.js:46:36) {
[INFO] [stderr]   code: 'ERR_MODULE_NOT_FOUND'
[INFO] [stderr] }
[INFO] [stderr] internal/process/esm_loader.js:74
[INFO] [stderr]     internalBinding('errors').triggerUncaughtException(
[INFO] [stderr]                               ^
[INFO] [stderr] 
[INFO] [stderr] Error [ERR_MODULE_NOT_FOUND]: Cannot find package 'commander' imported from /opt/rustwide/workdir/src/jco.js
[INFO] [stderr]     at packageResolve (internal/modules/esm/resolve.js:664:9)
[INFO] [stderr]     at moduleResolve (internal/modules/esm/resolve.js:705:18)
[INFO] [stderr]     at Loader.defaultResolve [as _resolve] (internal/modules/esm/resolve.js:798:11)
[INFO] [stderr]     at Loader.resolve (internal/modules/esm/loader.js:100:40)
[INFO] [stderr]     at Loader.getModuleJob (internal/modules/esm/loader.js:246:28)
[INFO] [stderr]     at ModuleWrap.<anonymous> (internal/modules/esm/module_job.js:47:40)
[INFO] [stderr]     at link (internal/modules/esm/module_job.js:46:36) {
[INFO] [stderr]   code: 'ERR_MODULE_NOT_FOUND'
[INFO] [stderr] }
[INFO] [stderr] internal/process/esm_loader.js:74
[INFO] [stderr]     internalBinding('errors').triggerUncaughtException(
[INFO] [stderr]                               ^
[INFO] [stderr] 
[INFO] [stderr] Error [ERR_MODULE_NOT_FOUND]: Cannot find package 'commander' imported from /opt/rustwide/workdir/src/jco.js
[INFO] [stderr]     at packageResolve (internal/modules/esm/resolve.js:664:9)
[INFO] [stderr]     at moduleResolve (internal/modules/esm/resolve.js:705:18)
[INFO] [stderr]     at Loader.defaultResolve [as _resolve] (internal/modules/esm/resolve.js:798:11)
[INFO] [stderr]     at Loader.resolve (internal/modules/esm/loader.js:100:40)
[INFO] [stderr]     at Loader.getModuleJob (internal/modules/esm/loader.js:246:28)
[INFO] [stderr]     at ModuleWrap.<anonymous> (internal/modules/esm/module_job.js:47:40)
[INFO] [stderr]     at link (internal/modules/esm/module_job.js:46:36) {
[INFO] [stderr]   code: 'ERR_MODULE_NOT_FOUND'
[INFO] [stderr] }
[INFO] [stderr] internal/process/esm_loader.js:74
[INFO] [stderr]     internalBinding('errors').triggerUncaughtException(
[INFO] [stderr]                               ^
[INFO] [stderr] 
[INFO] [stderr] Error [ERR_MODULE_NOT_FOUND]: Cannot find package 'commander' imported from /opt/rustwide/workdir/src/jco.js
[INFO] [stderr]     at packageResolve (internal/modules/esm/resolve.js:664:9)
[INFO] [stderr]     at moduleResolve (internal/modules/esm/resolve.js:705:18)
[INFO] [stderr]     at Loader.defaultResolve [as _resolve] (internal/modules/esm/resolve.js:798:11)
[INFO] [stderr]     at Loader.resolve (internal/modules/esm/loader.js:100:40)
[INFO] [stderr]     at Loader.getModuleJob (internal/modules/esm/loader.js:246:28)
[INFO] [stderr]     at ModuleWrap.<anonymous> (internal/modules/esm/module_job.js:47:40)
[INFO] [stderr]     at link (internal/modules/esm/module_job.js:46:36) {
[INFO] [stderr]   code: 'ERR_MODULE_NOT_FOUND'
[INFO] [stderr] }
[INFO] [stdout] test generated::preview1_big_random_buf::preview1_big_random_buf ... FAILED
[INFO] [stdout] test generated::preview1_dir_fd_op_failures::preview1_dir_fd_op_failures ... FAILED
[INFO] [stdout] test generated::http_outbound_request_unknown_method::http_outbound_request_unknown_method ... FAILED
[INFO] [stdout] test generated::preview1_dangling_symlink::preview1_dangling_symlink ... FAILED
[INFO] [stdout] test generated::preview1_directory_seek::preview1_directory_seek ... FAILED
[INFO] [stdout] test generated::preview1_clock_time_get::preview1_clock_time_get ... FAILED
[INFO] [stderr] internal/process/esm_loader.js:74
[INFO] [stderr]     internalBinding('errors').triggerUncaughtException(
[INFO] [stderr]                               ^
[INFO] [stderr] 
[INFO] [stderr] Error [ERR_MODULE_NOT_FOUND]: Cannot find package 'commander' imported from /opt/rustwide/workdir/src/jco.js
[INFO] [stderr]     at packageResolve (internal/modules/esm/resolve.js:664:9)
[INFO] [stderr]     at moduleResolve (internal/modules/esm/resolve.js:705:18)
[INFO] [stderr]     at Loader.defaultResolve [as _resolve] (internal/modules/esm/resolve.js:798:11)
[INFO] [stderr]     at Loader.resolve (internal/modules/esm/loader.js:100:40)
[INFO] [stderr]     at Loader.getModuleJob (internal/modules/esm/loader.js:246:28)
[INFO] [stderr]     at ModuleWrap.<anonymous> (internal/modules/esm/module_job.js:47:40)
[INFO] [stderr]     at link (internal/modules/esm/module_job.js:46:36) {
[INFO] [stderr]   code: 'ERR_MODULE_NOT_FOUND'
[INFO] [stderr] }
[INFO] [stdout] test generated::preview1_dangling_fd::preview1_dangling_fd ... FAILED
[INFO] [stderr] internal/process/esm_loader.js:74
[INFO] [stderr]     internalBinding('errors').triggerUncaughtException(
[INFO] [stderr]                               ^
[INFO] [stderr] 
[INFO] [stderr] Error [ERR_MODULE_NOT_FOUND]: Cannot find package 'commander' imported from /opt/rustwide/workdir/src/jco.js
[INFO] [stderr]     at packageResolve (internal/modules/esm/resolve.js:664:9)
[INFO] [stderr]     at moduleResolve (internal/modules/esm/resolve.js:705:18)
[INFO] [stderr]     at Loader.defaultResolve [as _resolve] (internal/modules/esm/resolve.js:798:11)
[INFO] [stderr]     at Loader.resolve (internal/modules/esm/loader.js:100:40)
[INFO] [stderr]     at Loader.getModuleJob (internal/modules/esm/loader.js:246:28)
[INFO] [stderr]     at ModuleWrap.<anonymous> (internal/modules/esm/module_job.js:47:40)
[INFO] [stderr]     at link (internal/modules/esm/module_job.js:46:36) {
[INFO] [stderr]   code: 'ERR_MODULE_NOT_FOUND'
[INFO] [stderr] }
[INFO] [stdout] test generated::preview1_fd_readdir::preview1_fd_readdir ... FAILED
[INFO] [stdout] test generated::preview1_fd_filestat_get::preview1_fd_filestat_get ... FAILED
[INFO] [stderr] internal/process/esm_loader.js:74
[INFO] [stderr]     internalBinding('errors').triggerUncaughtException(
[INFO] [stderr]                               ^
[INFO] [stderr] 
[INFO] [stderr] Error [ERR_MODULE_NOT_FOUND]: Cannot find package 'commander' imported from /opt/rustwide/workdir/src/jco.js
[INFO] [stderr]     at packageResolve (internal/modules/esm/resolve.js:664:9)
[INFO] [stderr]     at moduleResolve (internal/modules/esm/resolve.js:705:18)
[INFO] [stderr]     at Loader.defaultResolve [as _resolve] (internal/modules/esm/resolve.js:798:11)
[INFO] [stderr]     at Loader.resolve (internal/modules/esm/loader.js:100:40)
[INFO] [stderr]     at Loader.getModuleJob (internal/modules/esm/loader.js:246:28)
[INFO] [stderr]     at ModuleWrap.<anonymous> (internal/modules/esm/module_job.js:47:40)
[INFO] [stderr]     at link (internal/modules/esm/module_job.js:46:36) {
[INFO] [stderr]   code: 'ERR_MODULE_NOT_FOUND'
[INFO] [stderr] }
[INFO] [stderr] internal/process/esm_loader.js:74
[INFO] [stderr]     internalBinding('errors').triggerUncaughtException(
[INFO] [stderr]                               ^
[INFO] [stderr] 
[INFO] [stderr] Error [ERR_MODULE_NOT_FOUND]: Cannot find package 'commander' imported from /opt/rustwide/workdir/src/jco.js
[INFO] [stderr]     at packageResolve (internal/modules/esm/resolve.js:664:9)
[INFO] [stderr]     at moduleResolve (internal/modules/esm/resolve.js:705:18)
[INFO] [stderr]     at Loader.defaultResolve [as _resolve] (internal/modules/esm/resolve.js:798:11)
[INFO] [stderr]     at Loader.resolve (internal/modules/esm/loader.js:100:40)
[INFO] [stderr]     at Loader.getModuleJob (internal/modules/esm/loader.js:246:28)
[INFO] [stderr]     at ModuleWrap.<anonymous> (internal/modules/esm/module_job.js:47:40)
[INFO] [stderr]     at link (internal/modules/esm/module_job.js:46:36) {
[INFO] [stderr]   code: 'ERR_MODULE_NOT_FOUND'
[INFO] [stderr] }
[INFO] [stderr] internal/process/esm_loader.js:74
[INFO] [stderr]     internalBinding('errors').triggerUncaughtException(
[INFO] [stderr]                               ^
[INFO] [stderr] 
[INFO] [stderr] Error [ERR_MODULE_NOT_FOUND]: Cannot find package 'commander' imported from /opt/rustwide/workdir/src/jco.js
[INFO] [stderr]     at packageResolve (internal/modules/esm/resolve.js:664:9)
[INFO] [stderr]     at moduleResolve (internal/modules/esm/resolve.js:705:18)
[INFO] [stderr]     at Loader.defaultResolve [as _resolve] (internal/modules/esm/resolve.js:798:11)
[INFO] [stderr]     at Loader.resolve (internal/modules/esm/loader.js:100:40)
[INFO] [stderr]     at Loader.getModuleJob (internal/modules/esm/loader.js:246:28)
[INFO] [stderr]     at ModuleWrap.<anonymous> (internal/modules/esm/module_job.js:47:40)
[INFO] [stderr]     at link (internal/modules/esm/module_job.js:46:36) {
[INFO] [stderr]   code: 'ERR_MODULE_NOT_FOUND'
[INFO] [stderr] }
[INFO] [stderr] internal/process/esm_loader.js:74
[INFO] [stderr]     internalBinding('errors').triggerUncaughtException(
[INFO] [stderr]                               ^
[INFO] [stderr] 
[INFO] [stderr] Error [ERR_MODULE_NOT_FOUND]: Cannot find package 'commander' imported from /opt/rustwide/workdir/src/jco.js
[INFO] [stderr]     at packageResolve (internal/modules/esm/resolve.js:664:9)
[INFO] [stderr]     at moduleResolve (internal/modules/esm/resolve.js:705:18)
[INFO] [stderr]     at Loader.defaultResolve [as _resolve] (internal/modules/esm/resolve.js:798:11)
[INFO] [stderr]     at Loader.resolve (internal/modules/esm/loader.js:100:40)
[INFO] [stderr]     at Loader.getModuleJob (internal/modules/esm/loader.js:246:28)
[INFO] [stderr]     at ModuleWrap.<anonymous> (internal/modules/esm/module_job.js:47:40)
[INFO] [stderr]     at link (internal/modules/esm/module_job.js:46:36) {
[INFO] [stderr]   code: 'ERR_MODULE_NOT_FOUND'
[INFO] [stderr] }
[INFO] [stderr] internal/process/esm_loader.js:74
[INFO] [stderr]     internalBinding('errors').triggerUncaughtException(
[INFO] [stderr]                               ^
[INFO] [stderr] 
[INFO] [stderr] Error [ERR_MODULE_NOT_FOUND]: Cannot find package 'commander' imported from /opt/rustwide/workdir/src/jco.js
[INFO] [stderr]     at packageResolve (internal/modules/esm/resolve.js:664:9)
[INFO] [stderr]     at moduleResolve (internal/modules/esm/resolve.js:705:18)
[INFO] [stderr]     at Loader.defaultResolve [as _resolve] (internal/modules/esm/resolve.js:798:11)
[INFO] [stderr]     at Loader.resolve (internal/modules/esm/loader.js:100:40)
[INFO] [stderr]     at Loader.getModuleJob (internal/modules/esm/loader.js:246:28)
[INFO] [stderr]     at ModuleWrap.<anonymous> (internal/modules/esm/module_job.js:47:40)
[INFO] [stderr]     at link (internal/modules/esm/module_job.js:46:36) {
[INFO] [stderr]   code: 'ERR_MODULE_NOT_FOUND'
[INFO] [stderr] }
[INFO] [stdout] test generated::preview1_close_preopen::preview1_close_preopen ... FAILED
[INFO] [stdout] test generated::preview1_fd_advise::preview1_fd_advise ... FAILED
[INFO] [stderr] internal/process/esm_loader.js:74
[INFO] [stderr]     internalBinding('errors').triggerUncaughtException(
[INFO] [stderr]                               ^
[INFO] [stderr] 
[INFO] [stderr] Error [ERR_MODULE_NOT_FOUND]: Cannot find package 'commander' imported from /opt/rustwide/workdir/src/jco.js
[INFO] [stderr]     at packageResolve (internal/modules/esm/resolve.js:664:9)
[INFO] [stderr]     at moduleResolve (internal/modules/esm/resolve.js:705:18)
[INFO] [stderr]     at Loader.defaultResolve [as _resolve] (internal/modules/esm/resolve.js:798:11)
[INFO] [stderr]     at Loader.resolve (internal/modules/esm/loader.js:100:40)
[INFO] [stderr]     at Loader.getModuleJob (internal/modules/esm/loader.js:246:28)
[INFO] [stderr]     at ModuleWrap.<anonymous> (internal/modules/esm/module_job.js:47:40)
[INFO] [stderr]     at link (internal/modules/esm/module_job.js:46:36) {
[INFO] [stderr]   code: 'ERR_MODULE_NOT_FOUND'
[INFO] [stderr] }
[INFO] [stdout] test generated::preview1_fd_flags_set::preview1_fd_flags_set ... FAILED
[INFO] [stdout] test generated::preview1_fd_filestat_set::preview1_fd_filestat_set ... FAILED
[INFO] [stdout] test generated::preview1_file_allocate::preview1_file_allocate ... FAILED
[INFO] [stdout] test generated::http_outbound_request_unsupported_scheme::http_outbound_request_unsupported_scheme ... FAILED
[INFO] [stderr] internal/process/esm_loader.js:74
[INFO] [stderr]     internalBinding('errors').triggerUncaughtException(
[INFO] [stderr]                               ^
[INFO] [stderr] 
[INFO] [stderr] Error [ERR_MODULE_NOT_FOUND]: Cannot find package 'commander' imported from /opt/rustwide/workdir/src/jco.js
[INFO] [stderr]     at packageResolve (internal/modules/esm/resolve.js:664:9)
[INFO] [stderr]     at moduleResolve (internal/modules/esm/resolve.js:705:18)
[INFO] [stderr]     at Loader.defaultResolve [as _resolve] (internal/modules/esm/resolve.js:798:11)
[INFO] [stderr]     at Loader.resolve (internal/modules/esm/loader.js:100:40)
[INFO] [stderr]     at Loader.getModuleJob (internal/modules/esm/loader.js:246:28)
[INFO] [stderr]     at ModuleWrap.<anonymous> (internal/modules/esm/module_job.js:47:40)
[INFO] [stderr]     at link (internal/modules/esm/module_job.js:46:36) {
[INFO] [stderr]   code: 'ERR_MODULE_NOT_FOUND'
[INFO] [stderr] }
[INFO] [stdout] test generated::preview1_file_pread_pwrite::preview1_file_pread_pwrite ... FAILED
[INFO] [stderr] internal/process/esm_loader.js:74
[INFO] [stderr]     internalBinding('errors').triggerUncaughtException(
[INFO] [stderr]                               ^
[INFO] [stderr] 
[INFO] [stderr] Error [ERR_MODULE_NOT_FOUND]: Cannot find package 'commander' imported from /opt/rustwide/workdir/src/jco.js
[INFO] [stderr]     at packageResolve (internal/modules/esm/resolve.js:664:9)
[INFO] [stderr]     at moduleResolve (internal/modules/esm/resolve.js:705:18)
[INFO] [stderr]     at Loader.defaultResolve [as _resolve] (internal/modules/esm/resolve.js:798:11)
[INFO] [stderr]     at Loader.resolve (internal/modules/esm/loader.js:100:40)
[INFO] [stderr]     at Loader.getModuleJob (internal/modules/esm/loader.js:246:28)
[INFO] [stderr]     at ModuleWrap.<anonymous> (internal/modules/esm/module_job.js:47:40)
[INFO] [stderr]     at link (internal/modules/esm/module_job.js:46:36) {
[INFO] [stderr]   code: 'ERR_MODULE_NOT_FOUND'
[INFO] [stderr] }
[INFO] [stderr] internal/process/esm_loader.js:74
[INFO] [stderr]     internalBinding('errors').triggerUncaughtException(
[INFO] [stderr]                               ^
[INFO] [stderr] 
[INFO] [stderr] Error [ERR_MODULE_NOT_FOUND]: Cannot find package 'commander' imported from /opt/rustwide/workdir/src/jco.js
[INFO] [stderr]     at packageResolve (internal/modules/esm/resolve.js:664:9)
[INFO] [stderr]     at moduleResolve (internal/modules/esm/resolve.js:705:18)
[INFO] [stderr]     at Loader.defaultResolve [as _resolve] (internal/modules/esm/resolve.js:798:11)
[INFO] [stderr]     at Loader.resolve (internal/modules/esm/loader.js:100:40)
[INFO] [stderr]     at Loader.getModuleJob (internal/modules/esm/loader.js:246:28)
[INFO] [stderr]     at ModuleWrap.<anonymous> (internal/modules/esm/module_job.js:47:40)
[INFO] [stderr]     at link (internal/modules/esm/module_job.js:46:36) {
[INFO] [stderr]   code: 'ERR_MODULE_NOT_FOUND'
[INFO] [stderr] }
[INFO] [stderr] internal/process/esm_loader.js:74
[INFO] [stderr]     internalBinding('errors').triggerUncaughtException(
[INFO] [stderr]                               ^
[INFO] [stderr] 
[INFO] [stderr] Error [ERR_MODULE_NOT_FOUND]: Cannot find package 'commander' imported from /opt/rustwide/workdir/src/jco.js
[INFO] [stderr]     at packageResolve (internal/modules/esm/resolve.js:664:9)
[INFO] [stderr]     at moduleResolve (internal/modules/esm/resolve.js:705:18)
[INFO] [stderr]     at Loader.defaultResolve [as _resolve] (internal/modules/esm/resolve.js:798:11)
[INFO] [stderr]     at Loader.resolve (internal/modules/esm/loader.js:100:40)
[INFO] [stderr]     at Loader.getModuleJob (internal/modules/esm/loader.js:246:28)
[INFO] [stderr]     at ModuleWrap.<anonymous> (internal/modules/esm/module_job.js:47:40)
[INFO] [stderr]     at link (internal/modules/esm/module_job.js:46:36) {
[INFO] [stderr]   code: 'ERR_MODULE_NOT_FOUND'
[INFO] [stderr] }
[INFO] [stderr] internal/process/esm_loader.js:74
[INFO] [stderr]     internalBinding('errors').triggerUncaughtException(
[INFO] [stderr]                               ^
[INFO] [stderr] 
[INFO] [stderr] Error [ERR_MODULE_NOT_FOUND]: Cannot find package 'commander' imported from /opt/rustwide/workdir/src/jco.js
[INFO] [stderr]     at packageResolve (internal/modules/esm/resolve.js:664:9)
[INFO] [stderr]     at moduleResolve (internal/modules/esm/resolve.js:705:18)
[INFO] [stderr]     at Loader.defaultResolve [as _resolve] (internal/modules/esm/resolve.js:798:11)
[INFO] [stderr]     at Loader.resolve (internal/modules/esm/loader.js:100:40)
[INFO] [stderr]     at Loader.getModuleJob (internal/modules/esm/loader.js:246:28)
[INFO] [stderr]     at ModuleWrap.<anonymous> (internal/modules/esm/module_job.js:47:40)
[INFO] [stderr]     at link (internal/modules/esm/module_job.js:46:36) {
[INFO] [stderr]   code: 'ERR_MODULE_NOT_FOUND'
[INFO] [stderr] }
[INFO] [stderr] internal/process/esm_loader.js:74
[INFO] [stderr]     internalBinding('errors').triggerUncaughtException(
[INFO] [stderr]                               ^
[INFO] [stderr] 
[INFO] [stderr] Error [ERR_MODULE_NOT_FOUND]: Cannot find package 'commander' imported from /opt/rustwide/workdir/src/jco.js
[INFO] [stderr]     at packageResolve (internal/modules/esm/resolve.js:664:9)
[INFO] [stderr]     at moduleResolve (internal/modules/esm/resolve.js:705:18)
[INFO] [stderr]     at Loader.defaultResolve [as _resolve] (internal/modules/esm/resolve.js:798:11)
[INFO] [stderr]     at Loader.resolve (internal/modules/esm/loader.js:100:40)
[INFO] [stderr]     at Loader.getModuleJob (internal/modules/esm/loader.js:246:28)
[INFO] [stderr]     at ModuleWrap.<anonymous> (internal/modules/esm/module_job.js:47:40)
[INFO] [stderr]     at link (internal/modules/esm/module_job.js:46:36) {
[INFO] [stderr]   code: 'ERR_MODULE_NOT_FOUND'
[INFO] [stderr] }
[INFO] [stdout] test generated::preview1_path_exists::preview1_path_exists ... FAILED
[INFO] [stdout] test generated::preview1_path_filestat::preview1_path_filestat ... FAILED
[INFO] [stdout] test generated::preview1_file_unbuffered_write::preview1_file_unbuffered_write ... FAILED
[INFO] [stdout] test generated::preview1_file_truncation::preview1_file_truncation ... FAILED
[INFO] [stderr] internal/process/esm_loader.js:74
[INFO] [stderr]     internalBinding('errors').triggerUncaughtException(
[INFO] [stderr]                               ^
[INFO] [stderr] 
[INFO] [stderr] Error [ERR_MODULE_NOT_FOUND]: Cannot find package 'commander' imported from /opt/rustwide/workdir/src/jco.js
[INFO] [stderr]     at packageResolve (internal/modules/esm/resolve.js:664:9)
[INFO] [stderr]     at moduleResolve (internal/modules/esm/resolve.js:705:18)
[INFO] [stderr]     at Loader.defaultResolve [as _resolve] (internal/modules/esm/resolve.js:798:11)
[INFO] [stderr]     at Loader.resolve (internal/modules/esm/loader.js:100:40)
[INFO] [stderr]     at Loader.getModuleJob (internal/modules/esm/loader.js:246:28)
[INFO] [stderr]     at ModuleWrap.<anonymous> (internal/modules/esm/module_job.js:47:40)
[INFO] [stderr]     at link (internal/modules/esm/module_job.js:46:36) {
[INFO] [stderr]   code: 'ERR_MODULE_NOT_FOUND'
[INFO] [stderr] }
[INFO] [stdout] test generated::preview1_file_write::preview1_file_write ... FAILED
[INFO] [stdout] test generated::preview1_interesting_paths::preview1_interesting_paths ... FAILED
[INFO] [stderr] internal/process/esm_loader.js:74
[INFO] [stderr]     internalBinding('errors').triggerUncaughtException(
[INFO] [stderr]                               ^
[INFO] [stderr] 
[INFO] [stderr] Error [ERR_MODULE_NOT_FOUND]: Cannot find package 'commander' imported from /opt/rustwide/workdir/src/jco.js
[INFO] [stderr]     at packageResolve (internal/modules/esm/resolve.js:664:9)
[INFO] [stderr]     at moduleResolve (internal/modules/esm/resolve.js:705:18)
[INFO] [stderr]     at Loader.defaultResolve [as _resolve] (internal/modules/esm/resolve.js:798:11)
[INFO] [stderr]     at Loader.resolve (internal/modules/esm/loader.js:100:40)
[INFO] [stderr]     at Loader.getModuleJob (internal/modules/esm/loader.js:246:28)
[INFO] [stderr]     at ModuleWrap.<anonymous> (internal/modules/esm/module_job.js:47:40)
[INFO] [stderr]     at link (internal/modules/esm/module_job.js:46:36) {
[INFO] [stderr]   code: 'ERR_MODULE_NOT_FOUND'
[INFO] [stderr] }
[INFO] [stderr] internal/process/esm_loader.js:74
[INFO] [stderr]     internalBinding('errors').triggerUncaughtException(
[INFO] [stderr]                               ^
[INFO] [stderr] 
[INFO] [stderr] Error [ERR_MODULE_NOT_FOUND]: Cannot find package 'commander' imported from /opt/rustwide/workdir/src/jco.js
[INFO] [stderr]     at packageResolve (internal/modules/esm/resolve.js:664:9)
[INFO] [stderr]     at moduleResolve (internal/modules/esm/resolve.js:705:18)
[INFO] [stderr]     at Loader.defaultResolve [as _resolve] (internal/modules/esm/resolve.js:798:11)
[INFO] [stderr]     at Loader.resolve (internal/modules/esm/loader.js:100:40)
[INFO] [stderr]     at Loader.getModuleJob (internal/modules/esm/loader.js:246:28)
[INFO] [stderr]     at ModuleWrap.<anonymous> (internal/modules/esm/module_job.js:47:40)
[INFO] [stderr]     at link (internal/modules/esm/module_job.js:46:36) {
[INFO] [stderr]   code: 'ERR_MODULE_NOT_FOUND'
[INFO] [stderr] }
[INFO] [stderr] internal/process/esm_loader.js:74
[INFO] [stderr]     internalBinding('errors').triggerUncaughtException(
[INFO] [stderr]                               ^
[INFO] [stderr] 
[INFO] [stderr] Error [ERR_MODULE_NOT_FOUND]: Cannot find package 'commander' imported from /opt/rustwide/workdir/src/jco.js
[INFO] [stderr]     at packageResolve (internal/modules/esm/resolve.js:664:9)
[INFO] [stderr]     at moduleResolve (internal/modules/esm/resolve.js:705:18)
[INFO] [stderr]     at Loader.defaultResolve [as _resolve] (internal/modules/esm/resolve.js:798:11)
[INFO] [stderr]     at Loader.resolve (internal/modules/esm/loader.js:100:40)
[INFO] [stderr]     at Loader.getModuleJob (internal/modules/esm/loader.js:246:28)
[INFO] [stderr]     at ModuleWrap.<anonymous> (internal/modules/esm/module_job.js:47:40)
[INFO] [stderr]     at link (internal/modules/esm/module_job.js:46:36) {
[INFO] [stderr]   code: 'ERR_MODULE_NOT_FOUND'
[INFO] [stderr] }
[INFO] [stderr] internal/process/esm_loader.js:74
[INFO] [stderr]     internalBinding('errors').triggerUncaughtException(
[INFO] [stderr]                               ^
[INFO] [stderr] 
[INFO] [stderr] Error [ERR_MODULE_NOT_FOUND]: Cannot find package 'commander' imported from /opt/rustwide/workdir/src/jco.js
[INFO] [stderr]     at packageResolve (internal/modules/esm/resolve.js:664:9)
[INFO] [stderr]     at moduleResolve (internal/modules/esm/resolve.js:705:18)
[INFO] [stderr]     at Loader.defaultResolve [as _resolve] (internal/modules/esm/resolve.js:798:11)
[INFO] [stderr]     at Loader.resolve (internal/modules/esm/loader.js:100:40)
[INFO] [stderr]     at Loader.getModuleJob (internal/modules/esm/loader.js:246:28)
[INFO] [stderr]     at ModuleWrap.<anonymous> (internal/modules/esm/module_job.js:47:40)
[INFO] [stderr]     at link (internal/modules/esm/module_job.js:46:36) {
[INFO] [stderr]   code: 'ERR_MODULE_NOT_FOUND'
[INFO] [stderr] }
[INFO] [stdout] test generated::preview1_overwrite_preopen::preview1_overwrite_preopen ... FAILED
[INFO] [stderr] internal/process/esm_loader.js:74
[INFO] [stderr]     internalBinding('errors').triggerUncaughtException(
[INFO] [stderr]                               ^
[INFO] [stderr] 
[INFO] [stderr] Error [ERR_MODULE_NOT_FOUND]: Cannot find package 'commander' imported from /opt/rustwide/workdir/src/jco.js
[INFO] [stderr]     at packageResolve (internal/modules/esm/resolve.js:664:9)
[INFO] [stderr]     at moduleResolve (internal/modules/esm/resolve.js:705:18)
[INFO] [stderr]     at Loader.defaultResolve [as _resolve] (internal/modules/esm/resolve.js:798:11)
[INFO] [stderr]     at Loader.resolve (internal/modules/esm/loader.js:100:40)
[INFO] [stderr]     at Loader.getModuleJob (internal/modules/esm/loader.js:246:28)
[INFO] [stderr]     at ModuleWrap.<anonymous> (internal/modules/esm/module_job.js:47:40)
[INFO] [stderr]     at link (internal/modules/esm/module_job.js:46:36) {
[INFO] [stderr]   code: 'ERR_MODULE_NOT_FOUND'
[INFO] [stderr] }
[INFO] [stdout] test generated::preview1_file_seek_tell::preview1_file_seek_tell ... FAILED
[INFO] [stdout] test generated::preview1_path_link::preview1_path_link ... FAILED
[INFO] [stderr] internal/process/esm_loader.js:74
[INFO] [stdout] test generated::preview1_nofollow_errors::preview1_nofollow_errors ... FAILED
[INFO] [stderr]     internalBinding('errors').triggerUncaughtException(
[INFO] [stdout] test generated::preview1_path_open_nonblock::preview1_path_open_nonblock ... FAILED
[INFO] [stderr]                               ^
[INFO] [stderr] 
[INFO] [stderr] Error [ERR_MODULE_NOT_FOUND]: Cannot find package 'commander' imported from /opt/rustwide/workdir/src/jco.js
[INFO] [stderr]     at packageResolve (internal/modules/esm/resolve.js:664:9)
[INFO] [stderr]     at moduleResolve (internal/modules/esm/resolve.js:705:18)
[INFO] [stderr]     at Loader.defaultResolve [as _resolve] (internal/modules/esm/resolve.js:798:11)
[INFO] [stderr]     at Loader.resolve (internal/modules/esm/loader.js:100:40)
[INFO] [stderr]     at Loader.getModuleJob (internal/modules/esm/loader.js:246:28)
[INFO] [stderr]     at ModuleWrap.<anonymous> (internal/modules/esm/module_job.js:47:40)
[INFO] [stderr]     at link (internal/modules/esm/module_job.js:46:36) {
[INFO] [stderr]   code: 'ERR_MODULE_NOT_FOUND'
[INFO] [stderr] }
[INFO] [stdout] test generated::preview1_path_open_dirfd_not_dir::preview1_path_open_dirfd_not_dir ... FAILED
[INFO] [stderr] internal/process/esm_loader.js:74
[INFO] [stderr]     internalBinding('errors').triggerUncaughtException(
[INFO] [stderr]                               ^
[INFO] [stderr] 
[INFO] [stderr] Error [ERR_MODULE_NOT_FOUND]: Cannot find package 'commander' imported from /opt/rustwide/workdir/src/jco.js
[INFO] [stderr]     at packageResolve (internal/modules/esm/resolve.js:664:9)
[INFO] [stderr]     at moduleResolve (internal/modules/esm/resolve.js:705:18)
[INFO] [stderr]     at Loader.defaultResolve [as _resolve] (internal/modules/esm/resolve.js:798:11)
[INFO] [stderr]     at Loader.resolve (internal/modules/esm/loader.js:100:40)
[INFO] [stderr]     at Loader.getModuleJob (internal/modules/esm/loader.js:246:28)
[INFO] [stderr]     at ModuleWrap.<anonymous> (internal/modules/esm/module_job.js:47:40)
[INFO] [stderr]     at link (internal/modules/esm/module_job.js:46:36) {
[INFO] [stderr]   code: 'ERR_MODULE_NOT_FOUND'
[INFO] [stderr] }
[INFO] [stderr] internal/process/esm_loader.js:74
[INFO] [stderr]     internalBinding('errors').triggerUncaughtException(
[INFO] [stderr]                               ^
[INFO] [stderr] 
[INFO] [stderr] Error [ERR_MODULE_NOT_FOUND]: Cannot find package 'commander' imported from /opt/rustwide/workdir/src/jco.js
[INFO] [stderr]     at packageResolve (internal/modules/esm/resolve.js:664:9)
[INFO] [stderr]     at moduleResolve (internal/modules/esm/resolve.js:705:18)
[INFO] [stderr]     at Loader.defaultResolve [as _resolve] (internal/modules/esm/resolve.js:798:11)
[INFO] [stderr]     at Loader.resolve (internal/modules/esm/loader.js:100:40)
[INFO] [stderr]     at Loader.getModuleJob (internal/modules/esm/loader.js:246:28)
[INFO] [stderr]     at ModuleWrap.<anonymous> (internal/modules/esm/module_job.js:47:40)
[INFO] [stderr]     at link (internal/modules/esm/module_job.js:46:36) {
[INFO] [stderr]   code: 'ERR_MODULE_NOT_FOUND'
[INFO] [stderr] }
[INFO] [stdout] test generated::preview1_path_open_missing::preview1_path_open_missing ... FAILED
[INFO] [stdout] test generated::preview1_path_open_preopen::preview1_path_open_preopen ... FAILED
[INFO] [stderr] internal/process/esm_loader.js:74
[INFO] [stderr]     internalBinding('errors').triggerUncaughtException(
[INFO] [stderr]                               ^
[INFO] [stderr] 
[INFO] [stderr] Error [ERR_MODULE_NOT_FOUND]: Cannot find package 'commander' imported from /opt/rustwide/workdir/src/jco.js
[INFO] [stderr]     at packageResolve (internal/modules/esm/resolve.js:664:9)
[INFO] [stderr]     at moduleResolve (internal/modules/esm/resolve.js:705:18)
[INFO] [stderr]     at Loader.defaultResolve [as _resolve] (internal/modules/esm/resolve.js:798:11)
[INFO] [stderr]     at Loader.resolve (internal/modules/esm/loader.js:100:40)
[INFO] [stderr]     at Loader.getModuleJob (internal/modules/esm/loader.js:246:28)
[INFO] [stderr]     at ModuleWrap.<anonymous> (internal/modules/esm/module_job.js:47:40)
[INFO] [stderr]     at link (internal/modules/esm/module_job.js:46:36) {
[INFO] [stderr]   code: 'ERR_MODULE_NOT_FOUND'
[INFO] [stderr] }
[INFO] [stdout] test generated::preview1_path_open_create_existing::preview1_path_open_create_existing ... FAILED
[INFO] [stderr] internal/process/esm_loader.js:74
[INFO] [stderr]     internalBinding('errors').triggerUncaughtException(
[INFO] [stderr]                               ^
[INFO] [stderr] 
[INFO] [stderr] Error [ERR_MODULE_NOT_FOUND]: Cannot find package 'commander' imported from /opt/rustwide/workdir/src/jco.js
[INFO] [stderr]     at packageResolve (internal/modules/esm/resolve.js:664:9)
[INFO] [stderr]     at moduleResolve (internal/modules/esm/resolve.js:705:18)
[INFO] [stderr]     at Loader.defaultResolve [as _resolve] (internal/modules/esm/resolve.js:798:11)
[INFO] [stderr]     at Loader.resolve (internal/modules/esm/loader.js:100:40)
[INFO] [stderr]     at Loader.getModuleJob (internal/modules/esm/loader.js:246:28)
[INFO] [stderr]     at ModuleWrap.<anonymous> (internal/modules/esm/module_job.js:47:40)
[INFO] [stderr]     at link (internal/modules/esm/module_job.js:46:36) {
[INFO] [stderr]   code: 'ERR_MODULE_NOT_FOUND'
[INFO] [stderr] }
[INFO] [stdout] test generated::preview1_path_open_read_write::preview1_path_open_read_write ... FAILED
[INFO] [stderr] internal/process/esm_loader.js:74
[INFO] [stderr]     internalBinding('errors').triggerUncaughtException(
[INFO] [stderr]                               ^
[INFO] [stderr] 
[INFO] [stderr] Error [ERR_MODULE_NOT_FOUND]: Cannot find package 'commander' imported from /opt/rustwide/workdir/src/jco.js
[INFO] [stderr]     at packageResolve (internal/modules/esm/resolve.js:664:9)
[INFO] [stderr]     at moduleResolve (internal/modules/esm/resolve.js:705:18)
[INFO] [stderr]     at Loader.defaultResolve [as _resolve] (internal/modules/esm/resolve.js:798:11)
[INFO] [stderr]     at Loader.resolve (internal/modules/esm/loader.js:100:40)
[INFO] [stderr]     at Loader.getModuleJob (internal/modules/esm/loader.js:246:28)
[INFO] [stderr]     at ModuleWrap.<anonymous> (internal/modules/esm/module_job.js:47:40)
[INFO] [stderr]     at link (internal/modules/esm/module_job.js:46:36) {
[INFO] [stderr]   code: 'ERR_MODULE_NOT_FOUND'
[INFO] [stderr] }
[INFO] [stdout] test generated::preview1_poll_oneoff_files::preview1_poll_oneoff_files ... FAILED
[INFO] [stderr] internal/process/esm_loader.js:74
[INFO] [stderr]     internalBinding('errors').triggerUncaughtException(
[INFO] [stderr]                               ^
[INFO] [stderr] 
[INFO] [stderr] Error [ERR_MODULE_NOT_FOUND]: Cannot find package 'commander' imported from /opt/rustwide/workdir/src/jco.js
[INFO] [stderr]     at packageResolve (internal/modules/esm/resolve.js:664:9)
[INFO] [stderr]     at moduleResolve (internal/modules/esm/resolve.js:705:18)
[INFO] [stderr]     at Loader.defaultResolve [as _resolve] (internal/modules/esm/resolve.js:798:11)
[INFO] [stderr]     at Loader.resolve (internal/modules/esm/loader.js:100:40)
[INFO] [stderr]     at Loader.getModuleJob (internal/modules/esm/loader.js:246:28)
[INFO] [stderr]     at ModuleWrap.<anonymous> (internal/modules/esm/module_job.js:47:40)
[INFO] [stderr]     at link (internal/modules/esm/module_job.js:46:36) {
[INFO] [stderr]   code: 'ERR_MODULE_NOT_FOUND'
[INFO] [stderr] }
[INFO] [stderr] internal/process/esm_loader.js:74
[INFO] [stderr]     internalBinding('errors').triggerUncaughtException(
[INFO] [stderr]                               ^
[INFO] [stderr] 
[INFO] [stderr] Error [ERR_MODULE_NOT_FOUND]: Cannot find package 'commander' imported from /opt/rustwide/workdir/src/jco.js
[INFO] [stderr]     at packageResolve (internal/modules/esm/resolve.js:664:9)
[INFO] [stderr]     at moduleResolve (internal/modules/esm/resolve.js:705:18)
[INFO] [stderr]     at Loader.defaultResolve [as _resolve] (internal/modules/esm/resolve.js:798:11)
[INFO] [stderr]     at Loader.resolve (internal/modules/esm/loader.js:100:40)
[INFO] [stderr]     at Loader.getModuleJob (internal/modules/esm/loader.js:246:28)
[INFO] [stderr]     at ModuleWrap.<anonymous> (internal/modules/esm/module_job.js:47:40)
[INFO] [stderr]     at link (internal/modules/esm/module_job.js:46:36) {
[INFO] [stderr]   code: 'ERR_MODULE_NOT_FOUND'
[INFO] [stderr] }
[INFO] [stderr] internal/process/esm_loader.js:74
[INFO] [stderr]     internalBinding('errors').triggerUncaughtException(
[INFO] [stderr]                               ^
[INFO] [stderr] 
[INFO] [stderr] Error [ERR_MODULE_NOT_FOUND]: Cannot find package 'commander' imported from /opt/rustwide/workdir/src/jco.js
[INFO] [stderr]     at packageResolve (internal/modules/esm/resolve.js:664:9)
[INFO] [stderr]     at moduleResolve (internal/modules/esm/resolve.js:705:18)
[INFO] [stderr]     at Loader.defaultResolve [as _resolve] (internal/modules/esm/resolve.js:798:11)
[INFO] [stderr]     at Loader.resolve (internal/modules/esm/loader.js:100:40)
[INFO] [stderr]     at Loader.getModuleJob (internal/modules/esm/loader.js:246:28)
[INFO] [stderr]     at ModuleWrap.<anonymous> (internal/modules/esm/module_job.js:47:40)
[INFO] [stderr]     at link (internal/modules/esm/module_job.js:46:36) {
[INFO] [stderr]   code: 'ERR_MODULE_NOT_FOUND'
[INFO] [stderr] }
[INFO] [stderr] internal/process/esm_loader.js:74
[INFO] [stderr]     internalBinding('errors').triggerUncaughtException(
[INFO] [stderr]                               ^
[INFO] [stderr] 
[INFO] [stderr] Error [ERR_MODULE_NOT_FOUND]: Cannot find package 'commander' imported from /opt/rustwide/workdir/src/jco.js
[INFO] [stderr]     at packageResolve (internal/modules/esm/resolve.js:664:9)
[INFO] [stderr]     at moduleResolve (internal/modules/esm/resolve.js:705:18)
[INFO] [stderr]     at Loader.defaultResolve [as _resolve] (internal/modules/esm/resolve.js:798:11)
[INFO] [stderr]     at Loader.resolve (internal/modules/esm/loader.js:100:40)
[INFO] [stderr]     at Loader.getModuleJob (internal/modules/esm/loader.js:246:28)
[INFO] [stderr]     at ModuleWrap.<anonymous> (internal/modules/esm/module_job.js:47:40)
[INFO] [stderr]     at link (internal/modules/esm/module_job.js:46:36) {
[INFO] [stderr]   code: 'ERR_MODULE_NOT_FOUND'
[INFO] [stderr] }
[INFO] [stdout] test generated::preview1_path_rename::preview1_path_rename ... FAILED
[INFO] [stdout] test generated::preview1_path_symlink_trailing_slashes::preview1_path_symlink_trailing_slashes ... FAILED
[INFO] [stdout] test generated::preview1_path_rename_dir_trailing_slashes::preview1_path_rename_dir_trailing_slashes ... FAILED
[INFO] [stdout] test generated::preview1_poll_oneoff_stdio::preview1_poll_oneoff_stdio ... FAILED
[INFO] [stderr] internal/process/esm_loader.js:74
[INFO] [stderr]     internalBinding('errors').triggerUncaughtException(
[INFO] [stderr]                               ^
[INFO] [stderr] 
[INFO] [stderr] Error [ERR_MODULE_NOT_FOUND]: Cannot find package 'commander' imported from /opt/rustwide/workdir/src/jco.js
[INFO] [stderr]     at packageResolve (internal/modules/esm/resolve.js:664:9)
[INFO] [stderr]     at moduleResolve (internal/modules/esm/resolve.js:705:18)
[INFO] [stderr]     at Loader.defaultResolve [as _resolve] (internal/modules/esm/resolve.js:798:11)
[INFO] [stderr]     at Loader.resolve (internal/modules/esm/loader.js:100:40)
[INFO] [stderr]     at Loader.getModuleJob (internal/modules/esm/loader.js:246:28)
[INFO] [stderr]     at ModuleWrap.<anonymous> (internal/modules/esm/module_job.js:47:40)
[INFO] [stderr]     at link (internal/modules/esm/module_job.js:46:36) {
[INFO] [stderr]   code: 'ERR_MODULE_NOT_FOUND'
[INFO] [stderr] }
[INFO] [stderr] internal/process/esm_loader.js:74
[INFO] [stderr]     internalBinding('errors').triggerUncaughtException(
[INFO] [stderr]                               ^
[INFO] [stderr] 
[INFO] [stderr] Error [ERR_MODULE_NOT_FOUND]: Cannot find package 'commander' imported from /opt/rustwide/workdir/src/jco.js
[INFO] [stderr]     at packageResolve (internal/modules/esm/resolve.js:664:9)
[INFO] [stderr]     at moduleResolve (internal/modules/esm/resolve.js:705:18)
[INFO] [stderr]     at Loader.defaultResolve [as _resolve] (internal/modules/esm/resolve.js:798:11)
[INFO] [stderr]     at Loader.resolve (internal/modules/esm/loader.js:100:40)
[INFO] [stderr]     at Loader.getModuleJob (internal/modules/esm/loader.js:246:28)
[INFO] [stderr]     at ModuleWrap.<anonymous> (internal/modules/esm/module_job.js:47:40)
[INFO] [stderr]     at link (internal/modules/esm/module_job.js:46:36) {
[INFO] [stderr]   code: 'ERR_MODULE_NOT_FOUND'
[INFO] [stderr] }
[INFO] [stderr] internal/process/esm_loader.js:74
[INFO] [stderr]     internalBinding('errors').triggerUncaughtException(
[INFO] [stderr]                               ^
[INFO] [stderr] 
[INFO] [stderr] Error [ERR_MODULE_NOT_FOUND]: Cannot find package 'commander' imported from /opt/rustwide/workdir/src/jco.js
[INFO] [stderr]     at packageResolve (internal/modules/esm/resolve.js:664:9)
[INFO] [stderr]     at moduleResolve (internal/modules/esm/resolve.js:705:18)
[INFO] [stderr]     at Loader.defaultResolve [as _resolve] (internal/modules/esm/resolve.js:798:11)
[INFO] [stderr]     at Loader.resolve (internal/modules/esm/loader.js:100:40)
[INFO] [stderr]     at Loader.getModuleJob (internal/modules/esm/loader.js:246:28)
[INFO] [stderr]     at ModuleWrap.<anonymous> (internal/modules/esm/module_job.js:47:40)
[INFO] [stderr]     at link (internal/modules/esm/module_job.js:46:36) {
[INFO] [stderr]   code: 'ERR_MODULE_NOT_FOUND'
[INFO] [stderr] }
[INFO] [stderr] internal/process/esm_loader.js:74
[INFO] [stderr]     internalBinding('errors').triggerUncaughtException(
[INFO] [stderr]                               ^
[INFO] [stderr] 
[INFO] [stderr] Error [ERR_MODULE_NOT_FOUND]: Cannot find package 'commander' imported from /opt/rustwide/workdir/src/jco.js
[INFO] [stderr]     at packageResolve (internal/modules/esm/resolve.js:664:9)
[INFO] [stderr]     at moduleResolve (internal/modules/esm/resolve.js:705:18)
[INFO] [stderr]     at Loader.defaultResolve [as _resolve] (internal/modules/esm/resolve.js:798:11)
[INFO] [stderr]     at Loader.resolve (internal/modules/esm/loader.js:100:40)
[INFO] [stderr]     at Loader.getModuleJob (internal/modules/esm/loader.js:246:28)
[INFO] [stderr]     at ModuleWrap.<anonymous> (internal/modules/esm/module_job.js:47:40)
[INFO] [stderr]     at link (internal/modules/esm/module_job.js:46:36) {
[INFO] [stderr]   code: 'ERR_MODULE_NOT_FOUND'
[INFO] [stderr] }
[INFO] [stdout] test generated::preview1_readlink::preview1_readlink ... FAILED
[INFO] [stderr] internal/process/esm_loader.js:74
[INFO] [stderr]     internalBinding('errors').triggerUncaughtException(
[INFO] [stderr]                               ^
[INFO] [stderr] 
[INFO] [stderr] Error [ERR_MODULE_NOT_FOUND]: Cannot find package 'commander' imported from /opt/rustwide/workdir/src/jco.js
[INFO] [stderr]     at packageResolve (internal/modules/esm/resolve.js:664:9)
[INFO] [stderr]     at moduleResolve (internal/modules/esm/resolve.js:705:18)
[INFO] [stderr]     at Loader.defaultResolve [as _resolve] (internal/modules/esm/resolve.js:798:11)
[INFO] [stderr]     at Loader.resolve (internal/modules/esm/loader.js:100:40)
[INFO] [stderr]     at Loader.getModuleJob (internal/modules/esm/loader.js:246:28)
[INFO] [stderr]     at ModuleWrap.<anonymous> (internal/modules/esm/module_job.js:47:40)
[INFO] [stderr]     at link (internal/modules/esm/module_job.js:46:36) {
[INFO] [stderr]   code: 'ERR_MODULE_NOT_FOUND'
[INFO] [stderr] }
[INFO] [stdout] test generated::preview1_renumber::preview1_renumber ... FAILED
[INFO] [stdout] test generated::preview1_remove_nonempty_directory::preview1_remove_nonempty_directory ... FAILED
[INFO] [stdout] test generated::preview1_regular_file_isatty::preview1_regular_file_isatty ... FAILED
[INFO] [stderr] internal/process/esm_loader.js:74
[INFO] [stderr]     internalBinding('errors').triggerUncaughtException(
[INFO] [stderr]                               ^
[INFO] [stderr] 
[INFO] [stderr] Error [ERR_MODULE_NOT_FOUND]: Cannot find package 'commander' imported from /opt/rustwide/workdir/src/jco.js
[INFO] [stderr]     at packageResolve (internal/modules/esm/resolve.js:664:9)
[INFO] [stderr]     at moduleResolve (internal/modules/esm/resolve.js:705:18)
[INFO] [stderr]     at Loader.defaultResolve [as _resolve] (internal/modules/esm/resolve.js:798:11)
[INFO] [stderr]     at Loader.resolve (internal/modules/esm/loader.js:100:40)
[INFO] [stderr]     at Loader.getModuleJob (internal/modules/esm/loader.js:246:28)
[INFO] [stderr]     at ModuleWrap.<anonymous> (internal/modules/esm/module_job.js:47:40)
[INFO] [stderr]     at link (internal/modules/esm/module_job.js:46:36) {
[INFO] [stderr]   code: 'ERR_MODULE_NOT_FOUND'
[INFO] [stderr] }
[INFO] [stderr] internal/process/esm_loader.js:74
[INFO] [stderr]     internalBinding('errors').triggerUncaughtException(
[INFO] [stderr]                               ^
[INFO] [stderr] 
[INFO] [stderr] Error [ERR_MODULE_NOT_FOUND]: Cannot find package 'commander' imported from /opt/rustwide/workdir/src/jco.js
[INFO] [stderr]     at packageResolve (internal/modules/esm/resolve.js:664:9)
[INFO] [stderr]     at moduleResolve (internal/modules/esm/resolve.js:705:18)
[INFO] [stderr]     at Loader.defaultResolve [as _resolve] (internal/modules/esm/resolve.js:798:11)
[INFO] [stderr]     at Loader.resolve (internal/modules/esm/loader.js:100:40)
[INFO] [stderr]     at Loader.getModuleJob (internal/modules/esm/loader.js:246:28)
[INFO] [stderr]     at ModuleWrap.<anonymous> (internal/modules/esm/module_job.js:47:40)
[INFO] [stderr]     at link (internal/modules/esm/module_job.js:46:36) {
[INFO] [stderr]   code: 'ERR_MODULE_NOT_FOUND'
[INFO] [stderr] }
[INFO] [stdout] test generated::preview1_stdio::preview1_stdio ... FAILED
[INFO] [stdout] test generated::preview1_remove_directory::preview1_remove_directory ... FAILED
[INFO] [stderr] internal/process/esm_loader.js:74
[INFO] [stderr]     internalBinding('errors').triggerUncaughtException(
[INFO] [stderr]                               ^
[INFO] [stderr] 
[INFO] [stderr] Error [ERR_MODULE_NOT_FOUND]: Cannot find package 'commander' imported from /opt/rustwide/workdir/src/jco.js
[INFO] [stderr]     at packageResolve (internal/modules/esm/resolve.js:664:9)
[INFO] [stderr]     at moduleResolve (internal/modules/esm/resolve.js:705:18)
[INFO] [stderr]     at Loader.defaultResolve [as _resolve] (internal/modules/esm/resolve.js:798:11)
[INFO] [stderr]     at Loader.resolve (internal/modules/esm/loader.js:100:40)
[INFO] [stderr]     at Loader.getModuleJob (internal/modules/esm/loader.js:246:28)
[INFO] [stderr]     at ModuleWrap.<anonymous> (internal/modules/esm/module_job.js:47:40)
[INFO] [stderr]     at link (internal/modules/esm/module_job.js:46:36) {
[INFO] [stderr]   code: 'ERR_MODULE_NOT_FOUND'
[INFO] [stderr] }
[INFO] [stdout] test generated::preview1_sched_yield::preview1_sched_yield ... FAILED
[INFO] [stdout] test generated::preview1_stdio_not_isatty::preview1_stdio_not_isatty ... FAILED
[INFO] [stderr] internal/process/esm_loader.js:74
[INFO] [stderr]     internalBinding('errors').triggerUncaughtException(
[INFO] [stderr]                               ^
[INFO] [stderr] 
[INFO] [stderr] Error [ERR_MODULE_NOT_FOUND]: Cannot find package 'commander' imported from /opt/rustwide/workdir/src/jco.js
[INFO] [stderr]     at packageResolve (internal/modules/esm/resolve.js:664:9)
[INFO] [stderr]     at moduleResolve (internal/modules/esm/resolve.js:705:18)
[INFO] [stderr]     at Loader.defaultResolve [as _resolve] (internal/modules/esm/resolve.js:798:11)
[INFO] [stderr]     at Loader.resolve (internal/modules/esm/loader.js:100:40)
[INFO] [stderr]     at Loader.getModuleJob (internal/modules/esm/loader.js:246:28)
[INFO] [stderr]     at ModuleWrap.<anonymous> (internal/modules/esm/module_job.js:47:40)
[INFO] [stderr]     at link (internal/modules/esm/module_job.js:46:36) {
[INFO] [stderr]   code: 'ERR_MODULE_NOT_FOUND'
[INFO] [stderr] }
[INFO] [stdout] test generated::preview2_tcp_sample_application::preview2_tcp_sample_application ... FAILED
[INFO] [stdout] test generated::preview1_stdio_isatty::preview1_stdio_isatty ... FAILED
[INFO] [stderr] internal/process/esm_loader.js:74
[INFO] [stderr]     internalBinding('errors').triggerUncaughtException(
[INFO] [stderr]                               ^
[INFO] [stderr] 
[INFO] [stderr] Error [ERR_MODULE_NOT_FOUND]: Cannot find package 'commander' imported from /opt/rustwide/workdir/src/jco.js
[INFO] [stderr]     at packageResolve (internal/modules/esm/resolve.js:664:9)
[INFO] [stderr]     at moduleResolve (internal/modules/esm/resolve.js:705:18)
[INFO] [stderr]     at Loader.defaultResolve [as _resolve] (internal/modules/esm/resolve.js:798:11)
[INFO] [stderr]     at Loader.resolve (internal/modules/esm/loader.js:100:40)
[INFO] [stderr]     at Loader.getModuleJob (internal/modules/esm/loader.js:246:28)
[INFO] [stderr]     at ModuleWrap.<anonymous> (internal/modules/esm/module_job.js:47:40)
[INFO] [stderr]     at link (internal/modules/esm/module_job.js:46:36) {
[INFO] [stderr]   code: 'ERR_MODULE_NOT_FOUND'
[INFO] [stderr] }
[INFO] [stdout] test generated::preview1_symlink_create::preview1_symlink_create ... FAILED
[INFO] [stderr] internal/process/esm_loader.js:74
[INFO] [stderr]     internalBinding('errors').triggerUncaughtException(
[INFO] [stderr]                               ^
[INFO] [stderr] 
[INFO] [stderr] Error [ERR_MODULE_NOT_FOUND]: Cannot find package 'commander' imported from /opt/rustwide/workdir/src/jco.js
[INFO] [stderr]     at packageResolve (internal/modules/esm/resolve.js:664:9)
[INFO] [stderr]     at moduleResolve (internal/modules/esm/resolve.js:705:18)
[INFO] [stderr]     at Loader.defaultResolve [as _resolve] (internal/modules/esm/resolve.js:798:11)
[INFO] [stderr]     at Loader.resolve (internal/modules/esm/loader.js:100:40)
[INFO] [stderr]     at Loader.getModuleJob (internal/modules/esm/loader.js:246:28)
[INFO] [stderr]     at ModuleWrap.<anonymous> (internal/modules/esm/module_job.js:47:40)
[INFO] [stderr]     at link (internal/modules/esm/module_job.js:46:36) {
[INFO] [stderr]   code: 'ERR_MODULE_NOT_FOUND'
[INFO] [stderr] }
[INFO] [stdout] test generated::preview1_symlink_filestat::preview1_symlink_filestat ... FAILED
[INFO] [stderr] internal/process/esm_loader.js:74
[INFO] [stderr]     internalBinding('errors').triggerUncaughtException(
[INFO] [stderr]                               ^
[INFO] [stderr] 
[INFO] [stderr] Error [ERR_MODULE_NOT_FOUND]: Cannot find package 'commander' imported from /opt/rustwide/workdir/src/jco.js
[INFO] [stderr]     at packageResolve (internal/modules/esm/resolve.js:664:9)
[INFO] [stderr]     at moduleResolve (internal/modules/esm/resolve.js:705:18)
[INFO] [stderr]     at Loader.defaultResolve [as _resolve] (internal/modules/esm/resolve.js:798:11)
[INFO] [stderr]     at Loader.resolve (internal/modules/esm/loader.js:100:40)
[INFO] [stderr]     at Loader.getModuleJob (internal/modules/esm/loader.js:246:28)
[INFO] [stderr]     at ModuleWrap.<anonymous> (internal/modules/esm/module_job.js:47:40)
[INFO] [stderr]     at link (internal/modules/esm/module_job.js:46:36) {
[INFO] [stderr]   code: 'ERR_MODULE_NOT_FOUND'
[INFO] [stderr] }
[INFO] [stderr] internal/process/esm_loader.js:74
[INFO] [stderr]     internalBinding('errors').triggerUncaughtException(
[INFO] [stderr]                               ^
[INFO] [stderr] 
[INFO] [stderr] Error [ERR_MODULE_NOT_FOUND]: Cannot find package 'commander' imported from /opt/rustwide/workdir/src/jco.js
[INFO] [stderr]     at packageResolve (internal/modules/esm/resolve.js:664:9)
[INFO] [stderr]     at moduleResolve (internal/modules/esm/resolve.js:705:18)
[INFO] [stderr]     at Loader.defaultResolve [as _resolve] (internal/modules/esm/resolve.js:798:11)
[INFO] [stderr]     at Loader.resolve (internal/modules/esm/loader.js:100:40)
[INFO] [stderr]     at Loader.getModuleJob (internal/modules/esm/loader.js:246:28)
[INFO] [stderr]     at ModuleWrap.<anonymous> (internal/modules/esm/module_job.js:47:40)
[INFO] [stderr]     at link (internal/modules/esm/module_job.js:46:36) {
[INFO] [stderr]   code: 'ERR_MODULE_NOT_FOUND'
[INFO] [stderr] }
[INFO] [stdout] test generated::preview1_symlink_loop::preview1_symlink_loop ... FAILED
[INFO] [stderr] internal/process/esm_loader.js:74
[INFO] [stderr]     internalBinding('errors').triggerUncaughtException(
[INFO] [stderr]                               ^
[INFO] [stderr] 
[INFO] [stderr] Error [ERR_MODULE_NOT_FOUND]: Cannot find package 'commander' imported from /opt/rustwide/workdir/src/jco.js
[INFO] [stderr]     at packageResolve (internal/modules/esm/resolve.js:664:9)
[INFO] [stderr]     at moduleResolve (internal/modules/esm/resolve.js:705:18)
[INFO] [stderr]     at Loader.defaultResolve [as _resolve] (internal/modules/esm/resolve.js:798:11)
[INFO] [stderr]     at Loader.resolve (internal/modules/esm/loader.js:100:40)
[INFO] [stderr]     at Loader.getModuleJob (internal/modules/esm/loader.js:246:28)
[INFO] [stderr]     at ModuleWrap.<anonymous> (internal/modules/esm/module_job.js:47:40)
[INFO] [stderr]     at link (internal/modules/esm/module_job.js:46:36) {
[INFO] [stderr]   code: 'ERR_MODULE_NOT_FOUND'
[INFO] [stderr] }
[INFO] [stdout] test generated::preview1_unicode_output::preview1_unicode_output ... FAILED
[INFO] [stderr] internal/process/esm_loader.js:74
[INFO] [stderr]     internalBinding('errors').triggerUncaughtException(
[INFO] [stderr]                               ^
[INFO] [stderr] 
[INFO] [stderr] Error [ERR_MODULE_NOT_FOUND]: Cannot find package 'commander' imported from /opt/rustwide/workdir/src/jco.js
[INFO] [stderr]     at packageResolve (internal/modules/esm/resolve.js:664:9)
[INFO] [stderr]     at moduleResolve (internal/modules/esm/resolve.js:705:18)
[INFO] [stderr]     at Loader.defaultResolve [as _resolve] (internal/modules/esm/resolve.js:798:11)
[INFO] [stderr]     at Loader.resolve (internal/modules/esm/loader.js:100:40)
[INFO] [stderr]     at Loader.getModuleJob (internal/modules/esm/loader.js:246:28)
[INFO] [stderr]     at ModuleWrap.<anonymous> (internal/modules/esm/module_job.js:47:40)
[INFO] [stderr]     at link (internal/modules/esm/module_job.js:46:36) {
[INFO] [stderr]   code: 'ERR_MODULE_NOT_FOUND'
[INFO] [stderr] }
[INFO] [stderr] internal/process/esm_loader.js:74
[INFO] [stderr]     internalBinding('errors').triggerUncaughtException(
[INFO] [stderr]                               ^
[INFO] [stderr] 
[INFO] [stderr] Error [ERR_MODULE_NOT_FOUND]: Cannot find package 'commander' imported from /opt/rustwide/workdir/src/jco.js
[INFO] [stderr]     at packageResolve (internal/modules/esm/resolve.js:664:9)
[INFO] [stderr]     at moduleResolve (internal/modules/esm/resolve.js:705:18)
[INFO] [stderr]     at Loader.defaultResolve [as _resolve] (internal/modules/esm/resolve.js:798:11)
[INFO] [stderr]     at Loader.resolve (internal/modules/esm/loader.js:100:40)
[INFO] [stderr]     at Loader.getModuleJob (internal/modules/esm/loader.js:246:28)
[INFO] [stderr]     at ModuleWrap.<anonymous> (internal/modules/esm/module_job.js:47:40)
[INFO] [stderr]     at link (internal/modules/esm/module_job.js:46:36) {
[INFO] [stderr]   code: 'ERR_MODULE_NOT_FOUND'
[INFO] [stderr] }
[INFO] [stdout] test generated::preview1_unlink_file_trailing_slashes::preview1_unlink_file_trailing_slashes ... FAILED
[INFO] [stdout] test generated::preview2_adapter_badfd::preview2_adapter_badfd ... FAILED
[INFO] [stdout] test generated::preview2_ip_name_lookup::preview2_ip_name_lookup ... FAILED
[INFO] [stderr] internal/process/esm_loader.js:74
[INFO] [stderr]     internalBinding('errors').triggerUncaughtException(
[INFO] [stderr]                               ^
[INFO] [stderr] 
[INFO] [stderr] Error [ERR_MODULE_NOT_FOUND]: Cannot find package 'commander' imported from /opt/rustwide/workdir/src/jco.js
[INFO] [stderr]     at packageResolve (internal/modules/esm/resolve.js:664:9)
[INFO] [stderr]     at moduleResolve (internal/modules/esm/resolve.js:705:18)
[INFO] [stderr]     at Loader.defaultResolve [as _resolve] (internal/modules/esm/resolve.js:798:11)
[INFO] [stderr]     at Loader.resolve (internal/modules/esm/loader.js:100:40)
[INFO] [stderr]     at Loader.getModuleJob (internal/modules/esm/loader.js:246:28)
[INFO] [stderr]     at ModuleWrap.<anonymous> (internal/modules/esm/module_job.js:47:40)
[INFO] [stderr]     at link (internal/modules/esm/module_job.js:46:36) {
[INFO] [stderr]   code: 'ERR_MODULE_NOT_FOUND'
[INFO] [stderr] }
[INFO] [stderr] internal/process/esm_loader.js:74
[INFO] [stderr]     internalBinding('errors').triggerUncaughtException(
[INFO] [stderr]                               ^
[INFO] [stderr] 
[INFO] [stderr] Error [ERR_MODULE_NOT_FOUND]: Cannot find package 'commander' imported from /opt/rustwide/workdir/src/jco.js
[INFO] [stderr]     at packageResolve (internal/modules/esm/resolve.js:664:9)
[INFO] [stderr]     at moduleResolve (internal/modules/esm/resolve.js:705:18)
[INFO] [stderr]     at Loader.defaultResolve [as _resolve] (internal/modules/esm/resolve.js:798:11)
[INFO] [stderr]     at Loader.resolve (internal/modules/esm/loader.js:100:40)
[INFO] [stderr]     at Loader.getModuleJob (internal/modules/esm/loader.js:246:28)
[INFO] [stderr]     at ModuleWrap.<anonymous> (internal/modules/esm/module_job.js:47:40)
[INFO] [stderr]     at link (internal/modules/esm/module_job.js:46:36) {
[INFO] [stderr]   code: 'ERR_MODULE_NOT_FOUND'
[INFO] [stderr] }
[INFO] [stderr] internal/process/esm_loader.js:74
[INFO] [stderr]     internalBinding('errors').triggerUncaughtException(
[INFO] [stderr]                               ^
[INFO] [stderr] 
[INFO] [stderr] Error [ERR_MODULE_NOT_FOUND]: Cannot find package 'commander' imported from /opt/rustwide/workdir/src/jco.js
[INFO] [stderr]     at packageResolve (internal/modules/esm/resolve.js:664:9)
[INFO] [stderr]     at moduleResolve (internal/modules/esm/resolve.js:705:18)
[INFO] [stderr]     at Loader.defaultResolve [as _resolve] (internal/modules/esm/resolve.js:798:11)
[INFO] [stderr]     at Loader.resolve (internal/modules/esm/loader.js:100:40)
[INFO] [stderr]     at Loader.getModuleJob (internal/modules/esm/loader.js:246:28)
[INFO] [stderr]     at ModuleWrap.<anonymous> (internal/modules/esm/module_job.js:47:40)
[INFO] [stderr]     at link (internal/modules/esm/module_job.js:46:36) {
[INFO] [stderr]   code: 'ERR_MODULE_NOT_FOUND'
[INFO] [stderr] }
[INFO] [stderr] internal/process/esm_loader.js:74
[INFO] [stderr]     internalBinding('errors').triggerUncaughtException(
[INFO] [stderr]                               ^
[INFO] [stderr] 
[INFO] [stderr] Error [ERR_MODULE_NOT_FOUND]: Cannot find package 'commander' imported from /opt/rustwide/workdir/src/jco.js
[INFO] [stderr]     at packageResolve (internal/modules/esm/resolve.js:664:9)
[INFO] [stderr]     at moduleResolve (internal/modules/esm/resolve.js:705:18)
[INFO] [stderr]     at Loader.defaultResolve [as _resolve] (internal/modules/esm/resolve.js:798:11)
[INFO] [stderr]     at Loader.resolve (internal/modules/esm/loader.js:100:40)
[INFO] [stderr]     at Loader.getModuleJob (internal/modules/esm/loader.js:246:28)
[INFO] [stderr]     at ModuleWrap.<anonymous> (internal/modules/esm/module_job.js:47:40)
[INFO] [stderr]     at link (internal/modules/esm/module_job.js:46:36) {
[INFO] [stderr]   code: 'ERR_MODULE_NOT_FOUND'
[INFO] [stderr] }
[INFO] [stdout] test generated::preview2_sleep::preview2_sleep ... FAILED
[INFO] [stdout] test generated::preview2_tcp_connect::preview2_tcp_connect ... FAILED
[INFO] [stdout] test generated::preview2_random::preview2_random ... FAILED
[INFO] [stdout] test generated::preview2_stream_pollable_correct::preview2_stream_pollable_correct ... FAILED
[INFO] [stderr] internal/process/esm_loader.js:74
[INFO] [stderr]     internalBinding('errors').triggerUncaughtException(
[INFO] [stderr]                               ^
[INFO] [stderr] 
[INFO] [stderr] Error [ERR_MODULE_NOT_FOUND]: Cannot find package 'commander' imported from /opt/rustwide/workdir/src/jco.js
[INFO] [stderr]     at packageResolve (internal/modules/esm/resolve.js:664:9)
[INFO] [stderr]     at moduleResolve (internal/modules/esm/resolve.js:705:18)
[INFO] [stderr]     at Loader.defaultResolve [as _resolve] (internal/modules/esm/resolve.js:798:11)
[INFO] [stderr]     at Loader.resolve (internal/modules/esm/loader.js:100:40)
[INFO] [stderr]     at Loader.getModuleJob (internal/modules/esm/loader.js:246:28)
[INFO] [stderr]     at ModuleWrap.<anonymous> (internal/modules/esm/module_job.js:47:40)
[INFO] [stderr]     at link (internal/modules/esm/module_job.js:46:36) {
[INFO] [stderr]   code: 'ERR_MODULE_NOT_FOUND'
[INFO] [stderr] }
[INFO] [stdout] test generated::preview2_stream_pollable_traps::preview2_stream_pollable_traps ... ok
[INFO] [stderr] internal/process/esm_loader.js:74
[INFO] [stderr]     internalBinding('errors').triggerUncaughtException(
[INFO] [stderr]                               ^
[INFO] [stderr] 
[INFO] [stderr] Error [ERR_MODULE_NOT_FOUND]: Cannot find package 'commander' imported from /opt/rustwide/workdir/src/jco.js
[INFO] [stderr]     at packageResolve (internal/modules/esm/resolve.js:664:9)
[INFO] [stderr]     at moduleResolve (internal/modules/esm/resolve.js:705:18)
[INFO] [stderr]     at Loader.defaultResolve [as _resolve] (internal/modules/esm/resolve.js:798:11)
[INFO] [stderr]     at Loader.resolve (internal/modules/esm/loader.js:100:40)
[INFO] [stderr]     at Loader.getModuleJob (internal/modules/esm/loader.js:246:28)
[INFO] [stderr]     at ModuleWrap.<anonymous> (internal/modules/esm/module_job.js:47:40)
[INFO] [stderr]     at link (internal/modules/esm/module_job.js:46:36) {
[INFO] [stderr]   code: 'ERR_MODULE_NOT_FOUND'
[INFO] [stderr] }
[INFO] [stderr] internal/process/esm_loader.js:74
[INFO] [stderr]     internalBinding('errors').triggerUncaughtException(
[INFO] [stderr]                               ^
[INFO] [stderr] 
[INFO] [stderr] Error [ERR_MODULE_NOT_FOUND]: Cannot find package 'commander' imported from /opt/rustwide/workdir/src/jco.js
[INFO] [stderr]     at packageResolve (internal/modules/esm/resolve.js:664:9)
[INFO] [stderr]     at moduleResolve (internal/modules/esm/resolve.js:705:18)
[INFO] [stderr]     at Loader.defaultResolve [as _resolve] (internal/modules/esm/resolve.js:798:11)
[INFO] [stderr]     at Loader.resolve (internal/modules/esm/loader.js:100:40)
[INFO] [stderr]     at Loader.getModuleJob (internal/modules/esm/loader.js:246:28)
[INFO] [stderr]     at ModuleWrap.<anonymous> (internal/modules/esm/module_job.js:47:40)
[INFO] [stderr]     at link (internal/modules/esm/module_job.js:46:36) {
[INFO] [stderr]   code: 'ERR_MODULE_NOT_FOUND'
[INFO] [stderr] }
[INFO] [stdout] test generated::preview2_tcp_sockopts::preview2_tcp_sockopts ... FAILED
[INFO] [stdout] test generated::preview2_tcp_bind::preview2_tcp_bind ... FAILED
[INFO] [stderr] internal/process/esm_loader.js:74
[INFO] [stderr]     internalBinding('errors').triggerUncaughtException(
[INFO] [stderr]                               ^
[INFO] [stderr] 
[INFO] [stderr] Error [ERR_MODULE_NOT_FOUND]: Cannot find package 'commander' imported from /opt/rustwide/workdir/src/jco.js
[INFO] [stderr]     at packageResolve (internal/modules/esm/resolve.js:664:9)
[INFO] [stderr]     at moduleResolve (internal/modules/esm/resolve.js:705:18)
[INFO] [stderr]     at Loader.defaultResolve [as _resolve] (internal/modules/esm/resolve.js:798:11)
[INFO] [stderr]     at Loader.resolve (internal/modules/esm/loader.js:100:40)
[INFO] [stderr]     at Loader.getModuleJob (internal/modules/esm/loader.js:246:28)
[INFO] [stderr]     at ModuleWrap.<anonymous> (internal/modules/esm/module_job.js:47:40)
[INFO] [stderr]     at link (internal/modules/esm/module_job.js:46:36) {
[INFO] [stderr]   code: 'ERR_MODULE_NOT_FOUND'
[INFO] [stderr] }
[INFO] [stdout] test generated::preview2_tcp_states::preview2_tcp_states ... FAILED
[INFO] [stderr] internal/process/esm_loader.js:74
[INFO] [stderr]     internalBinding('errors').triggerUncaughtException(
[INFO] [stderr]                               ^
[INFO] [stderr] 
[INFO] [stderr] Error [ERR_MODULE_NOT_FOUND]: Cannot find package 'commander' imported from /opt/rustwide/workdir/src/jco.js
[INFO] [stderr]     at packageResolve (internal/modules/esm/resolve.js:664:9)
[INFO] [stderr]     at moduleResolve (internal/modules/esm/resolve.js:705:18)
[INFO] [stderr]     at Loader.defaultResolve [as _resolve] (internal/modules/esm/resolve.js:798:11)
[INFO] [stderr]     at Loader.resolve (internal/modules/esm/loader.js:100:40)
[INFO] [stderr]     at Loader.getModuleJob (internal/modules/esm/loader.js:246:28)
[INFO] [stderr]     at ModuleWrap.<anonymous> (internal/modules/esm/module_job.js:47:40)
[INFO] [stderr]     at link (internal/modules/esm/module_job.js:46:36) {
[INFO] [stderr]   code: 'ERR_MODULE_NOT_FOUND'
[INFO] [stderr] }
[INFO] [stderr] internal/process/esm_loader.js:74
[INFO] [stderr]     internalBinding('errors').triggerUncaughtException(
[INFO] [stderr]                               ^
[INFO] [stderr] 
[INFO] [stderr] Error [ERR_MODULE_NOT_FOUND]: Cannot find package 'commander' imported from /opt/rustwide/workdir/src/jco.js
[INFO] [stderr]     at packageResolve (internal/modules/esm/resolve.js:664:9)
[INFO] [stderr]     at moduleResolve (internal/modules/esm/resolve.js:705:18)
[INFO] [stderr]     at Loader.defaultResolve [as _resolve] (internal/modules/esm/resolve.js:798:11)
[INFO] [stderr]     at Loader.resolve (internal/modules/esm/loader.js:100:40)
[INFO] [stderr]     at Loader.getModuleJob (internal/modules/esm/loader.js:246:28)
[INFO] [stderr]     at ModuleWrap.<anonymous> (internal/modules/esm/module_job.js:47:40)
[INFO] [stderr]     at link (internal/modules/esm/module_job.js:46:36) {
[INFO] [stderr]   code: 'ERR_MODULE_NOT_FOUND'
[INFO] [stderr] }
[INFO] [stdout] test generated::preview2_udp_bind::preview2_udp_bind ... FAILED
[INFO] [stdout] test generated::preview2_udp_connect::preview2_udp_connect ... FAILED
[INFO] [stderr] internal/process/esm_loader.js:74
[INFO] [stderr]     internalBinding('errors').triggerUncaughtException(
[INFO] [stderr]                               ^
[INFO] [stderr] 
[INFO] [stderr] Error [ERR_MODULE_NOT_FOUND]: Cannot find package 'commander' imported from /opt/rustwide/workdir/src/jco.js
[INFO] [stderr]     at packageResolve (internal/modules/esm/resolve.js:664:9)
[INFO] [stderr]     at moduleResolve (internal/modules/esm/resolve.js:705:18)
[INFO] [stderr]     at Loader.defaultResolve [as _resolve] (internal/modules/esm/resolve.js:798:11)
[INFO] [stderr]     at Loader.resolve (internal/modules/esm/loader.js:100:40)
[INFO] [stderr]     at Loader.getModuleJob (internal/modules/esm/loader.js:246:28)
[INFO] [stderr]     at ModuleWrap.<anonymous> (internal/modules/esm/module_job.js:47:40)
[INFO] [stderr]     at link (internal/modules/esm/module_job.js:46:36) {
[INFO] [stderr]   code: 'ERR_MODULE_NOT_FOUND'
[INFO] [stderr] }
[INFO] [stdout] test generated::preview2_udp_sample_application::preview2_udp_sample_application ... FAILED
[INFO] [stderr] internal/process/esm_loader.js:74
[INFO] [stderr]     internalBinding('errors').triggerUncaughtException(
[INFO] [stderr]                               ^
[INFO] [stderr] 
[INFO] [stderr] Error [ERR_MODULE_NOT_FOUND]: Cannot find package 'commander' imported from /opt/rustwide/workdir/src/jco.js
[INFO] [stderr]     at packageResolve (internal/modules/esm/resolve.js:664:9)
[INFO] [stderr]     at moduleResolve (internal/modules/esm/resolve.js:705:18)
[INFO] [stderr]     at Loader.defaultResolve [as _resolve] (internal/modules/esm/resolve.js:798:11)
[INFO] [stderr]     at Loader.resolve (internal/modules/esm/loader.js:100:40)
[INFO] [stderr]     at Loader.getModuleJob (internal/modules/esm/loader.js:246:28)
[INFO] [stderr]     at ModuleWrap.<anonymous> (internal/modules/esm/module_job.js:47:40)
[INFO] [stderr]     at link (internal/modules/esm/module_job.js:46:36) {
[INFO] [stderr]   code: 'ERR_MODULE_NOT_FOUND'
[INFO] [stderr] }
[INFO] [stderr] internal/process/esm_loader.js:74
[INFO] [stderr]     internalBinding('errors').triggerUncaughtException(
[INFO] [stderr]                               ^
[INFO] [stderr] 
[INFO] [stderr] Error [ERR_MODULE_NOT_FOUND]: Cannot find package 'commander' imported from /opt/rustwide/workdir/src/jco.js
[INFO] [stderr]     at packageResolve (internal/modules/esm/resolve.js:664:9)
[INFO] [stderr]     at moduleResolve (internal/modules/esm/resolve.js:705:18)
[INFO] [stderr]     at Loader.defaultResolve [as _resolve] (internal/modules/esm/resolve.js:798:11)
[INFO] [stderr]     at Loader.resolve (internal/modules/esm/loader.js:100:40)
[INFO] [stderr]     at Loader.getModuleJob (internal/modules/esm/loader.js:246:28)
[INFO] [stderr]     at ModuleWrap.<anonymous> (internal/modules/esm/module_job.js:47:40)
[INFO] [stderr]     at link (internal/modules/esm/module_job.js:46:36) {
[INFO] [stderr]   code: 'ERR_MODULE_NOT_FOUND'
[INFO] [stderr] }
[INFO] [stderr] internal/process/esm_loader.js:74
[INFO] [stderr]     internalBinding('errors').triggerUncaughtException(
[INFO] [stderr]                               ^
[INFO] [stderr] 
[INFO] [stderr] Error [ERR_MODULE_NOT_FOUND]: Cannot find package 'commander' imported from /opt/rustwide/workdir/src/jco.js
[INFO] [stderr]     at packageResolve (internal/modules/esm/resolve.js:664:9)
[INFO] [stderr]     at moduleResolve (internal/modules/esm/resolve.js:705:18)
[INFO] [stderr]     at Loader.defaultResolve [as _resolve] (internal/modules/esm/resolve.js:798:11)
[INFO] [stderr]     at Loader.resolve (internal/modules/esm/loader.js:100:40)
[INFO] [stderr]     at Loader.getModuleJob (internal/modules/esm/loader.js:246:28)
[INFO] [stderr]     at ModuleWrap.<anonymous> (internal/modules/esm/module_job.js:47:40)
[INFO] [stderr]     at link (internal/modules/esm/module_job.js:46:36) {
[INFO] [stderr]   code: 'ERR_MODULE_NOT_FOUND'
[INFO] [stderr] }
[INFO] [stdout] test generated::preview2_udp_states::preview2_udp_states ... FAILED
[INFO] [stdout] test generated::preview2_udp_sockopts::preview2_udp_sockopts ... FAILED
[INFO] [stdout] test generated::proxy_echo::proxy_echo ... FAILED
[INFO] [stderr] internal/process/esm_loader.js:74
[INFO] [stderr]     internalBinding('errors').triggerUncaughtException(
[INFO] [stderr]                               ^
[INFO] [stderr] 
[INFO] [stderr] Error [ERR_MODULE_NOT_FOUND]: Cannot find package 'commander' imported from /opt/rustwide/workdir/src/jco.js
[INFO] [stderr]     at packageResolve (internal/modules/esm/resolve.js:664:9)
[INFO] [stderr]     at moduleResolve (internal/modules/esm/resolve.js:705:18)
[INFO] [stderr]     at Loader.defaultResolve [as _resolve] (internal/modules/esm/resolve.js:798:11)
[INFO] [stderr]     at Loader.resolve (internal/modules/esm/loader.js:100:40)
[INFO] [stderr]     at Loader.getModuleJob (internal/modules/esm/loader.js:246:28)
[INFO] [stderr]     at ModuleWrap.<anonymous> (internal/modules/esm/module_job.js:47:40)
[INFO] [stderr]     at link (internal/modules/esm/module_job.js:46:36) {
[INFO] [stderr]   code: 'ERR_MODULE_NOT_FOUND'
[INFO] [stderr] }
[INFO] [stderr] internal/process/esm_loader.js:74
[INFO] [stderr]     internalBinding('errors').triggerUncaughtException(
[INFO] [stderr]                               ^
[INFO] [stderr] 
[INFO] [stderr] Error [ERR_MODULE_NOT_FOUND]: Cannot find package 'commander' imported from /opt/rustwide/workdir/src/jco.js
[INFO] [stderr]     at packageResolve (internal/modules/esm/resolve.js:664:9)
[INFO] [stderr]     at moduleResolve (internal/modules/esm/resolve.js:705:18)
[INFO] [stderr]     at Loader.defaultResolve [as _resolve] (internal/modules/esm/resolve.js:798:11)
[INFO] [stderr]     at Loader.resolve (internal/modules/esm/loader.js:100:40)
[INFO] [stderr]     at Loader.getModuleJob (internal/modules/esm/loader.js:246:28)
[INFO] [stderr]     at ModuleWrap.<anonymous> (internal/modules/esm/module_job.js:47:40)
[INFO] [stderr]     at link (internal/modules/esm/module_job.js:46:36) {
[INFO] [stderr]   code: 'ERR_MODULE_NOT_FOUND'
[INFO] [stderr] }
[INFO] [stdout] test generated::proxy_hash::proxy_hash ... FAILED
[INFO] [stdout] test generated::proxy_handler::proxy_handler ... FAILED
[INFO] [stdout] 
[INFO] [stdout] failures:
[INFO] [stdout] 
[INFO] [stdout] ---- generated::cli_exit_default::cli_exit_default stdout ----
[INFO] [stdout] $ node ./src/jco.js run --jco-dir ./tests/rundir/cli_exit_default --jco-import ./tests/virtualenvs/base.js ./tests/rundir/cli_exit_default.component.wasm hello this  "is an argument" "with \u{1f6a9} emoji"
[INFO] [stdout] Error: command exited with non-zero code `node ./src/jco.js run --jco-dir ./tests/rundir/cli_exit_default --jco-import ./tests/virtualenvs/base.js ./tests/rundir/cli_exit_default.component.wasm hello this  "is an argument" "with \u{1f6a9} emoji"`: 1
[INFO] [stdout] 
[INFO] [stdout] ---- generated::cli_exit_success::cli_exit_success stdout ----
[INFO] [stdout] $ node ./src/jco.js run --jco-dir ./tests/rundir/cli_exit_success --jco-import ./tests/virtualenvs/base.js ./tests/rundir/cli_exit_success.component.wasm hello this  "is an argument" "with \u{1f6a9} emoji"
[INFO] [stdout] Error: command exited with non-zero code `node ./src/jco.js run --jco-dir ./tests/rundir/cli_exit_success --jco-import ./tests/virtualenvs/base.js ./tests/rundir/cli_exit_success.component.wasm hello this  "is an argument" "with \u{1f6a9} emoji"`: 1
[INFO] [stdout] 
[INFO] [stdout] ---- generated::api_read_only::api_read_only stdout ----
[INFO] [stdout] $ node ./src/jco.js run --jco-dir ./tests/rundir/api_read_only --jco-import ./tests/virtualenvs/readonly.js ./tests/rundir/api_read_only.component.wasm hello this  "is an argument" "with \u{1f6a9} emoji"
[INFO] [stdout] Error: command exited with non-zero code `node ./src/jco.js run --jco-dir ./tests/rundir/api_read_only --jco-import ./tests/virtualenvs/readonly.js ./tests/rundir/api_read_only.component.wasm hello this  "is an argument" "with \u{1f6a9} emoji"`: 1
[INFO] [stdout] 
[INFO] [stdout] ---- generated::cli_args::cli_args stdout ----
[INFO] [stdout] $ node ./src/jco.js run --jco-dir ./tests/rundir/cli_args --jco-import ./tests/virtualenvs/base.js ./tests/rundir/cli_args.component.wasm hello this  "is an argument" "with \u{1f6a9} emoji"
[INFO] [stdout] Error: command exited with non-zero code `node ./src/jco.js run --jco-dir ./tests/rundir/cli_args --jco-import ./tests/virtualenvs/base.js ./tests/rundir/cli_args.component.wasm hello this  "is an argument" "with \u{1f6a9} emoji"`: 1
[INFO] [stdout] 
[INFO] [stdout] ---- generated::cli_default_clocks::cli_default_clocks stdout ----
[INFO] [stdout] $ node ./src/jco.js run --jco-dir ./tests/rundir/cli_default_clocks --jco-import ./tests/virtualenvs/base.js ./tests/rundir/cli_default_clocks.component.wasm hello this  "is an argument" "with \u{1f6a9} emoji"
[INFO] [stdout] Error: command exited with non-zero code `node ./src/jco.js run --jco-dir ./tests/rundir/cli_default_clocks --jco-import ./tests/virtualenvs/base.js ./tests/rundir/cli_default_clocks.component.wasm hello this  "is an argument" "with \u{1f6a9} emoji"`: 1
[INFO] [stdout] 
[INFO] [stdout] ---- generated::api_reactor::api_reactor stdout ----
[INFO] [stdout] $ node ./src/jco.js run --jco-dir ./tests/rundir/api_reactor --jco-import ./tests/virtualenvs/base.js ./tests/rundir/api_reactor.component.wasm hello this  "is an argument" "with \u{1f6a9} emoji"
[INFO] [stdout] Error: command exited with non-zero code `node ./src/jco.js run --jco-dir ./tests/rundir/api_reactor --jco-import ./tests/virtualenvs/base.js ./tests/rundir/api_reactor.component.wasm hello this  "is an argument" "with \u{1f6a9} emoji"`: 1
[INFO] [stdout] 
[INFO] [stdout] ---- generated::cli_file_append::cli_file_append stdout ----
[INFO] [stdout] $ node ./src/jco.js run --jco-dir ./tests/rundir/cli_file_append --jco-import ./tests/virtualenvs/bar-jabberwock.js ./tests/rundir/cli_file_append.component.wasm hello this  "is an argument" "with \u{1f6a9} emoji"
[INFO] [stdout] Error: command exited with non-zero code `node ./src/jco.js run --jco-dir ./tests/rundir/cli_file_append --jco-import ./tests/virtualenvs/bar-jabberwock.js ./tests/rundir/cli_file_append.component.wasm hello this  "is an argument" "with \u{1f6a9} emoji"`: 1
[INFO] [stdout] 
[INFO] [stdout] ---- generated::cli_hello_stdout::cli_hello_stdout stdout ----
[INFO] [stdout] $ node ./src/jco.js run --jco-dir ./tests/rundir/cli_hello_stdout --jco-import ./tests/virtualenvs/base.js ./tests/rundir/cli_hello_stdout.component.wasm hello this  "is an argument" "with \u{1f6a9} emoji"
[INFO] [stdout] Error: command exited with non-zero code `node ./src/jco.js run --jco-dir ./tests/rundir/cli_hello_stdout --jco-import ./tests/virtualenvs/base.js ./tests/rundir/cli_hello_stdout.component.wasm hello this  "is an argument" "with \u{1f6a9} emoji"`: 1
[INFO] [stdout] 
[INFO] [stdout] ---- generated::cli_export_cabi_realloc::cli_export_cabi_realloc stdout ----
[INFO] [stdout] $ node ./src/jco.js run --jco-dir ./tests/rundir/cli_export_cabi_realloc --jco-import ./tests/virtualenvs/base.js ./tests/rundir/cli_export_cabi_realloc.component.wasm hello this  "is an argument" "with \u{1f6a9} emoji"
[INFO] [stdout] Error: command exited with non-zero code `node ./src/jco.js run --jco-dir ./tests/rundir/cli_export_cabi_realloc --jco-import ./tests/virtualenvs/base.js ./tests/rundir/cli_export_cabi_realloc.component.wasm hello this  "is an argument" "with \u{1f6a9} emoji"`: 1
[INFO] [stdout] 
[INFO] [stdout] ---- generated::cli_file_read::cli_file_read stdout ----
[INFO] [stdout] $ node ./src/jco.js run --jco-dir ./tests/rundir/cli_file_read --jco-import ./tests/virtualenvs/base.js ./tests/rundir/cli_file_read.component.wasm hello this  "is an argument" "with \u{1f6a9} emoji"
[INFO] [stdout] Error: command exited with non-zero code `node ./src/jco.js run --jco-dir ./tests/rundir/cli_file_read --jco-import ./tests/virtualenvs/base.js ./tests/rundir/cli_file_read.component.wasm hello this  "is an argument" "with \u{1f6a9} emoji"`: 1
[INFO] [stdout] 
[INFO] [stdout] ---- generated::cli_env::cli_env stdout ----
[INFO] [stdout] $ node ./src/jco.js run --jco-dir ./tests/rundir/cli_env --jco-import ./tests/virtualenvs/base.js ./tests/rundir/cli_env.component.wasm hello this  "is an argument" "with \u{1f6a9} emoji"
[INFO] [stdout] Error: command exited with non-zero code `node ./src/jco.js run --jco-dir ./tests/rundir/cli_env --jco-import ./tests/virtualenvs/base.js ./tests/rundir/cli_env.component.wasm hello this  "is an argument" "with \u{1f6a9} emoji"`: 1
[INFO] [stdout] 
[INFO] [stdout] ---- generated::cli_file_dir_sync::cli_file_dir_sync stdout ----
[INFO] [stdout] $ node ./src/jco.js run --jco-dir ./tests/rundir/cli_file_dir_sync --jco-import ./tests/virtualenvs/base.js ./tests/rundir/cli_file_dir_sync.component.wasm hello this  "is an argument" "with \u{1f6a9} emoji"
[INFO] [stdout] Error: command exited with non-zero code `node ./src/jco.js run --jco-dir ./tests/rundir/cli_file_dir_sync --jco-import ./tests/virtualenvs/base.js ./tests/rundir/cli_file_dir_sync.component.wasm hello this  "is an argument" "with \u{1f6a9} emoji"`: 1
[INFO] [stdout] 
[INFO] [stdout] ---- generated::cli_directory_list::cli_directory_list stdout ----
[INFO] [stdout] $ node ./src/jco.js run --jco-dir ./tests/rundir/cli_directory_list --jco-import ./tests/virtualenvs/base.js ./tests/rundir/cli_directory_list.component.wasm hello this  "is an argument" "with \u{1f6a9} emoji"
[INFO] [stdout] Error: command exited with non-zero code `node ./src/jco.js run --jco-dir ./tests/rundir/cli_directory_list --jco-import ./tests/virtualenvs/base.js ./tests/rundir/cli_directory_list.component.wasm hello this  "is an argument" "with \u{1f6a9} emoji"`: 1
[INFO] [stdout] 
[INFO] [stdout] ---- generated::api_time::api_time stdout ----
[INFO] [stdout] $ node ./src/jco.js run --jco-dir ./tests/rundir/api_time --jco-import ./tests/virtualenvs/fakeclocks.js ./tests/rundir/api_time.component.wasm hello this  "is an argument" "with \u{1f6a9} emoji"
[INFO] [stdout] Error: command exited with non-zero code `node ./src/jco.js run --jco-dir ./tests/rundir/api_time --jco-import ./tests/virtualenvs/fakeclocks.js ./tests/rundir/api_time.component.wasm hello this  "is an argument" "with \u{1f6a9} emoji"`: 1
[INFO] [stdout] 
[INFO] [stdout] ---- generated::http_outbound_request_invalid_dnsname::http_outbound_request_invalid_dnsname stdout ----
[INFO] [stdout] $ node ./src/jco.js run --jco-dir ./tests/rundir/http_outbound_request_invalid_dnsname --jco-import ./tests/virtualenvs/http.js ./tests/rundir/http_outbound_request_invalid_dnsname.component.wasm hello this  "is an argument" "with \u{1f6a9} emoji"
[INFO] [stdout] Error: command exited with non-zero code `node ./src/jco.js run --jco-dir ./tests/rundir/http_outbound_request_invalid_dnsname --jco-import ./tests/virtualenvs/http.js ./tests/rundir/http_outbound_request_invalid_dnsname.component.wasm hello this  "is an argument" "with \u{1f6a9} emoji"`: 1
[INFO] [stdout] 
[INFO] [stdout] ---- generated::http_outbound_request_content_length::http_outbound_request_content_length stdout ----
[INFO] [stdout] $ node ./src/jco.js run --jco-dir ./tests/rundir/http_outbound_request_content_length --jco-import ./tests/virtualenvs/http.js ./tests/rundir/http_outbound_request_content_length.component.wasm hello this  "is an argument" "with \u{1f6a9} emoji"
[INFO] [stdout] Error: command exited with non-zero code `node ./src/jco.js run --jco-dir ./tests/rundir/http_outbound_request_content_length --jco-import ./tests/virtualenvs/http.js ./tests/rundir/http_outbound_request_content_length.component.wasm hello this  "is an argument" "with \u{1f6a9} emoji"`: 1
[INFO] [stdout] 
[INFO] [stdout] ---- generated::http_outbound_request_large_post::http_outbound_request_large_post stdout ----
[INFO] [stdout] $ node ./src/jco.js run --jco-dir ./tests/rundir/http_outbound_request_large_post --jco-import ./tests/virtualenvs/http.js ./tests/rundir/http_outbound_request_large_post.component.wasm hello this  "is an argument" "with \u{1f6a9} emoji"
[INFO] [stdout] Error: command exited with non-zero code `node ./src/jco.js run --jco-dir ./tests/rundir/http_outbound_request_large_post --jco-import ./tests/virtualenvs/http.js ./tests/rundir/http_outbound_request_large_post.component.wasm hello this  "is an argument" "with \u{1f6a9} emoji"`: 1
[INFO] [stdout] 
[INFO] [stdout] ---- generated::cli_stdin::cli_stdin stdout ----
[INFO] [stdout] $ node ./src/jco.js run --jco-dir ./tests/rundir/cli_stdin --jco-import ./tests/virtualenvs/base.js ./tests/rundir/cli_stdin.component.wasm hello this  "is an argument" "with \u{1f6a9} emoji"
[INFO] [stdout] Error: command exited with non-zero code `node ./src/jco.js run --jco-dir ./tests/rundir/cli_stdin --jco-import ./tests/virtualenvs/base.js ./tests/rundir/cli_stdin.component.wasm hello this  "is an argument" "with \u{1f6a9} emoji"`: 1
[INFO] [stdout] 
[INFO] [stdout] ---- generated::cli_stdio_write_flushes::cli_stdio_write_flushes stdout ----
[INFO] [stdout] $ node ./src/jco.js run --jco-dir ./tests/rundir/cli_stdio_write_flushes --jco-import ./tests/virtualenvs/base.js ./tests/rundir/cli_stdio_write_flushes.component.wasm hello this  "is an argument" "with \u{1f6a9} emoji"
[INFO] [stdout] Error: command exited with non-zero code `node ./src/jco.js run --jco-dir ./tests/rundir/cli_stdio_write_flushes --jco-import ./tests/virtualenvs/base.js ./tests/rundir/cli_stdio_write_flushes.component.wasm hello this  "is an argument" "with \u{1f6a9} emoji"`: 1
[INFO] [stdout] 
[INFO] [stdout] ---- generated::cli_splice_stdin::cli_splice_stdin stdout ----
[INFO] [stdout] $ node ./src/jco.js run --jco-dir ./tests/rundir/cli_splice_stdin --jco-import ./tests/virtualenvs/base.js ./tests/rundir/cli_splice_stdin.component.wasm hello this  "is an argument" "with \u{1f6a9} emoji"
[INFO] [stdout] Error: command exited with non-zero code `node ./src/jco.js run --jco-dir ./tests/rundir/cli_splice_stdin --jco-import ./tests/virtualenvs/base.js ./tests/rundir/cli_splice_stdin.component.wasm hello this  "is an argument" "with \u{1f6a9} emoji"`: 1
[INFO] [stdout] 
[INFO] [stdout] ---- generated::cli_no_ip_name_lookup::cli_no_ip_name_lookup stdout ----
[INFO] [stdout] $ node ./src/jco.js run --jco-dir ./tests/rundir/cli_no_ip_name_lookup --jco-import ./tests/virtualenvs/deny-dns.js ./tests/rundir/cli_no_ip_name_lookup.component.wasm hello this  "is an argument" "with \u{1f6a9} emoji"
[INFO] [stdout] Error: command exited with non-zero code `node ./src/jco.js run --jco-dir ./tests/rundir/cli_no_ip_name_lookup --jco-import ./tests/virtualenvs/deny-dns.js ./tests/rundir/cli_no_ip_name_lookup.component.wasm hello this  "is an argument" "with \u{1f6a9} emoji"`: 1
[INFO] [stdout] 
[INFO] [stdout] ---- generated::http_outbound_request_invalid_header::http_outbound_request_invalid_header stdout ----
[INFO] [stdout] $ node ./src/jco.js run --jco-dir ./tests/rundir/http_outbound_request_invalid_header --jco-import ./tests/virtualenvs/http.js ./tests/rundir/http_outbound_request_invalid_header.component.wasm hello this  "is an argument" "with \u{1f6a9} emoji"
[INFO] [stdout] Error: command exited with non-zero code `node ./src/jco.js run --jco-dir ./tests/rundir/http_outbound_request_invalid_header --jco-import ./tests/virtualenvs/http.js ./tests/rundir/http_outbound_request_invalid_header.component.wasm hello this  "is an argument" "with \u{1f6a9} emoji"`: 1
[INFO] [stdout] 
[INFO] [stdout] ---- generated::http_outbound_request_get::http_outbound_request_get stdout ----
[INFO] [stdout] $ node ./src/jco.js run --jco-dir ./tests/rundir/http_outbound_request_get --jco-import ./tests/virtualenvs/http.js ./tests/rundir/http_outbound_request_get.component.wasm hello this  "is an argument" "with \u{1f6a9} emoji"
[INFO] [stdout] Error: command exited with non-zero code `node ./src/jco.js run --jco-dir ./tests/rundir/http_outbound_request_get --jco-import ./tests/virtualenvs/http.js ./tests/rundir/http_outbound_request_get.component.wasm hello this  "is an argument" "with \u{1f6a9} emoji"`: 1
[INFO] [stdout] 
[INFO] [stdout] ---- generated::http_outbound_request_invalid_version::http_outbound_request_invalid_version stdout ----
[INFO] [stdout] $ node ./src/jco.js run --jco-dir ./tests/rundir/http_outbound_request_invalid_version --jco-import ./tests/virtualenvs/http.js ./tests/rundir/http_outbound_request_invalid_version.component.wasm hello this  "is an argument" "with \u{1f6a9} emoji"
[INFO] [stdout] Error: command exited with non-zero code `node ./src/jco.js run --jco-dir ./tests/rundir/http_outbound_request_invalid_version --jco-import ./tests/virtualenvs/http.js ./tests/rundir/http_outbound_request_invalid_version.component.wasm hello this  "is an argument" "with \u{1f6a9} emoji"`: 1
[INFO] [stdout] 
[INFO] [stdout] ---- generated::http_outbound_request_invalid_port::http_outbound_request_invalid_port stdout ----
[INFO] [stdout] $ node ./src/jco.js run --jco-dir ./tests/rundir/http_outbound_request_invalid_port --jco-import ./tests/virtualenvs/http.js ./tests/rundir/http_outbound_request_invalid_port.component.wasm hello this  "is an argument" "with \u{1f6a9} emoji"
[INFO] [stdout] Error: command exited with non-zero code `node ./src/jco.js run --jco-dir ./tests/rundir/http_outbound_request_invalid_port --jco-import ./tests/virtualenvs/http.js ./tests/rundir/http_outbound_request_invalid_port.component.wasm hello this  "is an argument" "with \u{1f6a9} emoji"`: 1
[INFO] [stdout] 
[INFO] [stdout] ---- generated::cli_no_udp::cli_no_udp stdout ----
[INFO] [stdout] $ node ./src/jco.js run --jco-dir ./tests/rundir/cli_no_udp --jco-import ./tests/virtualenvs/deny-udp.js ./tests/rundir/cli_no_udp.component.wasm hello this  "is an argument" "with \u{1f6a9} emoji"
[INFO] [stdout] Error: command exited with non-zero code `node ./src/jco.js run --jco-dir ./tests/rundir/cli_no_udp --jco-import ./tests/virtualenvs/deny-udp.js ./tests/rundir/cli_no_udp.component.wasm hello this  "is an argument" "with \u{1f6a9} emoji"`: 1
[INFO] [stdout] 
[INFO] [stdout] ---- generated::cli_no_tcp::cli_no_tcp stdout ----
[INFO] [stdout] $ node ./src/jco.js run --jco-dir ./tests/rundir/cli_no_tcp --jco-import ./tests/virtualenvs/deny-tcp.js ./tests/rundir/cli_no_tcp.component.wasm hello this  "is an argument" "with \u{1f6a9} emoji"
[INFO] [stdout] Error: command exited with non-zero code `node ./src/jco.js run --jco-dir ./tests/rundir/cli_no_tcp --jco-import ./tests/virtualenvs/deny-tcp.js ./tests/rundir/cli_no_tcp.component.wasm hello this  "is an argument" "with \u{1f6a9} emoji"`: 1
[INFO] [stdout] 
[INFO] [stdout] ---- generated::http_outbound_request_post::http_outbound_request_post stdout ----
[INFO] [stdout] $ node ./src/jco.js run --jco-dir ./tests/rundir/http_outbound_request_post --jco-import ./tests/virtualenvs/http.js ./tests/rundir/http_outbound_request_post.component.wasm hello this  "is an argument" "with \u{1f6a9} emoji"
[INFO] [stdout] Error: command exited with non-zero code `node ./src/jco.js run --jco-dir ./tests/rundir/http_outbound_request_post --jco-import ./tests/virtualenvs/http.js ./tests/rundir/http_outbound_request_post.component.wasm hello this  "is an argument" "with \u{1f6a9} emoji"`: 1
[INFO] [stdout] 
[INFO] [stdout] ---- generated::http_outbound_request_response_build::http_outbound_request_response_build stdout ----
[INFO] [stdout] $ node ./src/jco.js run --jco-dir ./tests/rundir/http_outbound_request_response_build --jco-import ./tests/virtualenvs/http.js ./tests/rundir/http_outbound_request_response_build.component.wasm hello this  "is an argument" "with \u{1f6a9} emoji"
[INFO] [stdout] Error: command exited with non-zero code `node ./src/jco.js run --jco-dir ./tests/rundir/http_outbound_request_response_build --jco-import ./tests/virtualenvs/http.js ./tests/rundir/http_outbound_request_response_build.component.wasm hello this  "is an argument" "with \u{1f6a9} emoji"`: 1
[INFO] [stdout] 
[INFO] [stdout] ---- generated::http_outbound_request_put::http_outbound_request_put stdout ----
[INFO] [stdout] $ node ./src/jco.js run --jco-dir ./tests/rundir/http_outbound_request_put --jco-import ./tests/virtualenvs/http.js ./tests/rundir/http_outbound_request_put.component.wasm hello this  "is an argument" "with \u{1f6a9} emoji"
[INFO] [stdout] Error: command exited with non-zero code `node ./src/jco.js run --jco-dir ./tests/rundir/http_outbound_request_put --jco-import ./tests/virtualenvs/http.js ./tests/rundir/http_outbound_request_put.component.wasm hello this  "is an argument" "with \u{1f6a9} emoji"`: 1
[INFO] [stdout] 
[INFO] [stdout] ---- generated::preview1_big_random_buf::preview1_big_random_buf stdout ----
[INFO] [stdout] $ node ./src/jco.js run --jco-dir ./tests/rundir/preview1_big_random_buf --jco-import ./tests/virtualenvs/scratch.js ./tests/rundir/preview1_big_random_buf.component.wasm hello this  "is an argument" "with \u{1f6a9} emoji"
[INFO] [stdout] Error: command exited with non-zero code `node ./src/jco.js run --jco-dir ./tests/rundir/preview1_big_random_buf --jco-import ./tests/virtualenvs/scratch.js ./tests/rundir/preview1_big_random_buf.component.wasm hello this  "is an argument" "with \u{1f6a9} emoji"`: 1
[INFO] [stdout] 
[INFO] [stdout] ---- generated::preview1_dir_fd_op_failures::preview1_dir_fd_op_failures stdout ----
[INFO] [stdout] $ node ./src/jco.js run --jco-dir ./tests/rundir/preview1_dir_fd_op_failures --jco-import ./tests/virtualenvs/scratch.js ./tests/rundir/preview1_dir_fd_op_failures.component.wasm hello this  "is an argument" "with \u{1f6a9} emoji"
[INFO] [stdout] Error: command exited with non-zero code `node ./src/jco.js run --jco-dir ./tests/rundir/preview1_dir_fd_op_failures --jco-import ./tests/virtualenvs/scratch.js ./tests/rundir/preview1_dir_fd_op_failures.component.wasm hello this  "is an argument" "with \u{1f6a9} emoji"`: 1
[INFO] [stdout] 
[INFO] [stdout] ---- generated::http_outbound_request_unknown_method::http_outbound_request_unknown_method stdout ----
[INFO] [stdout] $ node ./src/jco.js run --jco-dir ./tests/rundir/http_outbound_request_unknown_method --jco-import ./tests/virtualenvs/http.js ./tests/rundir/http_outbound_request_unknown_method.component.wasm hello this  "is an argument" "with \u{1f6a9} emoji"
[INFO] [stdout] Error: command exited with non-zero code `node ./src/jco.js run --jco-dir ./tests/rundir/http_outbound_request_unknown_method --jco-import ./tests/virtualenvs/http.js ./tests/rundir/http_outbound_request_unknown_method.component.wasm hello this  "is an argument" "with \u{1f6a9} emoji"`: 1
[INFO] [stdout] 
[INFO] [stdout] ---- generated::preview1_dangling_symlink::preview1_dangling_symlink stdout ----
[INFO] [stdout] $ node ./src/jco.js run --jco-dir ./tests/rundir/preview1_dangling_symlink --jco-import ./tests/virtualenvs/scratch.js ./tests/rundir/preview1_dangling_symlink.component.wasm hello this  "is an argument" "with \u{1f6a9} emoji"
[INFO] [stdout] Error: command exited with non-zero code `node ./src/jco.js run --jco-dir ./tests/rundir/preview1_dangling_symlink --jco-import ./tests/virtualenvs/scratch.js ./tests/rundir/preview1_dangling_symlink.component.wasm hello this  "is an argument" "with \u{1f6a9} emoji"`: 1
[INFO] [stdout] 
[INFO] [stdout] ---- generated::preview1_directory_seek::preview1_directory_seek stdout ----
[INFO] [stdout] $ node ./src/jco.js run --jco-dir ./tests/rundir/preview1_directory_seek --jco-import ./tests/virtualenvs/scratch.js ./tests/rundir/preview1_directory_seek.component.wasm hello this  "is an argument" "with \u{1f6a9} emoji"
[INFO] [stdout] Error: command exited with non-zero code `node ./src/jco.js run --jco-dir ./tests/rundir/preview1_directory_seek --jco-import ./tests/virtualenvs/scratch.js ./tests/rundir/preview1_directory_seek.component.wasm hello this  "is an argument" "with \u{1f6a9} emoji"`: 1
[INFO] [stdout] 
[INFO] [stdout] ---- generated::preview1_clock_time_get::preview1_clock_time_get stdout ----
[INFO] [stdout] $ node ./src/jco.js run --jco-dir ./tests/rundir/preview1_clock_time_get --jco-import ./tests/virtualenvs/scratch.js ./tests/rundir/preview1_clock_time_get.component.wasm hello this  "is an argument" "with \u{1f6a9} emoji"
[INFO] [stdout] Error: command exited with non-zero code `node ./src/jco.js run --jco-dir ./tests/rundir/preview1_clock_time_get --jco-import ./tests/virtualenvs/scratch.js ./tests/rundir/preview1_clock_time_get.component.wasm hello this  "is an argument" "with \u{1f6a9} emoji"`: 1
[INFO] [stdout] 
[INFO] [stdout] ---- generated::preview1_dangling_fd::preview1_dangling_fd stdout ----
[INFO] [stdout] $ node ./src/jco.js run --jco-dir ./tests/rundir/preview1_dangling_fd --jco-import ./tests/virtualenvs/scratch.js ./tests/rundir/preview1_dangling_fd.component.wasm hello this  "is an argument" "with \u{1f6a9} emoji"
[INFO] [stdout] Error: command exited with non-zero code `node ./src/jco.js run --jco-dir ./tests/rundir/preview1_dangling_fd --jco-import ./tests/virtualenvs/scratch.js ./tests/rundir/preview1_dangling_fd.component.wasm hello this  "is an argument" "with \u{1f6a9} emoji"`: 1
[INFO] [stdout] 
[INFO] [stdout] ---- generated::preview1_fd_readdir::preview1_fd_readdir stdout ----
[INFO] [stdout] $ node ./src/jco.js run --jco-dir ./tests/rundir/preview1_fd_readdir --jco-import ./tests/virtualenvs/scratch.js ./tests/rundir/preview1_fd_readdir.component.wasm hello this  "is an argument" "with \u{1f6a9} emoji"
[INFO] [stdout] Error: command exited with non-zero code `node ./src/jco.js run --jco-dir ./tests/rundir/preview1_fd_readdir --jco-import ./tests/virtualenvs/scratch.js ./tests/rundir/preview1_fd_readdir.component.wasm hello this  "is an argument" "with \u{1f6a9} emoji"`: 1
[INFO] [stdout] 
[INFO] [stdout] ---- generated::preview1_fd_filestat_get::preview1_fd_filestat_get stdout ----
[INFO] [stdout] $ node ./src/jco.js run --jco-dir ./tests/rundir/preview1_fd_filestat_get --jco-import ./tests/virtualenvs/scratch.js ./tests/rundir/preview1_fd_filestat_get.component.wasm hello this  "is an argument" "with \u{1f6a9} emoji"
[INFO] [stdout] Error: command exited with non-zero code `node ./src/jco.js run --jco-dir ./tests/rundir/preview1_fd_filestat_get --jco-import ./tests/virtualenvs/scratch.js ./tests/rundir/preview1_fd_filestat_get.component.wasm hello this  "is an argument" "with \u{1f6a9} emoji"`: 1
[INFO] [stdout] 
[INFO] [stdout] ---- generated::preview1_close_preopen::preview1_close_preopen stdout ----
[INFO] [stdout] $ node ./src/jco.js run --jco-dir ./tests/rundir/preview1_close_preopen --jco-import ./tests/virtualenvs/scratch.js ./tests/rundir/preview1_close_preopen.component.wasm hello this  "is an argument" "with \u{1f6a9} emoji"
[INFO] [stdout] Error: command exited with non-zero code `node ./src/jco.js run --jco-dir ./tests/rundir/preview1_close_preopen --jco-import ./tests/virtualenvs/scratch.js ./tests/rundir/preview1_close_preopen.component.wasm hello this  "is an argument" "with \u{1f6a9} emoji"`: 1
[INFO] [stdout] 
[INFO] [stdout] ---- generated::preview1_fd_advise::preview1_fd_advise stdout ----
[INFO] [stdout] $ node ./src/jco.js run --jco-dir ./tests/rundir/preview1_fd_advise --jco-import ./tests/virtualenvs/scratch.js ./tests/rundir/preview1_fd_advise.component.wasm hello this  "is an argument" "with \u{1f6a9} emoji"
[INFO] [stdout] Error: command exited with non-zero code `node ./src/jco.js run --jco-dir ./tests/rundir/preview1_fd_advise --jco-import ./tests/virtualenvs/scratch.js ./tests/rundir/preview1_fd_advise.component.wasm hello this  "is an argument" "with \u{1f6a9} emoji"`: 1
[INFO] [stdout] 
[INFO] [stdout] ---- generated::preview1_fd_flags_set::preview1_fd_flags_set stdout ----
[INFO] [stdout] $ node ./src/jco.js run --jco-dir ./tests/rundir/preview1_fd_flags_set --jco-import ./tests/virtualenvs/scratch.js ./tests/rundir/preview1_fd_flags_set.component.wasm hello this  "is an argument" "with \u{1f6a9} emoji"
[INFO] [stdout] Error: command exited with non-zero code `node ./src/jco.js run --jco-dir ./tests/rundir/preview1_fd_flags_set --jco-import ./tests/virtualenvs/scratch.js ./tests/rundir/preview1_fd_flags_set.component.wasm hello this  "is an argument" "with \u{1f6a9} emoji"`: 1
[INFO] [stdout] 
[INFO] [stdout] ---- generated::preview1_fd_filestat_set::preview1_fd_filestat_set stdout ----
[INFO] [stdout] $ node ./src/jco.js run --jco-dir ./tests/rundir/preview1_fd_filestat_set --jco-import ./tests/virtualenvs/scratch.js ./tests/rundir/preview1_fd_filestat_set.component.wasm hello this  "is an argument" "with \u{1f6a9} emoji"
[INFO] [stdout] Error: command exited with non-zero code `node ./src/jco.js run --jco-dir ./tests/rundir/preview1_fd_filestat_set --jco-import ./tests/virtualenvs/scratch.js ./tests/rundir/preview1_fd_filestat_set.component.wasm hello this  "is an argument" "with \u{1f6a9} emoji"`: 1
[INFO] [stdout] 
[INFO] [stdout] ---- generated::preview1_file_allocate::preview1_file_allocate stdout ----
[INFO] [stdout] $ node ./src/jco.js run --jco-dir ./tests/rundir/preview1_file_allocate --jco-import ./tests/virtualenvs/scratch.js ./tests/rundir/preview1_file_allocate.component.wasm hello this  "is an argument" "with \u{1f6a9} emoji"
[INFO] [stdout] Error: command exited with non-zero code `node ./src/jco.js run --jco-dir ./tests/rundir/preview1_file_allocate --jco-import ./tests/virtualenvs/scratch.js ./tests/rundir/preview1_file_allocate.component.wasm hello this  "is an argument" "with \u{1f6a9} emoji"`: 1
[INFO] [stdout] 
[INFO] [stdout] ---- generated::http_outbound_request_unsupported_scheme::http_outbound_request_unsupported_scheme stdout ----
[INFO] [stdout] $ node ./src/jco.js run --jco-dir ./tests/rundir/http_outbound_request_unsupported_scheme --jco-import ./tests/virtualenvs/http.js ./tests/rundir/http_outbound_request_unsupported_scheme.component.wasm hello this  "is an argument" "with \u{1f6a9} emoji"
[INFO] [stdout] Error: command exited with non-zero code `node ./src/jco.js run --jco-dir ./tests/rundir/http_outbound_request_unsupported_scheme --jco-import ./tests/virtualenvs/http.js ./tests/rundir/http_outbound_request_unsupported_scheme.component.wasm hello this  "is an argument" "with \u{1f6a9} emoji"`: 1
[INFO] [stdout] 
[INFO] [stdout] ---- generated::preview1_file_pread_pwrite::preview1_file_pread_pwrite stdout ----
[INFO] [stdout] $ node ./src/jco.js run --jco-dir ./tests/rundir/preview1_file_pread_pwrite --jco-import ./tests/virtualenvs/scratch.js ./tests/rundir/preview1_file_pread_pwrite.component.wasm hello this  "is an argument" "with \u{1f6a9} emoji"
[INFO] [stdout] Error: command exited with non-zero code `node ./src/jco.js run --jco-dir ./tests/rundir/preview1_file_pread_pwrite --jco-import ./tests/virtualenvs/scratch.js ./tests/rundir/preview1_file_pread_pwrite.component.wasm hello this  "is an argument" "with \u{1f6a9} emoji"`: 1
[INFO] [stdout] 
[INFO] [stdout] ---- generated::preview1_path_exists::preview1_path_exists stdout ----
[INFO] [stdout] $ node ./src/jco.js run --jco-dir ./tests/rundir/preview1_path_exists --jco-import ./tests/virtualenvs/scratch.js ./tests/rundir/preview1_path_exists.component.wasm hello this  "is an argument" "with \u{1f6a9} emoji"
[INFO] [stdout] Error: command exited with non-zero code `node ./src/jco.js run --jco-dir ./tests/rundir/preview1_path_exists --jco-import ./tests/virtualenvs/scratch.js ./tests/rundir/preview1_path_exists.component.wasm hello this  "is an argument" "with \u{1f6a9} emoji"`: 1
[INFO] [stdout] 
[INFO] [stdout] ---- generated::preview1_path_filestat::preview1_path_filestat stdout ----
[INFO] [stdout] $ node ./src/jco.js run --jco-dir ./tests/rundir/preview1_path_filestat --jco-import ./tests/virtualenvs/scratch.js ./tests/rundir/preview1_path_filestat.component.wasm hello this  "is an argument" "with \u{1f6a9} emoji"
[INFO] [stdout] Error: command exited with non-zero code `node ./src/jco.js run --jco-dir ./tests/rundir/preview1_path_filestat --jco-import ./tests/virtualenvs/scratch.js ./tests/rundir/preview1_path_filestat.component.wasm hello this  "is an argument" "with \u{1f6a9} emoji"`: 1
[INFO] [stdout] 
[INFO] [stdout] ---- generated::preview1_file_unbuffered_write::preview1_file_unbuffered_write stdout ----
[INFO] [stdout] $ node ./src/jco.js run --jco-dir ./tests/rundir/preview1_file_unbuffered_write --jco-import ./tests/virtualenvs/scratch.js ./tests/rundir/preview1_file_unbuffered_write.component.wasm hello this  "is an argument" "with \u{1f6a9} emoji"
[INFO] [stdout] Error: command exited with non-zero code `node ./src/jco.js run --jco-dir ./tests/rundir/preview1_file_unbuffered_write --jco-import ./tests/virtualenvs/scratch.js ./tests/rundir/preview1_file_unbuffered_write.component.wasm hello this  "is an argument" "with \u{1f6a9} emoji"`: 1
[INFO] [stdout] 
[INFO] [stdout] ---- generated::preview1_file_truncation::preview1_file_truncation stdout ----
[INFO] [stdout] $ node ./src/jco.js run --jco-dir ./tests/rundir/preview1_file_truncation --jco-import ./tests/virtualenvs/scratch.js ./tests/rundir/preview1_file_truncation.component.wasm hello this  "is an argument" "with \u{1f6a9} emoji"
[INFO] [stdout] Error: command exited with non-zero code `node ./src/jco.js run --jco-dir ./tests/rundir/preview1_file_truncation --jco-import ./tests/virtualenvs/scratch.js ./tests/rundir/preview1_file_truncation.component.wasm hello this  "is an argument" "with \u{1f6a9} emoji"`: 1
[INFO] [stdout] 
[INFO] [stdout] ---- generated::preview1_file_write::preview1_file_write stdout ----
[INFO] [stdout] $ node ./src/jco.js run --jco-dir ./tests/rundir/preview1_file_write --jco-import ./tests/virtualenvs/scratch.js ./tests/rundir/preview1_file_write.component.wasm hello this  "is an argument" "with \u{1f6a9} emoji"
[INFO] [stdout] Error: command exited with non-zero code `node ./src/jco.js run --jco-dir ./tests/rundir/preview1_file_write --jco-import ./tests/virtualenvs/scratch.js ./tests/rundir/preview1_file_write.component.wasm hello this  "is an argument" "with \u{1f6a9} emoji"`: 1
[INFO] [stdout] 
[INFO] [stdout] ---- generated::preview1_interesting_paths::preview1_interesting_paths stdout ----
[INFO] [stdout] $ node ./src/jco.js run --jco-dir ./tests/rundir/preview1_interesting_paths --jco-import ./tests/virtualenvs/scratch.js ./tests/rundir/preview1_interesting_paths.component.wasm hello this  "is an argument" "with \u{1f6a9} emoji"
[INFO] [stdout] Error: command exited with non-zero code `node ./src/jco.js run --jco-dir ./tests/rundir/preview1_interesting_paths --jco-import ./tests/virtualenvs/scratch.js ./tests/rundir/preview1_interesting_paths.component.wasm hello this  "is an argument" "with \u{1f6a9} emoji"`: 1
[INFO] [stdout] 
[INFO] [stdout] ---- generated::preview1_overwrite_preopen::preview1_overwrite_preopen stdout ----
[INFO] [stdout] $ node ./src/jco.js run --jco-dir ./tests/rundir/preview1_overwrite_preopen --jco-import ./tests/virtualenvs/scratch.js ./tests/rundir/preview1_overwrite_preopen.component.wasm hello this  "is an argument" "with \u{1f6a9} emoji"
[INFO] [stdout] Error: command exited with non-zero code `node ./src/jco.js run --jco-dir ./tests/rundir/preview1_overwrite_preopen --jco-import ./tests/virtualenvs/scratch.js ./tests/rundir/preview1_overwrite_preopen.component.wasm hello this  "is an argument" "with \u{1f6a9} emoji"`: 1
[INFO] [stdout] 
[INFO] [stdout] ---- generated::preview1_file_seek_tell::preview1_file_seek_tell stdout ----
[INFO] [stdout] $ node ./src/jco.js run --jco-dir ./tests/rundir/preview1_file_seek_tell --jco-import ./tests/virtualenvs/scratch.js ./tests/rundir/preview1_file_seek_tell.component.wasm hello this  "is an argument" "with \u{1f6a9} emoji"
[INFO] [stdout] Error: command exited with non-zero code `node ./src/jco.js run --jco-dir ./tests/rundir/preview1_file_seek_tell --jco-import ./tests/virtualenvs/scratch.js ./tests/rundir/preview1_file_seek_tell.component.wasm hello this  "is an argument" "with \u{1f6a9} emoji"`: 1
[INFO] [stdout] 
[INFO] [stdout] ---- generated::preview1_path_link::preview1_path_link stdout ----
[INFO] [stdout] $ node ./src/jco.js run --jco-dir ./tests/rundir/preview1_path_link --jco-import ./tests/virtualenvs/scratch.js ./tests/rundir/preview1_path_link.component.wasm hello this  "is an argument" "with \u{1f6a9} emoji"
[INFO] [stdout] Error: command exited with non-zero code `node ./src/jco.js run --jco-dir ./tests/rundir/preview1_path_link --jco-import ./tests/virtualenvs/scratch.js ./tests/rundir/preview1_path_link.component.wasm hello this  "is an argument" "with \u{1f6a9} emoji"`: 1
[INFO] [stdout] 
[INFO] [stdout] ---- generated::preview1_nofollow_errors::preview1_nofollow_errors stdout ----
[INFO] [stdout] $ node ./src/jco.js run --jco-dir ./tests/rundir/preview1_nofollow_errors --jco-import ./tests/virtualenvs/scratch.js ./tests/rundir/preview1_nofollow_errors.component.wasm hello this  "is an argument" "with \u{1f6a9} emoji"
[INFO] [stdout] Error: command exited with non-zero code `node ./src/jco.js run --jco-dir ./tests/rundir/preview1_nofollow_errors --jco-import ./tests/virtualenvs/scratch.js ./tests/rundir/preview1_nofollow_errors.component.wasm hello this  "is an argument" "with \u{1f6a9} emoji"`: 1
[INFO] [stdout] 
[INFO] [stdout] ---- generated::preview1_path_open_nonblock::preview1_path_open_nonblock stdout ----
[INFO] [stdout] $ node ./src/jco.js run --jco-dir ./tests/rundir/preview1_path_open_nonblock --jco-import ./tests/virtualenvs/scratch.js ./tests/rundir/preview1_path_open_nonblock.component.wasm hello this  "is an argument" "with \u{1f6a9} emoji"
[INFO] [stdout] Error: command exited with non-zero code `node ./src/jco.js run --jco-dir ./tests/rundir/preview1_path_open_nonblock --jco-import ./tests/virtualenvs/scratch.js ./tests/rundir/preview1_path_open_nonblock.component.wasm hello this  "is an argument" "with \u{1f6a9} emoji"`: 1
[INFO] [stdout] 
[INFO] [stdout] ---- generated::preview1_path_open_dirfd_not_dir::preview1_path_open_dirfd_not_dir stdout ----
[INFO] [stdout] $ node ./src/jco.js run --jco-dir ./tests/rundir/preview1_path_open_dirfd_not_dir --jco-import ./tests/virtualenvs/scratch.js ./tests/rundir/preview1_path_open_dirfd_not_dir.component.wasm hello this  "is an argument" "with \u{1f6a9} emoji"
[INFO] [stdout] Error: command exited with non-zero code `node ./src/jco.js run --jco-dir ./tests/rundir/preview1_path_open_dirfd_not_dir --jco-import ./tests/virtualenvs/scratch.js ./tests/rundir/preview1_path_open_dirfd_not_dir.component.wasm hello this  "is an argument" "with \u{1f6a9} emoji"`: 1
[INFO] [stdout] 
[INFO] [stdout] ---- generated::preview1_path_open_missing::preview1_path_open_missing stdout ----
[INFO] [stdout] $ node ./src/jco.js run --jco-dir ./tests/rundir/preview1_path_open_missing --jco-import ./tests/virtualenvs/scratch.js ./tests/rundir/preview1_path_open_missing.component.wasm hello this  "is an argument" "with \u{1f6a9} emoji"
[INFO] [stdout] Error: command exited with non-zero code `node ./src/jco.js run --jco-dir ./tests/rundir/preview1_path_open_missing --jco-import ./tests/virtualenvs/scratch.js ./tests/rundir/preview1_path_open_missing.component.wasm hello this  "is an argument" "with \u{1f6a9} emoji"`: 1
[INFO] [stdout] 
[INFO] [stdout] ---- generated::preview1_path_open_preopen::preview1_path_open_preopen stdout ----
[INFO] [stdout] $ node ./src/jco.js run --jco-dir ./tests/rundir/preview1_path_open_preopen --jco-import ./tests/virtualenvs/scratch.js ./tests/rundir/preview1_path_open_preopen.component.wasm hello this  "is an argument" "with \u{1f6a9} emoji"
[INFO] [stdout] Error: command exited with non-zero code `node ./src/jco.js run --jco-dir ./tests/rundir/preview1_path_open_preopen --jco-import ./tests/virtualenvs/scratch.js ./tests/rundir/preview1_path_open_preopen.component.wasm hello this  "is an argument" "with \u{1f6a9} emoji"`: 1
[INFO] [stdout] 
[INFO] [stdout] ---- generated::preview1_path_open_create_existing::preview1_path_open_create_existing stdout ----
[INFO] [stdout] $ node ./src/jco.js run --jco-dir ./tests/rundir/preview1_path_open_create_existing --jco-import ./tests/virtualenvs/scratch.js ./tests/rundir/preview1_path_open_create_existing.component.wasm hello this  "is an argument" "with \u{1f6a9} emoji"
[INFO] [stdout] Error: command exited with non-zero code `node ./src/jco.js run --jco-dir ./tests/rundir/preview1_path_open_create_existing --jco-import ./tests/virtualenvs/scratch.js ./tests/rundir/preview1_path_open_create_existing.component.wasm hello this  "is an argument" "with \u{1f6a9} emoji"`: 1
[INFO] [stdout] 
[INFO] [stdout] ---- generated::preview1_path_open_read_write::preview1_path_open_read_write stdout ----
[INFO] [stdout] $ node ./src/jco.js run --jco-dir ./tests/rundir/preview1_path_open_read_write --jco-import ./tests/virtualenvs/scratch.js ./tests/rundir/preview1_path_open_read_write.component.wasm hello this  "is an argument" "with \u{1f6a9} emoji"
[INFO] [stdout] Error: command exited with non-zero code `node ./src/jco.js run --jco-dir ./tests/rundir/preview1_path_open_read_write --jco-import ./tests/virtualenvs/scratch.js ./tests/rundir/preview1_path_open_read_write.component.wasm hello this  "is an argument" "with \u{1f6a9} emoji"`: 1
[INFO] [stdout] 
[INFO] [stdout] ---- generated::preview1_poll_oneoff_files::preview1_poll_oneoff_files stdout ----
[INFO] [stdout] $ node ./src/jco.js run --jco-dir ./tests/rundir/preview1_poll_oneoff_files --jco-import ./tests/virtualenvs/scratch.js ./tests/rundir/preview1_poll_oneoff_files.component.wasm hello this  "is an argument" "with \u{1f6a9} emoji"
[INFO] [stdout] Error: command exited with non-zero code `node ./src/jco.js run --jco-dir ./tests/rundir/preview1_poll_oneoff_files --jco-import ./tests/virtualenvs/scratch.js ./tests/rundir/preview1_poll_oneoff_files.component.wasm hello this  "is an argument" "with \u{1f6a9} emoji"`: 1
[INFO] [stdout] 
[INFO] [stdout] ---- generated::preview1_path_rename::preview1_path_rename stdout ----
[INFO] [stdout] $ node ./src/jco.js run --jco-dir ./tests/rundir/preview1_path_rename --jco-import ./tests/virtualenvs/scratch.js ./tests/rundir/preview1_path_rename.component.wasm hello this  "is an argument" "with \u{1f6a9} emoji"
[INFO] [stdout] Error: command exited with non-zero code `node ./src/jco.js run --jco-dir ./tests/rundir/preview1_path_rename --jco-import ./tests/virtualenvs/scratch.js ./tests/rundir/preview1_path_rename.component.wasm hello this  "is an argument" "with \u{1f6a9} emoji"`: 1
[INFO] [stdout] 
[INFO] [stdout] ---- generated::preview1_path_symlink_trailing_slashes::preview1_path_symlink_trailing_slashes stdout ----
[INFO] [stdout] $ node ./src/jco.js run --jco-dir ./tests/rundir/preview1_path_symlink_trailing_slashes --jco-import ./tests/virtualenvs/scratch.js ./tests/rundir/preview1_path_symlink_trailing_slashes.component.wasm hello this  "is an argument" "with \u{1f6a9} emoji"
[INFO] [stdout] Error: command exited with non-zero code `node ./src/jco.js run --jco-dir ./tests/rundir/preview1_path_symlink_trailing_slashes --jco-import ./tests/virtualenvs/scratch.js ./tests/rundir/preview1_path_symlink_trailing_slashes.component.wasm hello this  "is an argument" "with \u{1f6a9} emoji"`: 1
[INFO] [stdout] 
[INFO] [stdout] ---- generated::preview1_path_rename_dir_trailing_slashes::preview1_path_rename_dir_trailing_slashes stdout ----
[INFO] [stdout] $ node ./src/jco.js run --jco-dir ./tests/rundir/preview1_path_rename_dir_trailing_slashes --jco-import ./tests/virtualenvs/scratch.js ./tests/rundir/preview1_path_rename_dir_trailing_slashes.component.wasm hello this  "is an argument" "with \u{1f6a9} emoji"
[INFO] [stdout] Error: command exited with non-zero code `node ./src/jco.js run --jco-dir ./tests/rundir/preview1_path_rename_dir_trailing_slashes --jco-import ./tests/virtualenvs/scratch.js ./tests/rundir/preview1_path_rename_dir_trailing_slashes.component.wasm hello this  "is an argument" "with \u{1f6a9} emoji"`: 1
[INFO] [stdout] 
[INFO] [stdout] ---- generated::preview1_poll_oneoff_stdio::preview1_poll_oneoff_stdio stdout ----
[INFO] [stdout] $ node ./src/jco.js run --jco-dir ./tests/rundir/preview1_poll_oneoff_stdio --jco-import ./tests/virtualenvs/scratch.js ./tests/rundir/preview1_poll_oneoff_stdio.component.wasm hello this  "is an argument" "with \u{1f6a9} emoji"
[INFO] [stdout] Error: command exited with non-zero code `node ./src/jco.js run --jco-dir ./tests/rundir/preview1_poll_oneoff_stdio --jco-import ./tests/virtualenvs/scratch.js ./tests/rundir/preview1_poll_oneoff_stdio.component.wasm hello this  "is an argument" "with \u{1f6a9} emoji"`: 1
[INFO] [stdout] 
[INFO] [stdout] ---- generated::preview1_readlink::preview1_readlink stdout ----
[INFO] [stdout] $ node ./src/jco.js run --jco-dir ./tests/rundir/preview1_readlink --jco-import ./tests/virtualenvs/scratch.js ./tests/rundir/preview1_readlink.component.wasm hello this  "is an argument" "with \u{1f6a9} emoji"
[INFO] [stdout] Error: command exited with non-zero code `node ./src/jco.js run --jco-dir ./tests/rundir/preview1_readlink --jco-import ./tests/virtualenvs/scratch.js ./tests/rundir/preview1_readlink.component.wasm hello this  "is an argument" "with \u{1f6a9} emoji"`: 1
[INFO] [stdout] 
[INFO] [stdout] ---- generated::preview1_renumber::preview1_renumber stdout ----
[INFO] [stdout] $ node ./src/jco.js run --jco-dir ./tests/rundir/preview1_renumber --jco-import ./tests/virtualenvs/scratch.js ./tests/rundir/preview1_renumber.component.wasm hello this  "is an argument" "with \u{1f6a9} emoji"
[INFO] [stdout] Error: command exited with non-zero code `node ./src/jco.js run --jco-dir ./tests/rundir/preview1_renumber --jco-import ./tests/virtualenvs/scratch.js ./tests/rundir/preview1_renumber.component.wasm hello this  "is an argument" "with \u{1f6a9} emoji"`: 1
[INFO] [stdout] 
[INFO] [stdout] ---- generated::preview1_remove_nonempty_directory::preview1_remove_nonempty_directory stdout ----
[INFO] [stdout] $ node ./src/jco.js run --jco-dir ./tests/rundir/preview1_remove_nonempty_directory --jco-import ./tests/virtualenvs/scratch.js ./tests/rundir/preview1_remove_nonempty_directory.component.wasm hello this  "is an argument" "with \u{1f6a9} emoji"
[INFO] [stdout] Error: command exited with non-zero code `node ./src/jco.js run --jco-dir ./tests/rundir/preview1_remove_nonempty_directory --jco-import ./tests/virtualenvs/scratch.js ./tests/rundir/preview1_remove_nonempty_directory.component.wasm hello this  "is an argument" "with \u{1f6a9} emoji"`: 1
[INFO] [stdout] 
[INFO] [stdout] ---- generated::preview1_regular_file_isatty::preview1_regular_file_isatty stdout ----
[INFO] [stdout] $ node ./src/jco.js run --jco-dir ./tests/rundir/preview1_regular_file_isatty --jco-import ./tests/virtualenvs/scratch.js ./tests/rundir/preview1_regular_file_isatty.component.wasm hello this  "is an argument" "with \u{1f6a9} emoji"
[INFO] [stdout] Error: command exited with non-zero code `node ./src/jco.js run --jco-dir ./tests/rundir/preview1_regular_file_isatty --jco-import ./tests/virtualenvs/scratch.js ./tests/rundir/preview1_regular_file_isatty.component.wasm hello this  "is an argument" "with \u{1f6a9} emoji"`: 1
[INFO] [stdout] 
[INFO] [stdout] ---- generated::preview1_stdio::preview1_stdio stdout ----
[INFO] [stdout] $ node ./src/jco.js run --jco-dir ./tests/rundir/preview1_stdio --jco-import ./tests/virtualenvs/scratch.js ./tests/rundir/preview1_stdio.component.wasm hello this  "is an argument" "with \u{1f6a9} emoji"
[INFO] [stdout] Error: command exited with non-zero code `node ./src/jco.js run --jco-dir ./tests/rundir/preview1_stdio --jco-import ./tests/virtualenvs/scratch.js ./tests/rundir/preview1_stdio.component.wasm hello this  "is an argument" "with \u{1f6a9} emoji"`: 1
[INFO] [stdout] 
[INFO] [stdout] ---- generated::preview1_remove_directory::preview1_remove_directory stdout ----
[INFO] [stdout] $ node ./src/jco.js run --jco-dir ./tests/rundir/preview1_remove_directory --jco-import ./tests/virtualenvs/scratch.js ./tests/rundir/preview1_remove_directory.component.wasm hello this  "is an argument" "with \u{1f6a9} emoji"
[INFO] [stdout] Error: command exited with non-zero code `node ./src/jco.js run --jco-dir ./tests/rundir/preview1_remove_directory --jco-import ./tests/virtualenvs/scratch.js ./tests/rundir/preview1_remove_directory.component.wasm hello this  "is an argument" "with \u{1f6a9} emoji"`: 1
[INFO] [stdout] 
[INFO] [stdout] ---- generated::preview1_sched_yield::preview1_sched_yield stdout ----
[INFO] [stdout] $ node ./src/jco.js run --jco-dir ./tests/rundir/preview1_sched_yield --jco-import ./tests/virtualenvs/scratch.js ./tests/rundir/preview1_sched_yield.component.wasm hello this  "is an argument" "with \u{1f6a9} emoji"
[INFO] [stdout] Error: command exited with non-zero code `node ./src/jco.js run --jco-dir ./tests/rundir/preview1_sched_yield --jco-import ./tests/virtualenvs/scratch.js ./tests/rundir/preview1_sched_yield.component.wasm hello this  "is an argument" "with \u{1f6a9} emoji"`: 1
[INFO] [stdout] 
[INFO] [stdout] ---- generated::preview1_stdio_not_isatty::preview1_stdio_not_isatty stdout ----
[INFO] [stdout] $ node ./src/jco.js run --jco-dir ./tests/rundir/preview1_stdio_not_isatty --jco-import ./tests/virtualenvs/notty.js ./tests/rundir/preview1_stdio_not_isatty.component.wasm hello this  "is an argument" "with \u{1f6a9} emoji"
[INFO] [stdout] Error: command exited with non-zero code `node ./src/jco.js run --jco-dir ./tests/rundir/preview1_stdio_not_isatty --jco-import ./tests/virtualenvs/notty.js ./tests/rundir/preview1_stdio_not_isatty.component.wasm hello this  "is an argument" "with \u{1f6a9} emoji"`: 1
[INFO] [stdout] 
[INFO] [stdout] ---- generated::preview2_tcp_sample_application::preview2_tcp_sample_application stdout ----
[INFO] [stdout] thread 'generated::preview2_tcp_sample_application::preview2_tcp_sample_application' panicked at tests/generated/preview2_tcp_sample_application.rs:16:5:
[INFO] [stdout] skipped
[INFO] [stdout] stack backtrace:
[INFO] [stdout]    0:     0x56553b8e985c - std::backtrace_rs::backtrace::libunwind::trace::ha637c64ce894333a
[INFO] [stdout]                                at /rustc/82e1608dfa6e0b5569232559e3d385fea5a93112/library/std/src/../../backtrace/src/backtrace/libunwind.rs:104:5
[INFO] [stdout]    1:     0x56553b8e985c - std::backtrace_rs::backtrace::trace_unsynchronized::h47f62dea28e0c88d
[INFO] [stdout]                                at /rustc/82e1608dfa6e0b5569232559e3d385fea5a93112/library/std/src/../../backtrace/src/backtrace/mod.rs:66:5
[INFO] [stdout]    2:     0x56553b8e985c - std::sys_common::backtrace::_print_fmt::h9eef0abe20ede486
[INFO] [stdout]                                at /rustc/82e1608dfa6e0b5569232559e3d385fea5a93112/library/std/src/sys_common/backtrace.rs:67:5
[INFO] [stdout]    3:     0x56553b8e985c - <std::sys_common::backtrace::_print::DisplayBacktrace as core::fmt::Display>::fmt::hed7f999df88cc644
[INFO] [stdout]                                at /rustc/82e1608dfa6e0b5569232559e3d385fea5a93112/library/std/src/sys_common/backtrace.rs:44:22
[INFO] [stdout]    4:     0x56553b9145e0 - core::fmt::rt::Argument::fmt::h1539a9308b8d058d
[INFO] [stdout]                                at /rustc/82e1608dfa6e0b5569232559e3d385fea5a93112/library/core/src/fmt/rt.rs:142:9
[INFO] [stdout]    5:     0x56553b9145e0 - core::fmt::write::h3a39390d8560d9c9
[INFO] [stdout]                                at /rustc/82e1608dfa6e0b5569232559e3d385fea5a93112/library/core/src/fmt/mod.rs:1120:17
[INFO] [stdout]    6:     0x56553b8e6aff - std::io::Write::write_fmt::h040b369f3a0f9cbc
[INFO] [stdout]                                at /rustc/82e1608dfa6e0b5569232559e3d385fea5a93112/library/std/src/io/mod.rs:1762:15
[INFO] [stdout]    7:     0x56553b8e9644 - std::sys_common::backtrace::_print::h894006fb5c6f3d45
[INFO] [stdout]                                at /rustc/82e1608dfa6e0b5569232559e3d385fea5a93112/library/std/src/sys_common/backtrace.rs:47:5
[INFO] [stdout]    8:     0x56553b8e9644 - std::sys_common::backtrace::print::h23a2d212c6fff936
[INFO] [stdout]                                at /rustc/82e1608dfa6e0b5569232559e3d385fea5a93112/library/std/src/sys_common/backtrace.rs:34:9
[INFO] [stdout]    9:     0x56553b8eb927 - std::panicking::default_hook::{{closure}}::h8a1d2ee00185001a
[INFO] [stdout]   10:     0x56553b8eb613 - std::panicking::default_hook::h6038f2eba384e475
[INFO] [stdout]                                at /rustc/82e1608dfa6e0b5569232559e3d385fea5a93112/library/std/src/panicking.rs:289:9
[INFO] [stdout]   11:     0x56553b8a46a7 - <alloc::boxed::Box<F,A> as core::ops::function::Fn<Args>>::call::h0ad024c9bdc6d768
[INFO] [stdout]                                at /rustc/82e1608dfa6e0b5569232559e3d385fea5a93112/library/alloc/src/boxed.rs:2021:9
[INFO] [stdout]   12:     0x56553b8a46a7 - test::test_main::{{closure}}::h7500b54257359db6
[INFO] [stdout]                                at /rustc/82e1608dfa6e0b5569232559e3d385fea5a93112/library/test/src/lib.rs:138:21
[INFO] [stdout]   13:     0x56553b8ebf38 - <alloc::boxed::Box<F,A> as core::ops::function::Fn<Args>>::call::h1f8f335eaa9cfaee
[INFO] [stdout]                                at /rustc/82e1608dfa6e0b5569232559e3d385fea5a93112/library/alloc/src/boxed.rs:2021:9
[INFO] [stdout]   14:     0x56553b8ebf38 - std::panicking::rust_panic_with_hook::h2b5517d590cab22e
[INFO] [stdout]                                at /rustc/82e1608dfa6e0b5569232559e3d385fea5a93112/library/std/src/panicking.rs:783:13
[INFO] [stdout]   15:     0x56553b8ebc59 - std::panicking::begin_panic_handler::{{closure}}::h233112c06e0ef43e
[INFO] [stdout]                                at /rustc/82e1608dfa6e0b5569232559e3d385fea5a93112/library/std/src/panicking.rs:649:13
[INFO] [stdout]   16:     0x56553b8e9d26 - std::sys_common::backtrace::__rust_end_short_backtrace::h6e893f24d7ebbff8
[INFO] [stdout]                                at /rustc/82e1608dfa6e0b5569232559e3d385fea5a93112/library/std/src/sys_common/backtrace.rs:170:18
[INFO] [stdout]   17:     0x56553b8eb9f2 - rust_begin_unwind
[INFO] [stdout]                                at /rustc/82e1608dfa6e0b5569232559e3d385fea5a93112/library/std/src/panicking.rs:645:5
[INFO] [stdout]   18:     0x56553b847015 - core::panicking::panic_fmt::hbf0e066aabfa482c
[INFO] [stdout]                                at /rustc/82e1608dfa6e0b5569232559e3d385fea5a93112/library/core/src/panicking.rs:72:14
[INFO] [stdout]   19:     0x56553b86bc18 - mod::generated::preview2_tcp_sample_application::preview2_tcp_sample_application::h2432a9dd9fe04f12
[INFO] [stdout]                                at /opt/rustwide/workdir/tests/generated/preview2_tcp_sample_application.rs:16:5
[INFO] [stdout]   20:     0x56553b86bba7 - mod::generated::preview2_tcp_sample_application::preview2_tcp_sample_application::{{closure}}::hc716ebf567608ac9
[INFO] [stdout]                                at /opt/rustwide/workdir/tests/generated/preview2_tcp_sample_application.rs:8:41
[INFO] [stdout]   21:     0x56553b85b6f6 - core::ops::function::FnOnce::call_once::h5ac882f1e713ef21
[INFO] [stdout]                                at /rustc/82e1608dfa6e0b5569232559e3d385fea5a93112/library/core/src/ops/function.rs:250:5
[INFO] [stdout]   22:     0x56553b8a9cff - core::ops::function::FnOnce::call_once::h2b5d431d5046312d
[INFO] [stdout]                                at /rustc/82e1608dfa6e0b5569232559e3d385fea5a93112/library/core/src/ops/function.rs:250:5
[INFO] [stdout]   23:     0x56553b8a9cff - test::__rust_begin_short_backtrace::h7714669af176e207
[INFO] [stdout]                                at /rustc/82e1608dfa6e0b5569232559e3d385fea5a93112/library/test/src/lib.rs:628:18
[INFO] [stdout]   24:     0x56553b8a8d15 - test::run_test_in_process::{{closure}}::h85218797dcbcec12
[INFO] [stdout]                                at /rustc/82e1608dfa6e0b5569232559e3d385fea5a93112/library/test/src/lib.rs:651:60
[INFO] [stdout]   25:     0x56553b8a8d15 - <core::panic::unwind_safe::AssertUnwindSafe<F> as core::ops::function::FnOnce<()>>::call_once::h76c106ea31c14d7b
[INFO] [stdout]                                at /rustc/82e1608dfa6e0b5569232559e3d385fea5a93112/library/core/src/panic/unwind_safe.rs:272:9
[INFO] [stdout]   26:     0x56553b8a8d15 - std::panicking::try::do_call::h3bd5d0f6620ee946
[INFO] [stdout]                                at /rustc/82e1608dfa6e0b5569232559e3d385fea5a93112/library/std/src/panicking.rs:552:40
[INFO] [stdout]   27:     0x56553b8a8d15 - std::panicking::try::h232e535e4744fe31
[INFO] [stdout]                                at /rustc/82e1608dfa6e0b5569232559e3d385fea5a93112/library/std/src/panicking.rs:516:19
[INFO] [stdout]   28:     0x56553b8a8d15 - std::panic::catch_unwind::h3ce3bd6ca8dbac68
[INFO] [stdout]                                at /rustc/82e1608dfa6e0b5569232559e3d385fea5a93112/library/std/src/panic.rs:142:14
[INFO] [stdout]   29:     0x56553b8a8d15 - test::run_test_in_process::hc97b257c9621286a
[INFO] [stdout]                                at /rustc/82e1608dfa6e0b5569232559e3d385fea5a93112/library/test/src/lib.rs:651:27
[INFO] [stdout]   30:     0x56553b8a8d15 - test::run_test::{{closure}}::h2aa798823a438d38
[INFO] [stdout]                                at /rustc/82e1608dfa6e0b5569232559e3d385fea5a93112/library/test/src/lib.rs:574:43
[INFO] [stdout]   31:     0x56553b870fd6 - test::run_test::{{closure}}::h87d231c78fb59832
[INFO] [stdout]                                at /rustc/82e1608dfa6e0b5569232559e3d385fea5a93112/library/test/src/lib.rs:602:41
[INFO] [stdout]   32:     0x56553b870fd6 - std::sys_common::backtrace::__rust_begin_short_backtrace::he6df152596625789
[INFO] [stdout]                                at /rustc/82e1608dfa6e0b5569232559e3d385fea5a93112/library/std/src/sys_common/backtrace.rs:154:18
[INFO] [stdout]   33:     0x56553b876087 - std::thread::Builder::spawn_unchecked_::{{closure}}::{{closure}}::ha94be15d1e0acf36
[INFO] [stdout]                                at /rustc/82e1608dfa6e0b5569232559e3d385fea5a93112/library/std/src/thread/mod.rs:529:17
[INFO] [stdout]   34:     0x56553b876087 - <core::panic::unwind_safe::AssertUnwindSafe<F> as core::ops::function::FnOnce<()>>::call_once::h9dc6bd6372f16606
[INFO] [stdout]                                at /rustc/82e1608dfa6e0b5569232559e3d385fea5a93112/library/core/src/panic/unwind_safe.rs:272:9
[INFO] [stdout]   35:     0x56553b876087 - std::panicking::try::do_call::h9057517f80303cd4
[INFO] [stdout]                                at /rustc/82e1608dfa6e0b5569232559e3d385fea5a93112/library/std/src/panicking.rs:552:40
[INFO] [stdout]   36:     0x56553b876087 - std::panicking::try::he3a30b11ee45340c
[INFO] [stdout]                                at /rustc/82e1608dfa6e0b5569232559e3d385fea5a93112/library/std/src/panicking.rs:516:19
[INFO] [stdout]   37:     0x56553b876087 - std::panic::catch_unwind::h410458cfd3528b8b
[INFO] [stdout]                                at /rustc/82e1608dfa6e0b5569232559e3d385fea5a93112/library/std/src/panic.rs:142:14
[INFO] [stdout]   38:     0x56553b876087 - std::thread::Builder::spawn_unchecked_::{{closure}}::h72ac3bdb567b737b
[INFO] [stdout]                                at /rustc/82e1608dfa6e0b5569232559e3d385fea5a93112/library/std/src/thread/mod.rs:528:30
[INFO] [stdout]   39:     0x56553b876087 - core::ops::function::FnOnce::call_once{{vtable.shim}}::h38f34da3654a8344
[INFO] [stdout]                                at /rustc/82e1608dfa6e0b5569232559e3d385fea5a93112/library/core/src/ops/function.rs:250:5
[INFO] [stdout]   40:     0x56553b8f14e5 - <alloc::boxed::Box<F,A> as core::ops::function::FnOnce<Args>>::call_once::hc7eafaff61e32df9
[INFO] [stdout]                                at /rustc/82e1608dfa6e0b5569232559e3d385fea5a93112/library/alloc/src/boxed.rs:2007:9
[INFO] [stdout]   41:     0x56553b8f14e5 - <alloc::boxed::Box<F,A> as core::ops::function::FnOnce<Args>>::call_once::h6ba4a5de48dd2304
[INFO] [stdout]                                at /rustc/82e1608dfa6e0b5569232559e3d385fea5a93112/library/alloc/src/boxed.rs:2007:9
[INFO] [stdout]   42:     0x56553b8f14e5 - std::sys::unix::thread::Thread::new::thread_start::he469335aef763e45
[INFO] [stdout]                                at /rustc/82e1608dfa6e0b5569232559e3d385fea5a93112/library/std/src/sys/unix/thread.rs:108:17
[INFO] [stdout]   43:     0x7fa98226aac3 - <unknown>
[INFO] [stdout]   44:     0x7fa9822fbbf4 - __clone
[INFO] [stdout]   45:                0x0 - <unknown>
[INFO] [stdout] 
[INFO] [stdout] ---- generated::preview1_stdio_isatty::preview1_stdio_isatty stdout ----
[INFO] [stdout] $ node ./src/jco.js run --jco-dir ./tests/rundir/preview1_stdio_isatty --jco-import ./tests/virtualenvs/scratch.js ./tests/rundir/preview1_stdio_isatty.component.wasm hello this  "is an argument" "with \u{1f6a9} emoji"
[INFO] [stdout] Error: command exited with non-zero code `node ./src/jco.js run --jco-dir ./tests/rundir/preview1_stdio_isatty --jco-import ./tests/virtualenvs/scratch.js ./tests/rundir/preview1_stdio_isatty.component.wasm hello this  "is an argument" "with \u{1f6a9} emoji"`: 1
[INFO] [stdout] 
[INFO] [stdout] ---- generated::preview1_symlink_create::preview1_symlink_create stdout ----
[INFO] [stdout] $ node ./src/jco.js run --jco-dir ./tests/rundir/preview1_symlink_create --jco-import ./tests/virtualenvs/scratch.js ./tests/rundir/preview1_symlink_create.component.wasm hello this  "is an argument" "with \u{1f6a9} emoji"
[INFO] [stdout] Error: command exited with non-zero code `node ./src/jco.js run --jco-dir ./tests/rundir/preview1_symlink_create --jco-import ./tests/virtualenvs/scratch.js ./tests/rundir/preview1_symlink_create.component.wasm hello this  "is an argument" "with \u{1f6a9} emoji"`: 1
[INFO] [stdout] 
[INFO] [stdout] ---- generated::preview1_symlink_filestat::preview1_symlink_filestat stdout ----
[INFO] [stdout] $ node ./src/jco.js run --jco-dir ./tests/rundir/preview1_symlink_filestat --jco-import ./tests/virtualenvs/scratch.js ./tests/rundir/preview1_symlink_filestat.component.wasm hello this  "is an argument" "with \u{1f6a9} emoji"
[INFO] [stdout] Error: command exited with non-zero code `node ./src/jco.js run --jco-dir ./tests/rundir/preview1_symlink_filestat --jco-import ./tests/virtualenvs/scratch.js ./tests/rundir/preview1_symlink_filestat.component.wasm hello this  "is an argument" "with \u{1f6a9} emoji"`: 1
[INFO] [stdout] 
[INFO] [stdout] ---- generated::preview1_symlink_loop::preview1_symlink_loop stdout ----
[INFO] [stdout] $ node ./src/jco.js run --jco-dir ./tests/rundir/preview1_symlink_loop --jco-import ./tests/virtualenvs/scratch.js ./tests/rundir/preview1_symlink_loop.component.wasm hello this  "is an argument" "with \u{1f6a9} emoji"
[INFO] [stdout] Error: command exited with non-zero code `node ./src/jco.js run --jco-dir ./tests/rundir/preview1_symlink_loop --jco-import ./tests/virtualenvs/scratch.js ./tests/rundir/preview1_symlink_loop.component.wasm hello this  "is an argument" "with \u{1f6a9} emoji"`: 1
[INFO] [stdout] 
[INFO] [stdout] ---- generated::preview1_unicode_output::preview1_unicode_output stdout ----
[INFO] [stdout] $ node ./src/jco.js run --jco-dir ./tests/rundir/preview1_unicode_output --jco-import ./tests/virtualenvs/scratch.js ./tests/rundir/preview1_unicode_output.component.wasm hello this  "is an argument" "with \u{1f6a9} emoji"
[INFO] [stdout] Error: command exited with non-zero code `node ./src/jco.js run --jco-dir ./tests/rundir/preview1_unicode_output --jco-import ./tests/virtualenvs/scratch.js ./tests/rundir/preview1_unicode_output.component.wasm hello this  "is an argument" "with \u{1f6a9} emoji"`: 1
[INFO] [stdout] 
[INFO] [stdout] ---- generated::preview1_unlink_file_trailing_slashes::preview1_unlink_file_trailing_slashes stdout ----
[INFO] [stdout] $ node ./src/jco.js run --jco-dir ./tests/rundir/preview1_unlink_file_trailing_slashes --jco-import ./tests/virtualenvs/scratch.js ./tests/rundir/preview1_unlink_file_trailing_slashes.component.wasm hello this  "is an argument" "with \u{1f6a9} emoji"
[INFO] [stdout] Error: command exited with non-zero code `node ./src/jco.js run --jco-dir ./tests/rundir/preview1_unlink_file_trailing_slashes --jco-import ./tests/virtualenvs/scratch.js ./tests/rundir/preview1_unlink_file_trailing_slashes.component.wasm hello this  "is an argument" "with \u{1f6a9} emoji"`: 1
[INFO] [stdout] 
[INFO] [stdout] ---- generated::preview2_adapter_badfd::preview2_adapter_badfd stdout ----
[INFO] [stdout] $ node ./src/jco.js run --jco-dir ./tests/rundir/preview2_adapter_badfd --jco-import ./tests/virtualenvs/base.js ./tests/rundir/preview2_adapter_badfd.component.wasm hello this  "is an argument" "with \u{1f6a9} emoji"
[INFO] [stdout] Error: command exited with non-zero code `node ./src/jco.js run --jco-dir ./tests/rundir/preview2_adapter_badfd --jco-import ./tests/virtualenvs/base.js ./tests/rundir/preview2_adapter_badfd.component.wasm hello this  "is an argument" "with \u{1f6a9} emoji"`: 1
[INFO] [stdout] 
[INFO] [stdout] ---- generated::preview2_ip_name_lookup::preview2_ip_name_lookup stdout ----
[INFO] [stdout] $ node ./src/jco.js run --jco-dir ./tests/rundir/preview2_ip_name_lookup --jco-import ./tests/virtualenvs/base.js ./tests/rundir/preview2_ip_name_lookup.component.wasm hello this  "is an argument" "with \u{1f6a9} emoji"
[INFO] [stdout] Error: command exited with non-zero code `node ./src/jco.js run --jco-dir ./tests/rundir/preview2_ip_name_lookup --jco-import ./tests/virtualenvs/base.js ./tests/rundir/preview2_ip_name_lookup.component.wasm hello this  "is an argument" "with \u{1f6a9} emoji"`: 1
[INFO] [stdout] 
[INFO] [stdout] ---- generated::preview2_sleep::preview2_sleep stdout ----
[INFO] [stdout] $ node ./src/jco.js run --jco-dir ./tests/rundir/preview2_sleep --jco-import ./tests/virtualenvs/base.js ./tests/rundir/preview2_sleep.component.wasm hello this  "is an argument" "with \u{1f6a9} emoji"
[INFO] [stdout] Error: command exited with non-zero code `node ./src/jco.js run --jco-dir ./tests/rundir/preview2_sleep --jco-import ./tests/virtualenvs/base.js ./tests/rundir/preview2_sleep.component.wasm hello this  "is an argument" "with \u{1f6a9} emoji"`: 1
[INFO] [stdout] 
[INFO] [stdout] ---- generated::preview2_tcp_connect::preview2_tcp_connect stdout ----
[INFO] [stdout] $ node ./src/jco.js run --jco-dir ./tests/rundir/preview2_tcp_connect --jco-import ./tests/virtualenvs/base.js ./tests/rundir/preview2_tcp_connect.component.wasm hello this  "is an argument" "with \u{1f6a9} emoji"
[INFO] [stdout] Error: command exited with non-zero code `node ./src/jco.js run --jco-dir ./tests/rundir/preview2_tcp_connect --jco-import ./tests/virtualenvs/base.js ./tests/rundir/preview2_tcp_connect.component.wasm hello this  "is an argument" "with \u{1f6a9} emoji"`: 1
[INFO] [stdout] 
[INFO] [stdout] ---- generated::preview2_random::preview2_random stdout ----
[INFO] [stdout] $ node ./src/jco.js run --jco-dir ./tests/rundir/preview2_random --jco-import ./tests/virtualenvs/base.js ./tests/rundir/preview2_random.component.wasm hello this  "is an argument" "with \u{1f6a9} emoji"
[INFO] [stdout] Error: command exited with non-zero code `node ./src/jco.js run --jco-dir ./tests/rundir/preview2_random --jco-import ./tests/virtualenvs/base.js ./tests/rundir/preview2_random.component.wasm hello this  "is an argument" "with \u{1f6a9} emoji"`: 1
[INFO] [stdout] 
[INFO] [stdout] ---- generated::preview2_stream_pollable_correct::preview2_stream_pollable_correct stdout ----
[INFO] [stdout] $ node ./src/jco.js run --jco-dir ./tests/rundir/preview2_stream_pollable_correct --jco-import ./tests/virtualenvs/base.js ./tests/rundir/preview2_stream_pollable_correct.component.wasm hello this  "is an argument" "with \u{1f6a9} emoji"
[INFO] [stdout] Error: command exited with non-zero code `node ./src/jco.js run --jco-dir ./tests/rundir/preview2_stream_pollable_correct --jco-import ./tests/virtualenvs/base.js ./tests/rundir/preview2_stream_pollable_correct.component.wasm hello this  "is an argument" "with \u{1f6a9} emoji"`: 1
[INFO] [stdout] 
[INFO] [stdout] ---- generated::preview2_tcp_sockopts::preview2_tcp_sockopts stdout ----
[INFO] [stdout] $ node ./src/jco.js run --jco-dir ./tests/rundir/preview2_tcp_sockopts --jco-import ./tests/virtualenvs/base.js ./tests/rundir/preview2_tcp_sockopts.component.wasm hello this  "is an argument" "with \u{1f6a9} emoji"
[INFO] [stdout] Error: command exited with non-zero code `node ./src/jco.js run --jco-dir ./tests/rundir/preview2_tcp_sockopts --jco-import ./tests/virtualenvs/base.js ./tests/rundir/preview2_tcp_sockopts.component.wasm hello this  "is an argument" "with \u{1f6a9} emoji"`: 1
[INFO] [stdout] 
[INFO] [stdout] ---- generated::preview2_tcp_bind::preview2_tcp_bind stdout ----
[INFO] [stdout] $ node ./src/jco.js run --jco-dir ./tests/rundir/preview2_tcp_bind --jco-import ./tests/virtualenvs/base.js ./tests/rundir/preview2_tcp_bind.component.wasm hello this  "is an argument" "with \u{1f6a9} emoji"
[INFO] [stdout] Error: command exited with non-zero code `node ./src/jco.js run --jco-dir ./tests/rundir/preview2_tcp_bind --jco-import ./tests/virtualenvs/base.js ./tests/rundir/preview2_tcp_bind.component.wasm hello this  "is an argument" "with \u{1f6a9} emoji"`: 1
[INFO] [stdout] 
[INFO] [stdout] ---- generated::preview2_tcp_states::preview2_tcp_states stdout ----
[INFO] [stdout] $ node ./src/jco.js run --jco-dir ./tests/rundir/preview2_tcp_states --jco-import ./tests/virtualenvs/base.js ./tests/rundir/preview2_tcp_states.component.wasm hello this  "is an argument" "with \u{1f6a9} emoji"
[INFO] [stdout] Error: command exited with non-zero code `node ./src/jco.js run --jco-dir ./tests/rundir/preview2_tcp_states --jco-import ./tests/virtualenvs/base.js ./tests/rundir/preview2_tcp_states.component.wasm hello this  "is an argument" "with \u{1f6a9} emoji"`: 1
[INFO] [stdout] 
[INFO] [stdout] ---- generated::preview2_udp_bind::preview2_udp_bind stdout ----
[INFO] [stdout] $ node ./src/jco.js run --jco-dir ./tests/rundir/preview2_udp_bind --jco-import ./tests/virtualenvs/base.js ./tests/rundir/preview2_udp_bind.component.wasm hello this  "is an argument" "with \u{1f6a9} emoji"
[INFO] [stdout] Error: command exited with non-zero code `node ./src/jco.js run --jco-dir ./tests/rundir/preview2_udp_bind --jco-import ./tests/virtualenvs/base.js ./tests/rundir/preview2_udp_bind.component.wasm hello this  "is an argument" "with \u{1f6a9} emoji"`: 1
[INFO] [stdout] 
[INFO] [stdout] ---- generated::preview2_udp_connect::preview2_udp_connect stdout ----
[INFO] [stdout] $ node ./src/jco.js run --jco-dir ./tests/rundir/preview2_udp_connect --jco-import ./tests/virtualenvs/base.js ./tests/rundir/preview2_udp_connect.component.wasm hello this  "is an argument" "with \u{1f6a9} emoji"
[INFO] [stdout] Error: command exited with non-zero code `node ./src/jco.js run --jco-dir ./tests/rundir/preview2_udp_connect --jco-import ./tests/virtualenvs/base.js ./tests/rundir/preview2_udp_connect.component.wasm hello this  "is an argument" "with \u{1f6a9} emoji"`: 1
[INFO] [stdout] 
[INFO] [stdout] ---- generated::preview2_udp_sample_application::preview2_udp_sample_application stdout ----
[INFO] [stdout] $ node ./src/jco.js run --jco-dir ./tests/rundir/preview2_udp_sample_application --jco-import ./tests/virtualenvs/base.js ./tests/rundir/preview2_udp_sample_application.component.wasm hello this  "is an argument" "with \u{1f6a9} emoji"
[INFO] [stdout] Error: command exited with non-zero code `node ./src/jco.js run --jco-dir ./tests/rundir/preview2_udp_sample_application --jco-import ./tests/virtualenvs/base.js ./tests/rundir/preview2_udp_sample_application.component.wasm hello this  "is an argument" "with \u{1f6a9} emoji"`: 1
[INFO] [stdout] 
[INFO] [stdout] ---- generated::preview2_udp_states::preview2_udp_states stdout ----
[INFO] [stdout] $ node ./src/jco.js run --jco-dir ./tests/rundir/preview2_udp_states --jco-import ./tests/virtualenvs/base.js ./tests/rundir/preview2_udp_states.component.wasm hello this  "is an argument" "with \u{1f6a9} emoji"
[INFO] [stdout] Error: command exited with non-zero code `node ./src/jco.js run --jco-dir ./tests/rundir/preview2_udp_states --jco-import ./tests/virtualenvs/base.js ./tests/rundir/preview2_udp_states.component.wasm hello this  "is an argument" "with \u{1f6a9} emoji"`: 1
[INFO] [stdout] 
[INFO] [stdout] ---- generated::preview2_udp_sockopts::preview2_udp_sockopts stdout ----
[INFO] [stdout] $ node ./src/jco.js run --jco-dir ./tests/rundir/preview2_udp_sockopts --jco-import ./tests/virtualenvs/base.js ./tests/rundir/preview2_udp_sockopts.component.wasm hello this  "is an argument" "with \u{1f6a9} emoji"
[INFO] [stdout] Error: command exited with non-zero code `node ./src/jco.js run --jco-dir ./tests/rundir/preview2_udp_sockopts --jco-import ./tests/virtualenvs/base.js ./tests/rundir/preview2_udp_sockopts.component.wasm hello this  "is an argument" "with \u{1f6a9} emoji"`: 1
[INFO] [stdout] 
[INFO] [stdout] ---- generated::proxy_echo::proxy_echo stdout ----
[INFO] [stdout] $ node ./src/jco.js run --jco-dir ./tests/rundir/proxy_echo --jco-import ./tests/virtualenvs/server-api-proxy-streaming.js ./tests/rundir/proxy_echo.component.wasm hello this  "is an argument" "with \u{1f6a9} emoji"
[INFO] [stdout] Error: command exited with non-zero code `node ./src/jco.js run --jco-dir ./tests/rundir/proxy_echo --jco-import ./tests/virtualenvs/server-api-proxy-streaming.js ./tests/rundir/proxy_echo.component.wasm hello this  "is an argument" "with \u{1f6a9} emoji"`: 1
[INFO] [stdout] 
[INFO] [stdout] ---- generated::proxy_hash::proxy_hash stdout ----
[INFO] [stdout] $ node ./src/jco.js run --jco-dir ./tests/rundir/proxy_hash --jco-import ./tests/virtualenvs/server-api-proxy-streaming.js ./tests/rundir/proxy_hash.component.wasm hello this  "is an argument" "with \u{1f6a9} emoji"
[INFO] [stdout] Error: command exited with non-zero code `node ./src/jco.js run --jco-dir ./tests/rundir/proxy_hash --jco-import ./tests/virtualenvs/server-api-proxy-streaming.js ./tests/rundir/proxy_hash.component.wasm hello this  "is an argument" "with \u{1f6a9} emoji"`: 1
[INFO] [stdout] 
[INFO] [stdout] ---- generated::proxy_handler::proxy_handler stdout ----
[INFO] [stdout] $ node ./src/jco.js run --jco-dir ./tests/rundir/proxy_handler --jco-import ./tests/virtualenvs/server-api-proxy.js ./tests/rundir/proxy_handler.component.wasm hello this  "is an argument" "with \u{1f6a9} emoji"
[INFO] [stdout] Error: command exited with non-zero code `node ./src/jco.js run --jco-dir ./tests/rundir/proxy_handler --jco-import ./tests/virtualenvs/server-api-proxy.js ./tests/rundir/proxy_handler.component.wasm hello this  "is an argument" "with \u{1f6a9} emoji"`: 1
[INFO] [stdout] 
[INFO] [stdout] 
[INFO] [stdout] failures:
[INFO] [stdout]     generated::api_reactor::api_reactor
[INFO] [stdout]     generated::api_read_only::api_read_only
[INFO] [stdout]     generated::api_time::api_time
[INFO] [stdout]     generated::cli_args::cli_args
[INFO] [stdout]     generated::cli_default_clocks::cli_default_clocks
[INFO] [stdout]     generated::cli_directory_list::cli_directory_list
[INFO] [stdout]     generated::cli_env::cli_env
[INFO] [stdout]     generated::cli_exit_default::cli_exit_default
[INFO] [stdout]     generated::cli_exit_success::cli_exit_success
[INFO] [stdout]     generated::cli_export_cabi_realloc::cli_export_cabi_realloc
[INFO] [stdout]     generated::cli_file_append::cli_file_append
[INFO] [stdout]     generated::cli_file_dir_sync::cli_file_dir_sync
[INFO] [stdout]     generated::cli_file_read::cli_file_read
[INFO] [stdout]     generated::cli_hello_stdout::cli_hello_stdout
[INFO] [stdout]     generated::cli_no_ip_name_lookup::cli_no_ip_name_lookup
[INFO] [stdout]     generated::cli_no_tcp::cli_no_tcp
[INFO] [stdout]     generated::cli_no_udp::cli_no_udp
[INFO] [stdout]     generated::cli_splice_stdin::cli_splice_stdin
[INFO] [stdout]     generated::cli_stdin::cli_stdin
[INFO] [stdout]     generated::cli_stdio_write_flushes::cli_stdio_write_flushes
[INFO] [stdout]     generated::http_outbound_request_content_length::http_outbound_request_content_length
[INFO] [stdout]     generated::http_outbound_request_get::http_outbound_request_get
[INFO] [stdout]     generated::http_outbound_request_invalid_dnsname::http_outbound_request_invalid_dnsname
[INFO] [stdout]     generated::http_outbound_request_invalid_header::http_outbound_request_invalid_header
[INFO] [stdout]     generated::http_outbound_request_invalid_port::http_outbound_request_invalid_port
[INFO] [stdout]     generated::http_outbound_request_invalid_version::http_outbound_request_invalid_version
[INFO] [stdout]     generated::http_outbound_request_large_post::http_outbound_request_large_post
[INFO] [stdout]     generated::http_outbound_request_post::http_outbound_request_post
[INFO] [stdout]     generated::http_outbound_request_put::http_outbound_request_put
[INFO] [stdout]     generated::http_outbound_request_response_build::http_outbound_request_response_build
[INFO] [stdout]     generated::http_outbound_request_unknown_method::http_outbound_request_unknown_method
[INFO] [stdout]     generated::http_outbound_request_unsupported_scheme::http_outbound_request_unsupported_scheme
[INFO] [stdout]     generated::preview1_big_random_buf::preview1_big_random_buf
[INFO] [stdout]     generated::preview1_clock_time_get::preview1_clock_time_get
[INFO] [stdout]     generated::preview1_close_preopen::preview1_close_preopen
[INFO] [stdout]     generated::preview1_dangling_fd::preview1_dangling_fd
[INFO] [stdout]     generated::preview1_dangling_symlink::preview1_dangling_symlink
[INFO] [stdout]     generated::preview1_dir_fd_op_failures::preview1_dir_fd_op_failures
[INFO] [stdout]     generated::preview1_directory_seek::preview1_directory_seek
[INFO] [stdout]     generated::preview1_fd_advise::preview1_fd_advise
[INFO] [stdout]     generated::preview1_fd_filestat_get::preview1_fd_filestat_get
[INFO] [stdout]     generated::preview1_fd_filestat_set::preview1_fd_filestat_set
[INFO] [stdout]     generated::preview1_fd_flags_set::preview1_fd_flags_set
[INFO] [stdout]     generated::preview1_fd_readdir::preview1_fd_readdir
[INFO] [stdout]     generated::preview1_file_allocate::preview1_file_allocate
[INFO] [stdout]     generated::preview1_file_pread_pwrite::preview1_file_pread_pwrite
[INFO] [stdout]     generated::preview1_file_seek_tell::preview1_file_seek_tell
[INFO] [stdout]     generated::preview1_file_truncation::preview1_file_truncation
[INFO] [stdout]     generated::preview1_file_unbuffered_write::preview1_file_unbuffered_write
[INFO] [stdout]     generated::preview1_file_write::preview1_file_write
[INFO] [stdout]     generated::preview1_interesting_paths::preview1_interesting_paths
[INFO] [stdout]     generated::preview1_nofollow_errors::preview1_nofollow_errors
[INFO] [stdout]     generated::preview1_overwrite_preopen::preview1_overwrite_preopen
[INFO] [stdout]     generated::preview1_path_exists::preview1_path_exists
[INFO] [stdout]     generated::preview1_path_filestat::preview1_path_filestat
[INFO] [stdout]     generated::preview1_path_link::preview1_path_link
[INFO] [stdout]     generated::preview1_path_open_create_existing::preview1_path_open_create_existing
[INFO] [stdout]     generated::preview1_path_open_dirfd_not_dir::preview1_path_open_dirfd_not_dir
[INFO] [stdout]     generated::preview1_path_open_missing::preview1_path_open_missing
[INFO] [stdout]     generated::preview1_path_open_nonblock::preview1_path_open_nonblock
[INFO] [stdout]     generated::preview1_path_open_preopen::preview1_path_open_preopen
[INFO] [stdout]     generated::preview1_path_open_read_write::preview1_path_open_read_write
[INFO] [stdout]     generated::preview1_path_rename::preview1_path_rename
[INFO] [stdout]     generated::preview1_path_rename_dir_trailing_slashes::preview1_path_rename_dir_trailing_slashes
[INFO] [stdout]     generated::preview1_path_symlink_trailing_slashes::preview1_path_symlink_trailing_slashes
[INFO] [stdout]     generated::preview1_poll_oneoff_files::preview1_poll_oneoff_files
[INFO] [stdout]     generated::preview1_poll_oneoff_stdio::preview1_poll_oneoff_stdio
[INFO] [stdout]     generated::preview1_readlink::preview1_readlink
[INFO] [stdout]     generated::preview1_regular_file_isatty::preview1_regular_file_isatty
[INFO] [stdout]     generated::preview1_remove_directory::preview1_remove_directory
[INFO] [stdout]     generated::preview1_remove_nonempty_directory::preview1_remove_nonempty_directory
[INFO] [stdout]     generated::preview1_renumber::preview1_renumber
[INFO] [stdout]     generated::preview1_sched_yield::preview1_sched_yield
[INFO] [stdout]     generated::preview1_stdio::preview1_stdio
[INFO] [stdout]     generated::preview1_stdio_isatty::preview1_stdio_isatty
[INFO] [stdout]     generated::preview1_stdio_not_isatty::preview1_stdio_not_isatty
[INFO] [stdout]     generated::preview1_symlink_create::preview1_symlink_create
[INFO] [stdout]     generated::preview1_symlink_filestat::preview1_symlink_filestat
[INFO] [stdout]     generated::preview1_symlink_loop::preview1_symlink_loop
[INFO] [stdout]     generated::preview1_unicode_output::preview1_unicode_output
[INFO] [stdout]     generated::preview1_unlink_file_trailing_slashes::preview1_unlink_file_trailing_slashes
[INFO] [stdout]     generated::preview2_adapter_badfd::preview2_adapter_badfd
[INFO] [stdout]     generated::preview2_ip_name_lookup::preview2_ip_name_lookup
[INFO] [stdout]     generated::preview2_random::preview2_random
[INFO] [stdout]     generated::preview2_sleep::preview2_sleep
[INFO] [stdout]     generated::preview2_stream_pollable_correct::preview2_stream_pollable_correct
[INFO] [stdout]     generated::preview2_tcp_bind::preview2_tcp_bind
[INFO] [stdout]     generated::preview2_tcp_connect::preview2_tcp_connect
[INFO] [stdout]     generated::preview2_tcp_sample_application::preview2_tcp_sample_application
[INFO] [stdout]     generated::preview2_tcp_sockopts::preview2_tcp_sockopts
[INFO] [stdout]     generated::preview2_tcp_states::preview2_tcp_states
[INFO] [stdout]     generated::preview2_udp_bind::preview2_udp_bind
[INFO] [stdout]     generated::preview2_udp_connect::preview2_udp_connect
[INFO] [stdout]     generated::preview2_udp_sample_application::preview2_udp_sample_application
[INFO] [stdout]     generated::preview2_udp_sockopts::preview2_udp_sockopts
[INFO] [stdout]     generated::preview2_udp_states::preview2_udp_states
[INFO] [stdout]     generated::proxy_echo::proxy_echo
[INFO] [stdout]     generated::proxy_handler::proxy_handler
[INFO] [stdout]     generated::proxy_hash::proxy_hash
[INFO] [stdout] 
[INFO] [stdout] test result: FAILED. 3 passed; 99 failed; 0 ignored; 0 measured; 0 filtered out; finished in 1.19s
[INFO] [stdout] 
[INFO] [stderr] error: test failed, to rerun pass `--test mod`
[INFO] running `Command { std: "docker" "inspect" "0a7e5e5872866b30b69d05dd6e4c5fd9d5aa4a0157bef300f39a9e4318c6f606", kill_on_drop: false }`
[INFO] running `Command { std: "docker" "rm" "-f" "0a7e5e5872866b30b69d05dd6e4c5fd9d5aa4a0157bef300f39a9e4318c6f606", kill_on_drop: false }`
[INFO] [stdout] 0a7e5e5872866b30b69d05dd6e4c5fd9d5aa4a0157bef300f39a9e4318c6f606
