[INFO] cloning repository https://github.com/butzemannn/note2svg
[INFO] running `Command { std: "git" "-c" "credential.helper=" "-c" "credential.helper=/workspace/cargo-home/bin/git-credential-null" "clone" "--bare" "https://github.com/butzemannn/note2svg" "/workspace/cache/git-repos/https%3A%2F%2Fgithub.com%2Fbutzemannn%2Fnote2svg", kill_on_drop: false }`
[INFO] [stderr] Cloning into bare repository '/workspace/cache/git-repos/https%3A%2F%2Fgithub.com%2Fbutzemannn%2Fnote2svg'...
[INFO] running `Command { std: "git" "rev-parse" "HEAD", kill_on_drop: false }`
[INFO] [stdout] a7b24481c7a74d0df93834104ef4902439cd16f9
[INFO] testing butzemannn/note2svg against 1.75.0 for beta-1.76-1
[INFO] running `Command { std: "git" "clone" "/workspace/cache/git-repos/https%3A%2F%2Fgithub.com%2Fbutzemannn%2Fnote2svg" "/workspace/builds/worker-1-tc1/source", kill_on_drop: false }`
[INFO] [stderr] Cloning into '/workspace/builds/worker-1-tc1/source'...
[INFO] [stderr] done.
[INFO] validating manifest of git repo https://github.com/butzemannn/note2svg on toolchain 1.75.0
[INFO] running `Command { std: CARGO_HOME="/workspace/cargo-home" RUSTUP_HOME="/workspace/rustup-home" "/workspace/cargo-home/bin/cargo" "+1.75.0" "metadata" "--manifest-path" "Cargo.toml" "--no-deps", kill_on_drop: false }`
[INFO] started tweaking git repo https://github.com/butzemannn/note2svg
[INFO] finished tweaking git repo https://github.com/butzemannn/note2svg
[INFO] tweaked toml for git repo https://github.com/butzemannn/note2svg written to /workspace/builds/worker-1-tc1/source/Cargo.toml
[INFO] crate git repo https://github.com/butzemannn/note2svg already has a lockfile, it will not be regenerated
[INFO] running `Command { std: CARGO_HOME="/workspace/cargo-home" RUSTUP_HOME="/workspace/rustup-home" "/workspace/cargo-home/bin/cargo" "+1.75.0" "fetch" "--manifest-path" "Cargo.toml", kill_on_drop: false }`
[INFO] [stderr]     Updating crates.io index
[INFO] [stderr]  Downloading crates ...
[INFO] [stderr]   Downloaded dict v0.1.5
[INFO] [stderr]   Downloaded clap v4.0.12
[INFO] running `Command { std: "docker" "create" "-v" "/var/lib/crater-agent-workspace/builds/worker-1-tc1/target:/opt/rustwide/target:rw,Z" "-v" "/var/lib/crater-agent-workspace/builds/worker-1-tc1/source:/opt/rustwide/workdir:ro,Z" "-v" "/var/lib/crater-agent-workspace/cargo-home:/opt/rustwide/cargo-home:ro,Z" "-v" "/var/lib/crater-agent-workspace/rustup-home:/opt/rustwide/rustup-home:ro,Z" "-e" "SOURCE_DIR=/opt/rustwide/workdir" "-e" "CARGO_TARGET_DIR=/opt/rustwide/target" "-e" "CARGO_HOME=/opt/rustwide/cargo-home" "-e" "RUSTUP_HOME=/opt/rustwide/rustup-home" "-w" "/opt/rustwide/workdir" "-m" "1610612736" "--user" "0:0" "--network" "none" "ghcr.io/rust-lang/crates-build-env/linux@sha256:2788e3201cd34a07e3172128adcd8b3090168a8e3bcc40d7c032b9dda1df7d1c" "/opt/rustwide/cargo-home/bin/cargo" "+1.75.0" "metadata" "--no-deps" "--format-version=1", kill_on_drop: false }`
[INFO] [stdout] 2bffaf8a0bdf260f3a4e1ab78a50c9c0612b0dafd8ee3baac3d6df1d7b134adc
[INFO] running `Command { std: "docker" "start" "-a" "2bffaf8a0bdf260f3a4e1ab78a50c9c0612b0dafd8ee3baac3d6df1d7b134adc", kill_on_drop: false }`
[INFO] running `Command { std: "docker" "inspect" "2bffaf8a0bdf260f3a4e1ab78a50c9c0612b0dafd8ee3baac3d6df1d7b134adc", kill_on_drop: false }`
[INFO] running `Command { std: "docker" "rm" "-f" "2bffaf8a0bdf260f3a4e1ab78a50c9c0612b0dafd8ee3baac3d6df1d7b134adc", kill_on_drop: false }`
[INFO] [stdout] 2bffaf8a0bdf260f3a4e1ab78a50c9c0612b0dafd8ee3baac3d6df1d7b134adc
[INFO] running `Command { std: "docker" "create" "-v" "/var/lib/crater-agent-workspace/builds/worker-1-tc1/target:/opt/rustwide/target:rw,Z" "-v" "/var/lib/crater-agent-workspace/builds/worker-1-tc1/source:/opt/rustwide/workdir:ro,Z" "-v" "/var/lib/crater-agent-workspace/cargo-home:/opt/rustwide/cargo-home:ro,Z" "-v" "/var/lib/crater-agent-workspace/rustup-home:/opt/rustwide/rustup-home:ro,Z" "-e" "SOURCE_DIR=/opt/rustwide/workdir" "-e" "CARGO_TARGET_DIR=/opt/rustwide/target" "-e" "CARGO_INCREMENTAL=0" "-e" "RUST_BACKTRACE=full" "-e" "RUSTFLAGS=--cap-lints=warn" "-e" "RUSTDOCFLAGS=--cap-lints=warn" "-e" "CARGO_HOME=/opt/rustwide/cargo-home" "-e" "RUSTUP_HOME=/opt/rustwide/rustup-home" "-w" "/opt/rustwide/workdir" "-m" "1610612736" "--user" "0:0" "--network" "none" "ghcr.io/rust-lang/crates-build-env/linux@sha256:2788e3201cd34a07e3172128adcd8b3090168a8e3bcc40d7c032b9dda1df7d1c" "/opt/rustwide/cargo-home/bin/cargo" "+1.75.0" "build" "--frozen" "--message-format=json", kill_on_drop: false }`
[INFO] [stdout] 23b8ce0531e611e5ab2c36ea7c88eaeeae89efd86562047ba4f4c89b91132a24
[INFO] running `Command { std: "docker" "start" "-a" "23b8ce0531e611e5ab2c36ea7c88eaeeae89efd86562047ba4f4c89b91132a24", kill_on_drop: false }`
[INFO] [stderr]    Compiling proc-macro2 v1.0.46
[INFO] [stderr]    Compiling unicode-ident v1.0.5
[INFO] [stderr]    Compiling quote v1.0.21
[INFO] [stderr]    Compiling libc v0.2.135
[INFO] [stderr]    Compiling syn v1.0.102
[INFO] [stderr]    Compiling serde v1.0.147
[INFO] [stderr]    Compiling heck v0.4.0
[INFO] [stderr]    Compiling num_threads v0.1.6
[INFO] [stderr]    Compiling itoa v1.0.4
[INFO] [stderr]    Compiling time-core v0.1.0
[INFO] [stderr]    Compiling hashbrown v0.12.3
[INFO] [stderr]    Compiling os_str_bytes v6.3.0
[INFO] [stderr]    Compiling safemem v0.3.3
[INFO] [stderr]    Compiling once_cell v1.15.0
[INFO] [stderr]    Compiling indexmap v1.9.1
[INFO] [stderr]    Compiling either v1.8.0
[INFO] [stderr]    Compiling line-wrap v0.1.1
[INFO] [stderr]    Compiling termcolor v1.1.3
[INFO] [stderr]    Compiling xml-rs v0.8.4
[INFO] [stderr]    Compiling strsim v0.10.0
[INFO] [stderr]    Compiling base64 v0.13.1
[INFO] [stderr]    Compiling byteorder v1.4.3
[INFO] [stderr]    Compiling itertools v0.10.5
[INFO] [stderr]    Compiling dict v0.1.5
[INFO] [stderr]    Compiling clap_lex v0.3.0
[INFO] [stderr]    Compiling glob v0.3.0
[INFO] [stderr]    Compiling atty v0.2.14
[INFO] [stderr]    Compiling time v0.3.16
[INFO] [stderr]    Compiling proc-macro-error-attr v1.0.4
[INFO] [stderr]    Compiling plist v1.3.1
[INFO] [stderr]    Compiling proc-macro-error v1.0.4
[INFO] [stderr]    Compiling clap_derive v4.0.10
[INFO] [stderr]    Compiling clap v4.0.12
[INFO] [stderr]    Compiling note2svg v0.1.0 (/opt/rustwide/workdir)
[INFO] [stdout] warning: unused import: `PathBuf`
[INFO] [stdout]  --> src/main.rs:3:23
[INFO] [stdout]   |
[INFO] [stdout] 3 | use std::path::{Path, PathBuf};
[INFO] [stdout]   |                       ^^^^^^^
[INFO] [stdout]   |
[INFO] [stdout]   = note: `#[warn(unused_imports)]` on by default
[INFO] [stdout] 
[INFO] [stdout] 
[INFO] [stdout] warning: unused variable: `points_processed`
[INFO] [stdout]   --> src/main.rs:36:13
[INFO] [stdout]    |
[INFO] [stdout] 36 |         let points_processed = process_points(points)?;
[INFO] [stdout]    |             ^^^^^^^^^^^^^^^^ help: if this is intentional, prefix it with an underscore: `_points_processed`
[INFO] [stdout]    |
[INFO] [stdout]    = note: `#[warn(unused_variables)]` on by default
[INFO] [stdout] 
[INFO] [stdout] 
[INFO] [stdout] warning: unused variable: `number`
[INFO] [stdout]   --> src/main.rs:68:13
[INFO] [stdout]    |
[INFO] [stdout] 68 |         let number = LittleEndian::read_f32(&buffer);
[INFO] [stdout]    |             ^^^^^^ help: if this is intentional, prefix it with an underscore: `_number`
[INFO] [stdout] 
[INFO] [stdout] 
[INFO] [stdout] warning: function `iterate_extracted_notes` is never used
[INFO] [stdout]   --> src/main.rs:27:4
[INFO] [stdout]    |
[INFO] [stdout] 27 | fn iterate_extracted_notes() -> Result<(), Box<dyn std::error::Error>>{
[INFO] [stdout]    |    ^^^^^^^^^^^^^^^^^^^^^^^
[INFO] [stdout]    |
[INFO] [stdout]    = note: `#[warn(dead_code)]` on by default
[INFO] [stdout] 
[INFO] [stdout] 
[INFO] [stdout] warning: function `load_points` is never used
[INFO] [stdout]   --> src/main.rs:44:4
[INFO] [stdout]    |
[INFO] [stdout] 44 | fn load_points(path: &Path) -> Option<Vec<u8>> {
[INFO] [stdout]    |    ^^^^^^^^^^^
[INFO] [stdout] 
[INFO] [stdout] 
[INFO] [stdout] warning: function `process_points` is never used
[INFO] [stdout]   --> src/main.rs:61:4
[INFO] [stdout]    |
[INFO] [stdout] 61 | fn process_points(points: Vec<u8>) -> Result<(), Box<dyn std::error::Error>> {
[INFO] [stdout]    |    ^^^^^^^^^^^^^^
[INFO] [stdout] 
[INFO] [stdout] 
[INFO] [stdout] warning: 6 warnings emitted
[INFO] [stdout] 
[INFO] [stdout] 
[INFO] [stderr]     Finished dev [unoptimized + debuginfo] target(s) in 12.93s
[INFO] running `Command { std: "docker" "inspect" "23b8ce0531e611e5ab2c36ea7c88eaeeae89efd86562047ba4f4c89b91132a24", kill_on_drop: false }`
[INFO] running `Command { std: "docker" "rm" "-f" "23b8ce0531e611e5ab2c36ea7c88eaeeae89efd86562047ba4f4c89b91132a24", kill_on_drop: false }`
[INFO] [stdout] 23b8ce0531e611e5ab2c36ea7c88eaeeae89efd86562047ba4f4c89b91132a24
[INFO] running `Command { std: "docker" "create" "-v" "/var/lib/crater-agent-workspace/builds/worker-1-tc1/target:/opt/rustwide/target:rw,Z" "-v" "/var/lib/crater-agent-workspace/builds/worker-1-tc1/source:/opt/rustwide/workdir:ro,Z" "-v" "/var/lib/crater-agent-workspace/cargo-home:/opt/rustwide/cargo-home:ro,Z" "-v" "/var/lib/crater-agent-workspace/rustup-home:/opt/rustwide/rustup-home:ro,Z" "-e" "SOURCE_DIR=/opt/rustwide/workdir" "-e" "CARGO_TARGET_DIR=/opt/rustwide/target" "-e" "CARGO_INCREMENTAL=0" "-e" "RUST_BACKTRACE=full" "-e" "RUSTFLAGS=--cap-lints=warn" "-e" "RUSTDOCFLAGS=--cap-lints=warn" "-e" "CARGO_HOME=/opt/rustwide/cargo-home" "-e" "RUSTUP_HOME=/opt/rustwide/rustup-home" "-w" "/opt/rustwide/workdir" "-m" "1610612736" "--user" "0:0" "--network" "none" "ghcr.io/rust-lang/crates-build-env/linux@sha256:2788e3201cd34a07e3172128adcd8b3090168a8e3bcc40d7c032b9dda1df7d1c" "/opt/rustwide/cargo-home/bin/cargo" "+1.75.0" "test" "--frozen" "--no-run" "--message-format=json", kill_on_drop: false }`
[INFO] [stdout] 86bb8fe1b1ebde02c7042d7ce6a2084b392702dedee4cd17ba834c0d719684ca
[INFO] running `Command { std: "docker" "start" "-a" "86bb8fe1b1ebde02c7042d7ce6a2084b392702dedee4cd17ba834c0d719684ca", kill_on_drop: false }`
[INFO] [stderr]    Compiling note2svg v0.1.0 (/opt/rustwide/workdir)
[INFO] [stdout] warning: unused variable: `points_processed`
[INFO] [stdout]   --> src/main.rs:36:13
[INFO] [stdout]    |
[INFO] [stdout] 36 |         let points_processed = process_points(points)?;
[INFO] [stdout]    |             ^^^^^^^^^^^^^^^^ help: if this is intentional, prefix it with an underscore: `_points_processed`
[INFO] [stdout]    |
[INFO] [stdout]    = note: `#[warn(unused_variables)]` on by default
[INFO] [stdout] 
[INFO] [stdout] 
[INFO] [stdout] warning: unused variable: `number`
[INFO] [stdout]   --> src/main.rs:68:13
[INFO] [stdout]    |
[INFO] [stdout] 68 |         let number = LittleEndian::read_f32(&buffer);
[INFO] [stdout]    |             ^^^^^^ help: if this is intentional, prefix it with an underscore: `_number`
[INFO] [stdout] 
[INFO] [stdout] 
[INFO] [stdout] warning: unused variable: `points`
[INFO] [stdout]   --> src/main.rs:82:13
[INFO] [stdout]    |
[INFO] [stdout] 82 |         let points = load_points(&path).unwrap();
[INFO] [stdout]    |             ^^^^^^ help: if this is intentional, prefix it with an underscore: `_points`
[INFO] [stdout] 
[INFO] [stdout] 
[INFO] [stdout] warning: 3 warnings emitted
[INFO] [stdout] 
[INFO] [stdout] 
[INFO] [stderr]     Finished test [unoptimized + debuginfo] target(s) in 1.36s
[INFO] running `Command { std: "docker" "inspect" "86bb8fe1b1ebde02c7042d7ce6a2084b392702dedee4cd17ba834c0d719684ca", kill_on_drop: false }`
[INFO] running `Command { std: "docker" "rm" "-f" "86bb8fe1b1ebde02c7042d7ce6a2084b392702dedee4cd17ba834c0d719684ca", kill_on_drop: false }`
[INFO] [stdout] 86bb8fe1b1ebde02c7042d7ce6a2084b392702dedee4cd17ba834c0d719684ca
[INFO] running `Command { std: "docker" "create" "-v" "/var/lib/crater-agent-workspace/builds/worker-1-tc1/target:/opt/rustwide/target:rw,Z" "-v" "/var/lib/crater-agent-workspace/builds/worker-1-tc1/source:/opt/rustwide/workdir:ro,Z" "-v" "/var/lib/crater-agent-workspace/cargo-home:/opt/rustwide/cargo-home:ro,Z" "-v" "/var/lib/crater-agent-workspace/rustup-home:/opt/rustwide/rustup-home:ro,Z" "-e" "SOURCE_DIR=/opt/rustwide/workdir" "-e" "CARGO_TARGET_DIR=/opt/rustwide/target" "-e" "CARGO_INCREMENTAL=0" "-e" "RUST_BACKTRACE=full" "-e" "RUSTFLAGS=--cap-lints=warn" "-e" "RUSTDOCFLAGS=--cap-lints=warn" "-e" "CARGO_HOME=/opt/rustwide/cargo-home" "-e" "RUSTUP_HOME=/opt/rustwide/rustup-home" "-w" "/opt/rustwide/workdir" "-m" "1610612736" "--user" "0:0" "--network" "none" "ghcr.io/rust-lang/crates-build-env/linux@sha256:2788e3201cd34a07e3172128adcd8b3090168a8e3bcc40d7c032b9dda1df7d1c" "/opt/rustwide/cargo-home/bin/cargo" "+1.75.0" "test" "--frozen", kill_on_drop: false }`
[INFO] [stdout] 803ed3d649daee9f7f1b5129711408e76e65161ede5b221a655777e786277270
[INFO] running `Command { std: "docker" "start" "-a" "803ed3d649daee9f7f1b5129711408e76e65161ede5b221a655777e786277270", kill_on_drop: false }`
[INFO] [stderr] warning: unused variable: `points_processed`
[INFO] [stderr]   --> src/main.rs:36:13
[INFO] [stderr]    |
[INFO] [stderr] 36 |         let points_processed = process_points(points)?;
[INFO] [stderr]    |             ^^^^^^^^^^^^^^^^ help: if this is intentional, prefix it with an underscore: `_points_processed`
[INFO] [stderr]    |
[INFO] [stderr]    = note: `#[warn(unused_variables)]` on by default
[INFO] [stderr] 
[INFO] [stderr] warning: unused variable: `number`
[INFO] [stderr]   --> src/main.rs:68:13
[INFO] [stderr]    |
[INFO] [stderr] 68 |         let number = LittleEndian::read_f32(&buffer);
[INFO] [stderr]    |             ^^^^^^ help: if this is intentional, prefix it with an underscore: `_number`
[INFO] [stderr] 
[INFO] [stderr] warning: unused variable: `points`
[INFO] [stderr]   --> src/main.rs:82:13
[INFO] [stderr]    |
[INFO] [stderr] 82 |         let points = load_points(&path).unwrap();
[INFO] [stderr]    |             ^^^^^^ help: if this is intentional, prefix it with an underscore: `_points`
[INFO] [stderr] 
[INFO] [stderr] warning: `note2svg` (bin "note2svg" test) generated 3 warnings (run `cargo fix --bin "note2svg" --tests` to apply 3 suggestions)
[INFO] [stderr]     Finished test [unoptimized + debuginfo] target(s) in 0.04s
[INFO] [stderr]      Running unittests src/main.rs (/opt/rustwide/target/debug/deps/note2svg-fdf86509b87eb53f)
[INFO] [stdout] 
[INFO] [stdout] running 3 tests
[INFO] [stdout] test test::test_iterate_extracted_notes ... ok
[INFO] [stdout] test test::test_process_points ... ok
[INFO] [stdout] test test::test_load_points ... FAILED
[INFO] [stdout] 
[INFO] [stdout] failures:
[INFO] [stdout] 
[INFO] [stdout] ---- test::test_load_points stdout ----
[INFO] [stdout] thread 'test::test_load_points' panicked at src/main.rs:82:41:
[INFO] [stdout] called `Option::unwrap()` on a `None` value
[INFO] [stdout] stack backtrace:
[INFO] [stdout]    0:     0x55e1b0d3b84c - std::backtrace_rs::backtrace::libunwind::trace::ha637c64ce894333a
[INFO] [stdout]                                at /rustc/82e1608dfa6e0b5569232559e3d385fea5a93112/library/std/src/../../backtrace/src/backtrace/libunwind.rs:104:5
[INFO] [stdout]    1:     0x55e1b0d3b84c - std::backtrace_rs::backtrace::trace_unsynchronized::h47f62dea28e0c88d
[INFO] [stdout]                                at /rustc/82e1608dfa6e0b5569232559e3d385fea5a93112/library/std/src/../../backtrace/src/backtrace/mod.rs:66:5
[INFO] [stdout]    2:     0x55e1b0d3b84c - std::sys_common::backtrace::_print_fmt::h9eef0abe20ede486
[INFO] [stdout]                                at /rustc/82e1608dfa6e0b5569232559e3d385fea5a93112/library/std/src/sys_common/backtrace.rs:67:5
[INFO] [stdout]    3:     0x55e1b0d3b84c - <std::sys_common::backtrace::_print::DisplayBacktrace as core::fmt::Display>::fmt::hed7f999df88cc644
[INFO] [stdout]                                at /rustc/82e1608dfa6e0b5569232559e3d385fea5a93112/library/std/src/sys_common/backtrace.rs:44:22
[INFO] [stdout]    4:     0x55e1b0d66c20 - core::fmt::rt::Argument::fmt::h1539a9308b8d058d
[INFO] [stdout]                                at /rustc/82e1608dfa6e0b5569232559e3d385fea5a93112/library/core/src/fmt/rt.rs:142:9
[INFO] [stdout]    5:     0x55e1b0d66c20 - core::fmt::write::h3a39390d8560d9c9
[INFO] [stdout]                                at /rustc/82e1608dfa6e0b5569232559e3d385fea5a93112/library/core/src/fmt/mod.rs:1120:17
[INFO] [stdout]    6:     0x55e1b0d38e7f - std::io::Write::write_fmt::h040b369f3a0f9cbc
[INFO] [stdout]                                at /rustc/82e1608dfa6e0b5569232559e3d385fea5a93112/library/std/src/io/mod.rs:1762:15
[INFO] [stdout]    7:     0x55e1b0d3b634 - std::sys_common::backtrace::_print::h894006fb5c6f3d45
[INFO] [stdout]                                at /rustc/82e1608dfa6e0b5569232559e3d385fea5a93112/library/std/src/sys_common/backtrace.rs:47:5
[INFO] [stdout]    8:     0x55e1b0d3b634 - std::sys_common::backtrace::print::h23a2d212c6fff936
[INFO] [stdout]                                at /rustc/82e1608dfa6e0b5569232559e3d385fea5a93112/library/std/src/sys_common/backtrace.rs:34:9
[INFO] [stdout]    9:     0x55e1b0d3d2f7 - std::panicking::default_hook::{{closure}}::h8a1d2ee00185001a
[INFO] [stdout]   10:     0x55e1b0d3cfe3 - std::panicking::default_hook::h6038f2eba384e475
[INFO] [stdout]                                at /rustc/82e1608dfa6e0b5569232559e3d385fea5a93112/library/std/src/panicking.rs:289:9
[INFO] [stdout]   11:     0x55e1b0ca52a7 - <alloc::boxed::Box<F,A> as core::ops::function::Fn<Args>>::call::h0ad024c9bdc6d768
[INFO] [stdout]                                at /rustc/82e1608dfa6e0b5569232559e3d385fea5a93112/library/alloc/src/boxed.rs:2021:9
[INFO] [stdout]   12:     0x55e1b0ca52a7 - test::test_main::{{closure}}::h7500b54257359db6
[INFO] [stdout]                                at /rustc/82e1608dfa6e0b5569232559e3d385fea5a93112/library/test/src/lib.rs:138:21
[INFO] [stdout]   13:     0x55e1b0d3d908 - <alloc::boxed::Box<F,A> as core::ops::function::Fn<Args>>::call::h1f8f335eaa9cfaee
[INFO] [stdout]                                at /rustc/82e1608dfa6e0b5569232559e3d385fea5a93112/library/alloc/src/boxed.rs:2021:9
[INFO] [stdout]   14:     0x55e1b0d3d908 - std::panicking::rust_panic_with_hook::h2b5517d590cab22e
[INFO] [stdout]                                at /rustc/82e1608dfa6e0b5569232559e3d385fea5a93112/library/std/src/panicking.rs:783:13
[INFO] [stdout]   15:     0x55e1b0d3d629 - std::panicking::begin_panic_handler::{{closure}}::h233112c06e0ef43e
[INFO] [stdout]                                at /rustc/82e1608dfa6e0b5569232559e3d385fea5a93112/library/std/src/panicking.rs:649:13
[INFO] [stdout]   16:     0x55e1b0d3bd16 - std::sys_common::backtrace::__rust_end_short_backtrace::h6e893f24d7ebbff8
[INFO] [stdout]                                at /rustc/82e1608dfa6e0b5569232559e3d385fea5a93112/library/std/src/sys_common/backtrace.rs:170:18
[INFO] [stdout]   17:     0x55e1b0d3d3c2 - rust_begin_unwind
[INFO] [stdout]                                at /rustc/82e1608dfa6e0b5569232559e3d385fea5a93112/library/std/src/panicking.rs:645:5
[INFO] [stdout]   18:     0x55e1b0c47d85 - core::panicking::panic_fmt::hbf0e066aabfa482c
[INFO] [stdout]                                at /rustc/82e1608dfa6e0b5569232559e3d385fea5a93112/library/core/src/panicking.rs:72:14
[INFO] [stdout]   19:     0x55e1b0c47e23 - core::panicking::panic::h195fc2a96298d4c3
[INFO] [stdout]                                at /rustc/82e1608dfa6e0b5569232559e3d385fea5a93112/library/core/src/panicking.rs:127:5
[INFO] [stdout]   20:     0x55e1b0c5feea - core::option::Option<T>::unwrap::h33bc296e6e3de05b
[INFO] [stdout]                                at /rustc/82e1608dfa6e0b5569232559e3d385fea5a93112/library/core/src/option.rs:931:21
[INFO] [stdout]   21:     0x55e1b0c5c585 - note2svg::test::test_load_points::hd373ff16fb8c4968
[INFO] [stdout]                                at /opt/rustwide/workdir/src/main.rs:82:22
[INFO] [stdout]   22:     0x55e1b0c5c4e7 - note2svg::test::test_load_points::{{closure}}::h61cd1bbb28289a32
[INFO] [stdout]                                at /opt/rustwide/workdir/src/main.rs:80:26
[INFO] [stdout]   23:     0x55e1b0c57386 - core::ops::function::FnOnce::call_once::ha83fde4205672846
[INFO] [stdout]                                at /rustc/82e1608dfa6e0b5569232559e3d385fea5a93112/library/core/src/ops/function.rs:250:5
[INFO] [stdout]   24:     0x55e1b0caa8ff - core::ops::function::FnOnce::call_once::h2b5d431d5046312d
[INFO] [stdout]                                at /rustc/82e1608dfa6e0b5569232559e3d385fea5a93112/library/core/src/ops/function.rs:250:5
[INFO] [stdout]   25:     0x55e1b0caa8ff - test::__rust_begin_short_backtrace::h7714669af176e207
[INFO] [stdout]                                at /rustc/82e1608dfa6e0b5569232559e3d385fea5a93112/library/test/src/lib.rs:628:18
[INFO] [stdout]   26:     0x55e1b0ca9915 - test::run_test_in_process::{{closure}}::h85218797dcbcec12
[INFO] [stdout]                                at /rustc/82e1608dfa6e0b5569232559e3d385fea5a93112/library/test/src/lib.rs:651:60
[INFO] [stdout]   27:     0x55e1b0ca9915 - <core::panic::unwind_safe::AssertUnwindSafe<F> as core::ops::function::FnOnce<()>>::call_once::h76c106ea31c14d7b
[INFO] [stdout]                                at /rustc/82e1608dfa6e0b5569232559e3d385fea5a93112/library/core/src/panic/unwind_safe.rs:272:9
[INFO] [stdout]   28:     0x55e1b0ca9915 - std::panicking::try::do_call::h3bd5d0f6620ee946
[INFO] [stdout]                                at /rustc/82e1608dfa6e0b5569232559e3d385fea5a93112/library/std/src/panicking.rs:552:40
[INFO] [stdout]   29:     0x55e1b0ca9915 - std::panicking::try::h232e535e4744fe31
[INFO] [stdout]                                at /rustc/82e1608dfa6e0b5569232559e3d385fea5a93112/library/std/src/panicking.rs:516:19
[INFO] [stdout]   30:     0x55e1b0ca9915 - std::panic::catch_unwind::h3ce3bd6ca8dbac68
[INFO] [stdout]                                at /rustc/82e1608dfa6e0b5569232559e3d385fea5a93112/library/std/src/panic.rs:142:14
[INFO] [stdout]   31:     0x55e1b0ca9915 - test::run_test_in_process::hc97b257c9621286a
[INFO] [stdout]                                at /rustc/82e1608dfa6e0b5569232559e3d385fea5a93112/library/test/src/lib.rs:651:27
[INFO] [stdout]   32:     0x55e1b0ca9915 - test::run_test::{{closure}}::h2aa798823a438d38
[INFO] [stdout]                                at /rustc/82e1608dfa6e0b5569232559e3d385fea5a93112/library/test/src/lib.rs:574:43
[INFO] [stdout]   33:     0x55e1b0c71bd6 - test::run_test::{{closure}}::h87d231c78fb59832
[INFO] [stdout]                                at /rustc/82e1608dfa6e0b5569232559e3d385fea5a93112/library/test/src/lib.rs:602:41
[INFO] [stdout]   34:     0x55e1b0c71bd6 - std::sys_common::backtrace::__rust_begin_short_backtrace::he6df152596625789
[INFO] [stdout]                                at /rustc/82e1608dfa6e0b5569232559e3d385fea5a93112/library/std/src/sys_common/backtrace.rs:154:18
[INFO] [stdout]   35:     0x55e1b0c76c87 - std::thread::Builder::spawn_unchecked_::{{closure}}::{{closure}}::ha94be15d1e0acf36
[INFO] [stdout]                                at /rustc/82e1608dfa6e0b5569232559e3d385fea5a93112/library/std/src/thread/mod.rs:529:17
[INFO] [stdout]   36:     0x55e1b0c76c87 - <core::panic::unwind_safe::AssertUnwindSafe<F> as core::ops::function::FnOnce<()>>::call_once::h9dc6bd6372f16606
[INFO] [stdout]                                at /rustc/82e1608dfa6e0b5569232559e3d385fea5a93112/library/core/src/panic/unwind_safe.rs:272:9
[INFO] [stdout]   37:     0x55e1b0c76c87 - std::panicking::try::do_call::h9057517f80303cd4
[INFO] [stdout]                                at /rustc/82e1608dfa6e0b5569232559e3d385fea5a93112/library/std/src/panicking.rs:552:40
[INFO] [stdout]   38:     0x55e1b0c76c87 - std::panicking::try::he3a30b11ee45340c
[INFO] [stdout]                                at /rustc/82e1608dfa6e0b5569232559e3d385fea5a93112/library/std/src/panicking.rs:516:19
[INFO] [stdout]   39:     0x55e1b0c76c87 - std::panic::catch_unwind::h410458cfd3528b8b
[INFO] [stdout]                                at /rustc/82e1608dfa6e0b5569232559e3d385fea5a93112/library/std/src/panic.rs:142:14
[INFO] [stdout]   40:     0x55e1b0c76c87 - std::thread::Builder::spawn_unchecked_::{{closure}}::h72ac3bdb567b737b
[INFO] [stdout]                                at /rustc/82e1608dfa6e0b5569232559e3d385fea5a93112/library/std/src/thread/mod.rs:528:30
[INFO] [stdout]   41:     0x55e1b0c76c87 - core::ops::function::FnOnce::call_once{{vtable.shim}}::h38f34da3654a8344
[INFO] [stdout]                                at /rustc/82e1608dfa6e0b5569232559e3d385fea5a93112/library/core/src/ops/function.rs:250:5
[INFO] [stdout]   42:     0x55e1b0d42895 - <alloc::boxed::Box<F,A> as core::ops::function::FnOnce<Args>>::call_once::hc7eafaff61e32df9
[INFO] [stdout]                                at /rustc/82e1608dfa6e0b5569232559e3d385fea5a93112/library/alloc/src/boxed.rs:2007:9
[INFO] [stdout]   43:     0x55e1b0d42895 - <alloc::boxed::Box<F,A> as core::ops::function::FnOnce<Args>>::call_once::h6ba4a5de48dd2304
[INFO] [stdout]                                at /rustc/82e1608dfa6e0b5569232559e3d385fea5a93112/library/alloc/src/boxed.rs:2007:9
[INFO] [stdout]   44:     0x55e1b0d42895 - std::sys::unix::thread::Thread::new::thread_start::he469335aef763e45
[INFO] [stdout]                                at /rustc/82e1608dfa6e0b5569232559e3d385fea5a93112/library/std/src/sys/unix/thread.rs:108:17
[INFO] [stdout]   45:     0x7f3f8c711ac3 - <unknown>
[INFO] [stdout]   46:     0x7f3f8c7a2bf4 - __clone
[INFO] [stdout]   47:                0x0 - <unknown>
[INFO] [stdout] 
[INFO] [stdout] 
[INFO] [stdout] failures:
[INFO] [stdout]     test::test_load_points
[INFO] [stdout] 
[INFO] [stdout] test result: FAILED. 2 passed; 1 failed; 0 ignored; 0 measured; 0 filtered out; finished in 0.04s
[INFO] [stdout] 
[INFO] [stderr] error: test failed, to rerun pass `--bin note2svg`
[INFO] running `Command { std: "docker" "inspect" "803ed3d649daee9f7f1b5129711408e76e65161ede5b221a655777e786277270", kill_on_drop: false }`
[INFO] running `Command { std: "docker" "rm" "-f" "803ed3d649daee9f7f1b5129711408e76e65161ede5b221a655777e786277270", kill_on_drop: false }`
[INFO] [stdout] 803ed3d649daee9f7f1b5129711408e76e65161ede5b221a655777e786277270
[INFO] testing butzemannn/note2svg against beta-2023-12-22 for beta-1.76-1
[INFO] running `Command { std: "git" "clone" "/workspace/cache/git-repos/https%3A%2F%2Fgithub.com%2Fbutzemannn%2Fnote2svg" "/workspace/builds/worker-1-tc2/source", kill_on_drop: false }`
[INFO] [stderr] Cloning into '/workspace/builds/worker-1-tc2/source'...
[INFO] [stderr] done.
[INFO] validating manifest of git repo https://github.com/butzemannn/note2svg on toolchain beta-2023-12-22
[INFO] running `Command { std: CARGO_HOME="/workspace/cargo-home" RUSTUP_HOME="/workspace/rustup-home" "/workspace/cargo-home/bin/cargo" "+beta-2023-12-22" "metadata" "--manifest-path" "Cargo.toml" "--no-deps", kill_on_drop: false }`
[INFO] started tweaking git repo https://github.com/butzemannn/note2svg
[INFO] finished tweaking git repo https://github.com/butzemannn/note2svg
[INFO] tweaked toml for git repo https://github.com/butzemannn/note2svg written to /workspace/builds/worker-1-tc2/source/Cargo.toml
[INFO] crate git repo https://github.com/butzemannn/note2svg already has a lockfile, it will not be regenerated
[INFO] running `Command { std: CARGO_HOME="/workspace/cargo-home" RUSTUP_HOME="/workspace/rustup-home" "/workspace/cargo-home/bin/cargo" "+beta-2023-12-22" "fetch" "--manifest-path" "Cargo.toml", kill_on_drop: false }`
[INFO] running `Command { std: "docker" "create" "-v" "/var/lib/crater-agent-workspace/builds/worker-1-tc2/target:/opt/rustwide/target:rw,Z" "-v" "/var/lib/crater-agent-workspace/builds/worker-1-tc2/source:/opt/rustwide/workdir:ro,Z" "-v" "/var/lib/crater-agent-workspace/cargo-home:/opt/rustwide/cargo-home:ro,Z" "-v" "/var/lib/crater-agent-workspace/rustup-home:/opt/rustwide/rustup-home:ro,Z" "-e" "SOURCE_DIR=/opt/rustwide/workdir" "-e" "CARGO_TARGET_DIR=/opt/rustwide/target" "-e" "CARGO_HOME=/opt/rustwide/cargo-home" "-e" "RUSTUP_HOME=/opt/rustwide/rustup-home" "-w" "/opt/rustwide/workdir" "-m" "1610612736" "--user" "0:0" "--network" "none" "ghcr.io/rust-lang/crates-build-env/linux@sha256:2788e3201cd34a07e3172128adcd8b3090168a8e3bcc40d7c032b9dda1df7d1c" "/opt/rustwide/cargo-home/bin/cargo" "+beta-2023-12-22" "metadata" "--no-deps" "--format-version=1", kill_on_drop: false }`
[INFO] [stdout] 72fbb091875819864878e2283114dd6e3240d632fa5cd7c1a54c408104c7d978
[INFO] running `Command { std: "docker" "start" "-a" "72fbb091875819864878e2283114dd6e3240d632fa5cd7c1a54c408104c7d978", kill_on_drop: false }`
[INFO] running `Command { std: "docker" "inspect" "72fbb091875819864878e2283114dd6e3240d632fa5cd7c1a54c408104c7d978", kill_on_drop: false }`
[INFO] running `Command { std: "docker" "rm" "-f" "72fbb091875819864878e2283114dd6e3240d632fa5cd7c1a54c408104c7d978", kill_on_drop: false }`
[INFO] [stdout] 72fbb091875819864878e2283114dd6e3240d632fa5cd7c1a54c408104c7d978
[INFO] running `Command { std: "docker" "create" "-v" "/var/lib/crater-agent-workspace/builds/worker-1-tc2/target:/opt/rustwide/target:rw,Z" "-v" "/var/lib/crater-agent-workspace/builds/worker-1-tc2/source:/opt/rustwide/workdir:ro,Z" "-v" "/var/lib/crater-agent-workspace/cargo-home:/opt/rustwide/cargo-home:ro,Z" "-v" "/var/lib/crater-agent-workspace/rustup-home:/opt/rustwide/rustup-home:ro,Z" "-e" "SOURCE_DIR=/opt/rustwide/workdir" "-e" "CARGO_TARGET_DIR=/opt/rustwide/target" "-e" "CARGO_INCREMENTAL=0" "-e" "RUST_BACKTRACE=full" "-e" "RUSTFLAGS=--cap-lints=warn" "-e" "RUSTDOCFLAGS=--cap-lints=warn" "-e" "CARGO_HOME=/opt/rustwide/cargo-home" "-e" "RUSTUP_HOME=/opt/rustwide/rustup-home" "-w" "/opt/rustwide/workdir" "-m" "1610612736" "--user" "0:0" "--network" "none" "ghcr.io/rust-lang/crates-build-env/linux@sha256:2788e3201cd34a07e3172128adcd8b3090168a8e3bcc40d7c032b9dda1df7d1c" "/opt/rustwide/cargo-home/bin/cargo" "+beta-2023-12-22" "build" "--frozen" "--message-format=json", kill_on_drop: false }`
[INFO] [stdout] 247177dd4db6c450d82c71ffd63d20f29d4a6f326dba5c6c6503f45818fc5916
[INFO] running `Command { std: "docker" "start" "-a" "247177dd4db6c450d82c71ffd63d20f29d4a6f326dba5c6c6503f45818fc5916", kill_on_drop: false }`
[INFO] [stderr]    Compiling proc-macro2 v1.0.46
[INFO] [stderr]    Compiling unicode-ident v1.0.5
[INFO] [stderr]    Compiling quote v1.0.21
[INFO] [stderr]    Compiling libc v0.2.135
[INFO] [stderr]    Compiling syn v1.0.102
[INFO] [stderr]    Compiling serde v1.0.147
[INFO] [stderr]    Compiling time-core v0.1.0
[INFO] [stderr]    Compiling os_str_bytes v6.3.0
[INFO] [stderr]    Compiling hashbrown v0.12.3
[INFO] [stderr]    Compiling safemem v0.3.3
[INFO] [stderr]    Compiling heck v0.4.0
[INFO] [stderr]    Compiling itoa v1.0.4
[INFO] [stderr]    Compiling num_threads v0.1.6
[INFO] [stderr]    Compiling indexmap v1.9.1
[INFO] [stderr]    Compiling either v1.8.0
[INFO] [stderr]    Compiling base64 v0.13.1
[INFO] [stderr]    Compiling once_cell v1.15.0
[INFO] [stderr]    Compiling termcolor v1.1.3
[INFO] [stderr]    Compiling line-wrap v0.1.1
[INFO] [stderr]    Compiling strsim v0.10.0
[INFO] [stderr]    Compiling xml-rs v0.8.4
[INFO] [stderr]    Compiling itertools v0.10.5
[INFO] [stderr]    Compiling glob v0.3.0
[INFO] [stderr]    Compiling clap_lex v0.3.0
[INFO] [stderr]    Compiling byteorder v1.4.3
[INFO] [stderr]    Compiling dict v0.1.5
[INFO] [stderr]    Compiling atty v0.2.14
[INFO] [stderr]    Compiling time v0.3.16
[INFO] [stderr]    Compiling proc-macro-error-attr v1.0.4
[INFO] [stderr]    Compiling proc-macro-error v1.0.4
[INFO] [stderr]    Compiling plist v1.3.1
[INFO] [stderr]    Compiling clap_derive v4.0.10
[INFO] [stderr]    Compiling clap v4.0.12
[INFO] [stderr]    Compiling note2svg v0.1.0 (/opt/rustwide/workdir)
[INFO] [stdout] warning: unused import: `PathBuf`
[INFO] [stdout]  --> src/main.rs:3:23
[INFO] [stdout]   |
[INFO] [stdout] 3 | use std::path::{Path, PathBuf};
[INFO] [stdout]   |                       ^^^^^^^
[INFO] [stdout]   |
[INFO] [stdout]   = note: `#[warn(unused_imports)]` on by default
[INFO] [stdout] 
[INFO] [stdout] 
[INFO] [stdout] warning: unused variable: `points_processed`
[INFO] [stdout]   --> src/main.rs:36:13
[INFO] [stdout]    |
[INFO] [stdout] 36 |         let points_processed = process_points(points)?;
[INFO] [stdout]    |             ^^^^^^^^^^^^^^^^ help: if this is intentional, prefix it with an underscore: `_points_processed`
[INFO] [stdout]    |
[INFO] [stdout]    = note: `#[warn(unused_variables)]` on by default
[INFO] [stdout] 
[INFO] [stdout] 
[INFO] [stdout] warning: unused variable: `number`
[INFO] [stdout]   --> src/main.rs:68:13
[INFO] [stdout]    |
[INFO] [stdout] 68 |         let number = LittleEndian::read_f32(&buffer);
[INFO] [stdout]    |             ^^^^^^ help: if this is intentional, prefix it with an underscore: `_number`
[INFO] [stdout] 
[INFO] [stdout] 
[INFO] [stdout] warning: function `iterate_extracted_notes` is never used
[INFO] [stdout]   --> src/main.rs:27:4
[INFO] [stdout]    |
[INFO] [stdout] 27 | fn iterate_extracted_notes() -> Result<(), Box<dyn std::error::Error>>{
[INFO] [stdout]    |    ^^^^^^^^^^^^^^^^^^^^^^^
[INFO] [stdout]    |
[INFO] [stdout]    = note: `#[warn(dead_code)]` on by default
[INFO] [stdout] 
[INFO] [stdout] 
[INFO] [stdout] warning: function `load_points` is never used
[INFO] [stdout]   --> src/main.rs:44:4
[INFO] [stdout]    |
[INFO] [stdout] 44 | fn load_points(path: &Path) -> Option<Vec<u8>> {
[INFO] [stdout]    |    ^^^^^^^^^^^
[INFO] [stdout] 
[INFO] [stdout] 
[INFO] [stdout] warning: function `process_points` is never used
[INFO] [stdout]   --> src/main.rs:61:4
[INFO] [stdout]    |
[INFO] [stdout] 61 | fn process_points(points: Vec<u8>) -> Result<(), Box<dyn std::error::Error>> {
[INFO] [stdout]    |    ^^^^^^^^^^^^^^
[INFO] [stdout] 
[INFO] [stdout] 
[INFO] [stdout] warning: 6 warnings emitted
[INFO] [stdout] 
[INFO] [stdout] 
[INFO] [stderr]     Finished dev [unoptimized + debuginfo] target(s) in 8.54s
[INFO] running `Command { std: "docker" "inspect" "247177dd4db6c450d82c71ffd63d20f29d4a6f326dba5c6c6503f45818fc5916", kill_on_drop: false }`
[INFO] running `Command { std: "docker" "rm" "-f" "247177dd4db6c450d82c71ffd63d20f29d4a6f326dba5c6c6503f45818fc5916", kill_on_drop: false }`
[INFO] [stdout] 247177dd4db6c450d82c71ffd63d20f29d4a6f326dba5c6c6503f45818fc5916
[INFO] running `Command { std: "docker" "create" "-v" "/var/lib/crater-agent-workspace/builds/worker-1-tc2/target:/opt/rustwide/target:rw,Z" "-v" "/var/lib/crater-agent-workspace/builds/worker-1-tc2/source:/opt/rustwide/workdir:ro,Z" "-v" "/var/lib/crater-agent-workspace/cargo-home:/opt/rustwide/cargo-home:ro,Z" "-v" "/var/lib/crater-agent-workspace/rustup-home:/opt/rustwide/rustup-home:ro,Z" "-e" "SOURCE_DIR=/opt/rustwide/workdir" "-e" "CARGO_TARGET_DIR=/opt/rustwide/target" "-e" "CARGO_INCREMENTAL=0" "-e" "RUST_BACKTRACE=full" "-e" "RUSTFLAGS=--cap-lints=warn" "-e" "RUSTDOCFLAGS=--cap-lints=warn" "-e" "CARGO_HOME=/opt/rustwide/cargo-home" "-e" "RUSTUP_HOME=/opt/rustwide/rustup-home" "-w" "/opt/rustwide/workdir" "-m" "1610612736" "--user" "0:0" "--network" "none" "ghcr.io/rust-lang/crates-build-env/linux@sha256:2788e3201cd34a07e3172128adcd8b3090168a8e3bcc40d7c032b9dda1df7d1c" "/opt/rustwide/cargo-home/bin/cargo" "+beta-2023-12-22" "test" "--frozen" "--no-run" "--message-format=json", kill_on_drop: false }`
[INFO] [stdout] eb02fdfadd36c441af6b8e567799c53a923029f4176bb4a54c65d4ef7dc42a0d
[INFO] running `Command { std: "docker" "start" "-a" "eb02fdfadd36c441af6b8e567799c53a923029f4176bb4a54c65d4ef7dc42a0d", kill_on_drop: false }`
[INFO] [stderr]    Compiling note2svg v0.1.0 (/opt/rustwide/workdir)
[INFO] [stdout] warning: unused variable: `points_processed`
[INFO] [stdout]   --> src/main.rs:36:13
[INFO] [stdout]    |
[INFO] [stdout] 36 |         let points_processed = process_points(points)?;
[INFO] [stdout]    |             ^^^^^^^^^^^^^^^^ help: if this is intentional, prefix it with an underscore: `_points_processed`
[INFO] [stdout]    |
[INFO] [stdout]    = note: `#[warn(unused_variables)]` on by default
[INFO] [stdout] 
[INFO] [stdout] 
[INFO] [stdout] warning: unused variable: `number`
[INFO] [stdout]   --> src/main.rs:68:13
[INFO] [stdout]    |
[INFO] [stdout] 68 |         let number = LittleEndian::read_f32(&buffer);
[INFO] [stdout]    |             ^^^^^^ help: if this is intentional, prefix it with an underscore: `_number`
[INFO] [stdout] 
[INFO] [stdout] 
[INFO] [stdout] warning: unused variable: `points`
[INFO] [stdout]   --> src/main.rs:82:13
[INFO] [stdout]    |
[INFO] [stdout] 82 |         let points = load_points(&path).unwrap();
[INFO] [stdout]    |             ^^^^^^ help: if this is intentional, prefix it with an underscore: `_points`
[INFO] [stdout] 
[INFO] [stdout] 
[INFO] [stdout] warning: 3 warnings emitted
[INFO] [stdout] 
[INFO] [stdout] 
[INFO] [stderr]     Finished test [unoptimized + debuginfo] target(s) in 0.92s
[INFO] running `Command { std: "docker" "inspect" "eb02fdfadd36c441af6b8e567799c53a923029f4176bb4a54c65d4ef7dc42a0d", kill_on_drop: false }`
[INFO] running `Command { std: "docker" "rm" "-f" "eb02fdfadd36c441af6b8e567799c53a923029f4176bb4a54c65d4ef7dc42a0d", kill_on_drop: false }`
[INFO] [stdout] eb02fdfadd36c441af6b8e567799c53a923029f4176bb4a54c65d4ef7dc42a0d
[INFO] running `Command { std: "docker" "create" "-v" "/var/lib/crater-agent-workspace/builds/worker-1-tc2/target:/opt/rustwide/target:rw,Z" "-v" "/var/lib/crater-agent-workspace/builds/worker-1-tc2/source:/opt/rustwide/workdir:ro,Z" "-v" "/var/lib/crater-agent-workspace/cargo-home:/opt/rustwide/cargo-home:ro,Z" "-v" "/var/lib/crater-agent-workspace/rustup-home:/opt/rustwide/rustup-home:ro,Z" "-e" "SOURCE_DIR=/opt/rustwide/workdir" "-e" "CARGO_TARGET_DIR=/opt/rustwide/target" "-e" "CARGO_INCREMENTAL=0" "-e" "RUST_BACKTRACE=full" "-e" "RUSTFLAGS=--cap-lints=warn" "-e" "RUSTDOCFLAGS=--cap-lints=warn" "-e" "CARGO_HOME=/opt/rustwide/cargo-home" "-e" "RUSTUP_HOME=/opt/rustwide/rustup-home" "-w" "/opt/rustwide/workdir" "-m" "1610612736" "--user" "0:0" "--network" "none" "ghcr.io/rust-lang/crates-build-env/linux@sha256:2788e3201cd34a07e3172128adcd8b3090168a8e3bcc40d7c032b9dda1df7d1c" "/opt/rustwide/cargo-home/bin/cargo" "+beta-2023-12-22" "test" "--frozen", kill_on_drop: false }`
[INFO] [stdout] 6da6ba850e373c267e75b00e3f079f3e7bb587d633380b72d96faf03f40fc5c5
[INFO] running `Command { std: "docker" "start" "-a" "6da6ba850e373c267e75b00e3f079f3e7bb587d633380b72d96faf03f40fc5c5", kill_on_drop: false }`
[INFO] [stderr] warning: unused variable: `points_processed`
[INFO] [stderr]   --> src/main.rs:36:13
[INFO] [stderr]    |
[INFO] [stderr] 36 |         let points_processed = process_points(points)?;
[INFO] [stderr]    |             ^^^^^^^^^^^^^^^^ help: if this is intentional, prefix it with an underscore: `_points_processed`
[INFO] [stderr]    |
[INFO] [stderr]    = note: `#[warn(unused_variables)]` on by default
[INFO] [stderr] 
[INFO] [stderr] warning: unused variable: `number`
[INFO] [stderr]   --> src/main.rs:68:13
[INFO] [stderr]    |
[INFO] [stderr] 68 |         let number = LittleEndian::read_f32(&buffer);
[INFO] [stderr]    |             ^^^^^^ help: if this is intentional, prefix it with an underscore: `_number`
[INFO] [stderr] 
[INFO] [stderr] warning: unused variable: `points`
[INFO] [stderr]   --> src/main.rs:82:13
[INFO] [stderr]    |
[INFO] [stderr] 82 |         let points = load_points(&path).unwrap();
[INFO] [stderr]    |             ^^^^^^ help: if this is intentional, prefix it with an underscore: `_points`
[INFO] [stderr] 
[INFO] [stderr] warning: `note2svg` (bin "note2svg" test) generated 3 warnings (run `cargo fix --bin "note2svg" --tests` to apply 3 suggestions)
[INFO] [stderr]     Finished test [unoptimized + debuginfo] target(s) in 0.04s
[INFO] [stderr]      Running unittests src/main.rs (/opt/rustwide/target/debug/deps/note2svg-51eb9e4a1b38e492)
[INFO] [stdout] 
[INFO] [stdout] running 3 tests
[INFO] [stdout] test test::test_process_points ... ok
[INFO] [stdout] test test::test_iterate_extracted_notes ... ok
[INFO] [stdout] test test::test_load_points ... FAILED
[INFO] [stdout] 
[INFO] [stdout] failures:
[INFO] [stdout] 
[INFO] [stdout] ---- test::test_load_points stdout ----
[INFO] [stdout] thread 'test::test_load_points' panicked at src/main.rs:82:41:
[INFO] [stdout] called `Option::unwrap()` on a `None` value
[INFO] [stdout] stack backtrace:
[INFO] [stdout]    0:     0x556b11565d06 - std::backtrace_rs::backtrace::libunwind::trace::h261606ad26a499c1
[INFO] [stdout]                                at /rustc/0e09125c6c3c2fd70d7de961bcf0e51575235fad/library/std/src/../../backtrace/src/backtrace/libunwind.rs:104:5
[INFO] [stdout]    1:     0x556b11565d06 - std::backtrace_rs::backtrace::trace_unsynchronized::hd183f0625477fb28
[INFO] [stdout]                                at /rustc/0e09125c6c3c2fd70d7de961bcf0e51575235fad/library/std/src/../../backtrace/src/backtrace/mod.rs:66:5
[INFO] [stdout]    2:     0x556b11565d06 - std::sys_common::backtrace::_print_fmt::hd7f8fef21b4eda67
[INFO] [stdout]                                at /rustc/0e09125c6c3c2fd70d7de961bcf0e51575235fad/library/std/src/sys_common/backtrace.rs:68:5
[INFO] [stdout]    3:     0x556b11565d06 - <std::sys_common::backtrace::_print::DisplayBacktrace as core::fmt::Display>::fmt::h623d9b51f2f453f1
[INFO] [stdout]                                at /rustc/0e09125c6c3c2fd70d7de961bcf0e51575235fad/library/std/src/sys_common/backtrace.rs:44:22
[INFO] [stdout]    4:     0x556b115903d0 - core::fmt::rt::Argument::fmt::h9f417ac76a86f368
[INFO] [stdout]                                at /rustc/0e09125c6c3c2fd70d7de961bcf0e51575235fad/library/core/src/fmt/rt.rs:142:9
[INFO] [stdout]    5:     0x556b115903d0 - core::fmt::write::hc9b6faf4ac2aeff7
[INFO] [stdout]                                at /rustc/0e09125c6c3c2fd70d7de961bcf0e51575235fad/library/core/src/fmt/mod.rs:1120:17
[INFO] [stdout]    6:     0x556b115633ff - std::io::Write::write_fmt::he04625a3a989fec3
[INFO] [stdout]                                at /rustc/0e09125c6c3c2fd70d7de961bcf0e51575235fad/library/std/src/io/mod.rs:1810:15
[INFO] [stdout]    7:     0x556b11565ae4 - std::sys_common::backtrace::_print::hd5d66399c7df88a2
[INFO] [stdout]                                at /rustc/0e09125c6c3c2fd70d7de961bcf0e51575235fad/library/std/src/sys_common/backtrace.rs:47:5
[INFO] [stdout]    8:     0x556b11565ae4 - std::sys_common::backtrace::print::he81ed2da642d37e5
[INFO] [stdout]                                at /rustc/0e09125c6c3c2fd70d7de961bcf0e51575235fad/library/std/src/sys_common/backtrace.rs:34:9
[INFO] [stdout]    9:     0x556b11567857 - std::panicking::default_hook::{{closure}}::h85773f4fa117163d
[INFO] [stdout]   10:     0x556b1156753d - std::panicking::default_hook::h6a1694a91d09b278
[INFO] [stdout]                                at /rustc/0e09125c6c3c2fd70d7de961bcf0e51575235fad/library/std/src/panicking.rs:289:9
[INFO] [stdout]   11:     0x556b114d4657 - <alloc::boxed::Box<F,A> as core::ops::function::Fn<Args>>::call::h616ac37fa3cd6c8f
[INFO] [stdout]                                at /rustc/0e09125c6c3c2fd70d7de961bcf0e51575235fad/library/alloc/src/boxed.rs:2029:9
[INFO] [stdout]   12:     0x556b114d4657 - test::test_main::{{closure}}::h00d84697cefdcbb6
[INFO] [stdout]                                at /rustc/0e09125c6c3c2fd70d7de961bcf0e51575235fad/library/test/src/lib.rs:138:21
[INFO] [stdout]   13:     0x556b11567e76 - <alloc::boxed::Box<F,A> as core::ops::function::Fn<Args>>::call::hcb3fe3b9bb537ba8
[INFO] [stdout]                                at /rustc/0e09125c6c3c2fd70d7de961bcf0e51575235fad/library/alloc/src/boxed.rs:2029:9
[INFO] [stdout]   14:     0x556b11567e76 - std::panicking::rust_panic_with_hook::h0a7ad96e90f7145b
[INFO] [stdout]                                at /rustc/0e09125c6c3c2fd70d7de961bcf0e51575235fad/library/std/src/panicking.rs:783:13
[INFO] [stdout]   15:     0x556b11567b89 - std::panicking::begin_panic_handler::{{closure}}::h7919090525c6485e
[INFO] [stdout]                                at /rustc/0e09125c6c3c2fd70d7de961bcf0e51575235fad/library/std/src/panicking.rs:649:13
[INFO] [stdout]   16:     0x556b11566206 - std::sys_common::backtrace::__rust_end_short_backtrace::hf3289479464f7dfe
[INFO] [stdout]                                at /rustc/0e09125c6c3c2fd70d7de961bcf0e51575235fad/library/std/src/sys_common/backtrace.rs:171:18
[INFO] [stdout]   17:     0x556b11567920 - rust_begin_unwind
[INFO] [stdout]                                at /rustc/0e09125c6c3c2fd70d7de961bcf0e51575235fad/library/std/src/panicking.rs:645:5
[INFO] [stdout]   18:     0x556b11475d75 - core::panicking::panic_fmt::hcc9f77c5c132af55
[INFO] [stdout]                                at /rustc/0e09125c6c3c2fd70d7de961bcf0e51575235fad/library/core/src/panicking.rs:72:14
[INFO] [stdout]   19:     0x556b11475e33 - core::panicking::panic::h5a1259c1164bd480
[INFO] [stdout]                                at /rustc/0e09125c6c3c2fd70d7de961bcf0e51575235fad/library/core/src/panicking.rs:144:5
[INFO] [stdout]   20:     0x556b1148d8e0 - core::option::Option<T>::unwrap::h022542130e288b61
[INFO] [stdout]                                at /rustc/0e09125c6c3c2fd70d7de961bcf0e51575235fad/library/core/src/option.rs:931:21
[INFO] [stdout]   21:     0x556b1148b125 - note2svg::test::test_load_points::h9523a96b20120238
[INFO] [stdout]                                at /opt/rustwide/workdir/src/main.rs:82:22
[INFO] [stdout]   22:     0x556b1148b087 - note2svg::test::test_load_points::{{closure}}::hb6a0afc5b3173427
[INFO] [stdout]                                at /opt/rustwide/workdir/src/main.rs:80:26
[INFO] [stdout]   23:     0x556b11481266 - core::ops::function::FnOnce::call_once::h09b028e5f8b442f2
[INFO] [stdout]                                at /rustc/0e09125c6c3c2fd70d7de961bcf0e51575235fad/library/core/src/ops/function.rs:250:5
[INFO] [stdout]   24:     0x556b114d9f2f - core::ops::function::FnOnce::call_once::hd64d26f405258157
[INFO] [stdout]                                at /rustc/0e09125c6c3c2fd70d7de961bcf0e51575235fad/library/core/src/ops/function.rs:250:5
[INFO] [stdout]   25:     0x556b114d9f2f - test::__rust_begin_short_backtrace::he21b0b7a6d731bf9
[INFO] [stdout]                                at /rustc/0e09125c6c3c2fd70d7de961bcf0e51575235fad/library/test/src/lib.rs:627:18
[INFO] [stdout]   26:     0x556b114d8cb1 - test::run_test_in_process::{{closure}}::hf5c73986d7bdfde2
[INFO] [stdout]                                at /rustc/0e09125c6c3c2fd70d7de961bcf0e51575235fad/library/test/src/lib.rs:650:60
[INFO] [stdout]   27:     0x556b114d8cb1 - <core::panic::unwind_safe::AssertUnwindSafe<F> as core::ops::function::FnOnce<()>>::call_once::h330011ad032aadc0
[INFO] [stdout]                                at /rustc/0e09125c6c3c2fd70d7de961bcf0e51575235fad/library/core/src/panic/unwind_safe.rs:272:9
[INFO] [stdout]   28:     0x556b114d8cb1 - std::panicking::try::do_call::he61b0a958b795a41
[INFO] [stdout]                                at /rustc/0e09125c6c3c2fd70d7de961bcf0e51575235fad/library/std/src/panicking.rs:552:40
[INFO] [stdout]   29:     0x556b114d8cb1 - std::panicking::try::h7309da130f906eb7
[INFO] [stdout]                                at /rustc/0e09125c6c3c2fd70d7de961bcf0e51575235fad/library/std/src/panicking.rs:516:19
[INFO] [stdout]   30:     0x556b114d8cb1 - std::panic::catch_unwind::hc5c3a06fdaf0a92a
[INFO] [stdout]                                at /rustc/0e09125c6c3c2fd70d7de961bcf0e51575235fad/library/std/src/panic.rs:142:14
[INFO] [stdout]   31:     0x556b114d8cb1 - test::run_test_in_process::h7e7b7c71c3324e0f
[INFO] [stdout]                                at /rustc/0e09125c6c3c2fd70d7de961bcf0e51575235fad/library/test/src/lib.rs:650:27
[INFO] [stdout]   32:     0x556b114d8cb1 - test::run_test::{{closure}}::h1f509f28f5cf20b1
[INFO] [stdout]                                at /rustc/0e09125c6c3c2fd70d7de961bcf0e51575235fad/library/test/src/lib.rs:573:43
[INFO] [stdout]   33:     0x556b1149ffe6 - test::run_test::{{closure}}::h1754218abf443f6d
[INFO] [stdout]                                at /rustc/0e09125c6c3c2fd70d7de961bcf0e51575235fad/library/test/src/lib.rs:601:41
[INFO] [stdout]   34:     0x556b1149ffe6 - std::sys_common::backtrace::__rust_begin_short_backtrace::h2ee174b9d5954948
[INFO] [stdout]                                at /rustc/0e09125c6c3c2fd70d7de961bcf0e51575235fad/library/std/src/sys_common/backtrace.rs:155:18
[INFO] [stdout]   35:     0x556b114a5047 - std::thread::Builder::spawn_unchecked_::{{closure}}::{{closure}}::hf60bee9c1a17ef09
[INFO] [stdout]                                at /rustc/0e09125c6c3c2fd70d7de961bcf0e51575235fad/library/std/src/thread/mod.rs:529:17
[INFO] [stdout]   36:     0x556b114a5047 - <core::panic::unwind_safe::AssertUnwindSafe<F> as core::ops::function::FnOnce<()>>::call_once::h33d0dddec5216160
[INFO] [stdout]                                at /rustc/0e09125c6c3c2fd70d7de961bcf0e51575235fad/library/core/src/panic/unwind_safe.rs:272:9
[INFO] [stdout]   37:     0x556b114a5047 - std::panicking::try::do_call::h144b3048b546f835
[INFO] [stdout]                                at /rustc/0e09125c6c3c2fd70d7de961bcf0e51575235fad/library/std/src/panicking.rs:552:40
[INFO] [stdout]   38:     0x556b114a5047 - std::panicking::try::h978244d04646189f
[INFO] [stdout]                                at /rustc/0e09125c6c3c2fd70d7de961bcf0e51575235fad/library/std/src/panicking.rs:516:19
[INFO] [stdout]   39:     0x556b114a5047 - std::panic::catch_unwind::hdf436369d188fe86
[INFO] [stdout]                                at /rustc/0e09125c6c3c2fd70d7de961bcf0e51575235fad/library/std/src/panic.rs:142:14
[INFO] [stdout]   40:     0x556b114a5047 - std::thread::Builder::spawn_unchecked_::{{closure}}::h87329cbdd33c79ec
[INFO] [stdout]                                at /rustc/0e09125c6c3c2fd70d7de961bcf0e51575235fad/library/std/src/thread/mod.rs:528:30
[INFO] [stdout]   41:     0x556b114a5047 - core::ops::function::FnOnce::call_once{{vtable.shim}}::h401abbe67897d450
[INFO] [stdout]                                at /rustc/0e09125c6c3c2fd70d7de961bcf0e51575235fad/library/core/src/ops/function.rs:250:5
[INFO] [stdout]   42:     0x556b1156ce25 - <alloc::boxed::Box<F,A> as core::ops::function::FnOnce<Args>>::call_once::h5d7c8f150ab9c84c
[INFO] [stdout]                                at /rustc/0e09125c6c3c2fd70d7de961bcf0e51575235fad/library/alloc/src/boxed.rs:2015:9
[INFO] [stdout]   43:     0x556b1156ce25 - <alloc::boxed::Box<F,A> as core::ops::function::FnOnce<Args>>::call_once::h570d5b005c242c15
[INFO] [stdout]                                at /rustc/0e09125c6c3c2fd70d7de961bcf0e51575235fad/library/alloc/src/boxed.rs:2015:9
[INFO] [stdout]   44:     0x556b1156ce25 - std::sys::unix::thread::Thread::new::thread_start::h36b0a20c0b2361ad
[INFO] [stdout]                                at /rustc/0e09125c6c3c2fd70d7de961bcf0e51575235fad/library/std/src/sys/unix/thread.rs:108:17
[INFO] [stdout]   45:     0x7fadf3aa3ac3 - <unknown>
[INFO] [stdout]   46:     0x7fadf3b34bf4 - __clone
[INFO] [stdout]   47:                0x0 - <unknown>
[INFO] [stdout] 
[INFO] [stdout] 
[INFO] [stdout] failures:
[INFO] [stdout]     test::test_load_points
[INFO] [stdout] 
[INFO] [stdout] test result: FAILED. 2 passed; 1 failed; 0 ignored; 0 measured; 0 filtered out; finished in 0.02s
[INFO] [stdout] 
[INFO] [stderr] error: test failed, to rerun pass `--bin note2svg`
[INFO] running `Command { std: "docker" "inspect" "6da6ba850e373c267e75b00e3f079f3e7bb587d633380b72d96faf03f40fc5c5", kill_on_drop: false }`
[INFO] running `Command { std: "docker" "rm" "-f" "6da6ba850e373c267e75b00e3f079f3e7bb587d633380b72d96faf03f40fc5c5", kill_on_drop: false }`
[INFO] [stdout] 6da6ba850e373c267e75b00e3f079f3e7bb587d633380b72d96faf03f40fc5c5
