[INFO] cloning repository https://github.com/buszk/file-storage
[INFO] running `Command { std: "git" "-c" "credential.helper=" "-c" "credential.helper=/workspace/cargo-home/bin/git-credential-null" "clone" "--bare" "https://github.com/buszk/file-storage" "/workspace/cache/git-repos/https%3A%2F%2Fgithub.com%2Fbuszk%2Ffile-storage", kill_on_drop: false }`
[INFO] [stderr] Cloning into bare repository '/workspace/cache/git-repos/https%3A%2F%2Fgithub.com%2Fbuszk%2Ffile-storage'...
[INFO] running `Command { std: "git" "rev-parse" "HEAD", kill_on_drop: false }`
[INFO] [stdout] c4808fe0dd3fa23a2247441909757f7864f56164
[INFO] testing buszk/file-storage against 1.75.0 for beta-1.76-1
[INFO] running `Command { std: "git" "clone" "/workspace/cache/git-repos/https%3A%2F%2Fgithub.com%2Fbuszk%2Ffile-storage" "/workspace/builds/worker-6-tc1/source", kill_on_drop: false }`
[INFO] [stderr] Cloning into '/workspace/builds/worker-6-tc1/source'...
[INFO] [stderr] done.
[INFO] validating manifest of git repo https://github.com/buszk/file-storage on toolchain 1.75.0
[INFO] running `Command { std: CARGO_HOME="/workspace/cargo-home" RUSTUP_HOME="/workspace/rustup-home" "/workspace/cargo-home/bin/cargo" "+1.75.0" "metadata" "--manifest-path" "Cargo.toml" "--no-deps", kill_on_drop: false }`
[INFO] started tweaking git repo https://github.com/buszk/file-storage
[INFO] finished tweaking git repo https://github.com/buszk/file-storage
[INFO] tweaked toml for git repo https://github.com/buszk/file-storage written to /workspace/builds/worker-6-tc1/source/Cargo.toml
[INFO] crate git repo https://github.com/buszk/file-storage already has a lockfile, it will not be regenerated
[INFO] running `Command { std: CARGO_HOME="/workspace/cargo-home" RUSTUP_HOME="/workspace/rustup-home" "/workspace/cargo-home/bin/cargo" "+1.75.0" "fetch" "--manifest-path" "Cargo.toml", kill_on_drop: false }`
[INFO] [stderr]  Downloading crates ...
[INFO] [stderr]   Downloaded headers v0.3.1
[INFO] [stderr]   Downloaded tokio v1.8.0
[INFO] running `Command { std: "docker" "create" "-v" "/var/lib/crater-agent-workspace/builds/worker-6-tc1/target:/opt/rustwide/target:rw,Z" "-v" "/var/lib/crater-agent-workspace/builds/worker-6-tc1/source:/opt/rustwide/workdir:ro,Z" "-v" "/var/lib/crater-agent-workspace/cargo-home:/opt/rustwide/cargo-home:ro,Z" "-v" "/var/lib/crater-agent-workspace/rustup-home:/opt/rustwide/rustup-home:ro,Z" "-e" "SOURCE_DIR=/opt/rustwide/workdir" "-e" "CARGO_TARGET_DIR=/opt/rustwide/target" "-e" "CARGO_HOME=/opt/rustwide/cargo-home" "-e" "RUSTUP_HOME=/opt/rustwide/rustup-home" "-w" "/opt/rustwide/workdir" "-m" "1610612736" "--user" "0:0" "--network" "none" "ghcr.io/rust-lang/crates-build-env/linux@sha256:2788e3201cd34a07e3172128adcd8b3090168a8e3bcc40d7c032b9dda1df7d1c" "/opt/rustwide/cargo-home/bin/cargo" "+1.75.0" "metadata" "--no-deps" "--format-version=1", kill_on_drop: false }`
[INFO] [stdout] d517c28b31eef655bf4df197a1289e164e0637e5edd2db4b2955a4f7fad2f315
[INFO] running `Command { std: "docker" "start" "-a" "d517c28b31eef655bf4df197a1289e164e0637e5edd2db4b2955a4f7fad2f315", kill_on_drop: false }`
[INFO] running `Command { std: "docker" "inspect" "d517c28b31eef655bf4df197a1289e164e0637e5edd2db4b2955a4f7fad2f315", kill_on_drop: false }`
[INFO] running `Command { std: "docker" "rm" "-f" "d517c28b31eef655bf4df197a1289e164e0637e5edd2db4b2955a4f7fad2f315", kill_on_drop: false }`
[INFO] [stdout] d517c28b31eef655bf4df197a1289e164e0637e5edd2db4b2955a4f7fad2f315
[INFO] running `Command { std: "docker" "create" "-v" "/var/lib/crater-agent-workspace/builds/worker-6-tc1/target:/opt/rustwide/target:rw,Z" "-v" "/var/lib/crater-agent-workspace/builds/worker-6-tc1/source:/opt/rustwide/workdir:ro,Z" "-v" "/var/lib/crater-agent-workspace/cargo-home:/opt/rustwide/cargo-home:ro,Z" "-v" "/var/lib/crater-agent-workspace/rustup-home:/opt/rustwide/rustup-home:ro,Z" "-e" "SOURCE_DIR=/opt/rustwide/workdir" "-e" "CARGO_TARGET_DIR=/opt/rustwide/target" "-e" "CARGO_INCREMENTAL=0" "-e" "RUST_BACKTRACE=full" "-e" "RUSTFLAGS=--cap-lints=warn" "-e" "RUSTDOCFLAGS=--cap-lints=warn" "-e" "CARGO_HOME=/opt/rustwide/cargo-home" "-e" "RUSTUP_HOME=/opt/rustwide/rustup-home" "-w" "/opt/rustwide/workdir" "-m" "1610612736" "--user" "0:0" "--network" "none" "ghcr.io/rust-lang/crates-build-env/linux@sha256:2788e3201cd34a07e3172128adcd8b3090168a8e3bcc40d7c032b9dda1df7d1c" "/opt/rustwide/cargo-home/bin/cargo" "+1.75.0" "build" "--frozen" "--message-format=json", kill_on_drop: false }`
[INFO] [stdout] 1275cf345ba26944c1fda5b1576f398efbd51b3a6ea29ea6bde3d49e736ae246
[INFO] running `Command { std: "docker" "start" "-a" "1275cf345ba26944c1fda5b1576f398efbd51b3a6ea29ea6bde3d49e736ae246", kill_on_drop: false }`
[INFO] [stderr]    Compiling libc v0.2.97
[INFO] [stderr]    Compiling autocfg v1.0.0
[INFO] [stderr]    Compiling cfg-if v0.1.10
[INFO] [stderr]    Compiling proc-macro2 v1.0.27
[INFO] [stderr]    Compiling unicode-xid v0.2.0
[INFO] [stderr]    Compiling syn v1.0.73
[INFO] [stderr]    Compiling version_check v0.9.1
[INFO] [stderr]    Compiling memchr v2.3.0
[INFO] [stderr]    Compiling typenum v1.11.2
[INFO] [stderr]    Compiling log v0.4.8
[INFO] [stderr]    Compiling futures-core v0.3.16
[INFO] [stderr]    Compiling pin-project-lite v0.2.7
[INFO] [stderr]    Compiling itoa v0.4.5
[INFO] [stderr]    Compiling proc-macro-hack v0.5.19
[INFO] [stderr]    Compiling bytes v1.0.1
[INFO] [stderr]    Compiling ppv-lite86 v0.2.10
[INFO] [stderr]    Compiling quote v1.0.2
[INFO] [stderr]    Compiling futures-macro v0.3.16
[INFO] [stderr]    Compiling proc-macro-nested v0.1.3
[INFO] [stderr]    Compiling futures-sink v0.3.16
[INFO] [stderr]    Compiling bytes v0.5.4
[INFO] [stderr]    Compiling futures-channel v0.3.16
[INFO] [stderr]    Compiling futures-task v0.3.16
[INFO] [stderr]    Compiling fnv v1.0.6
[INFO] [stderr]    Compiling tokio v1.8.0
[INFO] [stderr]    Compiling futures-util v0.3.16
[INFO] [stderr]    Compiling generic-array v0.14.3
[INFO] [stderr]    Compiling byteorder v1.3.2
[INFO] [stderr]    Compiling matches v0.1.8
[INFO] [stderr]    Compiling getrandom v0.1.14
[INFO] [stderr]    Compiling http v0.2.0
[INFO] [stderr]    Compiling mio v0.7.13
[INFO] [stderr]    Compiling num_cpus v1.13.0
[INFO] [stderr]    Compiling unicase v2.6.0
[INFO] [stderr]    Compiling httparse v1.3.4
[INFO] [stderr]    Compiling futures-io v0.3.16
[INFO] [stderr]    Compiling slab v0.4.2
[INFO] [stderr]    Compiling pin-utils v0.1.0
[INFO] [stderr]    Compiling getrandom v0.2.3
[INFO] [stderr]    Compiling percent-encoding v2.1.0
[INFO] [stderr]    Compiling smallvec v1.2.0
[INFO] [stderr]    Compiling rand_core v0.6.3
[INFO] [stderr]    Compiling rand_core v0.5.1
[INFO] [stderr]    Compiling unicode-normalization v0.1.12
[INFO] [stderr]    Compiling unicode-bidi v0.3.4
[INFO] [stderr]    Compiling generic-array v0.12.3
[INFO] [stderr]    Compiling c2-chacha v0.2.3
[INFO] [stderr]    Compiling indexmap v1.7.0
[INFO] [stderr]    Compiling serde v1.0.104
[INFO] [stderr]    Compiling bitflags v1.2.1
[INFO] [stderr]    Compiling ryu v1.0.2
[INFO] [stderr]    Compiling byte-tools v0.3.1
[INFO] [stderr]    Compiling lazy_static v1.4.0
[INFO] [stderr]    Compiling idna v0.2.0
[INFO] [stderr]    Compiling tracing-core v0.1.18
[INFO] [stderr]    Compiling block-padding v0.1.5
[INFO] [stderr]    Compiling rand_chacha v0.2.1
[INFO] [stderr]    Compiling mime_guess v2.0.1
[INFO] [stderr]    Compiling rand_chacha v0.3.1
[INFO] [stderr]    Compiling digest v0.9.0
[INFO] [stderr]    Compiling block-buffer v0.9.0
[INFO] [stderr]    Compiling opaque-debug v0.3.0
[INFO] [stderr]    Compiling cpufeatures v0.1.5
[INFO] [stderr]    Compiling hashbrown v0.11.2
[INFO] [stderr]    Compiling mime v0.3.16
[INFO] [stderr]    Compiling rand v0.8.4
[INFO] [stderr]    Compiling sha-1 v0.9.6
[INFO] [stderr]    Compiling url v2.1.1
[INFO] [stderr]    Compiling tracing v0.1.26
[INFO] [stderr]    Compiling rand v0.7.3
[INFO] [stderr]    Compiling block-buffer v0.7.3
[INFO] [stderr]    Compiling digest v0.8.1
[INFO] [stderr]    Compiling input_buffer v0.4.0
[INFO] [stderr]    Compiling remove_dir_all v0.5.2
[INFO] [stderr]    Compiling base64 v0.13.0
[INFO] [stderr]    Compiling utf-8 v0.7.5
[INFO] [stderr]    Compiling safemem v0.3.3
[INFO] [stderr]    Compiling opaque-debug v0.2.3
[INFO] [stderr]    Compiling try-lock v0.2.2
[INFO] [stderr]    Compiling fake-simd v0.1.2
[INFO] [stderr]    Compiling want v0.3.0
[INFO] [stderr]    Compiling tungstenite v0.12.0
[INFO] [stderr]    Compiling sha-1 v0.8.2
[INFO] [stderr]    Compiling tempfile v3.1.0
[INFO] [stderr]    Compiling buf_redux v0.8.4
[INFO] [stderr]    Compiling http-body v0.4.2
[INFO] [stderr]    Compiling headers-core v0.2.0
[INFO] [stderr]    Compiling form_urlencoded v1.0.1
[INFO] [stderr]    Compiling socket2 v0.3.19
[INFO] [stderr]    Compiling time v0.1.42
[INFO] [stderr]    Compiling twoway v0.1.8
[INFO] [stderr]    Compiling quick-error v1.2.3
[INFO] [stderr]    Compiling anyhow v1.0.41
[INFO] [stderr]    Compiling unicode-width v0.1.7
[INFO] [stderr]    Compiling httpdate v0.3.2
[INFO] [stderr]    Compiling tower-service v0.3.0
[INFO] [stderr]    Compiling base64 v0.11.0
[INFO] [stderr]    Compiling textwrap v0.11.0
[INFO] [stderr]    Compiling multipart v0.17.1
[INFO] [stderr]    Compiling atty v0.2.14
[INFO] [stderr]    Compiling headers v0.3.1
[INFO] [stderr]    Compiling scoped-tls v1.0.0
[INFO] [stderr]    Compiling ansi_term v0.11.0
[INFO] [stderr]    Compiling strsim v0.8.0
[INFO] [stderr]    Compiling vec_map v0.8.1
[INFO] [stderr]    Compiling file_diff v1.0.0
[INFO] [stderr]    Compiling clap v2.33.0
[INFO] [stderr]    Compiling tokio-macros v1.2.0
[INFO] [stderr]    Compiling pin-project-internal v1.0.7
[INFO] [stderr]    Compiling serde_json v1.0.45
[INFO] [stderr]    Compiling serde_urlencoded v0.7.0
[INFO] [stderr]    Compiling pin-project v1.0.7
[INFO] [stderr]    Compiling futures-executor v0.3.16
[INFO] [stderr]    Compiling futures v0.3.16
[INFO] [stderr]    Compiling tokio-util v0.6.7
[INFO] [stderr]    Compiling tokio-stream v0.1.6
[INFO] [stderr]    Compiling tokio-tungstenite v0.13.0
[INFO] [stderr]    Compiling h2 v0.3.3
[INFO] [stderr]    Compiling hyper v0.14.4
[INFO] [stderr]    Compiling warp v0.3.1
[INFO] [stderr]    Compiling file-storage v0.1.0 (/opt/rustwide/workdir)
[INFO] [stderr]     Finished dev [unoptimized + debuginfo] target(s) in 23.51s
[INFO] [stderr] warning: the following packages contain code that will be rejected by a future version of Rust: buf_redux v0.8.4, multipart v0.17.1
[INFO] [stderr] note: to see what the problems were, use the option `--future-incompat-report`, or run `cargo report future-incompatibilities --id 1`
[INFO] running `Command { std: "docker" "inspect" "1275cf345ba26944c1fda5b1576f398efbd51b3a6ea29ea6bde3d49e736ae246", kill_on_drop: false }`
[INFO] running `Command { std: "docker" "rm" "-f" "1275cf345ba26944c1fda5b1576f398efbd51b3a6ea29ea6bde3d49e736ae246", kill_on_drop: false }`
[INFO] [stdout] 1275cf345ba26944c1fda5b1576f398efbd51b3a6ea29ea6bde3d49e736ae246
[INFO] running `Command { std: "docker" "create" "-v" "/var/lib/crater-agent-workspace/builds/worker-6-tc1/target:/opt/rustwide/target:rw,Z" "-v" "/var/lib/crater-agent-workspace/builds/worker-6-tc1/source:/opt/rustwide/workdir:ro,Z" "-v" "/var/lib/crater-agent-workspace/cargo-home:/opt/rustwide/cargo-home:ro,Z" "-v" "/var/lib/crater-agent-workspace/rustup-home:/opt/rustwide/rustup-home:ro,Z" "-e" "SOURCE_DIR=/opt/rustwide/workdir" "-e" "CARGO_TARGET_DIR=/opt/rustwide/target" "-e" "CARGO_INCREMENTAL=0" "-e" "RUST_BACKTRACE=full" "-e" "RUSTFLAGS=--cap-lints=warn" "-e" "RUSTDOCFLAGS=--cap-lints=warn" "-e" "CARGO_HOME=/opt/rustwide/cargo-home" "-e" "RUSTUP_HOME=/opt/rustwide/rustup-home" "-w" "/opt/rustwide/workdir" "-m" "1610612736" "--user" "0:0" "--network" "none" "ghcr.io/rust-lang/crates-build-env/linux@sha256:2788e3201cd34a07e3172128adcd8b3090168a8e3bcc40d7c032b9dda1df7d1c" "/opt/rustwide/cargo-home/bin/cargo" "+1.75.0" "test" "--frozen" "--no-run" "--message-format=json", kill_on_drop: false }`
[INFO] [stdout] a94effb65ca67cab264473e9b7df095bbad9350fd900923f84d86ed490acfdcd
[INFO] running `Command { std: "docker" "start" "-a" "a94effb65ca67cab264473e9b7df095bbad9350fd900923f84d86ed490acfdcd", kill_on_drop: false }`
[INFO] [stderr]    Compiling file-storage v0.1.0 (/opt/rustwide/workdir)
[INFO] [stdout] warning: unused variable: `dir`
[INFO] [stdout]   --> tests/test_server.rs:68:9
[INFO] [stdout]    |
[INFO] [stdout] 68 |     let dir = String::from("files");
[INFO] [stdout]    |         ^^^ help: if this is intentional, prefix it with an underscore: `_dir`
[INFO] [stdout]    |
[INFO] [stdout]    = note: `#[warn(unused_variables)]` on by default
[INFO] [stdout] 
[INFO] [stdout] 
[INFO] [stdout] warning: 1 warning emitted
[INFO] [stdout] 
[INFO] [stdout] 
[INFO] [stderr]     Finished test [unoptimized + debuginfo] target(s) in 1.12s
[INFO] [stderr] warning: the following packages contain code that will be rejected by a future version of Rust: buf_redux v0.8.4, multipart v0.17.1
[INFO] [stderr] note: to see what the problems were, use the option `--future-incompat-report`, or run `cargo report future-incompatibilities --id 1`
[INFO] running `Command { std: "docker" "inspect" "a94effb65ca67cab264473e9b7df095bbad9350fd900923f84d86ed490acfdcd", kill_on_drop: false }`
[INFO] running `Command { std: "docker" "rm" "-f" "a94effb65ca67cab264473e9b7df095bbad9350fd900923f84d86ed490acfdcd", kill_on_drop: false }`
[INFO] [stdout] a94effb65ca67cab264473e9b7df095bbad9350fd900923f84d86ed490acfdcd
[INFO] running `Command { std: "docker" "create" "-v" "/var/lib/crater-agent-workspace/builds/worker-6-tc1/target:/opt/rustwide/target:rw,Z" "-v" "/var/lib/crater-agent-workspace/builds/worker-6-tc1/source:/opt/rustwide/workdir:ro,Z" "-v" "/var/lib/crater-agent-workspace/cargo-home:/opt/rustwide/cargo-home:ro,Z" "-v" "/var/lib/crater-agent-workspace/rustup-home:/opt/rustwide/rustup-home:ro,Z" "-e" "SOURCE_DIR=/opt/rustwide/workdir" "-e" "CARGO_TARGET_DIR=/opt/rustwide/target" "-e" "CARGO_INCREMENTAL=0" "-e" "RUST_BACKTRACE=full" "-e" "RUSTFLAGS=--cap-lints=warn" "-e" "RUSTDOCFLAGS=--cap-lints=warn" "-e" "CARGO_HOME=/opt/rustwide/cargo-home" "-e" "RUSTUP_HOME=/opt/rustwide/rustup-home" "-w" "/opt/rustwide/workdir" "-m" "1610612736" "--user" "0:0" "--network" "none" "ghcr.io/rust-lang/crates-build-env/linux@sha256:2788e3201cd34a07e3172128adcd8b3090168a8e3bcc40d7c032b9dda1df7d1c" "/opt/rustwide/cargo-home/bin/cargo" "+1.75.0" "test" "--frozen", kill_on_drop: false }`
[INFO] [stdout] 333e0f52e643b469e27755cad42e62d8d4b7b568db20f654e791b48e8bedff9a
[INFO] running `Command { std: "docker" "start" "-a" "333e0f52e643b469e27755cad42e62d8d4b7b568db20f654e791b48e8bedff9a", kill_on_drop: false }`
[INFO] [stderr] warning: unused variable: `dir`
[INFO] [stderr]   --> tests/test_server.rs:68:9
[INFO] [stderr]    |
[INFO] [stderr] 68 |     let dir = String::from("files");
[INFO] [stderr]    |         ^^^ help: if this is intentional, prefix it with an underscore: `_dir`
[INFO] [stderr]    |
[INFO] [stderr]    = note: `#[warn(unused_variables)]` on by default
[INFO] [stderr] 
[INFO] [stderr] warning: `file-storage` (test "test_server") generated 1 warning (run `cargo fix --test "test_server"` to apply 1 suggestion)
[INFO] [stderr]     Finished test [unoptimized + debuginfo] target(s) in 0.10s
[INFO] [stderr] warning: the following packages contain code that will be rejected by a future version of Rust: buf_redux v0.8.4, multipart v0.17.1
[INFO] [stderr] note: to see what the problems were, use the option `--future-incompat-report`, or run `cargo report future-incompatibilities --id 1`
[INFO] [stderr]      Running unittests src/main.rs (/opt/rustwide/target/debug/deps/file_storage-21e00f11a056ba92)
[INFO] [stdout] 
[INFO] [stdout] running 1 test
[INFO] [stdout] test tests::test_create_file ... FAILED
[INFO] [stdout] 
[INFO] [stdout] failures:
[INFO] [stdout] 
[INFO] [stdout] ---- tests::test_create_file stdout ----
[INFO] [stdout] uri: .test_create
[INFO] [stdout] Error: Read-only file system (os error 30)
[INFO] [stdout] 
[INFO] [stdout] 
[INFO] [stdout] failures:
[INFO] [stdout]     tests::test_create_file
[INFO] [stdout] 
[INFO] [stdout] test result: FAILED. 0 passed; 1 failed; 0 ignored; 0 measured; 0 filtered out; finished in 0.00s
[INFO] [stdout] 
[INFO] [stderr] error: test failed, to rerun pass `--bin file-storage`
[INFO] running `Command { std: "docker" "inspect" "333e0f52e643b469e27755cad42e62d8d4b7b568db20f654e791b48e8bedff9a", kill_on_drop: false }`
[INFO] running `Command { std: "docker" "rm" "-f" "333e0f52e643b469e27755cad42e62d8d4b7b568db20f654e791b48e8bedff9a", kill_on_drop: false }`
[INFO] [stdout] 333e0f52e643b469e27755cad42e62d8d4b7b568db20f654e791b48e8bedff9a
[INFO] testing buszk/file-storage against beta-2023-12-22 for beta-1.76-1
[INFO] running `Command { std: "git" "clone" "/workspace/cache/git-repos/https%3A%2F%2Fgithub.com%2Fbuszk%2Ffile-storage" "/workspace/builds/worker-6-tc2/source", kill_on_drop: false }`
[INFO] [stderr] Cloning into '/workspace/builds/worker-6-tc2/source'...
[INFO] [stderr] done.
[INFO] validating manifest of git repo https://github.com/buszk/file-storage on toolchain beta-2023-12-22
[INFO] running `Command { std: CARGO_HOME="/workspace/cargo-home" RUSTUP_HOME="/workspace/rustup-home" "/workspace/cargo-home/bin/cargo" "+beta-2023-12-22" "metadata" "--manifest-path" "Cargo.toml" "--no-deps", kill_on_drop: false }`
[INFO] started tweaking git repo https://github.com/buszk/file-storage
[INFO] finished tweaking git repo https://github.com/buszk/file-storage
[INFO] tweaked toml for git repo https://github.com/buszk/file-storage written to /workspace/builds/worker-6-tc2/source/Cargo.toml
[INFO] crate git repo https://github.com/buszk/file-storage already has a lockfile, it will not be regenerated
[INFO] running `Command { std: CARGO_HOME="/workspace/cargo-home" RUSTUP_HOME="/workspace/rustup-home" "/workspace/cargo-home/bin/cargo" "+beta-2023-12-22" "fetch" "--manifest-path" "Cargo.toml", kill_on_drop: false }`
[INFO] running `Command { std: "docker" "create" "-v" "/var/lib/crater-agent-workspace/builds/worker-6-tc2/target:/opt/rustwide/target:rw,Z" "-v" "/var/lib/crater-agent-workspace/builds/worker-6-tc2/source:/opt/rustwide/workdir:ro,Z" "-v" "/var/lib/crater-agent-workspace/cargo-home:/opt/rustwide/cargo-home:ro,Z" "-v" "/var/lib/crater-agent-workspace/rustup-home:/opt/rustwide/rustup-home:ro,Z" "-e" "SOURCE_DIR=/opt/rustwide/workdir" "-e" "CARGO_TARGET_DIR=/opt/rustwide/target" "-e" "CARGO_HOME=/opt/rustwide/cargo-home" "-e" "RUSTUP_HOME=/opt/rustwide/rustup-home" "-w" "/opt/rustwide/workdir" "-m" "1610612736" "--user" "0:0" "--network" "none" "ghcr.io/rust-lang/crates-build-env/linux@sha256:2788e3201cd34a07e3172128adcd8b3090168a8e3bcc40d7c032b9dda1df7d1c" "/opt/rustwide/cargo-home/bin/cargo" "+beta-2023-12-22" "metadata" "--no-deps" "--format-version=1", kill_on_drop: false }`
[INFO] [stdout] 90a69c0a967c964e6ee47eea2e0749a6c56975e90dd99dd79fe35cadb5d286ae
[INFO] running `Command { std: "docker" "start" "-a" "90a69c0a967c964e6ee47eea2e0749a6c56975e90dd99dd79fe35cadb5d286ae", kill_on_drop: false }`
[INFO] running `Command { std: "docker" "inspect" "90a69c0a967c964e6ee47eea2e0749a6c56975e90dd99dd79fe35cadb5d286ae", kill_on_drop: false }`
[INFO] running `Command { std: "docker" "rm" "-f" "90a69c0a967c964e6ee47eea2e0749a6c56975e90dd99dd79fe35cadb5d286ae", kill_on_drop: false }`
[INFO] [stdout] 90a69c0a967c964e6ee47eea2e0749a6c56975e90dd99dd79fe35cadb5d286ae
[INFO] running `Command { std: "docker" "create" "-v" "/var/lib/crater-agent-workspace/builds/worker-6-tc2/target:/opt/rustwide/target:rw,Z" "-v" "/var/lib/crater-agent-workspace/builds/worker-6-tc2/source:/opt/rustwide/workdir:ro,Z" "-v" "/var/lib/crater-agent-workspace/cargo-home:/opt/rustwide/cargo-home:ro,Z" "-v" "/var/lib/crater-agent-workspace/rustup-home:/opt/rustwide/rustup-home:ro,Z" "-e" "SOURCE_DIR=/opt/rustwide/workdir" "-e" "CARGO_TARGET_DIR=/opt/rustwide/target" "-e" "CARGO_INCREMENTAL=0" "-e" "RUST_BACKTRACE=full" "-e" "RUSTFLAGS=--cap-lints=warn" "-e" "RUSTDOCFLAGS=--cap-lints=warn" "-e" "CARGO_HOME=/opt/rustwide/cargo-home" "-e" "RUSTUP_HOME=/opt/rustwide/rustup-home" "-w" "/opt/rustwide/workdir" "-m" "1610612736" "--user" "0:0" "--network" "none" "ghcr.io/rust-lang/crates-build-env/linux@sha256:2788e3201cd34a07e3172128adcd8b3090168a8e3bcc40d7c032b9dda1df7d1c" "/opt/rustwide/cargo-home/bin/cargo" "+beta-2023-12-22" "build" "--frozen" "--message-format=json", kill_on_drop: false }`
[INFO] [stdout] 02736368df3e236e4b7e69e3a0e8fa5b5fb16385feef19be87b01dd7dd100c43
[INFO] running `Command { std: "docker" "start" "-a" "02736368df3e236e4b7e69e3a0e8fa5b5fb16385feef19be87b01dd7dd100c43", kill_on_drop: false }`
[INFO] [stderr]    Compiling libc v0.2.97
[INFO] [stderr]    Compiling autocfg v1.0.0
[INFO] [stderr]    Compiling proc-macro2 v1.0.27
[INFO] [stderr]    Compiling cfg-if v0.1.10
[INFO] [stderr]    Compiling unicode-xid v0.2.0
[INFO] [stderr]    Compiling version_check v0.9.1
[INFO] [stderr]    Compiling syn v1.0.73
[INFO] [stderr]    Compiling memchr v2.3.0
[INFO] [stderr]    Compiling typenum v1.11.2
[INFO] [stderr]    Compiling log v0.4.8
[INFO] [stderr]    Compiling pin-project-lite v0.2.7
[INFO] [stderr]    Compiling futures-core v0.3.16
[INFO] [stderr]    Compiling itoa v0.4.5
[INFO] [stderr]    Compiling ppv-lite86 v0.2.10
[INFO] [stderr]    Compiling bytes v1.0.1
[INFO] [stderr]    Compiling proc-macro-hack v0.5.19
[INFO] [stderr]    Compiling futures-macro v0.3.16
[INFO] [stderr]    Compiling futures-channel v0.3.16
[INFO] [stderr]    Compiling proc-macro-nested v0.1.3
[INFO] [stderr]    Compiling bytes v0.5.4
[INFO] [stderr]    Compiling quote v1.0.2
[INFO] [stderr]    Compiling futures-sink v0.3.16
[INFO] [stderr]    Compiling fnv v1.0.6
[INFO] [stderr]    Compiling futures-task v0.3.16
[INFO] [stderr]    Compiling http v0.2.0
[INFO] [stderr]    Compiling tokio v1.8.0
[INFO] [stderr]    Compiling futures-util v0.3.16
[INFO] [stderr]    Compiling generic-array v0.14.3
[INFO] [stderr]    Compiling byteorder v1.3.2
[INFO] [stderr]    Compiling getrandom v0.1.14
[INFO] [stderr]    Compiling matches v0.1.8
[INFO] [stderr]    Compiling num_cpus v1.13.0
[INFO] [stderr]    Compiling mio v0.7.13
[INFO] [stderr]    Compiling unicase v2.6.0
[INFO] [stderr]    Compiling futures-io v0.3.16
[INFO] [stderr]    Compiling pin-utils v0.1.0
[INFO] [stderr]    Compiling httparse v1.3.4
[INFO] [stderr]    Compiling slab v0.4.2
[INFO] [stderr]    Compiling getrandom v0.2.3
[INFO] [stderr]    Compiling percent-encoding v2.1.0
[INFO] [stderr]    Compiling smallvec v1.2.0
[INFO] [stderr]    Compiling rand_core v0.6.3
[INFO] [stderr]    Compiling rand_core v0.5.1
[INFO] [stderr]    Compiling unicode-normalization v0.1.12
[INFO] [stderr]    Compiling unicode-bidi v0.3.4
[INFO] [stderr]    Compiling generic-array v0.12.3
[INFO] [stderr]    Compiling c2-chacha v0.2.3
[INFO] [stderr]    Compiling indexmap v1.7.0
[INFO] [stderr]    Compiling bitflags v1.2.1
[INFO] [stderr]    Compiling byte-tools v0.3.1
[INFO] [stderr]    Compiling lazy_static v1.4.0
[INFO] [stderr]    Compiling serde v1.0.104
[INFO] [stderr]    Compiling ryu v1.0.2
[INFO] [stderr]    Compiling tracing-core v0.1.18
[INFO] [stderr]    Compiling block-padding v0.1.5
[INFO] [stderr]    Compiling idna v0.2.0
[INFO] [stderr]    Compiling rand_chacha v0.2.1
[INFO] [stderr]    Compiling mime_guess v2.0.1
[INFO] [stderr]    Compiling rand_chacha v0.3.1
[INFO] [stderr]    Compiling block-buffer v0.9.0
[INFO] [stderr]    Compiling digest v0.9.0
[INFO] [stderr]    Compiling opaque-debug v0.3.0
[INFO] [stderr]    Compiling mime v0.3.16
[INFO] [stderr]    Compiling cpufeatures v0.1.5
[INFO] [stderr]    Compiling hashbrown v0.11.2
[INFO] [stderr]    Compiling sha-1 v0.9.6
[INFO] [stderr]    Compiling rand v0.8.4
[INFO] [stderr]    Compiling url v2.1.1
[INFO] [stderr]    Compiling rand v0.7.3
[INFO] [stderr]    Compiling tracing v0.1.26
[INFO] [stderr]    Compiling block-buffer v0.7.3
[INFO] [stderr]    Compiling digest v0.8.1
[INFO] [stderr]    Compiling input_buffer v0.4.0
[INFO] [stderr]    Compiling safemem v0.3.3
[INFO] [stderr]    Compiling base64 v0.13.0
[INFO] [stderr]    Compiling opaque-debug v0.2.3
[INFO] [stderr]    Compiling remove_dir_all v0.5.2
[INFO] [stderr]    Compiling utf-8 v0.7.5
[INFO] [stderr]    Compiling try-lock v0.2.2
[INFO] [stderr]    Compiling fake-simd v0.1.2
[INFO] [stderr]    Compiling want v0.3.0
[INFO] [stderr]    Compiling sha-1 v0.8.2
[INFO] [stderr]    Compiling buf_redux v0.8.4
[INFO] [stderr]    Compiling tempfile v3.1.0
[INFO] [stderr]    Compiling tungstenite v0.12.0
[INFO] [stderr]    Compiling http-body v0.4.2
[INFO] [stderr]    Compiling headers-core v0.2.0
[INFO] [stderr]    Compiling form_urlencoded v1.0.1
[INFO] [stderr]    Compiling time v0.1.42
[INFO] [stderr]    Compiling socket2 v0.3.19
[INFO] [stderr]    Compiling twoway v0.1.8
[INFO] [stderr]    Compiling anyhow v1.0.41
[INFO] [stderr]    Compiling base64 v0.11.0
[INFO] [stderr]    Compiling tower-service v0.3.0
[INFO] [stderr]    Compiling unicode-width v0.1.7
[INFO] [stderr]    Compiling httpdate v0.3.2
[INFO] [stderr]    Compiling quick-error v1.2.3
[INFO] [stderr]    Compiling headers v0.3.1
[INFO] [stderr]    Compiling textwrap v0.11.0
[INFO] [stderr]    Compiling multipart v0.17.1
[INFO] [stderr]    Compiling atty v0.2.14
[INFO] [stderr]    Compiling ansi_term v0.11.0
[INFO] [stderr]    Compiling strsim v0.8.0
[INFO] [stderr]    Compiling scoped-tls v1.0.0
[INFO] [stderr]    Compiling vec_map v0.8.1
[INFO] [stderr]    Compiling file_diff v1.0.0
[INFO] [stderr]    Compiling clap v2.33.0
[INFO] [stderr]    Compiling tokio-macros v1.2.0
[INFO] [stderr]    Compiling pin-project-internal v1.0.7
[INFO] [stderr]    Compiling serde_urlencoded v0.7.0
[INFO] [stderr]    Compiling serde_json v1.0.45
[INFO] [stderr]    Compiling pin-project v1.0.7
[INFO] [stderr]    Compiling futures-executor v0.3.16
[INFO] [stderr]    Compiling futures v0.3.16
[INFO] [stderr]    Compiling tokio-util v0.6.7
[INFO] [stderr]    Compiling tokio-stream v0.1.6
[INFO] [stderr]    Compiling tokio-tungstenite v0.13.0
[INFO] [stderr]    Compiling h2 v0.3.3
[INFO] [stderr]    Compiling hyper v0.14.4
[INFO] [stderr]    Compiling warp v0.3.1
[INFO] [stderr]    Compiling file-storage v0.1.0 (/opt/rustwide/workdir)
[INFO] [stderr]     Finished dev [unoptimized + debuginfo] target(s) in 32.90s
[INFO] [stderr] warning: the following packages contain code that will be rejected by a future version of Rust: buf_redux v0.8.4, multipart v0.17.1
[INFO] [stderr] note: to see what the problems were, use the option `--future-incompat-report`, or run `cargo report future-incompatibilities --id 1`
[INFO] running `Command { std: "docker" "inspect" "02736368df3e236e4b7e69e3a0e8fa5b5fb16385feef19be87b01dd7dd100c43", kill_on_drop: false }`
[INFO] running `Command { std: "docker" "rm" "-f" "02736368df3e236e4b7e69e3a0e8fa5b5fb16385feef19be87b01dd7dd100c43", kill_on_drop: false }`
[INFO] [stdout] 02736368df3e236e4b7e69e3a0e8fa5b5fb16385feef19be87b01dd7dd100c43
[INFO] running `Command { std: "docker" "create" "-v" "/var/lib/crater-agent-workspace/builds/worker-6-tc2/target:/opt/rustwide/target:rw,Z" "-v" "/var/lib/crater-agent-workspace/builds/worker-6-tc2/source:/opt/rustwide/workdir:ro,Z" "-v" "/var/lib/crater-agent-workspace/cargo-home:/opt/rustwide/cargo-home:ro,Z" "-v" "/var/lib/crater-agent-workspace/rustup-home:/opt/rustwide/rustup-home:ro,Z" "-e" "SOURCE_DIR=/opt/rustwide/workdir" "-e" "CARGO_TARGET_DIR=/opt/rustwide/target" "-e" "CARGO_INCREMENTAL=0" "-e" "RUST_BACKTRACE=full" "-e" "RUSTFLAGS=--cap-lints=warn" "-e" "RUSTDOCFLAGS=--cap-lints=warn" "-e" "CARGO_HOME=/opt/rustwide/cargo-home" "-e" "RUSTUP_HOME=/opt/rustwide/rustup-home" "-w" "/opt/rustwide/workdir" "-m" "1610612736" "--user" "0:0" "--network" "none" "ghcr.io/rust-lang/crates-build-env/linux@sha256:2788e3201cd34a07e3172128adcd8b3090168a8e3bcc40d7c032b9dda1df7d1c" "/opt/rustwide/cargo-home/bin/cargo" "+beta-2023-12-22" "test" "--frozen" "--no-run" "--message-format=json", kill_on_drop: false }`
[INFO] [stdout] cf6a42cca35c1ffa0210a46206bcdad7e8b185a8b30b658c327d1dff9ba56b5c
[INFO] running `Command { std: "docker" "start" "-a" "cf6a42cca35c1ffa0210a46206bcdad7e8b185a8b30b658c327d1dff9ba56b5c", kill_on_drop: false }`
[INFO] [stderr]    Compiling file-storage v0.1.0 (/opt/rustwide/workdir)
[INFO] [stdout] warning: unused variable: `dir`
[INFO] [stdout]   --> tests/test_server.rs:68:9
[INFO] [stdout]    |
[INFO] [stdout] 68 |     let dir = String::from("files");
[INFO] [stdout]    |         ^^^ help: if this is intentional, prefix it with an underscore: `_dir`
[INFO] [stdout]    |
[INFO] [stdout]    = note: `#[warn(unused_variables)]` on by default
[INFO] [stdout] 
[INFO] [stdout] 
[INFO] [stdout] warning: 1 warning emitted
[INFO] [stdout] 
[INFO] [stdout] 
[INFO] [stderr]     Finished test [unoptimized + debuginfo] target(s) in 1.39s
[INFO] [stderr] warning: the following packages contain code that will be rejected by a future version of Rust: buf_redux v0.8.4, multipart v0.17.1
[INFO] [stderr] note: to see what the problems were, use the option `--future-incompat-report`, or run `cargo report future-incompatibilities --id 1`
[INFO] running `Command { std: "docker" "inspect" "cf6a42cca35c1ffa0210a46206bcdad7e8b185a8b30b658c327d1dff9ba56b5c", kill_on_drop: false }`
[INFO] running `Command { std: "docker" "rm" "-f" "cf6a42cca35c1ffa0210a46206bcdad7e8b185a8b30b658c327d1dff9ba56b5c", kill_on_drop: false }`
[INFO] [stdout] cf6a42cca35c1ffa0210a46206bcdad7e8b185a8b30b658c327d1dff9ba56b5c
[INFO] running `Command { std: "docker" "create" "-v" "/var/lib/crater-agent-workspace/builds/worker-6-tc2/target:/opt/rustwide/target:rw,Z" "-v" "/var/lib/crater-agent-workspace/builds/worker-6-tc2/source:/opt/rustwide/workdir:ro,Z" "-v" "/var/lib/crater-agent-workspace/cargo-home:/opt/rustwide/cargo-home:ro,Z" "-v" "/var/lib/crater-agent-workspace/rustup-home:/opt/rustwide/rustup-home:ro,Z" "-e" "SOURCE_DIR=/opt/rustwide/workdir" "-e" "CARGO_TARGET_DIR=/opt/rustwide/target" "-e" "CARGO_INCREMENTAL=0" "-e" "RUST_BACKTRACE=full" "-e" "RUSTFLAGS=--cap-lints=warn" "-e" "RUSTDOCFLAGS=--cap-lints=warn" "-e" "CARGO_HOME=/opt/rustwide/cargo-home" "-e" "RUSTUP_HOME=/opt/rustwide/rustup-home" "-w" "/opt/rustwide/workdir" "-m" "1610612736" "--user" "0:0" "--network" "none" "ghcr.io/rust-lang/crates-build-env/linux@sha256:2788e3201cd34a07e3172128adcd8b3090168a8e3bcc40d7c032b9dda1df7d1c" "/opt/rustwide/cargo-home/bin/cargo" "+beta-2023-12-22" "test" "--frozen", kill_on_drop: false }`
[INFO] [stdout] ebc53f8a8aaf304906d177fcbd1fa83cec2f6746702999f9a48614f699367946
[INFO] running `Command { std: "docker" "start" "-a" "ebc53f8a8aaf304906d177fcbd1fa83cec2f6746702999f9a48614f699367946", kill_on_drop: false }`
[INFO] [stderr] warning: unused variable: `dir`
[INFO] [stderr]   --> tests/test_server.rs:68:9
[INFO] [stderr]    |
[INFO] [stderr] 68 |     let dir = String::from("files");
[INFO] [stderr]    |         ^^^ help: if this is intentional, prefix it with an underscore: `_dir`
[INFO] [stderr]    |
[INFO] [stderr]    = note: `#[warn(unused_variables)]` on by default
[INFO] [stderr] 
[INFO] [stderr] warning: `file-storage` (test "test_server") generated 1 warning (run `cargo fix --test "test_server"` to apply 1 suggestion)
[INFO] [stderr]     Finished test [unoptimized + debuginfo] target(s) in 0.10s
[INFO] [stderr] warning: the following packages contain code that will be rejected by a future version of Rust: buf_redux v0.8.4, multipart v0.17.1
[INFO] [stderr] note: to see what the problems were, use the option `--future-incompat-report`, or run `cargo report future-incompatibilities --id 1`
[INFO] [stderr]      Running unittests src/main.rs (/opt/rustwide/target/debug/deps/file_storage-aa27fa34b5aefdd6)
[INFO] [stdout] 
[INFO] [stdout] running 1 test
[INFO] [stdout] test tests::test_create_file ... FAILED
[INFO] [stdout] 
[INFO] [stdout] failures:
[INFO] [stdout] 
[INFO] [stdout] ---- tests::test_create_file stdout ----
[INFO] [stdout] uri: .test_create
[INFO] [stdout] Error: Read-only file system (os error 30)
[INFO] [stdout] 
[INFO] [stdout] 
[INFO] [stdout] failures:
[INFO] [stdout]     tests::test_create_file
[INFO] [stdout] 
[INFO] [stdout] test result: FAILED. 0 passed; 1 failed; 0 ignored; 0 measured; 0 filtered out; finished in 0.00s
[INFO] [stdout] 
[INFO] [stderr] error: test failed, to rerun pass `--bin file-storage`
[INFO] running `Command { std: "docker" "inspect" "ebc53f8a8aaf304906d177fcbd1fa83cec2f6746702999f9a48614f699367946", kill_on_drop: false }`
[INFO] running `Command { std: "docker" "rm" "-f" "ebc53f8a8aaf304906d177fcbd1fa83cec2f6746702999f9a48614f699367946", kill_on_drop: false }`
[INFO] [stdout] ebc53f8a8aaf304906d177fcbd1fa83cec2f6746702999f9a48614f699367946
