[INFO] cloning repository https://github.com/buffalojoec/nyc-bootcamp-swap-program-starter
[INFO] running `Command { std: "git" "-c" "credential.helper=" "-c" "credential.helper=/workspace/cargo-home/bin/git-credential-null" "clone" "--bare" "https://github.com/buffalojoec/nyc-bootcamp-swap-program-starter" "/workspace/cache/git-repos/https%3A%2F%2Fgithub.com%2Fbuffalojoec%2Fnyc-bootcamp-swap-program-starter", kill_on_drop: false }`
[INFO] [stderr] Cloning into bare repository '/workspace/cache/git-repos/https%3A%2F%2Fgithub.com%2Fbuffalojoec%2Fnyc-bootcamp-swap-program-starter'...
[INFO] running `Command { std: "git" "rev-parse" "HEAD", kill_on_drop: false }`
[INFO] [stdout] 97152e7a3133034ff058418f005f8cdf02000082
[INFO] testing buffalojoec/nyc-bootcamp-swap-program-starter against 1.75.0 for beta-1.76-1
[INFO] running `Command { std: "git" "clone" "/workspace/cache/git-repos/https%3A%2F%2Fgithub.com%2Fbuffalojoec%2Fnyc-bootcamp-swap-program-starter" "/workspace/builds/worker-2-tc1/source", kill_on_drop: false }`
[INFO] [stderr] Cloning into '/workspace/builds/worker-2-tc1/source'...
[INFO] [stderr] done.
[INFO] validating manifest of git repo https://github.com/buffalojoec/nyc-bootcamp-swap-program-starter on toolchain 1.75.0
[INFO] running `Command { std: CARGO_HOME="/workspace/cargo-home" RUSTUP_HOME="/workspace/rustup-home" "/workspace/cargo-home/bin/cargo" "+1.75.0" "metadata" "--manifest-path" "Cargo.toml" "--no-deps", kill_on_drop: false }`
[INFO] started tweaking git repo https://github.com/buffalojoec/nyc-bootcamp-swap-program-starter
[INFO] finished tweaking git repo https://github.com/buffalojoec/nyc-bootcamp-swap-program-starter
[INFO] tweaked toml for git repo https://github.com/buffalojoec/nyc-bootcamp-swap-program-starter written to /workspace/builds/worker-2-tc1/source/Cargo.toml
[INFO] crate git repo https://github.com/buffalojoec/nyc-bootcamp-swap-program-starter already has a lockfile, it will not be regenerated
[INFO] running `Command { std: CARGO_HOME="/workspace/cargo-home" RUSTUP_HOME="/workspace/rustup-home" "/workspace/cargo-home/bin/cargo" "+1.75.0" "fetch" "--manifest-path" "Cargo.toml", kill_on_drop: false }`
[INFO] [stderr] warning: virtual workspace defaulting to `resolver = "1"` despite one or more workspace members being on edition 2021 which implies `resolver = "2"`
[INFO] [stderr] note: to keep the current resolver, specify `workspace.resolver = "1"` in the workspace root's manifest
[INFO] [stderr] note: to use the edition 2021 resolver, specify `workspace.resolver = "2"` in the workspace root's manifest
[INFO] [stderr] note: for more details see https://doc.rust-lang.org/cargo/reference/resolver.html#resolver-versions
[INFO] [stderr]  Downloading crates ...
[INFO] [stderr]   Downloaded anchor-spl v0.27.0
[INFO] running `Command { std: "docker" "create" "-v" "/var/lib/crater-agent-workspace/builds/worker-2-tc1/target:/opt/rustwide/target:rw,Z" "-v" "/var/lib/crater-agent-workspace/builds/worker-2-tc1/source:/opt/rustwide/workdir:ro,Z" "-v" "/var/lib/crater-agent-workspace/cargo-home:/opt/rustwide/cargo-home:ro,Z" "-v" "/var/lib/crater-agent-workspace/rustup-home:/opt/rustwide/rustup-home:ro,Z" "-e" "SOURCE_DIR=/opt/rustwide/workdir" "-e" "CARGO_TARGET_DIR=/opt/rustwide/target" "-e" "CARGO_HOME=/opt/rustwide/cargo-home" "-e" "RUSTUP_HOME=/opt/rustwide/rustup-home" "-w" "/opt/rustwide/workdir" "-m" "1610612736" "--user" "0:0" "--network" "none" "ghcr.io/rust-lang/crates-build-env/linux@sha256:2788e3201cd34a07e3172128adcd8b3090168a8e3bcc40d7c032b9dda1df7d1c" "/opt/rustwide/cargo-home/bin/cargo" "+1.75.0" "metadata" "--no-deps" "--format-version=1", kill_on_drop: false }`
[INFO] [stdout] 50c28c85c3144c410b46147ca31ccd7c5d217eb4fb0a8ee12a8dda39555688d6
[INFO] running `Command { std: "docker" "start" "-a" "50c28c85c3144c410b46147ca31ccd7c5d217eb4fb0a8ee12a8dda39555688d6", kill_on_drop: false }`
[INFO] running `Command { std: "docker" "inspect" "50c28c85c3144c410b46147ca31ccd7c5d217eb4fb0a8ee12a8dda39555688d6", kill_on_drop: false }`
[INFO] running `Command { std: "docker" "rm" "-f" "50c28c85c3144c410b46147ca31ccd7c5d217eb4fb0a8ee12a8dda39555688d6", kill_on_drop: false }`
[INFO] [stdout] 50c28c85c3144c410b46147ca31ccd7c5d217eb4fb0a8ee12a8dda39555688d6
[INFO] running `Command { std: "docker" "create" "-v" "/var/lib/crater-agent-workspace/builds/worker-2-tc1/target:/opt/rustwide/target:rw,Z" "-v" "/var/lib/crater-agent-workspace/builds/worker-2-tc1/source:/opt/rustwide/workdir:ro,Z" "-v" "/var/lib/crater-agent-workspace/cargo-home:/opt/rustwide/cargo-home:ro,Z" "-v" "/var/lib/crater-agent-workspace/rustup-home:/opt/rustwide/rustup-home:ro,Z" "-e" "SOURCE_DIR=/opt/rustwide/workdir" "-e" "CARGO_TARGET_DIR=/opt/rustwide/target" "-e" "CARGO_INCREMENTAL=0" "-e" "RUST_BACKTRACE=full" "-e" "RUSTFLAGS=--cap-lints=warn" "-e" "RUSTDOCFLAGS=--cap-lints=warn" "-e" "CARGO_HOME=/opt/rustwide/cargo-home" "-e" "RUSTUP_HOME=/opt/rustwide/rustup-home" "-w" "/opt/rustwide/workdir" "-m" "1610612736" "--user" "0:0" "--network" "none" "ghcr.io/rust-lang/crates-build-env/linux@sha256:2788e3201cd34a07e3172128adcd8b3090168a8e3bcc40d7c032b9dda1df7d1c" "/opt/rustwide/cargo-home/bin/cargo" "+1.75.0" "build" "--frozen" "--message-format=json", kill_on_drop: false }`
[INFO] [stdout] 389f66c381d1b7b75ab1525a04b0717ae83b780cfe444f2be97b791bc747ca40
[INFO] running `Command { std: "docker" "start" "-a" "389f66c381d1b7b75ab1525a04b0717ae83b780cfe444f2be97b791bc747ca40", kill_on_drop: false }`
[INFO] [stderr] warning: virtual workspace defaulting to `resolver = "1"` despite one or more workspace members being on edition 2021 which implies `resolver = "2"`
[INFO] [stderr] note: to keep the current resolver, specify `workspace.resolver = "1"` in the workspace root's manifest
[INFO] [stderr] note: to use the edition 2021 resolver, specify `workspace.resolver = "2"` in the workspace root's manifest
[INFO] [stderr] note: for more details see https://doc.rust-lang.org/cargo/reference/resolver.html#resolver-versions
[INFO] [stderr]    Compiling proc-macro2 v1.0.56
[INFO] [stderr]    Compiling unicode-ident v1.0.8
[INFO] [stderr]    Compiling quote v1.0.27
[INFO] [stderr]    Compiling version_check v0.9.4
[INFO] [stderr]    Compiling serde_derive v1.0.162
[INFO] [stderr]    Compiling serde v1.0.162
[INFO] [stderr]    Compiling cfg-if v1.0.0
[INFO] [stderr]    Compiling typenum v1.16.0
[INFO] [stderr]    Compiling libc v0.2.144
[INFO] [stderr]    Compiling autocfg v1.1.0
[INFO] [stderr]    Compiling syn v1.0.109
[INFO] [stderr]    Compiling subtle v2.4.1
[INFO] [stderr]    Compiling thiserror v1.0.40
[INFO] [stderr]    Compiling cpufeatures v0.2.7
[INFO] [stderr]    Compiling opaque-debug v0.3.0
[INFO] [stderr]    Compiling block-padding v0.2.1
[INFO] [stderr]    Compiling once_cell v1.17.1
[INFO] [stderr]    Compiling ppv-lite86 v0.2.17
[INFO] [stderr]    Compiling semver v1.0.17
[INFO] [stderr]    Compiling anyhow v1.0.71
[INFO] [stderr]    Compiling serde_json v1.0.96
[INFO] [stderr]    Compiling getrandom v0.1.16
[INFO] [stderr]    Compiling generic-array v0.14.7
[INFO] [stderr]    Compiling ahash v0.7.6
[INFO] [stderr]    Compiling ryu v1.0.13
[INFO] [stderr]    Compiling num-traits v0.2.15
[INFO] [stderr]    Compiling itoa v1.0.6
[INFO] [stderr]    Compiling log v0.4.17
[INFO] [stderr]    Compiling crossbeam-utils v0.8.15
[INFO] [stderr]    Compiling ucd-trie v0.1.5
[INFO] [stderr]    Compiling memoffset v0.8.0
[INFO] [stderr]    Compiling num-integer v0.1.45
[INFO] [stderr]    Compiling crunchy v0.2.2
[INFO] [stderr]    Compiling crossbeam-epoch v0.9.14
[INFO] [stderr]    Compiling num-bigint v0.4.3
[INFO] [stderr]    Compiling scopeguard v1.1.0
[INFO] [stderr]    Compiling wasm-bindgen-shared v0.2.85
[INFO] [stderr]    Compiling byteorder v1.4.3
[INFO] [stderr]    Compiling paste v1.0.12
[INFO] [stderr]    Compiling rayon-core v1.11.0
[INFO] [stderr]    Compiling rustc_version v0.4.0
[INFO] [stderr]    Compiling either v1.8.1
[INFO] [stderr]    Compiling rustversion v1.0.12
[INFO] [stderr]    Compiling bumpalo v3.12.2
[INFO] [stderr]    Compiling memchr v2.5.0
[INFO] [stderr]    Compiling feature-probe v0.1.1
[INFO] [stderr]    Compiling crossbeam-channel v0.5.8
[INFO] [stderr]    Compiling indexmap v1.9.3
[INFO] [stderr]    Compiling im v15.1.0
[INFO] [stderr]    Compiling syn v2.0.15
[INFO] [stderr]    Compiling bv v0.11.1
[INFO] [stderr]    Compiling solana-frozen-abi-macro v1.15.2
[INFO] [stderr]    Compiling arrayref v0.3.7
[INFO] [stderr]    Compiling keccak v0.1.4
[INFO] [stderr]    Compiling tinyvec_macros v0.1.1
[INFO] [stderr]    Compiling lazy_static v1.4.0
[INFO] [stderr]    Compiling bs58 v0.4.0
[INFO] [stderr]    Compiling tinyvec v1.6.0
[INFO] [stderr]    Compiling solana-frozen-abi v1.15.2
[INFO] [stderr]    Compiling bitmaps v2.1.0
[INFO] [stderr]    Compiling crossbeam-deque v0.8.3
[INFO] [stderr]    Compiling fnv v1.0.7
[INFO] [stderr]    Compiling constant_time_eq v0.2.5
[INFO] [stderr]    Compiling arrayvec v0.7.2
[INFO] [stderr]    Compiling wasm-bindgen v0.2.85
[INFO] [stderr]    Compiling regex-syntax v0.7.1
[INFO] [stderr]    Compiling strsim v0.10.0
[INFO] [stderr]    Compiling unicode-segmentation v1.10.1
[INFO] [stderr]    Compiling base64 v0.12.3
[INFO] [stderr]    Compiling winnow v0.4.1
[INFO] [stderr]    Compiling ident_case v1.0.1
[INFO] [stderr]    Compiling rustc-hash v1.1.0
[INFO] [stderr]    Compiling getrandom v0.2.9
[INFO] [stderr]    Compiling jobserver v0.1.26
[INFO] [stderr]    Compiling rand_core v0.6.4
[INFO] [stderr]    Compiling rand_core v0.5.1
[INFO] [stderr]    Compiling cc v1.0.79
[INFO] [stderr]    Compiling num_cpus v1.15.0
[INFO] [stderr]    Compiling sized-chunks v0.6.5
[INFO] [stderr]    Compiling rand_chacha v0.3.1
[INFO] [stderr]    Compiling rand_chacha v0.2.2
[INFO] [stderr]    Compiling rand_xoshiro v0.6.0
[INFO] [stderr]    Compiling hashbrown v0.12.3
[INFO] [stderr]    Compiling rand v0.8.5
[INFO] [stderr]    Compiling hashbrown v0.11.2
[INFO] [stderr]    Compiling rand v0.7.3
[INFO] [stderr]    Compiling unicode-normalization v0.1.22
[INFO] [stderr]    Compiling aho-corasick v1.0.1
[INFO] [stderr]    Compiling memmap2 v0.5.10
[INFO] [stderr]    Compiling toml_datetime v0.6.1
[INFO] [stderr]    Compiling ark-std v0.3.0
[INFO] [stderr]    Compiling heck v0.3.3
[INFO] [stderr]    Compiling itertools v0.10.5
[INFO] [stderr]    Compiling array-bytes v1.4.1
[INFO] [stderr]    Compiling bs58 v0.3.1
[INFO] [stderr]    Compiling base64 v0.13.1
[INFO] [stderr]    Compiling rayon v1.7.0
[INFO] [stderr]    Compiling bitflags v1.3.2
[INFO] [stderr]    Compiling signature v1.6.4
[INFO] [stderr]    Compiling atty v0.2.14
[INFO] [stderr]    Compiling humantime v2.1.0
[INFO] [stderr]    Compiling ed25519 v1.5.3
[INFO] [stderr]    Compiling termcolor v1.2.0
[INFO] [stderr]    Compiling toml_edit v0.19.8
[INFO] [stderr]    Compiling solana-sdk v1.15.2
[INFO] [stderr]    Compiling derivation-path v0.2.0
[INFO] [stderr]    Compiling percent-encoding v2.2.0
[INFO] [stderr]    Compiling chrono v0.4.24
[INFO] [stderr]    Compiling qstring v0.7.2
[INFO] [stderr]    Compiling uriparse v0.6.4
[INFO] [stderr]    Compiling regex v1.8.1
[INFO] [stderr]    Compiling assert_matches v1.5.0
[INFO] [stderr]    Compiling blake3 v1.3.3
[INFO] [stderr]    Compiling solana-program v1.15.2
[INFO] [stderr]    Compiling wasm-bindgen-backend v0.2.85
[INFO] [stderr]    Compiling darling_core v0.20.1
[INFO] [stderr]    Compiling env_logger v0.9.3
[INFO] [stderr]    Compiling borsh-schema-derive-internal v0.9.3
[INFO] [stderr]    Compiling borsh-derive-internal v0.9.3
[INFO] [stderr]    Compiling wasm-bindgen-macro-support v0.2.85
[INFO] [stderr]    Compiling proc-macro-crate v1.3.1
[INFO] [stderr]    Compiling solana-logger v1.15.2
[INFO] [stderr]    Compiling thiserror-impl v1.0.40
[INFO] [stderr]    Compiling zeroize_derive v1.4.2
[INFO] [stderr]    Compiling bytemuck_derive v1.4.1
[INFO] [stderr]    Compiling wasm-bindgen-macro v0.2.85
[INFO] [stderr]    Compiling ark-ff-asm v0.3.0
[INFO] [stderr]    Compiling ark-ff-macros v0.3.0
[INFO] [stderr]    Compiling derivative v2.2.0
[INFO] [stderr]    Compiling solana-sdk-macro v1.15.2
[INFO] [stderr]    Compiling num-derive v0.3.3
[INFO] [stderr]    Compiling num_enum_derive v0.5.11
[INFO] [stderr]    Compiling anchor-derive-space v0.27.0
[INFO] [stderr]    Compiling darling_macro v0.20.1
[INFO] [stderr]    Compiling zeroize v1.3.0
[INFO] [stderr]    Compiling bytemuck v1.13.1
[INFO] [stderr]    Compiling merlin v3.0.0
[INFO] [stderr]    Compiling pest v2.6.0
[INFO] [stderr]    Compiling darling v0.20.1
[INFO] [stderr]    Compiling serde_with_macros v2.3.3
[INFO] [stderr]    Compiling num_enum v0.5.11
[INFO] [stderr]    Compiling semver-parser v0.10.2
[INFO] [stderr]    Compiling semver v0.11.0
[INFO] [stderr]    Compiling rustc_version v0.3.3
[INFO] [stderr]    Compiling ark-ff v0.3.0
[INFO] [stderr]    Compiling toml v0.5.11
[INFO] [stderr]    Compiling serde_bytes v0.11.9
[INFO] [stderr]    Compiling bincode v1.3.3
[INFO] [stderr]    Compiling serde_with v2.3.3
[INFO] [stderr]    Compiling digest v0.9.0
[INFO] [stderr]    Compiling block-buffer v0.9.0
[INFO] [stderr]    Compiling crypto-common v0.1.6
[INFO] [stderr]    Compiling block-buffer v0.10.4
[INFO] [stderr]    Compiling crypto-mac v0.8.0
[INFO] [stderr]    Compiling cipher v0.3.0
[INFO] [stderr]    Compiling universal-hash v0.4.1
[INFO] [stderr]    Compiling aead v0.4.3
[INFO] [stderr]    Compiling inout v0.1.3
[INFO] [stderr]    Compiling libsecp256k1-core v0.2.2
[INFO] [stderr]    Compiling ark-serialize v0.3.0
[INFO] [stderr]    Compiling curve25519-dalek v3.2.1
[INFO] [stderr]    Compiling digest v0.10.6
[INFO] [stderr]    Compiling sha2 v0.9.9
[INFO] [stderr]    Compiling polyval v0.5.3
[INFO] [stderr]    Compiling sha3 v0.9.1
[INFO] [stderr]    Compiling hmac v0.8.1
[INFO] [stderr]    Compiling pbkdf2 v0.4.0
[INFO] [stderr]    Compiling ctr v0.8.0
[INFO] [stderr]    Compiling aes v0.7.5
[INFO] [stderr]    Compiling cipher v0.4.4
[INFO] [stderr]    Compiling hmac-drbg v0.3.0
[INFO] [stderr]    Compiling sha2 v0.10.6
[INFO] [stderr]    Compiling proc-macro-crate v0.1.5
[INFO] [stderr]    Compiling tiny-bip39 v0.8.2
[INFO] [stderr]    Compiling sha3 v0.10.8
[INFO] [stderr]    Compiling anchor-syn v0.27.0
[INFO] [stderr]    Compiling ed25519-dalek v1.0.1
[INFO] [stderr]    Compiling hmac v0.12.1
[INFO] [stderr]    Compiling pbkdf2 v0.11.0
[INFO] [stderr]    Compiling aes-gcm-siv v0.10.3
[INFO] [stderr]    Compiling libsecp256k1-gen-genmult v0.2.1
[INFO] [stderr]    Compiling libsecp256k1-gen-ecmult v0.2.1
[INFO] [stderr]    Compiling ed25519-dalek-bip32 v0.2.0
[INFO] [stderr]    Compiling borsh-derive v0.9.3
[INFO] [stderr]    Compiling libsecp256k1 v0.6.0
[INFO] [stderr]    Compiling borsh v0.9.3
[INFO] [stderr]    Compiling anchor-attribute-account v0.27.0
[INFO] [stderr]    Compiling anchor-attribute-program v0.27.0
[INFO] [stderr]    Compiling anchor-attribute-event v0.27.0
[INFO] [stderr]    Compiling anchor-derive-accounts v0.27.0
[INFO] [stderr]    Compiling anchor-attribute-constant v0.27.0
[INFO] [stderr]    Compiling anchor-attribute-access-control v0.27.0
[INFO] [stderr]    Compiling anchor-attribute-error v0.27.0
[INFO] [stderr]    Compiling ark-ec v0.3.0
[INFO] [stderr]    Compiling ark-bn254 v0.3.0
[INFO] [stderr]    Compiling spl-token v3.5.0
[INFO] [stderr]    Compiling spl-memo v3.0.1
[INFO] [stderr]    Compiling anchor-lang v0.27.0
[INFO] [stderr]    Compiling solana-zk-token-sdk v1.15.2
[INFO] [stderr]    Compiling spl-token-2022 v0.6.1
[INFO] [stderr]    Compiling spl-token-2022 v0.5.0
[INFO] [stderr]    Compiling spl-associated-token-account v1.1.3
[INFO] [stderr]    Compiling anchor-spl v0.27.0
[INFO] [stderr]    Compiling swap-program v0.1.0 (/opt/rustwide/workdir/programs/swap-program)
[INFO] [stdout] warning: unused import: `crate::state::*`
[INFO] [stdout]  --> programs/swap-program/src/instructions/create_pool.rs:4:5
[INFO] [stdout]   |
[INFO] [stdout] 4 | use crate::state::*;
[INFO] [stdout]   |     ^^^^^^^^^^^^^^^
[INFO] [stdout]   |
[INFO] [stdout]   = note: `#[warn(unused_imports)]` on by default
[INFO] [stdout] 
[INFO] [stdout] 
[INFO] [stdout] warning: unused import: `crate::state::*`
[INFO] [stdout]  --> programs/swap-program/src/instructions/fund_pool.rs:5:5
[INFO] [stdout]   |
[INFO] [stdout] 5 | use crate::state::*;
[INFO] [stdout]   |     ^^^^^^^^^^^^^^^
[INFO] [stdout] 
[INFO] [stdout] 
[INFO] [stdout] warning: unused import: `crate::state::*`
[INFO] [stdout]  --> programs/swap-program/src/instructions/swap.rs:7:5
[INFO] [stdout]   |
[INFO] [stdout] 7 | use crate::state::*;
[INFO] [stdout]   |     ^^^^^^^^^^^^^^^
[INFO] [stdout] 
[INFO] [stdout] 
[INFO] [stdout] warning: unused import: `Add`
[INFO] [stdout]  --> programs/swap-program/src/state.rs:4:16
[INFO] [stdout]   |
[INFO] [stdout] 4 | use std::ops::{Add, Div, Mul};
[INFO] [stdout]   |                ^^^
[INFO] [stdout] 
[INFO] [stdout] 
[INFO] [stdout] warning: unused variable: `ctx`
[INFO] [stdout]  --> programs/swap-program/src/instructions/create_pool.rs:7:20
[INFO] [stdout]   |
[INFO] [stdout] 7 | pub fn create_pool(ctx: Context<CreatePool>) -> Result<()> {
[INFO] [stdout]   |                    ^^^ help: if this is intentional, prefix it with an underscore: `_ctx`
[INFO] [stdout]   |
[INFO] [stdout]   = note: `#[warn(unused_variables)]` on by default
[INFO] [stdout] 
[INFO] [stdout] 
[INFO] [stdout] warning: unused variable: `ctx`
[INFO] [stdout]  --> programs/swap-program/src/instructions/fund_pool.rs:8:18
[INFO] [stdout]   |
[INFO] [stdout] 8 | pub fn fund_pool(ctx: Context<FundPool>, amount: u64) -> Result<()> {
[INFO] [stdout]   |                  ^^^ help: if this is intentional, prefix it with an underscore: `_ctx`
[INFO] [stdout] 
[INFO] [stdout] 
[INFO] [stdout] warning: unused variable: `amount`
[INFO] [stdout]  --> programs/swap-program/src/instructions/fund_pool.rs:8:42
[INFO] [stdout]   |
[INFO] [stdout] 8 | pub fn fund_pool(ctx: Context<FundPool>, amount: u64) -> Result<()> {
[INFO] [stdout]   |                                          ^^^^^^ help: if this is intentional, prefix it with an underscore: `_amount`
[INFO] [stdout] 
[INFO] [stdout] 
[INFO] [stdout] warning: unused variable: `ctx`
[INFO] [stdout]   --> programs/swap-program/src/instructions/swap.rs:10:13
[INFO] [stdout]    |
[INFO] [stdout] 10 | pub fn swap(ctx: Context<Swap>, amount_to_swap: u64) -> Result<()> {
[INFO] [stdout]    |             ^^^ help: if this is intentional, prefix it with an underscore: `_ctx`
[INFO] [stdout] 
[INFO] [stdout] 
[INFO] [stdout] warning: unused variable: `pool_recieve_balance`
[INFO] [stdout]    --> programs/swap-program/src/state.rs:297:5
[INFO] [stdout]     |
[INFO] [stdout] 297 |     pool_recieve_balance: u64,
[INFO] [stdout]     |     ^^^^^^^^^^^^^^^^^^^^ help: if this is intentional, prefix it with an underscore: `_pool_recieve_balance`
[INFO] [stdout] 
[INFO] [stdout] 
[INFO] [stdout] warning: unused variable: `receive_decimals`
[INFO] [stdout]    --> programs/swap-program/src/state.rs:298:5
[INFO] [stdout]     |
[INFO] [stdout] 298 |     receive_decimals: u8,
[INFO] [stdout]     |     ^^^^^^^^^^^^^^^^ help: if this is intentional, prefix it with an underscore: `_receive_decimals`
[INFO] [stdout] 
[INFO] [stdout] 
[INFO] [stdout] warning: unused variable: `pool_pay_balance`
[INFO] [stdout]    --> programs/swap-program/src/state.rs:299:5
[INFO] [stdout]     |
[INFO] [stdout] 299 |     pool_pay_balance: u64,
[INFO] [stdout]     |     ^^^^^^^^^^^^^^^^ help: if this is intentional, prefix it with an underscore: `_pool_pay_balance`
[INFO] [stdout] 
[INFO] [stdout] 
[INFO] [stdout] warning: unused variable: `pay_decimals`
[INFO] [stdout]    --> programs/swap-program/src/state.rs:300:5
[INFO] [stdout]     |
[INFO] [stdout] 300 |     pay_decimals: u8,
[INFO] [stdout]     |     ^^^^^^^^^^^^ help: if this is intentional, prefix it with an underscore: `_pay_decimals`
[INFO] [stdout] 
[INFO] [stdout] 
[INFO] [stdout] warning: unused variable: `pay_amount`
[INFO] [stdout]    --> programs/swap-program/src/state.rs:301:5
[INFO] [stdout]     |
[INFO] [stdout] 301 |     pay_amount: u64,
[INFO] [stdout]     |     ^^^^^^^^^^ help: if this is intentional, prefix it with an underscore: `_pay_amount`
[INFO] [stdout] 
[INFO] [stdout] 
[INFO] [stdout] warning: function `convert_to_float` is never used
[INFO] [stdout]    --> programs/swap-program/src/state.rs:321:4
[INFO] [stdout]     |
[INFO] [stdout] 321 | fn convert_to_float(value: u64, decimals: u8) -> f32 {
[INFO] [stdout]     |    ^^^^^^^^^^^^^^^^
[INFO] [stdout]     |
[INFO] [stdout]     = note: `#[warn(dead_code)]` on by default
[INFO] [stdout] 
[INFO] [stdout] 
[INFO] [stdout] warning: function `convert_from_float` is never used
[INFO] [stdout]    --> programs/swap-program/src/state.rs:331:4
[INFO] [stdout]     |
[INFO] [stdout] 331 | fn convert_from_float(value: f32, decimals: u8) -> u64 {
[INFO] [stdout]     |    ^^^^^^^^^^^^^^^^^^
[INFO] [stdout] 
[INFO] [stdout] 
[INFO] [stdout] warning: 15 warnings emitted
[INFO] [stdout] 
[INFO] [stdout] 
[INFO] [stderr]     Finished dev [unoptimized + debuginfo] target(s) in 1m 03s
[INFO] running `Command { std: "docker" "inspect" "389f66c381d1b7b75ab1525a04b0717ae83b780cfe444f2be97b791bc747ca40", kill_on_drop: false }`
[INFO] running `Command { std: "docker" "rm" "-f" "389f66c381d1b7b75ab1525a04b0717ae83b780cfe444f2be97b791bc747ca40", kill_on_drop: false }`
[INFO] [stdout] 389f66c381d1b7b75ab1525a04b0717ae83b780cfe444f2be97b791bc747ca40
[INFO] running `Command { std: "docker" "create" "-v" "/var/lib/crater-agent-workspace/builds/worker-2-tc1/target:/opt/rustwide/target:rw,Z" "-v" "/var/lib/crater-agent-workspace/builds/worker-2-tc1/source:/opt/rustwide/workdir:ro,Z" "-v" "/var/lib/crater-agent-workspace/cargo-home:/opt/rustwide/cargo-home:ro,Z" "-v" "/var/lib/crater-agent-workspace/rustup-home:/opt/rustwide/rustup-home:ro,Z" "-e" "SOURCE_DIR=/opt/rustwide/workdir" "-e" "CARGO_TARGET_DIR=/opt/rustwide/target" "-e" "CARGO_INCREMENTAL=0" "-e" "RUST_BACKTRACE=full" "-e" "RUSTFLAGS=--cap-lints=warn" "-e" "RUSTDOCFLAGS=--cap-lints=warn" "-e" "CARGO_HOME=/opt/rustwide/cargo-home" "-e" "RUSTUP_HOME=/opt/rustwide/rustup-home" "-w" "/opt/rustwide/workdir" "-m" "1610612736" "--user" "0:0" "--network" "none" "ghcr.io/rust-lang/crates-build-env/linux@sha256:2788e3201cd34a07e3172128adcd8b3090168a8e3bcc40d7c032b9dda1df7d1c" "/opt/rustwide/cargo-home/bin/cargo" "+1.75.0" "test" "--frozen" "--no-run" "--message-format=json", kill_on_drop: false }`
[INFO] [stdout] 45c1a8b689848873a1d9e96d73cf5a485d5b6de73752267c92a5f88fe2c3cdb0
[INFO] running `Command { std: "docker" "start" "-a" "45c1a8b689848873a1d9e96d73cf5a485d5b6de73752267c92a5f88fe2c3cdb0", kill_on_drop: false }`
[INFO] [stderr] warning: virtual workspace defaulting to `resolver = "1"` despite one or more workspace members being on edition 2021 which implies `resolver = "2"`
[INFO] [stderr] note: to keep the current resolver, specify `workspace.resolver = "1"` in the workspace root's manifest
[INFO] [stderr] note: to use the edition 2021 resolver, specify `workspace.resolver = "2"` in the workspace root's manifest
[INFO] [stderr] note: for more details see https://doc.rust-lang.org/cargo/reference/resolver.html#resolver-versions
[INFO] [stdout] warning: unused import: `crate::state::*`
[INFO] [stdout]  --> programs/swap-program/src/instructions/create_pool.rs:4:5
[INFO] [stdout]   |
[INFO] [stdout] 4 | use crate::state::*;
[INFO] [stdout]   |     ^^^^^^^^^^^^^^^
[INFO] [stdout]   |
[INFO] [stdout]   = note: `#[warn(unused_imports)]` on by default
[INFO] [stdout] 
[INFO] [stdout] 
[INFO] [stdout] warning: unused import: `crate::state::*`
[INFO] [stdout]  --> programs/swap-program/src/instructions/fund_pool.rs:5:5
[INFO] [stdout]   |
[INFO] [stdout] 5 | use crate::state::*;
[INFO] [stdout]   |     ^^^^^^^^^^^^^^^
[INFO] [stdout] 
[INFO] [stdout] 
[INFO] [stdout] warning: unused import: `crate::state::*`
[INFO] [stdout]  --> programs/swap-program/src/instructions/swap.rs:7:5
[INFO] [stdout]   |
[INFO] [stdout] 7 | use crate::state::*;
[INFO] [stdout]   |     ^^^^^^^^^^^^^^^
[INFO] [stdout] 
[INFO] [stdout] 
[INFO] [stdout] warning: unused import: `Add`
[INFO] [stdout]  --> programs/swap-program/src/state.rs:4:16
[INFO] [stdout]   |
[INFO] [stdout] 4 | use std::ops::{Add, Div, Mul};
[INFO] [stdout]   |                ^^^
[INFO] [stdout] 
[INFO] [stdout] 
[INFO] [stdout] warning: unused variable: `ctx`
[INFO] [stdout]  --> programs/swap-program/src/instructions/create_pool.rs:7:20
[INFO] [stdout]   |
[INFO] [stdout] 7 | pub fn create_pool(ctx: Context<CreatePool>) -> Result<()> {
[INFO] [stdout]   |                    ^^^ help: if this is intentional, prefix it with an underscore: `_ctx`
[INFO] [stdout]   |
[INFO] [stdout]   = note: `#[warn(unused_variables)]` on by default
[INFO] [stdout] 
[INFO] [stdout] 
[INFO] [stdout] warning: unused variable: `ctx`
[INFO] [stdout]  --> programs/swap-program/src/instructions/fund_pool.rs:8:18
[INFO] [stdout]   |
[INFO] [stdout] 8 | pub fn fund_pool(ctx: Context<FundPool>, amount: u64) -> Result<()> {
[INFO] [stdout]   |                  ^^^ help: if this is intentional, prefix it with an underscore: `_ctx`
[INFO] [stdout] 
[INFO] [stdout] 
[INFO] [stdout] warning: unused variable: `amount`
[INFO] [stdout]  --> programs/swap-program/src/instructions/fund_pool.rs:8:42
[INFO] [stdout]   |
[INFO] [stdout] 8 | pub fn fund_pool(ctx: Context<FundPool>, amount: u64) -> Result<()> {
[INFO] [stdout]   |                                          ^^^^^^ help: if this is intentional, prefix it with an underscore: `_amount`
[INFO] [stdout] 
[INFO] [stdout] 
[INFO] [stdout] warning: unused variable: `ctx`
[INFO] [stdout]   --> programs/swap-program/src/instructions/swap.rs:10:13
[INFO] [stdout]    |
[INFO] [stdout] 10 | pub fn swap(ctx: Context<Swap>, amount_to_swap: u64) -> Result<()> {
[INFO] [stdout]    |             ^^^ help: if this is intentional, prefix it with an underscore: `_ctx`
[INFO] [stdout] 
[INFO] [stdout] 
[INFO] [stdout] warning: unused variable: `pool_recieve_balance`
[INFO] [stdout]    --> programs/swap-program/src/state.rs:297:5
[INFO] [stdout]     |
[INFO] [stdout] 297 |     pool_recieve_balance: u64,
[INFO] [stdout]     |     ^^^^^^^^^^^^^^^^^^^^ help: if this is intentional, prefix it with an underscore: `_pool_recieve_balance`
[INFO] [stdout] 
[INFO] [stdout] 
[INFO] [stdout] warning: unused variable: `receive_decimals`
[INFO] [stdout]    --> programs/swap-program/src/state.rs:298:5
[INFO] [stdout]     |
[INFO] [stdout] 298 |     receive_decimals: u8,
[INFO] [stdout]     |     ^^^^^^^^^^^^^^^^ help: if this is intentional, prefix it with an underscore: `_receive_decimals`
[INFO] [stdout] 
[INFO] [stdout] 
[INFO] [stdout] warning: unused variable: `pool_pay_balance`
[INFO] [stdout]    --> programs/swap-program/src/state.rs:299:5
[INFO] [stdout]     |
[INFO] [stdout] 299 |     pool_pay_balance: u64,
[INFO] [stdout]     |     ^^^^^^^^^^^^^^^^ help: if this is intentional, prefix it with an underscore: `_pool_pay_balance`
[INFO] [stdout] 
[INFO] [stdout] 
[INFO] [stdout] warning: unused variable: `pay_decimals`
[INFO] [stdout]    --> programs/swap-program/src/state.rs:300:5
[INFO] [stdout]     |
[INFO] [stdout] 300 |     pay_decimals: u8,
[INFO] [stdout]     |     ^^^^^^^^^^^^ help: if this is intentional, prefix it with an underscore: `_pay_decimals`
[INFO] [stdout] 
[INFO] [stdout] 
[INFO] [stdout] warning: unused variable: `pay_amount`
[INFO] [stdout]    --> programs/swap-program/src/state.rs:301:5
[INFO] [stdout]     |
[INFO] [stdout] 301 |     pay_amount: u64,
[INFO] [stdout]     |     ^^^^^^^^^^ help: if this is intentional, prefix it with an underscore: `_pay_amount`
[INFO] [stdout] 
[INFO] [stdout] 
[INFO] [stdout] warning: function `convert_to_float` is never used
[INFO] [stdout]    --> programs/swap-program/src/state.rs:321:4
[INFO] [stdout]     |
[INFO] [stdout] 321 | fn convert_to_float(value: u64, decimals: u8) -> f32 {
[INFO] [stdout]     |    ^^^^^^^^^^^^^^^^
[INFO] [stdout]     |
[INFO] [stdout]     = note: `#[warn(dead_code)]` on by default
[INFO] [stdout] 
[INFO] [stdout] 
[INFO] [stdout] warning: function `convert_from_float` is never used
[INFO] [stdout]    --> programs/swap-program/src/state.rs:331:4
[INFO] [stdout]     |
[INFO] [stdout] 331 | fn convert_from_float(value: f32, decimals: u8) -> u64 {
[INFO] [stdout]     |    ^^^^^^^^^^^^^^^^^^
[INFO] [stdout] 
[INFO] [stdout] 
[INFO] [stderr]    Compiling swap-program v0.1.0 (/opt/rustwide/workdir/programs/swap-program)
[INFO] [stdout] warning: 15 warnings emitted
[INFO] [stdout] 
[INFO] [stdout] 
[INFO] [stdout] warning: unused import: `crate::state::*`
[INFO] [stdout]  --> programs/swap-program/src/instructions/create_pool.rs:4:5
[INFO] [stdout]   |
[INFO] [stdout] 4 | use crate::state::*;
[INFO] [stdout]   |     ^^^^^^^^^^^^^^^
[INFO] [stdout]   |
[INFO] [stdout]   = note: `#[warn(unused_imports)]` on by default
[INFO] [stdout] 
[INFO] [stdout] 
[INFO] [stdout] warning: unused import: `crate::state::*`
[INFO] [stdout]  --> programs/swap-program/src/instructions/fund_pool.rs:5:5
[INFO] [stdout]   |
[INFO] [stdout] 5 | use crate::state::*;
[INFO] [stdout]   |     ^^^^^^^^^^^^^^^
[INFO] [stdout] 
[INFO] [stdout] 
[INFO] [stdout] warning: unused import: `crate::state::*`
[INFO] [stdout]  --> programs/swap-program/src/instructions/swap.rs:7:5
[INFO] [stdout]   |
[INFO] [stdout] 7 | use crate::state::*;
[INFO] [stdout]   |     ^^^^^^^^^^^^^^^
[INFO] [stdout] 
[INFO] [stdout] 
[INFO] [stdout] warning: unused import: `Add`
[INFO] [stdout]  --> programs/swap-program/src/state.rs:4:16
[INFO] [stdout]   |
[INFO] [stdout] 4 | use std::ops::{Add, Div, Mul};
[INFO] [stdout]   |                ^^^
[INFO] [stdout] 
[INFO] [stdout] 
[INFO] [stdout] warning: unused variable: `ctx`
[INFO] [stdout]  --> programs/swap-program/src/instructions/create_pool.rs:7:20
[INFO] [stdout]   |
[INFO] [stdout] 7 | pub fn create_pool(ctx: Context<CreatePool>) -> Result<()> {
[INFO] [stdout]   |                    ^^^ help: if this is intentional, prefix it with an underscore: `_ctx`
[INFO] [stdout]   |
[INFO] [stdout]   = note: `#[warn(unused_variables)]` on by default
[INFO] [stdout] 
[INFO] [stdout] 
[INFO] [stdout] warning: unused variable: `ctx`
[INFO] [stdout]  --> programs/swap-program/src/instructions/fund_pool.rs:8:18
[INFO] [stdout]   |
[INFO] [stdout] 8 | pub fn fund_pool(ctx: Context<FundPool>, amount: u64) -> Result<()> {
[INFO] [stdout]   |                  ^^^ help: if this is intentional, prefix it with an underscore: `_ctx`
[INFO] [stdout] 
[INFO] [stdout] 
[INFO] [stdout] warning: unused variable: `amount`
[INFO] [stdout]  --> programs/swap-program/src/instructions/fund_pool.rs:8:42
[INFO] [stdout]   |
[INFO] [stdout] 8 | pub fn fund_pool(ctx: Context<FundPool>, amount: u64) -> Result<()> {
[INFO] [stdout]   |                                          ^^^^^^ help: if this is intentional, prefix it with an underscore: `_amount`
[INFO] [stdout] 
[INFO] [stdout] 
[INFO] [stdout] warning: unused variable: `ctx`
[INFO] [stdout]   --> programs/swap-program/src/instructions/swap.rs:10:13
[INFO] [stdout]    |
[INFO] [stdout] 10 | pub fn swap(ctx: Context<Swap>, amount_to_swap: u64) -> Result<()> {
[INFO] [stdout]    |             ^^^ help: if this is intentional, prefix it with an underscore: `_ctx`
[INFO] [stdout] 
[INFO] [stdout] 
[INFO] [stdout] warning: unused variable: `pool_recieve_balance`
[INFO] [stdout]    --> programs/swap-program/src/state.rs:297:5
[INFO] [stdout]     |
[INFO] [stdout] 297 |     pool_recieve_balance: u64,
[INFO] [stdout]     |     ^^^^^^^^^^^^^^^^^^^^ help: if this is intentional, prefix it with an underscore: `_pool_recieve_balance`
[INFO] [stdout] 
[INFO] [stdout] 
[INFO] [stdout] warning: unused variable: `receive_decimals`
[INFO] [stdout]    --> programs/swap-program/src/state.rs:298:5
[INFO] [stdout]     |
[INFO] [stdout] 298 |     receive_decimals: u8,
[INFO] [stdout]     |     ^^^^^^^^^^^^^^^^ help: if this is intentional, prefix it with an underscore: `_receive_decimals`
[INFO] [stdout] 
[INFO] [stdout] 
[INFO] [stdout] warning: unused variable: `pool_pay_balance`
[INFO] [stdout]    --> programs/swap-program/src/state.rs:299:5
[INFO] [stdout]     |
[INFO] [stdout] 299 |     pool_pay_balance: u64,
[INFO] [stdout]     |     ^^^^^^^^^^^^^^^^ help: if this is intentional, prefix it with an underscore: `_pool_pay_balance`
[INFO] [stdout] 
[INFO] [stdout] 
[INFO] [stdout] warning: unused variable: `pay_decimals`
[INFO] [stdout]    --> programs/swap-program/src/state.rs:300:5
[INFO] [stdout]     |
[INFO] [stdout] 300 |     pay_decimals: u8,
[INFO] [stdout]     |     ^^^^^^^^^^^^ help: if this is intentional, prefix it with an underscore: `_pay_decimals`
[INFO] [stdout] 
[INFO] [stdout] 
[INFO] [stdout] warning: unused variable: `pay_amount`
[INFO] [stdout]    --> programs/swap-program/src/state.rs:301:5
[INFO] [stdout]     |
[INFO] [stdout] 301 |     pay_amount: u64,
[INFO] [stdout]     |     ^^^^^^^^^^ help: if this is intentional, prefix it with an underscore: `_pay_amount`
[INFO] [stdout] 
[INFO] [stdout] 
[INFO] [stdout] warning: function `convert_to_float` is never used
[INFO] [stdout]    --> programs/swap-program/src/state.rs:321:4
[INFO] [stdout]     |
[INFO] [stdout] 321 | fn convert_to_float(value: u64, decimals: u8) -> f32 {
[INFO] [stdout]     |    ^^^^^^^^^^^^^^^^
[INFO] [stdout]     |
[INFO] [stdout]     = note: `#[warn(dead_code)]` on by default
[INFO] [stdout] 
[INFO] [stdout] 
[INFO] [stdout] warning: function `convert_from_float` is never used
[INFO] [stdout]    --> programs/swap-program/src/state.rs:331:4
[INFO] [stdout]     |
[INFO] [stdout] 331 | fn convert_from_float(value: f32, decimals: u8) -> u64 {
[INFO] [stdout]     |    ^^^^^^^^^^^^^^^^^^
[INFO] [stdout] 
[INFO] [stdout] 
[INFO] [stdout] warning: 15 warnings emitted
[INFO] [stdout] 
[INFO] [stdout] 
[INFO] [stderr]     Finished test [unoptimized + debuginfo] target(s) in 2.27s
[INFO] running `Command { std: "docker" "inspect" "45c1a8b689848873a1d9e96d73cf5a485d5b6de73752267c92a5f88fe2c3cdb0", kill_on_drop: false }`
[INFO] running `Command { std: "docker" "rm" "-f" "45c1a8b689848873a1d9e96d73cf5a485d5b6de73752267c92a5f88fe2c3cdb0", kill_on_drop: false }`
[INFO] [stdout] 45c1a8b689848873a1d9e96d73cf5a485d5b6de73752267c92a5f88fe2c3cdb0
[INFO] running `Command { std: "docker" "create" "-v" "/var/lib/crater-agent-workspace/builds/worker-2-tc1/target:/opt/rustwide/target:rw,Z" "-v" "/var/lib/crater-agent-workspace/builds/worker-2-tc1/source:/opt/rustwide/workdir:ro,Z" "-v" "/var/lib/crater-agent-workspace/cargo-home:/opt/rustwide/cargo-home:ro,Z" "-v" "/var/lib/crater-agent-workspace/rustup-home:/opt/rustwide/rustup-home:ro,Z" "-e" "SOURCE_DIR=/opt/rustwide/workdir" "-e" "CARGO_TARGET_DIR=/opt/rustwide/target" "-e" "CARGO_INCREMENTAL=0" "-e" "RUST_BACKTRACE=full" "-e" "RUSTFLAGS=--cap-lints=warn" "-e" "RUSTDOCFLAGS=--cap-lints=warn" "-e" "CARGO_HOME=/opt/rustwide/cargo-home" "-e" "RUSTUP_HOME=/opt/rustwide/rustup-home" "-w" "/opt/rustwide/workdir" "-m" "1610612736" "--user" "0:0" "--network" "none" "ghcr.io/rust-lang/crates-build-env/linux@sha256:2788e3201cd34a07e3172128adcd8b3090168a8e3bcc40d7c032b9dda1df7d1c" "/opt/rustwide/cargo-home/bin/cargo" "+1.75.0" "test" "--frozen", kill_on_drop: false }`
[INFO] [stdout] 2641f52a9611348eb788c76cccff7e4b02c741ea2e5938933f4e0b8c7735b7a7
[INFO] running `Command { std: "docker" "start" "-a" "2641f52a9611348eb788c76cccff7e4b02c741ea2e5938933f4e0b8c7735b7a7", kill_on_drop: false }`
[INFO] [stderr] warning: virtual workspace defaulting to `resolver = "1"` despite one or more workspace members being on edition 2021 which implies `resolver = "2"`
[INFO] [stderr] note: to keep the current resolver, specify `workspace.resolver = "1"` in the workspace root's manifest
[INFO] [stderr] note: to use the edition 2021 resolver, specify `workspace.resolver = "2"` in the workspace root's manifest
[INFO] [stderr] note: for more details see https://doc.rust-lang.org/cargo/reference/resolver.html#resolver-versions
[INFO] [stderr] warning: unused import: `crate::state::*`
[INFO] [stderr]  --> programs/swap-program/src/instructions/create_pool.rs:4:5
[INFO] [stderr]   |
[INFO] [stderr] 4 | use crate::state::*;
[INFO] [stderr]   |     ^^^^^^^^^^^^^^^
[INFO] [stderr]   |
[INFO] [stderr]   = note: `#[warn(unused_imports)]` on by default
[INFO] [stderr] 
[INFO] [stderr] warning: unused import: `crate::state::*`
[INFO] [stderr]  --> programs/swap-program/src/instructions/fund_pool.rs:5:5
[INFO] [stderr]   |
[INFO] [stderr] 5 | use crate::state::*;
[INFO] [stderr]   |     ^^^^^^^^^^^^^^^
[INFO] [stderr] 
[INFO] [stderr] warning: unused import: `crate::state::*`
[INFO] [stderr]  --> programs/swap-program/src/instructions/swap.rs:7:5
[INFO] [stderr]   |
[INFO] [stderr] 7 | use crate::state::*;
[INFO] [stderr]   |     ^^^^^^^^^^^^^^^
[INFO] [stderr] 
[INFO] [stderr] warning: unused import: `Add`
[INFO] [stderr]  --> programs/swap-program/src/state.rs:4:16
[INFO] [stderr]   |
[INFO] [stderr] 4 | use std::ops::{Add, Div, Mul};
[INFO] [stderr]   |                ^^^
[INFO] [stderr] 
[INFO] [stderr] warning: unused variable: `ctx`
[INFO] [stderr]  --> programs/swap-program/src/instructions/create_pool.rs:7:20
[INFO] [stderr]   |
[INFO] [stderr] 7 | pub fn create_pool(ctx: Context<CreatePool>) -> Result<()> {
[INFO] [stderr]   |                    ^^^ help: if this is intentional, prefix it with an underscore: `_ctx`
[INFO] [stderr]   |
[INFO] [stderr]   = note: `#[warn(unused_variables)]` on by default
[INFO] [stderr] 
[INFO] [stderr] warning: unused variable: `ctx`
[INFO] [stderr]  --> programs/swap-program/src/instructions/fund_pool.rs:8:18
[INFO] [stderr]   |
[INFO] [stderr] 8 | pub fn fund_pool(ctx: Context<FundPool>, amount: u64) -> Result<()> {
[INFO] [stderr]   |                  ^^^ help: if this is intentional, prefix it with an underscore: `_ctx`
[INFO] [stderr] 
[INFO] [stderr] warning: unused variable: `amount`
[INFO] [stderr]  --> programs/swap-program/src/instructions/fund_pool.rs:8:42
[INFO] [stderr]   |
[INFO] [stderr] 8 | pub fn fund_pool(ctx: Context<FundPool>, amount: u64) -> Result<()> {
[INFO] [stderr]   |                                          ^^^^^^ help: if this is intentional, prefix it with an underscore: `_amount`
[INFO] [stderr] 
[INFO] [stderr] warning: unused variable: `ctx`
[INFO] [stderr]   --> programs/swap-program/src/instructions/swap.rs:10:13
[INFO] [stderr]    |
[INFO] [stderr] 10 | pub fn swap(ctx: Context<Swap>, amount_to_swap: u64) -> Result<()> {
[INFO] [stderr]    |             ^^^ help: if this is intentional, prefix it with an underscore: `_ctx`
[INFO] [stderr] 
[INFO] [stderr] warning: unused variable: `pool_recieve_balance`
[INFO] [stderr]    --> programs/swap-program/src/state.rs:297:5
[INFO] [stderr]     |
[INFO] [stderr] 297 |     pool_recieve_balance: u64,
[INFO] [stderr]     |     ^^^^^^^^^^^^^^^^^^^^ help: if this is intentional, prefix it with an underscore: `_pool_recieve_balance`
[INFO] [stderr] 
[INFO] [stderr] warning: unused variable: `receive_decimals`
[INFO] [stderr]    --> programs/swap-program/src/state.rs:298:5
[INFO] [stderr]     |
[INFO] [stderr] 298 |     receive_decimals: u8,
[INFO] [stderr]     |     ^^^^^^^^^^^^^^^^ help: if this is intentional, prefix it with an underscore: `_receive_decimals`
[INFO] [stderr] 
[INFO] [stderr] warning: unused variable: `pool_pay_balance`
[INFO] [stderr]    --> programs/swap-program/src/state.rs:299:5
[INFO] [stderr]     |
[INFO] [stderr] 299 |     pool_pay_balance: u64,
[INFO] [stderr]     |     ^^^^^^^^^^^^^^^^ help: if this is intentional, prefix it with an underscore: `_pool_pay_balance`
[INFO] [stderr] 
[INFO] [stderr] warning: unused variable: `pay_decimals`
[INFO] [stderr]    --> programs/swap-program/src/state.rs:300:5
[INFO] [stderr]     |
[INFO] [stderr] 300 |     pay_decimals: u8,
[INFO] [stderr]     |     ^^^^^^^^^^^^ help: if this is intentional, prefix it with an underscore: `_pay_decimals`
[INFO] [stderr] 
[INFO] [stderr] warning: unused variable: `pay_amount`
[INFO] [stderr]    --> programs/swap-program/src/state.rs:301:5
[INFO] [stderr]     |
[INFO] [stderr] 301 |     pay_amount: u64,
[INFO] [stderr]     |     ^^^^^^^^^^ help: if this is intentional, prefix it with an underscore: `_pay_amount`
[INFO] [stderr] 
[INFO] [stderr] warning: function `convert_to_float` is never used
[INFO] [stderr]    --> programs/swap-program/src/state.rs:321:4
[INFO] [stderr]     |
[INFO] [stderr] 321 | fn convert_to_float(value: u64, decimals: u8) -> f32 {
[INFO] [stderr]     |    ^^^^^^^^^^^^^^^^
[INFO] [stderr]     |
[INFO] [stderr]     = note: `#[warn(dead_code)]` on by default
[INFO] [stderr] 
[INFO] [stderr] warning: function `convert_from_float` is never used
[INFO] [stderr]    --> programs/swap-program/src/state.rs:331:4
[INFO] [stderr]     |
[INFO] [stderr] 331 | fn convert_from_float(value: f32, decimals: u8) -> u64 {
[INFO] [stderr]     |    ^^^^^^^^^^^^^^^^^^
[INFO] [stderr] 
[INFO] [stderr] warning: `swap-program` (lib) generated 15 warnings (run `cargo fix --lib -p swap-program` to apply 13 suggestions)
[INFO] [stderr] warning: `swap-program` (lib test) generated 15 warnings (15 duplicates)
[INFO] [stderr]     Finished test [unoptimized + debuginfo] target(s) in 0.14s
[INFO] [stderr]      Running unittests src/lib.rs (/opt/rustwide/target/debug/deps/swap_program-79bfd14a3140fd4d)
[INFO] [stdout] 
[INFO] [stdout] running 1 test
[INFO] [stdout] test test_id ... ok
[INFO] [stdout] 
[INFO] [stdout] test result: ok. 1 passed; 0 failed; 0 ignored; 0 measured; 0 filtered out; finished in 0.00s
[INFO] [stdout] 
[INFO] [stderr]    Doc-tests swap_program
[INFO] [stdout] 
[INFO] [stdout] running 1 test
[INFO] [stdout] test programs/swap-program/src/state.rs - state::determine_swap_receive (line 280) ... FAILED
[INFO] [stdout] 
[INFO] [stdout] failures:
[INFO] [stdout] 
[INFO] [stdout] ---- programs/swap-program/src/state.rs - state::determine_swap_receive (line 280) stdout ----
[INFO] [stdout] error: expected `;`, found `K`
[INFO] [stdout]  --> programs/swap-program/src/state.rs:281:26
[INFO] [stdout]   |
[INFO] [stdout] 3 | K = a * b * c * d * P * R
[INFO] [stdout]   |                          ^ help: add `;` here
[INFO] [stdout] 4 | K = a * b * c * d * (P + p) * (R - r)
[INFO] [stdout]   | - unexpected token
[INFO] [stdout] 
[INFO] [stdout] error: expected `;`, found `a`
[INFO] [stdout]  --> programs/swap-program/src/state.rs:282:38
[INFO] [stdout]   |
[INFO] [stdout] 4 | K = a * b * c * d * (P + p) * (R - r)
[INFO] [stdout]   |                                      ^ help: add `;` here
[INFO] [stdout] 5 |
[INFO] [stdout] 6 | a * b * c * d * P * R = a * b * c * d * (P + p) * (R - r)
[INFO] [stdout]   | - unexpected token
[INFO] [stdout] 
[INFO] [stdout] error: expected `;`, found `PR`
[INFO] [stdout]  --> programs/swap-program/src/state.rs:284:58
[INFO] [stdout]   |
[INFO] [stdout] 6 | a * b * c * d * P * R = a * b * c * d * (P + p) * (R - r)
[INFO] [stdout]   |                                                          ^ help: add `;` here
[INFO] [stdout] 7 | PR = (P + p) * (R - r)
[INFO] [stdout]   | -- unexpected token
[INFO] [stdout] 
[INFO] [stdout] error: expected `;`, found `PR`
[INFO] [stdout]  --> programs/swap-program/src/state.rs:285:23
[INFO] [stdout]   |
[INFO] [stdout] 7 | PR = (P + p) * (R - r)
[INFO] [stdout]   |                       ^ help: add `;` here
[INFO] [stdout] 8 | PR = PR - Pr + Rp - pr
[INFO] [stdout]   | -- unexpected token
[INFO] [stdout] 
[INFO] [stdout] error: expected `;`, found `0`
[INFO] [stdout]  --> programs/swap-program/src/state.rs:286:23
[INFO] [stdout]   |
[INFO] [stdout] 8 | PR = PR - Pr + Rp - pr
[INFO] [stdout]   |                       ^ help: add `;` here
[INFO] [stdout] 9 | 0 = 0 - Pr + Rp - pr
[INFO] [stdout]   | - unexpected token
[INFO] [stdout] 
[INFO] [stdout] error: expected `;`, found `r`
[INFO] [stdout]   --> programs/swap-program/src/state.rs:289:16
[INFO] [stdout]    |
[INFO] [stdout] 11 | -Rp = r(-P - p)
[INFO] [stdout]    |                ^ help: add `;` here
[INFO] [stdout] 12 | r = (-Rp) / (-P - p)
[INFO] [stdout]    | - unexpected token
[INFO] [stdout] 
[INFO] [stdout] error: expected `;`, found `r`
[INFO] [stdout]   --> programs/swap-program/src/state.rs:290:21
[INFO] [stdout]    |
[INFO] [stdout] 12 | r = (-Rp) / (-P - p)
[INFO] [stdout]    |                     ^ help: add `;` here
[INFO] [stdout] 13 | r = [-1 * Rp] / [-1 * (P + p)]
[INFO] [stdout]    | - unexpected token
[INFO] [stdout] 
[INFO] [stdout] error: expected `;`, found `r`
[INFO] [stdout]   --> programs/swap-program/src/state.rs:291:31
[INFO] [stdout]    |
[INFO] [stdout] 13 | r = [-1 * Rp] / [-1 * (P + p)]
[INFO] [stdout]    |                               ^ help: add `;` here
[INFO] [stdout] 14 | r = Rp / (P + p)
[INFO] [stdout]    | - unexpected token
[INFO] [stdout] 
[INFO] [stdout] error: expected `;`, found `r`
[INFO] [stdout]   --> programs/swap-program/src/state.rs:292:17
[INFO] [stdout]    |
[INFO] [stdout] 14 | r = Rp / (P + p)
[INFO] [stdout]    |                 ^ help: add `;` here
[INFO] [stdout] 15 |
[INFO] [stdout] 16 | r = f(p) = (R * p) / (P + p)
[INFO] [stdout]    | - unexpected token
[INFO] [stdout] 
[INFO] [stdout] error[E0425]: cannot find value `r` in this scope
[INFO] [stdout]   --> programs/swap-program/src/state.rs:294:1
[INFO] [stdout]    |
[INFO] [stdout] 16 | r = f(p) = (R * p) / (P + p)
[INFO] [stdout]    | ^
[INFO] [stdout]    |
[INFO] [stdout] help: you might have meant to introduce a new binding
[INFO] [stdout]    |
[INFO] [stdout] 16 | let r = f(p) = (R * p) / (P + p)
[INFO] [stdout]    | +++
[INFO] [stdout] 
[INFO] [stdout] error[E0425]: cannot find value `p` in this scope
[INFO] [stdout]   --> programs/swap-program/src/state.rs:294:7
[INFO] [stdout]    |
[INFO] [stdout] 16 | r = f(p) = (R * p) / (P + p)
[INFO] [stdout]    |       ^ not found in this scope
[INFO] [stdout] 
[INFO] [stdout] error[E0425]: cannot find value `R` in this scope
[INFO] [stdout]   --> programs/swap-program/src/state.rs:294:13
[INFO] [stdout]    |
[INFO] [stdout] 16 | r = f(p) = (R * p) / (P + p)
[INFO] [stdout]    |             ^ not found in this scope
[INFO] [stdout]    |
[INFO] [stdout] help: you might be missing a const parameter
[INFO] [stdout]    |
[INFO] [stdout] 2  | fn main() { #[allow(non_snake_case)] fn _doctest_main_programs_swap_program_src_state_rs_280_0<const R: /* Type */>() {
[INFO] [stdout]    |                                                                                               +++++++++++++++++++++
[INFO] [stdout] 
[INFO] [stdout] error[E0425]: cannot find value `p` in this scope
[INFO] [stdout]   --> programs/swap-program/src/state.rs:294:17
[INFO] [stdout]    |
[INFO] [stdout] 16 | r = f(p) = (R * p) / (P + p)
[INFO] [stdout]    |                 ^ not found in this scope
[INFO] [stdout] 
[INFO] [stdout] error[E0425]: cannot find value `P` in this scope
[INFO] [stdout]   --> programs/swap-program/src/state.rs:294:23
[INFO] [stdout]    |
[INFO] [stdout] 16 | r = f(p) = (R * p) / (P + p)
[INFO] [stdout]    |                       ^ not found in this scope
[INFO] [stdout]    |
[INFO] [stdout] help: you might be missing a const parameter
[INFO] [stdout]    |
[INFO] [stdout] 2  | fn main() { #[allow(non_snake_case)] fn _doctest_main_programs_swap_program_src_state_rs_280_0<const P: /* Type */>() {
[INFO] [stdout]    |                                                                                               +++++++++++++++++++++
[INFO] [stdout] 
[INFO] [stdout] error[E0425]: cannot find value `p` in this scope
[INFO] [stdout]   --> programs/swap-program/src/state.rs:294:27
[INFO] [stdout]    |
[INFO] [stdout] 16 | r = f(p) = (R * p) / (P + p)
[INFO] [stdout]    |                           ^ not found in this scope
[INFO] [stdout] 
[INFO] [stdout] error[E0425]: cannot find function `f` in this scope
[INFO] [stdout]   --> programs/swap-program/src/state.rs:294:5
[INFO] [stdout]    |
[INFO] [stdout] 16 | r = f(p) = (R * p) / (P + p)
[INFO] [stdout]    |     ^ not found in this scope
[INFO] [stdout] 
[INFO] [stdout] error[E0070]: invalid left-hand side of assignment
[INFO] [stdout]   --> programs/swap-program/src/state.rs:294:10
[INFO] [stdout]    |
[INFO] [stdout] 16 | r = f(p) = (R * p) / (P + p)
[INFO] [stdout]    |     ---- ^
[INFO] [stdout]    |     |
[INFO] [stdout]    |     cannot assign to this expression
[INFO] [stdout] 
[INFO] [stdout] error: aborting due to 17 previous errors
[INFO] [stdout] 
[INFO] [stdout] Some errors have detailed explanations: E0070, E0425.
[INFO] [stdout] For more information about an error, try `rustc --explain E0070`.
[INFO] [stdout] Couldn't compile the test.
[INFO] [stdout] 
[INFO] [stdout] failures:
[INFO] [stdout]     programs/swap-program/src/state.rs - state::determine_swap_receive (line 280)
[INFO] [stdout] 
[INFO] [stdout] test result: FAILED. 0 passed; 1 failed; 0 ignored; 0 measured; 0 filtered out; finished in 0.12s
[INFO] [stdout] 
[INFO] [stderr] error: doctest failed, to rerun pass `--doc`
[INFO] running `Command { std: "docker" "inspect" "2641f52a9611348eb788c76cccff7e4b02c741ea2e5938933f4e0b8c7735b7a7", kill_on_drop: false }`
[INFO] running `Command { std: "docker" "rm" "-f" "2641f52a9611348eb788c76cccff7e4b02c741ea2e5938933f4e0b8c7735b7a7", kill_on_drop: false }`
[INFO] [stdout] 2641f52a9611348eb788c76cccff7e4b02c741ea2e5938933f4e0b8c7735b7a7
[INFO] testing buffalojoec/nyc-bootcamp-swap-program-starter against beta-2023-12-22 for beta-1.76-1
[INFO] running `Command { std: "git" "clone" "/workspace/cache/git-repos/https%3A%2F%2Fgithub.com%2Fbuffalojoec%2Fnyc-bootcamp-swap-program-starter" "/workspace/builds/worker-2-tc2/source", kill_on_drop: false }`
[INFO] [stderr] Cloning into '/workspace/builds/worker-2-tc2/source'...
[INFO] [stderr] done.
[INFO] validating manifest of git repo https://github.com/buffalojoec/nyc-bootcamp-swap-program-starter on toolchain beta-2023-12-22
[INFO] running `Command { std: CARGO_HOME="/workspace/cargo-home" RUSTUP_HOME="/workspace/rustup-home" "/workspace/cargo-home/bin/cargo" "+beta-2023-12-22" "metadata" "--manifest-path" "Cargo.toml" "--no-deps", kill_on_drop: false }`
[INFO] started tweaking git repo https://github.com/buffalojoec/nyc-bootcamp-swap-program-starter
[INFO] finished tweaking git repo https://github.com/buffalojoec/nyc-bootcamp-swap-program-starter
[INFO] tweaked toml for git repo https://github.com/buffalojoec/nyc-bootcamp-swap-program-starter written to /workspace/builds/worker-2-tc2/source/Cargo.toml
[INFO] crate git repo https://github.com/buffalojoec/nyc-bootcamp-swap-program-starter already has a lockfile, it will not be regenerated
[INFO] running `Command { std: CARGO_HOME="/workspace/cargo-home" RUSTUP_HOME="/workspace/rustup-home" "/workspace/cargo-home/bin/cargo" "+beta-2023-12-22" "fetch" "--manifest-path" "Cargo.toml", kill_on_drop: false }`
[INFO] [stderr] warning: virtual workspace defaulting to `resolver = "1"` despite one or more workspace members being on edition 2021 which implies `resolver = "2"`
[INFO] [stderr] note: to keep the current resolver, specify `workspace.resolver = "1"` in the workspace root's manifest
[INFO] [stderr] note: to use the edition 2021 resolver, specify `workspace.resolver = "2"` in the workspace root's manifest
[INFO] [stderr] note: for more details see https://doc.rust-lang.org/cargo/reference/resolver.html#resolver-versions
[INFO] running `Command { std: "docker" "create" "-v" "/var/lib/crater-agent-workspace/builds/worker-2-tc2/target:/opt/rustwide/target:rw,Z" "-v" "/var/lib/crater-agent-workspace/builds/worker-2-tc2/source:/opt/rustwide/workdir:ro,Z" "-v" "/var/lib/crater-agent-workspace/cargo-home:/opt/rustwide/cargo-home:ro,Z" "-v" "/var/lib/crater-agent-workspace/rustup-home:/opt/rustwide/rustup-home:ro,Z" "-e" "SOURCE_DIR=/opt/rustwide/workdir" "-e" "CARGO_TARGET_DIR=/opt/rustwide/target" "-e" "CARGO_HOME=/opt/rustwide/cargo-home" "-e" "RUSTUP_HOME=/opt/rustwide/rustup-home" "-w" "/opt/rustwide/workdir" "-m" "1610612736" "--user" "0:0" "--network" "none" "ghcr.io/rust-lang/crates-build-env/linux@sha256:2788e3201cd34a07e3172128adcd8b3090168a8e3bcc40d7c032b9dda1df7d1c" "/opt/rustwide/cargo-home/bin/cargo" "+beta-2023-12-22" "metadata" "--no-deps" "--format-version=1", kill_on_drop: false }`
[INFO] [stdout] 2f084638673a5c691e11d79304999cfdd3d26c279a9d6361406ead949bfcc9bf
[INFO] running `Command { std: "docker" "start" "-a" "2f084638673a5c691e11d79304999cfdd3d26c279a9d6361406ead949bfcc9bf", kill_on_drop: false }`
[INFO] running `Command { std: "docker" "inspect" "2f084638673a5c691e11d79304999cfdd3d26c279a9d6361406ead949bfcc9bf", kill_on_drop: false }`
[INFO] running `Command { std: "docker" "rm" "-f" "2f084638673a5c691e11d79304999cfdd3d26c279a9d6361406ead949bfcc9bf", kill_on_drop: false }`
[INFO] [stdout] 2f084638673a5c691e11d79304999cfdd3d26c279a9d6361406ead949bfcc9bf
[INFO] running `Command { std: "docker" "create" "-v" "/var/lib/crater-agent-workspace/builds/worker-2-tc2/target:/opt/rustwide/target:rw,Z" "-v" "/var/lib/crater-agent-workspace/builds/worker-2-tc2/source:/opt/rustwide/workdir:ro,Z" "-v" "/var/lib/crater-agent-workspace/cargo-home:/opt/rustwide/cargo-home:ro,Z" "-v" "/var/lib/crater-agent-workspace/rustup-home:/opt/rustwide/rustup-home:ro,Z" "-e" "SOURCE_DIR=/opt/rustwide/workdir" "-e" "CARGO_TARGET_DIR=/opt/rustwide/target" "-e" "CARGO_INCREMENTAL=0" "-e" "RUST_BACKTRACE=full" "-e" "RUSTFLAGS=--cap-lints=warn" "-e" "RUSTDOCFLAGS=--cap-lints=warn" "-e" "CARGO_HOME=/opt/rustwide/cargo-home" "-e" "RUSTUP_HOME=/opt/rustwide/rustup-home" "-w" "/opt/rustwide/workdir" "-m" "1610612736" "--user" "0:0" "--network" "none" "ghcr.io/rust-lang/crates-build-env/linux@sha256:2788e3201cd34a07e3172128adcd8b3090168a8e3bcc40d7c032b9dda1df7d1c" "/opt/rustwide/cargo-home/bin/cargo" "+beta-2023-12-22" "build" "--frozen" "--message-format=json", kill_on_drop: false }`
[INFO] [stdout] c41c83df4e5e9bd73a6618d5136e8f12201947ecab17a931a7597079ce5be34f
[INFO] running `Command { std: "docker" "start" "-a" "c41c83df4e5e9bd73a6618d5136e8f12201947ecab17a931a7597079ce5be34f", kill_on_drop: false }`
[INFO] [stderr] warning: virtual workspace defaulting to `resolver = "1"` despite one or more workspace members being on edition 2021 which implies `resolver = "2"`
[INFO] [stderr] note: to keep the current resolver, specify `workspace.resolver = "1"` in the workspace root's manifest
[INFO] [stderr] note: to use the edition 2021 resolver, specify `workspace.resolver = "2"` in the workspace root's manifest
[INFO] [stderr] note: for more details see https://doc.rust-lang.org/cargo/reference/resolver.html#resolver-versions
[INFO] [stderr]    Compiling proc-macro2 v1.0.56
[INFO] [stderr]    Compiling quote v1.0.27
[INFO] [stderr]    Compiling unicode-ident v1.0.8
[INFO] [stderr]    Compiling version_check v0.9.4
[INFO] [stderr]    Compiling serde_derive v1.0.162
[INFO] [stderr]    Compiling serde v1.0.162
[INFO] [stderr]    Compiling cfg-if v1.0.0
[INFO] [stderr]    Compiling typenum v1.16.0
[INFO] [stderr]    Compiling libc v0.2.144
[INFO] [stderr]    Compiling autocfg v1.1.0
[INFO] [stderr]    Compiling syn v1.0.109
[INFO] [stderr]    Compiling subtle v2.4.1
[INFO] [stderr]    Compiling thiserror v1.0.40
[INFO] [stderr]    Compiling cpufeatures v0.2.7
[INFO] [stderr]    Compiling opaque-debug v0.3.0
[INFO] [stderr]    Compiling block-padding v0.2.1
[INFO] [stderr]    Compiling once_cell v1.17.1
[INFO] [stderr]    Compiling semver v1.0.17
[INFO] [stderr]    Compiling ppv-lite86 v0.2.17
[INFO] [stderr]    Compiling getrandom v0.1.16
[INFO] [stderr]    Compiling serde_json v1.0.96
[INFO] [stderr]    Compiling anyhow v1.0.71
[INFO] [stderr]    Compiling ryu v1.0.13
[INFO] [stderr]    Compiling itoa v1.0.6
[INFO] [stderr]    Compiling ucd-trie v0.1.5
[INFO] [stderr]    Compiling log v0.4.17
[INFO] [stderr]    Compiling num-traits v0.2.15
[INFO] [stderr]    Compiling generic-array v0.14.7
[INFO] [stderr]    Compiling ahash v0.7.6
[INFO] [stderr]    Compiling crossbeam-utils v0.8.15
[INFO] [stderr]    Compiling num-integer v0.1.45
[INFO] [stderr]    Compiling memoffset v0.8.0
[INFO] [stderr]    Compiling crunchy v0.2.2
[INFO] [stderr]    Compiling crossbeam-epoch v0.9.14
[INFO] [stderr]    Compiling num-bigint v0.4.3
[INFO] [stderr]    Compiling wasm-bindgen-shared v0.2.85
[INFO] [stderr]    Compiling rustc_version v0.4.0
[INFO] [stderr]    Compiling scopeguard v1.1.0
[INFO] [stderr]    Compiling byteorder v1.4.3
[INFO] [stderr]    Compiling paste v1.0.12
[INFO] [stderr]    Compiling rayon-core v1.11.0
[INFO] [stderr]    Compiling memchr v2.5.0
[INFO] [stderr]    Compiling feature-probe v0.1.1
[INFO] [stderr]    Compiling syn v2.0.15
[INFO] [stderr]    Compiling rustversion v1.0.12
[INFO] [stderr]    Compiling either v1.8.1
[INFO] [stderr]    Compiling bumpalo v3.12.2
[INFO] [stderr]    Compiling solana-frozen-abi-macro v1.15.2
[INFO] [stderr]    Compiling im v15.1.0
[INFO] [stderr]    Compiling indexmap v1.9.3
[INFO] [stderr]    Compiling bv v0.11.1
[INFO] [stderr]    Compiling bs58 v0.4.0
[INFO] [stderr]    Compiling lazy_static v1.4.0
[INFO] [stderr]    Compiling crossbeam-channel v0.5.8
[INFO] [stderr]    Compiling keccak v0.1.4
[INFO] [stderr]    Compiling arrayref v0.3.7
[INFO] [stderr]    Compiling tinyvec_macros v0.1.1
[INFO] [stderr]    Compiling tinyvec v1.6.0
[INFO] [stderr]    Compiling solana-frozen-abi v1.15.2
[INFO] [stderr]    Compiling getrandom v0.2.9
[INFO] [stderr]    Compiling jobserver v0.1.26
[INFO] [stderr]    Compiling crossbeam-deque v0.8.3
[INFO] [stderr]    Compiling num_cpus v1.15.0
[INFO] [stderr]    Compiling rand_core v0.5.1
[INFO] [stderr]    Compiling rand_core v0.6.4
[INFO] [stderr]    Compiling cc v1.0.79
[INFO] [stderr]    Compiling bitmaps v2.1.0
[INFO] [stderr]    Compiling rand_chacha v0.3.1
[INFO] [stderr]    Compiling rand_chacha v0.2.2
[INFO] [stderr]    Compiling rand_xoshiro v0.6.0
[INFO] [stderr]    Compiling rand v0.8.5
[INFO] [stderr]    Compiling rand v0.7.3
[INFO] [stderr]    Compiling hashbrown v0.12.3
[INFO] [stderr]    Compiling fnv v1.0.7
[INFO] [stderr]    Compiling wasm-bindgen v0.2.85
[INFO] [stderr]    Compiling arrayvec v0.7.2
[INFO] [stderr]    Compiling constant_time_eq v0.2.5
[INFO] [stderr]    Compiling unicode-normalization v0.1.22
[INFO] [stderr]    Compiling hashbrown v0.11.2
[INFO] [stderr]    Compiling aho-corasick v1.0.1
[INFO] [stderr]    Compiling sized-chunks v0.6.5
[INFO] [stderr]    Compiling memmap2 v0.5.10
[INFO] [stderr]    Compiling rayon v1.7.0
[INFO] [stderr]    Compiling unicode-segmentation v1.10.1
[INFO] [stderr]    Compiling rustc-hash v1.1.0
[INFO] [stderr]    Compiling ark-std v0.3.0
[INFO] [stderr]    Compiling regex-syntax v0.7.1
[INFO] [stderr]    Compiling winnow v0.4.1
[INFO] [stderr]    Compiling strsim v0.10.0
[INFO] [stderr]    Compiling base64 v0.12.3
[INFO] [stderr]    Compiling ident_case v1.0.1
[INFO] [stderr]    Compiling toml_datetime v0.6.1
[INFO] [stderr]    Compiling heck v0.3.3
[INFO] [stderr]    Compiling itertools v0.10.5
[INFO] [stderr]    Compiling bitflags v1.3.2
[INFO] [stderr]    Compiling base64 v0.13.1
[INFO] [stderr]    Compiling bs58 v0.3.1
[INFO] [stderr]    Compiling array-bytes v1.4.1
[INFO] [stderr]    Compiling signature v1.6.4
[INFO] [stderr]    Compiling atty v0.2.14
[INFO] [stderr]    Compiling humantime v2.1.0
[INFO] [stderr]    Compiling ed25519 v1.5.3
[INFO] [stderr]    Compiling termcolor v1.2.0
[INFO] [stderr]    Compiling solana-sdk v1.15.2
[INFO] [stderr]    Compiling derivation-path v0.2.0
[INFO] [stderr]    Compiling percent-encoding v2.2.0
[INFO] [stderr]    Compiling uriparse v0.6.4
[INFO] [stderr]    Compiling qstring v0.7.2
[INFO] [stderr]    Compiling chrono v0.4.24
[INFO] [stderr]    Compiling assert_matches v1.5.0
[INFO] [stderr]    Compiling blake3 v1.3.3
[INFO] [stderr]    Compiling solana-program v1.15.2
[INFO] [stderr]    Compiling wasm-bindgen-backend v0.2.85
[INFO] [stderr]    Compiling darling_core v0.20.1
[INFO] [stderr]    Compiling toml_edit v0.19.8
[INFO] [stderr]    Compiling regex v1.8.1
[INFO] [stderr]    Compiling thiserror-impl v1.0.40
[INFO] [stderr]    Compiling zeroize_derive v1.4.2
[INFO] [stderr]    Compiling wasm-bindgen-macro-support v0.2.85
[INFO] [stderr]    Compiling bytemuck_derive v1.4.1
[INFO] [stderr]    Compiling borsh-derive-internal v0.9.3
[INFO] [stderr]    Compiling borsh-schema-derive-internal v0.9.3
[INFO] [stderr]    Compiling env_logger v0.9.3
[INFO] [stderr]    Compiling zeroize v1.3.0
[INFO] [stderr]    Compiling wasm-bindgen-macro v0.2.85
[INFO] [stderr]    Compiling solana-logger v1.15.2
[INFO] [stderr]    Compiling merlin v3.0.0
[INFO] [stderr]    Compiling bytemuck v1.13.1
[INFO] [stderr]    Compiling proc-macro-crate v1.3.1
[INFO] [stderr]    Compiling derivative v2.2.0
[INFO] [stderr]    Compiling ark-ff-macros v0.3.0
[INFO] [stderr]    Compiling ark-ff-asm v0.3.0
[INFO] [stderr]    Compiling solana-sdk-macro v1.15.2
[INFO] [stderr]    Compiling num-derive v0.3.3
[INFO] [stderr]    Compiling darling_macro v0.20.1
[INFO] [stderr]    Compiling anchor-derive-space v0.27.0
[INFO] [stderr]    Compiling num_enum_derive v0.5.11
[INFO] [stderr]    Compiling pest v2.6.0
[INFO] [stderr]    Compiling darling v0.20.1
[INFO] [stderr]    Compiling serde_with_macros v2.3.3
[INFO] [stderr]    Compiling semver-parser v0.10.2
[INFO] [stderr]    Compiling num_enum v0.5.11
[INFO] [stderr]    Compiling semver v0.11.0
[INFO] [stderr]    Compiling rustc_version v0.3.3
[INFO] [stderr]    Compiling ark-ff v0.3.0
[INFO] [stderr]    Compiling toml v0.5.11
[INFO] [stderr]    Compiling serde_bytes v0.11.9
[INFO] [stderr]    Compiling bincode v1.3.3
[INFO] [stderr]    Compiling serde_with v2.3.3
[INFO] [stderr]    Compiling digest v0.9.0
[INFO] [stderr]    Compiling block-buffer v0.9.0
[INFO] [stderr]    Compiling crypto-common v0.1.6
[INFO] [stderr]    Compiling block-buffer v0.10.4
[INFO] [stderr]    Compiling crypto-mac v0.8.0
[INFO] [stderr]    Compiling cipher v0.3.0
[INFO] [stderr]    Compiling universal-hash v0.4.1
[INFO] [stderr]    Compiling inout v0.1.3
[INFO] [stderr]    Compiling aead v0.4.3
[INFO] [stderr]    Compiling pbkdf2 v0.4.0
[INFO] [stderr]    Compiling polyval v0.5.3
[INFO] [stderr]    Compiling digest v0.10.6
[INFO] [stderr]    Compiling cipher v0.4.4
[INFO] [stderr]    Compiling sha2 v0.9.9
[INFO] [stderr]    Compiling libsecp256k1-core v0.2.2
[INFO] [stderr]    Compiling ark-serialize v0.3.0
[INFO] [stderr]    Compiling hmac v0.8.1
[INFO] [stderr]    Compiling curve25519-dalek v3.2.1
[INFO] [stderr]    Compiling ctr v0.8.0
[INFO] [stderr]    Compiling aes v0.7.5
[INFO] [stderr]    Compiling sha3 v0.9.1
[INFO] [stderr]    Compiling hmac-drbg v0.3.0
[INFO] [stderr]    Compiling sha2 v0.10.6
[INFO] [stderr]    Compiling sha3 v0.10.8
[INFO] [stderr]    Compiling hmac v0.12.1
[INFO] [stderr]    Compiling pbkdf2 v0.11.0
[INFO] [stderr]    Compiling tiny-bip39 v0.8.2
[INFO] [stderr]    Compiling anchor-syn v0.27.0
[INFO] [stderr]    Compiling proc-macro-crate v0.1.5
[INFO] [stderr]    Compiling aes-gcm-siv v0.10.3
[INFO] [stderr]    Compiling borsh-derive v0.9.3
[INFO] [stderr]    Compiling libsecp256k1-gen-ecmult v0.2.1
[INFO] [stderr]    Compiling libsecp256k1-gen-genmult v0.2.1
[INFO] [stderr]    Compiling ed25519-dalek v1.0.1
[INFO] [stderr]    Compiling libsecp256k1 v0.6.0
[INFO] [stderr]    Compiling ed25519-dalek-bip32 v0.2.0
[INFO] [stderr]    Compiling borsh v0.9.3
[INFO] [stderr]    Compiling anchor-derive-accounts v0.27.0
[INFO] [stderr]    Compiling anchor-attribute-access-control v0.27.0
[INFO] [stderr]    Compiling anchor-attribute-event v0.27.0
[INFO] [stderr]    Compiling anchor-attribute-constant v0.27.0
[INFO] [stderr]    Compiling anchor-attribute-error v0.27.0
[INFO] [stderr]    Compiling anchor-attribute-account v0.27.0
[INFO] [stderr]    Compiling anchor-attribute-program v0.27.0
[INFO] [stderr]    Compiling ark-ec v0.3.0
[INFO] [stderr]    Compiling ark-bn254 v0.3.0
[INFO] [stderr]    Compiling spl-token v3.5.0
[INFO] [stderr]    Compiling spl-memo v3.0.1
[INFO] [stderr]    Compiling anchor-lang v0.27.0
[INFO] [stderr]    Compiling solana-zk-token-sdk v1.15.2
[INFO] [stderr]    Compiling spl-token-2022 v0.6.1
[INFO] [stderr]    Compiling spl-token-2022 v0.5.0
[INFO] [stderr]    Compiling spl-associated-token-account v1.1.3
[INFO] [stderr]    Compiling anchor-spl v0.27.0
[INFO] [stderr]    Compiling swap-program v0.1.0 (/opt/rustwide/workdir/programs/swap-program)
[INFO] [stdout] warning: unused import: `crate::state::*`
[INFO] [stdout]  --> programs/swap-program/src/instructions/create_pool.rs:4:5
[INFO] [stdout]   |
[INFO] [stdout] 4 | use crate::state::*;
[INFO] [stdout]   |     ^^^^^^^^^^^^^^^
[INFO] [stdout]   |
[INFO] [stdout]   = note: `#[warn(unused_imports)]` on by default
[INFO] [stdout] 
[INFO] [stdout] 
[INFO] [stdout] warning: unused import: `crate::state::*`
[INFO] [stdout]  --> programs/swap-program/src/instructions/fund_pool.rs:5:5
[INFO] [stdout]   |
[INFO] [stdout] 5 | use crate::state::*;
[INFO] [stdout]   |     ^^^^^^^^^^^^^^^
[INFO] [stdout] 
[INFO] [stdout] 
[INFO] [stdout] warning: unused import: `crate::state::*`
[INFO] [stdout]  --> programs/swap-program/src/instructions/swap.rs:7:5
[INFO] [stdout]   |
[INFO] [stdout] 7 | use crate::state::*;
[INFO] [stdout]   |     ^^^^^^^^^^^^^^^
[INFO] [stdout] 
[INFO] [stdout] 
[INFO] [stdout] warning: unused import: `Add`
[INFO] [stdout]  --> programs/swap-program/src/state.rs:4:16
[INFO] [stdout]   |
[INFO] [stdout] 4 | use std::ops::{Add, Div, Mul};
[INFO] [stdout]   |                ^^^
[INFO] [stdout] 
[INFO] [stdout] 
[INFO] [stdout] warning: unused variable: `ctx`
[INFO] [stdout]  --> programs/swap-program/src/instructions/create_pool.rs:7:20
[INFO] [stdout]   |
[INFO] [stdout] 7 | pub fn create_pool(ctx: Context<CreatePool>) -> Result<()> {
[INFO] [stdout]   |                    ^^^ help: if this is intentional, prefix it with an underscore: `_ctx`
[INFO] [stdout]   |
[INFO] [stdout]   = note: `#[warn(unused_variables)]` on by default
[INFO] [stdout] 
[INFO] [stdout] 
[INFO] [stdout] warning: unused variable: `ctx`
[INFO] [stdout]  --> programs/swap-program/src/instructions/fund_pool.rs:8:18
[INFO] [stdout]   |
[INFO] [stdout] 8 | pub fn fund_pool(ctx: Context<FundPool>, amount: u64) -> Result<()> {
[INFO] [stdout]   |                  ^^^ help: if this is intentional, prefix it with an underscore: `_ctx`
[INFO] [stdout] 
[INFO] [stdout] 
[INFO] [stdout] warning: unused variable: `amount`
[INFO] [stdout]  --> programs/swap-program/src/instructions/fund_pool.rs:8:42
[INFO] [stdout]   |
[INFO] [stdout] 8 | pub fn fund_pool(ctx: Context<FundPool>, amount: u64) -> Result<()> {
[INFO] [stdout]   |                                          ^^^^^^ help: if this is intentional, prefix it with an underscore: `_amount`
[INFO] [stdout] 
[INFO] [stdout] 
[INFO] [stdout] warning: unused variable: `ctx`
[INFO] [stdout]   --> programs/swap-program/src/instructions/swap.rs:10:13
[INFO] [stdout]    |
[INFO] [stdout] 10 | pub fn swap(ctx: Context<Swap>, amount_to_swap: u64) -> Result<()> {
[INFO] [stdout]    |             ^^^ help: if this is intentional, prefix it with an underscore: `_ctx`
[INFO] [stdout] 
[INFO] [stdout] 
[INFO] [stdout] warning: unused variable: `pool_recieve_balance`
[INFO] [stdout]    --> programs/swap-program/src/state.rs:297:5
[INFO] [stdout]     |
[INFO] [stdout] 297 |     pool_recieve_balance: u64,
[INFO] [stdout]     |     ^^^^^^^^^^^^^^^^^^^^ help: if this is intentional, prefix it with an underscore: `_pool_recieve_balance`
[INFO] [stdout] 
[INFO] [stdout] 
[INFO] [stdout] warning: unused variable: `receive_decimals`
[INFO] [stdout]    --> programs/swap-program/src/state.rs:298:5
[INFO] [stdout]     |
[INFO] [stdout] 298 |     receive_decimals: u8,
[INFO] [stdout]     |     ^^^^^^^^^^^^^^^^ help: if this is intentional, prefix it with an underscore: `_receive_decimals`
[INFO] [stdout] 
[INFO] [stdout] 
[INFO] [stdout] warning: unused variable: `pool_pay_balance`
[INFO] [stdout]    --> programs/swap-program/src/state.rs:299:5
[INFO] [stdout]     |
[INFO] [stdout] 299 |     pool_pay_balance: u64,
[INFO] [stdout]     |     ^^^^^^^^^^^^^^^^ help: if this is intentional, prefix it with an underscore: `_pool_pay_balance`
[INFO] [stdout] 
[INFO] [stdout] 
[INFO] [stdout] warning: unused variable: `pay_decimals`
[INFO] [stdout]    --> programs/swap-program/src/state.rs:300:5
[INFO] [stdout]     |
[INFO] [stdout] 300 |     pay_decimals: u8,
[INFO] [stdout]     |     ^^^^^^^^^^^^ help: if this is intentional, prefix it with an underscore: `_pay_decimals`
[INFO] [stdout] 
[INFO] [stdout] 
[INFO] [stdout] warning: unused variable: `pay_amount`
[INFO] [stdout]    --> programs/swap-program/src/state.rs:301:5
[INFO] [stdout]     |
[INFO] [stdout] 301 |     pay_amount: u64,
[INFO] [stdout]     |     ^^^^^^^^^^ help: if this is intentional, prefix it with an underscore: `_pay_amount`
[INFO] [stdout] 
[INFO] [stdout] 
[INFO] [stdout] warning: function `convert_to_float` is never used
[INFO] [stdout]    --> programs/swap-program/src/state.rs:321:4
[INFO] [stdout]     |
[INFO] [stdout] 321 | fn convert_to_float(value: u64, decimals: u8) -> f32 {
[INFO] [stdout]     |    ^^^^^^^^^^^^^^^^
[INFO] [stdout]     |
[INFO] [stdout]     = note: `#[warn(dead_code)]` on by default
[INFO] [stdout] 
[INFO] [stdout] 
[INFO] [stdout] warning: function `convert_from_float` is never used
[INFO] [stdout]    --> programs/swap-program/src/state.rs:331:4
[INFO] [stdout]     |
[INFO] [stdout] 331 | fn convert_from_float(value: f32, decimals: u8) -> u64 {
[INFO] [stdout]     |    ^^^^^^^^^^^^^^^^^^
[INFO] [stdout] 
[INFO] [stdout] 
[INFO] [stdout] warning: 15 warnings emitted
[INFO] [stdout] 
[INFO] [stdout] 
[INFO] [stderr]     Finished dev [unoptimized + debuginfo] target(s) in 46.20s
[INFO] running `Command { std: "docker" "inspect" "c41c83df4e5e9bd73a6618d5136e8f12201947ecab17a931a7597079ce5be34f", kill_on_drop: false }`
[INFO] running `Command { std: "docker" "rm" "-f" "c41c83df4e5e9bd73a6618d5136e8f12201947ecab17a931a7597079ce5be34f", kill_on_drop: false }`
[INFO] [stdout] c41c83df4e5e9bd73a6618d5136e8f12201947ecab17a931a7597079ce5be34f
[INFO] running `Command { std: "docker" "create" "-v" "/var/lib/crater-agent-workspace/builds/worker-2-tc2/target:/opt/rustwide/target:rw,Z" "-v" "/var/lib/crater-agent-workspace/builds/worker-2-tc2/source:/opt/rustwide/workdir:ro,Z" "-v" "/var/lib/crater-agent-workspace/cargo-home:/opt/rustwide/cargo-home:ro,Z" "-v" "/var/lib/crater-agent-workspace/rustup-home:/opt/rustwide/rustup-home:ro,Z" "-e" "SOURCE_DIR=/opt/rustwide/workdir" "-e" "CARGO_TARGET_DIR=/opt/rustwide/target" "-e" "CARGO_INCREMENTAL=0" "-e" "RUST_BACKTRACE=full" "-e" "RUSTFLAGS=--cap-lints=warn" "-e" "RUSTDOCFLAGS=--cap-lints=warn" "-e" "CARGO_HOME=/opt/rustwide/cargo-home" "-e" "RUSTUP_HOME=/opt/rustwide/rustup-home" "-w" "/opt/rustwide/workdir" "-m" "1610612736" "--user" "0:0" "--network" "none" "ghcr.io/rust-lang/crates-build-env/linux@sha256:2788e3201cd34a07e3172128adcd8b3090168a8e3bcc40d7c032b9dda1df7d1c" "/opt/rustwide/cargo-home/bin/cargo" "+beta-2023-12-22" "test" "--frozen" "--no-run" "--message-format=json", kill_on_drop: false }`
[INFO] [stdout] fa50bc90a622df80a34d211540436fb4fc145b5fa0865c2f3b9ddb721d5799a6
[INFO] running `Command { std: "docker" "start" "-a" "fa50bc90a622df80a34d211540436fb4fc145b5fa0865c2f3b9ddb721d5799a6", kill_on_drop: false }`
[INFO] [stderr] warning: virtual workspace defaulting to `resolver = "1"` despite one or more workspace members being on edition 2021 which implies `resolver = "2"`
[INFO] [stderr] note: to keep the current resolver, specify `workspace.resolver = "1"` in the workspace root's manifest
[INFO] [stderr] note: to use the edition 2021 resolver, specify `workspace.resolver = "2"` in the workspace root's manifest
[INFO] [stderr] note: for more details see https://doc.rust-lang.org/cargo/reference/resolver.html#resolver-versions
[INFO] [stdout] warning: unused import: `crate::state::*`
[INFO] [stdout]  --> programs/swap-program/src/instructions/create_pool.rs:4:5
[INFO] [stdout]   |
[INFO] [stdout] 4 | use crate::state::*;
[INFO] [stdout]   |     ^^^^^^^^^^^^^^^
[INFO] [stdout]   |
[INFO] [stdout]   = note: `#[warn(unused_imports)]` on by default
[INFO] [stdout] 
[INFO] [stdout] 
[INFO] [stdout] warning: unused import: `crate::state::*`
[INFO] [stdout]  --> programs/swap-program/src/instructions/fund_pool.rs:5:5
[INFO] [stdout]   |
[INFO] [stdout] 5 | use crate::state::*;
[INFO] [stdout]   |     ^^^^^^^^^^^^^^^
[INFO] [stdout] 
[INFO] [stdout] 
[INFO] [stdout] warning: unused import: `crate::state::*`
[INFO] [stdout]  --> programs/swap-program/src/instructions/swap.rs:7:5
[INFO] [stdout]   |
[INFO] [stdout] 7 | use crate::state::*;
[INFO] [stdout]   |     ^^^^^^^^^^^^^^^
[INFO] [stdout] 
[INFO] [stdout] 
[INFO] [stdout] warning: unused import: `Add`
[INFO] [stdout]  --> programs/swap-program/src/state.rs:4:16
[INFO] [stdout]   |
[INFO] [stdout] 4 | use std::ops::{Add, Div, Mul};
[INFO] [stdout]   |                ^^^
[INFO] [stdout] 
[INFO] [stdout] 
[INFO] [stdout] warning: unused variable: `ctx`
[INFO] [stdout]  --> programs/swap-program/src/instructions/create_pool.rs:7:20
[INFO] [stdout]   |
[INFO] [stdout] 7 | pub fn create_pool(ctx: Context<CreatePool>) -> Result<()> {
[INFO] [stdout]   |                    ^^^ help: if this is intentional, prefix it with an underscore: `_ctx`
[INFO] [stdout]   |
[INFO] [stdout]   = note: `#[warn(unused_variables)]` on by default
[INFO] [stdout] 
[INFO] [stdout] 
[INFO] [stdout] warning: unused variable: `ctx`
[INFO] [stdout]  --> programs/swap-program/src/instructions/fund_pool.rs:8:18
[INFO] [stdout]   |
[INFO] [stdout] 8 | pub fn fund_pool(ctx: Context<FundPool>, amount: u64) -> Result<()> {
[INFO] [stdout]   |                  ^^^ help: if this is intentional, prefix it with an underscore: `_ctx`
[INFO] [stdout] 
[INFO] [stdout] 
[INFO] [stdout] warning: unused variable: `amount`
[INFO] [stdout]  --> programs/swap-program/src/instructions/fund_pool.rs:8:42
[INFO] [stdout]   |
[INFO] [stdout] 8 | pub fn fund_pool(ctx: Context<FundPool>, amount: u64) -> Result<()> {
[INFO] [stdout]   |                                          ^^^^^^ help: if this is intentional, prefix it with an underscore: `_amount`
[INFO] [stdout] 
[INFO] [stdout] 
[INFO] [stdout] warning: unused variable: `ctx`
[INFO] [stdout]   --> programs/swap-program/src/instructions/swap.rs:10:13
[INFO] [stdout]    |
[INFO] [stdout] 10 | pub fn swap(ctx: Context<Swap>, amount_to_swap: u64) -> Result<()> {
[INFO] [stdout]    |             ^^^ help: if this is intentional, prefix it with an underscore: `_ctx`
[INFO] [stdout] 
[INFO] [stdout] 
[INFO] [stdout] warning: unused variable: `pool_recieve_balance`
[INFO] [stdout]    --> programs/swap-program/src/state.rs:297:5
[INFO] [stdout]     |
[INFO] [stdout] 297 |     pool_recieve_balance: u64,
[INFO] [stdout]     |     ^^^^^^^^^^^^^^^^^^^^ help: if this is intentional, prefix it with an underscore: `_pool_recieve_balance`
[INFO] [stdout] 
[INFO] [stdout] 
[INFO] [stdout] warning: unused variable: `receive_decimals`
[INFO] [stdout]    --> programs/swap-program/src/state.rs:298:5
[INFO] [stdout]     |
[INFO] [stdout] 298 |     receive_decimals: u8,
[INFO] [stdout]     |     ^^^^^^^^^^^^^^^^ help: if this is intentional, prefix it with an underscore: `_receive_decimals`
[INFO] [stdout] 
[INFO] [stdout] 
[INFO] [stdout] warning: unused variable: `pool_pay_balance`
[INFO] [stdout]    --> programs/swap-program/src/state.rs:299:5
[INFO] [stdout]     |
[INFO] [stdout] 299 |     pool_pay_balance: u64,
[INFO] [stdout]     |     ^^^^^^^^^^^^^^^^ help: if this is intentional, prefix it with an underscore: `_pool_pay_balance`
[INFO] [stdout] 
[INFO] [stdout] 
[INFO] [stdout] warning: unused variable: `pay_decimals`
[INFO] [stdout]    --> programs/swap-program/src/state.rs:300:5
[INFO] [stdout]     |
[INFO] [stdout] 300 |     pay_decimals: u8,
[INFO] [stdout]     |     ^^^^^^^^^^^^ help: if this is intentional, prefix it with an underscore: `_pay_decimals`
[INFO] [stdout] 
[INFO] [stdout] 
[INFO] [stdout] warning: unused variable: `pay_amount`
[INFO] [stdout]    --> programs/swap-program/src/state.rs:301:5
[INFO] [stdout]     |
[INFO] [stdout] 301 |     pay_amount: u64,
[INFO] [stdout]     |     ^^^^^^^^^^ help: if this is intentional, prefix it with an underscore: `_pay_amount`
[INFO] [stdout] 
[INFO] [stdout] 
[INFO] [stderr]    Compiling swap-program v0.1.0 (/opt/rustwide/workdir/programs/swap-program)
[INFO] [stdout] warning: function `convert_to_float` is never used
[INFO] [stdout]    --> programs/swap-program/src/state.rs:321:4
[INFO] [stdout]     |
[INFO] [stdout] 321 | fn convert_to_float(value: u64, decimals: u8) -> f32 {
[INFO] [stdout]     |    ^^^^^^^^^^^^^^^^
[INFO] [stdout]     |
[INFO] [stdout]     = note: `#[warn(dead_code)]` on by default
[INFO] [stdout] 
[INFO] [stdout] 
[INFO] [stdout] warning: function `convert_from_float` is never used
[INFO] [stdout]    --> programs/swap-program/src/state.rs:331:4
[INFO] [stdout]     |
[INFO] [stdout] 331 | fn convert_from_float(value: f32, decimals: u8) -> u64 {
[INFO] [stdout]     |    ^^^^^^^^^^^^^^^^^^
[INFO] [stdout] 
[INFO] [stdout] 
[INFO] [stdout] warning: 15 warnings emitted
[INFO] [stdout] 
[INFO] [stdout] 
[INFO] [stdout] warning: unused import: `crate::state::*`
[INFO] [stdout]  --> programs/swap-program/src/instructions/create_pool.rs:4:5
[INFO] [stdout]   |
[INFO] [stdout] 4 | use crate::state::*;
[INFO] [stdout]   |     ^^^^^^^^^^^^^^^
[INFO] [stdout]   |
[INFO] [stdout]   = note: `#[warn(unused_imports)]` on by default
[INFO] [stdout] 
[INFO] [stdout] 
[INFO] [stdout] warning: unused import: `crate::state::*`
[INFO] [stdout]  --> programs/swap-program/src/instructions/fund_pool.rs:5:5
[INFO] [stdout]   |
[INFO] [stdout] 5 | use crate::state::*;
[INFO] [stdout]   |     ^^^^^^^^^^^^^^^
[INFO] [stdout] 
[INFO] [stdout] 
[INFO] [stdout] warning: unused import: `crate::state::*`
[INFO] [stdout]  --> programs/swap-program/src/instructions/swap.rs:7:5
[INFO] [stdout]   |
[INFO] [stdout] 7 | use crate::state::*;
[INFO] [stdout]   |     ^^^^^^^^^^^^^^^
[INFO] [stdout] 
[INFO] [stdout] 
[INFO] [stdout] warning: unused import: `Add`
[INFO] [stdout]  --> programs/swap-program/src/state.rs:4:16
[INFO] [stdout]   |
[INFO] [stdout] 4 | use std::ops::{Add, Div, Mul};
[INFO] [stdout]   |                ^^^
[INFO] [stdout] 
[INFO] [stdout] 
[INFO] [stdout] warning: unused variable: `ctx`
[INFO] [stdout]  --> programs/swap-program/src/instructions/create_pool.rs:7:20
[INFO] [stdout]   |
[INFO] [stdout] 7 | pub fn create_pool(ctx: Context<CreatePool>) -> Result<()> {
[INFO] [stdout]   |                    ^^^ help: if this is intentional, prefix it with an underscore: `_ctx`
[INFO] [stdout]   |
[INFO] [stdout]   = note: `#[warn(unused_variables)]` on by default
[INFO] [stdout] 
[INFO] [stdout] 
[INFO] [stdout] warning: unused variable: `ctx`
[INFO] [stdout]  --> programs/swap-program/src/instructions/fund_pool.rs:8:18
[INFO] [stdout]   |
[INFO] [stdout] 8 | pub fn fund_pool(ctx: Context<FundPool>, amount: u64) -> Result<()> {
[INFO] [stdout]   |                  ^^^ help: if this is intentional, prefix it with an underscore: `_ctx`
[INFO] [stdout] 
[INFO] [stdout] 
[INFO] [stdout] warning: unused variable: `amount`
[INFO] [stdout]  --> programs/swap-program/src/instructions/fund_pool.rs:8:42
[INFO] [stdout]   |
[INFO] [stdout] 8 | pub fn fund_pool(ctx: Context<FundPool>, amount: u64) -> Result<()> {
[INFO] [stdout]   |                                          ^^^^^^ help: if this is intentional, prefix it with an underscore: `_amount`
[INFO] [stdout] 
[INFO] [stdout] 
[INFO] [stdout] warning: unused variable: `ctx`
[INFO] [stdout]   --> programs/swap-program/src/instructions/swap.rs:10:13
[INFO] [stdout]    |
[INFO] [stdout] 10 | pub fn swap(ctx: Context<Swap>, amount_to_swap: u64) -> Result<()> {
[INFO] [stdout]    |             ^^^ help: if this is intentional, prefix it with an underscore: `_ctx`
[INFO] [stdout] 
[INFO] [stdout] 
[INFO] [stdout] warning: unused variable: `pool_recieve_balance`
[INFO] [stdout]    --> programs/swap-program/src/state.rs:297:5
[INFO] [stdout]     |
[INFO] [stdout] 297 |     pool_recieve_balance: u64,
[INFO] [stdout]     |     ^^^^^^^^^^^^^^^^^^^^ help: if this is intentional, prefix it with an underscore: `_pool_recieve_balance`
[INFO] [stdout] 
[INFO] [stdout] 
[INFO] [stdout] warning: unused variable: `receive_decimals`
[INFO] [stdout]    --> programs/swap-program/src/state.rs:298:5
[INFO] [stdout]     |
[INFO] [stdout] 298 |     receive_decimals: u8,
[INFO] [stdout]     |     ^^^^^^^^^^^^^^^^ help: if this is intentional, prefix it with an underscore: `_receive_decimals`
[INFO] [stdout] 
[INFO] [stdout] 
[INFO] [stdout] warning: unused variable: `pool_pay_balance`
[INFO] [stdout]    --> programs/swap-program/src/state.rs:299:5
[INFO] [stdout]     |
[INFO] [stdout] 299 |     pool_pay_balance: u64,
[INFO] [stdout]     |     ^^^^^^^^^^^^^^^^ help: if this is intentional, prefix it with an underscore: `_pool_pay_balance`
[INFO] [stdout] 
[INFO] [stdout] 
[INFO] [stdout] warning: unused variable: `pay_decimals`
[INFO] [stdout]    --> programs/swap-program/src/state.rs:300:5
[INFO] [stdout]     |
[INFO] [stdout] 300 |     pay_decimals: u8,
[INFO] [stdout]     |     ^^^^^^^^^^^^ help: if this is intentional, prefix it with an underscore: `_pay_decimals`
[INFO] [stdout] 
[INFO] [stdout] 
[INFO] [stdout] warning: unused variable: `pay_amount`
[INFO] [stdout]    --> programs/swap-program/src/state.rs:301:5
[INFO] [stdout]     |
[INFO] [stdout] 301 |     pay_amount: u64,
[INFO] [stdout]     |     ^^^^^^^^^^ help: if this is intentional, prefix it with an underscore: `_pay_amount`
[INFO] [stdout] 
[INFO] [stdout] 
[INFO] [stdout] warning: function `convert_to_float` is never used
[INFO] [stdout]    --> programs/swap-program/src/state.rs:321:4
[INFO] [stdout]     |
[INFO] [stdout] 321 | fn convert_to_float(value: u64, decimals: u8) -> f32 {
[INFO] [stdout]     |    ^^^^^^^^^^^^^^^^
[INFO] [stdout]     |
[INFO] [stdout]     = note: `#[warn(dead_code)]` on by default
[INFO] [stdout] 
[INFO] [stdout] 
[INFO] [stdout] warning: function `convert_from_float` is never used
[INFO] [stdout]    --> programs/swap-program/src/state.rs:331:4
[INFO] [stdout]     |
[INFO] [stdout] 331 | fn convert_from_float(value: f32, decimals: u8) -> u64 {
[INFO] [stdout]     |    ^^^^^^^^^^^^^^^^^^
[INFO] [stdout] 
[INFO] [stdout] 
[INFO] [stdout] warning: 15 warnings emitted
[INFO] [stdout] 
[INFO] [stdout] 
[INFO] [stderr]     Finished test [unoptimized + debuginfo] target(s) in 1.60s
[INFO] running `Command { std: "docker" "inspect" "fa50bc90a622df80a34d211540436fb4fc145b5fa0865c2f3b9ddb721d5799a6", kill_on_drop: false }`
[INFO] running `Command { std: "docker" "rm" "-f" "fa50bc90a622df80a34d211540436fb4fc145b5fa0865c2f3b9ddb721d5799a6", kill_on_drop: false }`
[INFO] [stdout] fa50bc90a622df80a34d211540436fb4fc145b5fa0865c2f3b9ddb721d5799a6
[INFO] running `Command { std: "docker" "create" "-v" "/var/lib/crater-agent-workspace/builds/worker-2-tc2/target:/opt/rustwide/target:rw,Z" "-v" "/var/lib/crater-agent-workspace/builds/worker-2-tc2/source:/opt/rustwide/workdir:ro,Z" "-v" "/var/lib/crater-agent-workspace/cargo-home:/opt/rustwide/cargo-home:ro,Z" "-v" "/var/lib/crater-agent-workspace/rustup-home:/opt/rustwide/rustup-home:ro,Z" "-e" "SOURCE_DIR=/opt/rustwide/workdir" "-e" "CARGO_TARGET_DIR=/opt/rustwide/target" "-e" "CARGO_INCREMENTAL=0" "-e" "RUST_BACKTRACE=full" "-e" "RUSTFLAGS=--cap-lints=warn" "-e" "RUSTDOCFLAGS=--cap-lints=warn" "-e" "CARGO_HOME=/opt/rustwide/cargo-home" "-e" "RUSTUP_HOME=/opt/rustwide/rustup-home" "-w" "/opt/rustwide/workdir" "-m" "1610612736" "--user" "0:0" "--network" "none" "ghcr.io/rust-lang/crates-build-env/linux@sha256:2788e3201cd34a07e3172128adcd8b3090168a8e3bcc40d7c032b9dda1df7d1c" "/opt/rustwide/cargo-home/bin/cargo" "+beta-2023-12-22" "test" "--frozen", kill_on_drop: false }`
[INFO] [stdout] 219c3bf01446b4fa7751fa503bb9ee76408047b90b82bc3a8724596f8c983125
[INFO] running `Command { std: "docker" "start" "-a" "219c3bf01446b4fa7751fa503bb9ee76408047b90b82bc3a8724596f8c983125", kill_on_drop: false }`
[INFO] [stderr] warning: virtual workspace defaulting to `resolver = "1"` despite one or more workspace members being on edition 2021 which implies `resolver = "2"`
[INFO] [stderr] note: to keep the current resolver, specify `workspace.resolver = "1"` in the workspace root's manifest
[INFO] [stderr] note: to use the edition 2021 resolver, specify `workspace.resolver = "2"` in the workspace root's manifest
[INFO] [stderr] note: for more details see https://doc.rust-lang.org/cargo/reference/resolver.html#resolver-versions
[INFO] [stderr] warning: unused import: `crate::state::*`
[INFO] [stderr]  --> programs/swap-program/src/instructions/create_pool.rs:4:5
[INFO] [stderr]   |
[INFO] [stderr] 4 | use crate::state::*;
[INFO] [stderr]   |     ^^^^^^^^^^^^^^^
[INFO] [stderr]   |
[INFO] [stderr]   = note: `#[warn(unused_imports)]` on by default
[INFO] [stderr] 
[INFO] [stderr] warning: unused import: `crate::state::*`
[INFO] [stderr]  --> programs/swap-program/src/instructions/fund_pool.rs:5:5
[INFO] [stderr]   |
[INFO] [stderr] 5 | use crate::state::*;
[INFO] [stderr]   |     ^^^^^^^^^^^^^^^
[INFO] [stderr] 
[INFO] [stderr] warning: unused import: `crate::state::*`
[INFO] [stderr]  --> programs/swap-program/src/instructions/swap.rs:7:5
[INFO] [stderr]   |
[INFO] [stderr] 7 | use crate::state::*;
[INFO] [stderr]   |     ^^^^^^^^^^^^^^^
[INFO] [stderr] 
[INFO] [stderr] warning: unused import: `Add`
[INFO] [stderr]  --> programs/swap-program/src/state.rs:4:16
[INFO] [stderr]   |
[INFO] [stderr] 4 | use std::ops::{Add, Div, Mul};
[INFO] [stderr]   |                ^^^
[INFO] [stderr] 
[INFO] [stderr] warning: unused variable: `ctx`
[INFO] [stderr]  --> programs/swap-program/src/instructions/create_pool.rs:7:20
[INFO] [stderr]   |
[INFO] [stderr] 7 | pub fn create_pool(ctx: Context<CreatePool>) -> Result<()> {
[INFO] [stderr]   |                    ^^^ help: if this is intentional, prefix it with an underscore: `_ctx`
[INFO] [stderr]   |
[INFO] [stderr]   = note: `#[warn(unused_variables)]` on by default
[INFO] [stderr] 
[INFO] [stderr] warning: unused variable: `ctx`
[INFO] [stderr]  --> programs/swap-program/src/instructions/fund_pool.rs:8:18
[INFO] [stderr]   |
[INFO] [stderr] 8 | pub fn fund_pool(ctx: Context<FundPool>, amount: u64) -> Result<()> {
[INFO] [stderr]   |                  ^^^ help: if this is intentional, prefix it with an underscore: `_ctx`
[INFO] [stderr] 
[INFO] [stderr] warning: unused variable: `amount`
[INFO] [stderr]  --> programs/swap-program/src/instructions/fund_pool.rs:8:42
[INFO] [stderr]   |
[INFO] [stderr] 8 | pub fn fund_pool(ctx: Context<FundPool>, amount: u64) -> Result<()> {
[INFO] [stderr]   |                                          ^^^^^^ help: if this is intentional, prefix it with an underscore: `_amount`
[INFO] [stderr] 
[INFO] [stderr] warning: unused variable: `ctx`
[INFO] [stderr]   --> programs/swap-program/src/instructions/swap.rs:10:13
[INFO] [stderr]    |
[INFO] [stderr] 10 | pub fn swap(ctx: Context<Swap>, amount_to_swap: u64) -> Result<()> {
[INFO] [stderr]    |             ^^^ help: if this is intentional, prefix it with an underscore: `_ctx`
[INFO] [stderr] 
[INFO] [stderr] warning: unused variable: `pool_recieve_balance`
[INFO] [stderr]    --> programs/swap-program/src/state.rs:297:5
[INFO] [stderr]     |
[INFO] [stderr] 297 |     pool_recieve_balance: u64,
[INFO] [stderr]     |     ^^^^^^^^^^^^^^^^^^^^ help: if this is intentional, prefix it with an underscore: `_pool_recieve_balance`
[INFO] [stderr] 
[INFO] [stderr] warning: unused variable: `receive_decimals`
[INFO] [stderr]    --> programs/swap-program/src/state.rs:298:5
[INFO] [stderr]     |
[INFO] [stderr] 298 |     receive_decimals: u8,
[INFO] [stderr]     |     ^^^^^^^^^^^^^^^^ help: if this is intentional, prefix it with an underscore: `_receive_decimals`
[INFO] [stderr] 
[INFO] [stderr] warning: unused variable: `pool_pay_balance`
[INFO] [stderr]    --> programs/swap-program/src/state.rs:299:5
[INFO] [stderr]     |
[INFO] [stderr] 299 |     pool_pay_balance: u64,
[INFO] [stderr]     |     ^^^^^^^^^^^^^^^^ help: if this is intentional, prefix it with an underscore: `_pool_pay_balance`
[INFO] [stderr] 
[INFO] [stderr] warning: unused variable: `pay_decimals`
[INFO] [stderr]    --> programs/swap-program/src/state.rs:300:5
[INFO] [stderr]     |
[INFO] [stderr] 300 |     pay_decimals: u8,
[INFO] [stderr]     |     ^^^^^^^^^^^^ help: if this is intentional, prefix it with an underscore: `_pay_decimals`
[INFO] [stderr] 
[INFO] [stderr] warning: unused variable: `pay_amount`
[INFO] [stderr]    --> programs/swap-program/src/state.rs:301:5
[INFO] [stderr]     |
[INFO] [stderr] 301 |     pay_amount: u64,
[INFO] [stderr]     |     ^^^^^^^^^^ help: if this is intentional, prefix it with an underscore: `_pay_amount`
[INFO] [stderr] 
[INFO] [stderr] warning: function `convert_to_float` is never used
[INFO] [stderr]    --> programs/swap-program/src/state.rs:321:4
[INFO] [stderr]     |
[INFO] [stderr] 321 | fn convert_to_float(value: u64, decimals: u8) -> f32 {
[INFO] [stderr]     |    ^^^^^^^^^^^^^^^^
[INFO] [stderr]     |
[INFO] [stderr]     = note: `#[warn(dead_code)]` on by default
[INFO] [stderr] 
[INFO] [stderr] warning: function `convert_from_float` is never used
[INFO] [stderr]    --> programs/swap-program/src/state.rs:331:4
[INFO] [stderr]     |
[INFO] [stderr] 331 | fn convert_from_float(value: f32, decimals: u8) -> u64 {
[INFO] [stderr]     |    ^^^^^^^^^^^^^^^^^^
[INFO] [stderr] 
[INFO] [stderr] warning: `swap-program` (lib) generated 15 warnings (run `cargo fix --lib -p swap-program` to apply 13 suggestions)
[INFO] [stderr] warning: `swap-program` (lib test) generated 15 warnings (15 duplicates)
[INFO] [stderr]     Finished test [unoptimized + debuginfo] target(s) in 0.12s
[INFO] [stderr]      Running unittests src/lib.rs (/opt/rustwide/target/debug/deps/swap_program-5b8eca08d6f39b8b)
[INFO] [stdout] 
[INFO] [stdout] running 1 test
[INFO] [stdout] test test_id ... ok
[INFO] [stdout] 
[INFO] [stdout] test result: ok. 1 passed; 0 failed; 0 ignored; 0 measured; 0 filtered out; finished in 0.00s
[INFO] [stdout] 
[INFO] [stderr]    Doc-tests swap_program
[INFO] [stdout] 
[INFO] [stdout] running 1 test
[INFO] [stdout] test programs/swap-program/src/state.rs - state::determine_swap_receive (line 280) ... FAILED
[INFO] [stdout] 
[INFO] [stdout] failures:
[INFO] [stdout] 
[INFO] [stdout] ---- programs/swap-program/src/state.rs - state::determine_swap_receive (line 280) stdout ----
[INFO] [stdout] error: expected `;`, found `K`
[INFO] [stdout]  --> programs/swap-program/src/state.rs:281:26
[INFO] [stdout]   |
[INFO] [stdout] 3 | K = a * b * c * d * P * R
[INFO] [stdout]   |                          ^ help: add `;` here
[INFO] [stdout] 4 | K = a * b * c * d * (P + p) * (R - r)
[INFO] [stdout]   | - unexpected token
[INFO] [stdout] 
[INFO] [stdout] error: expected `;`, found `a`
[INFO] [stdout]  --> programs/swap-program/src/state.rs:282:38
[INFO] [stdout]   |
[INFO] [stdout] 4 | K = a * b * c * d * (P + p) * (R - r)
[INFO] [stdout]   |                                      ^ help: add `;` here
[INFO] [stdout] 5 |
[INFO] [stdout] 6 | a * b * c * d * P * R = a * b * c * d * (P + p) * (R - r)
[INFO] [stdout]   | - unexpected token
[INFO] [stdout] 
[INFO] [stdout] error: expected `;`, found `PR`
[INFO] [stdout]  --> programs/swap-program/src/state.rs:284:58
[INFO] [stdout]   |
[INFO] [stdout] 6 | a * b * c * d * P * R = a * b * c * d * (P + p) * (R - r)
[INFO] [stdout]   |                                                          ^ help: add `;` here
[INFO] [stdout] 7 | PR = (P + p) * (R - r)
[INFO] [stdout]   | -- unexpected token
[INFO] [stdout] 
[INFO] [stdout] error: expected `;`, found `PR`
[INFO] [stdout]  --> programs/swap-program/src/state.rs:285:23
[INFO] [stdout]   |
[INFO] [stdout] 7 | PR = (P + p) * (R - r)
[INFO] [stdout]   |                       ^ help: add `;` here
[INFO] [stdout] 8 | PR = PR - Pr + Rp - pr
[INFO] [stdout]   | -- unexpected token
[INFO] [stdout] 
[INFO] [stdout] error: expected `;`, found `0`
[INFO] [stdout]  --> programs/swap-program/src/state.rs:286:23
[INFO] [stdout]   |
[INFO] [stdout] 8 | PR = PR - Pr + Rp - pr
[INFO] [stdout]   |                       ^ help: add `;` here
[INFO] [stdout] 9 | 0 = 0 - Pr + Rp - pr
[INFO] [stdout]   | - unexpected token
[INFO] [stdout] 
[INFO] [stdout] error: expected `;`, found `r`
[INFO] [stdout]   --> programs/swap-program/src/state.rs:289:16
[INFO] [stdout]    |
[INFO] [stdout] 11 | -Rp = r(-P - p)
[INFO] [stdout]    |                ^ help: add `;` here
[INFO] [stdout] 12 | r = (-Rp) / (-P - p)
[INFO] [stdout]    | - unexpected token
[INFO] [stdout] 
[INFO] [stdout] error: expected `;`, found `r`
[INFO] [stdout]   --> programs/swap-program/src/state.rs:290:21
[INFO] [stdout]    |
[INFO] [stdout] 12 | r = (-Rp) / (-P - p)
[INFO] [stdout]    |                     ^ help: add `;` here
[INFO] [stdout] 13 | r = [-1 * Rp] / [-1 * (P + p)]
[INFO] [stdout]    | - unexpected token
[INFO] [stdout] 
[INFO] [stdout] error: expected `;`, found `r`
[INFO] [stdout]   --> programs/swap-program/src/state.rs:291:31
[INFO] [stdout]    |
[INFO] [stdout] 13 | r = [-1 * Rp] / [-1 * (P + p)]
[INFO] [stdout]    |                               ^ help: add `;` here
[INFO] [stdout] 14 | r = Rp / (P + p)
[INFO] [stdout]    | - unexpected token
[INFO] [stdout] 
[INFO] [stdout] error: expected `;`, found `r`
[INFO] [stdout]   --> programs/swap-program/src/state.rs:292:17
[INFO] [stdout]    |
[INFO] [stdout] 14 | r = Rp / (P + p)
[INFO] [stdout]    |                 ^ help: add `;` here
[INFO] [stdout] 15 |
[INFO] [stdout] 16 | r = f(p) = (R * p) / (P + p)
[INFO] [stdout]    | - unexpected token
[INFO] [stdout] 
[INFO] [stdout] error[E0425]: cannot find value `r` in this scope
[INFO] [stdout]   --> programs/swap-program/src/state.rs:294:1
[INFO] [stdout]    |
[INFO] [stdout] 16 | r = f(p) = (R * p) / (P + p)
[INFO] [stdout]    | ^
[INFO] [stdout]    |
[INFO] [stdout] help: you might have meant to introduce a new binding
[INFO] [stdout]    |
[INFO] [stdout] 16 | let r = f(p) = (R * p) / (P + p)
[INFO] [stdout]    | +++
[INFO] [stdout] 
[INFO] [stdout] error[E0425]: cannot find value `p` in this scope
[INFO] [stdout]   --> programs/swap-program/src/state.rs:294:7
[INFO] [stdout]    |
[INFO] [stdout] 16 | r = f(p) = (R * p) / (P + p)
[INFO] [stdout]    |       ^ not found in this scope
[INFO] [stdout] 
[INFO] [stdout] error[E0425]: cannot find value `R` in this scope
[INFO] [stdout]   --> programs/swap-program/src/state.rs:294:13
[INFO] [stdout]    |
[INFO] [stdout] 16 | r = f(p) = (R * p) / (P + p)
[INFO] [stdout]    |             ^ not found in this scope
[INFO] [stdout]    |
[INFO] [stdout] help: you might be missing a const parameter
[INFO] [stdout]    |
[INFO] [stdout] 2  | fn main() { #[allow(non_snake_case)] fn _doctest_main_programs_swap_program_src_state_rs_280_0<const R: /* Type */>() {
[INFO] [stdout]    |                                                                                               +++++++++++++++++++++
[INFO] [stdout] 
[INFO] [stdout] error[E0425]: cannot find value `p` in this scope
[INFO] [stdout]   --> programs/swap-program/src/state.rs:294:17
[INFO] [stdout]    |
[INFO] [stdout] 16 | r = f(p) = (R * p) / (P + p)
[INFO] [stdout]    |                 ^ not found in this scope
[INFO] [stdout] 
[INFO] [stdout] error[E0425]: cannot find value `P` in this scope
[INFO] [stdout]   --> programs/swap-program/src/state.rs:294:23
[INFO] [stdout]    |
[INFO] [stdout] 16 | r = f(p) = (R * p) / (P + p)
[INFO] [stdout]    |                       ^ not found in this scope
[INFO] [stdout]    |
[INFO] [stdout] help: you might be missing a const parameter
[INFO] [stdout]    |
[INFO] [stdout] 2  | fn main() { #[allow(non_snake_case)] fn _doctest_main_programs_swap_program_src_state_rs_280_0<const P: /* Type */>() {
[INFO] [stdout]    |                                                                                               +++++++++++++++++++++
[INFO] [stdout] 
[INFO] [stdout] error[E0425]: cannot find value `p` in this scope
[INFO] [stdout]   --> programs/swap-program/src/state.rs:294:27
[INFO] [stdout]    |
[INFO] [stdout] 16 | r = f(p) = (R * p) / (P + p)
[INFO] [stdout]    |                           ^ not found in this scope
[INFO] [stdout] 
[INFO] [stdout] error[E0425]: cannot find function `f` in this scope
[INFO] [stdout]   --> programs/swap-program/src/state.rs:294:5
[INFO] [stdout]    |
[INFO] [stdout] 16 | r = f(p) = (R * p) / (P + p)
[INFO] [stdout]    |     ^ not found in this scope
[INFO] [stdout] 
[INFO] [stdout] error[E0070]: invalid left-hand side of assignment
[INFO] [stdout]   --> programs/swap-program/src/state.rs:294:10
[INFO] [stdout]    |
[INFO] [stdout] 16 | r = f(p) = (R * p) / (P + p)
[INFO] [stdout]    |     ---- ^
[INFO] [stdout]    |     |
[INFO] [stdout]    |     cannot assign to this expression
[INFO] [stdout] 
[INFO] [stdout] error: aborting due to 17 previous errors
[INFO] [stdout] 
[INFO] [stdout] Some errors have detailed explanations: E0070, E0425.
[INFO] [stdout] For more information about an error, try `rustc --explain E0070`.
[INFO] [stdout] Couldn't compile the test.
[INFO] [stdout] 
[INFO] [stdout] failures:
[INFO] [stdout]     programs/swap-program/src/state.rs - state::determine_swap_receive (line 280)
[INFO] [stdout] 
[INFO] [stdout] test result: FAILED. 0 passed; 1 failed; 0 ignored; 0 measured; 0 filtered out; finished in 0.13s
[INFO] [stdout] 
[INFO] [stderr] error: doctest failed, to rerun pass `--doc`
[INFO] running `Command { std: "docker" "inspect" "219c3bf01446b4fa7751fa503bb9ee76408047b90b82bc3a8724596f8c983125", kill_on_drop: false }`
[INFO] running `Command { std: "docker" "rm" "-f" "219c3bf01446b4fa7751fa503bb9ee76408047b90b82bc3a8724596f8c983125", kill_on_drop: false }`
[INFO] [stdout] 219c3bf01446b4fa7751fa503bb9ee76408047b90b82bc3a8724596f8c983125
