[INFO] cloning repository https://github.com/buffalojoec/arb-program
[INFO] running `Command { std: "git" "-c" "credential.helper=" "-c" "credential.helper=/workspace/cargo-home/bin/git-credential-null" "clone" "--bare" "https://github.com/buffalojoec/arb-program" "/workspace/cache/git-repos/https%3A%2F%2Fgithub.com%2Fbuffalojoec%2Farb-program", kill_on_drop: false }`
[INFO] [stderr] Cloning into bare repository '/workspace/cache/git-repos/https%3A%2F%2Fgithub.com%2Fbuffalojoec%2Farb-program'...
[INFO] running `Command { std: "git" "rev-parse" "HEAD", kill_on_drop: false }`
[INFO] [stdout] 45dad715f5f480b5af246136ace6fb6a4179bf57
[INFO] testing buffalojoec/arb-program against 1.75.0 for beta-1.76-1
[INFO] running `Command { std: "git" "clone" "/workspace/cache/git-repos/https%3A%2F%2Fgithub.com%2Fbuffalojoec%2Farb-program" "/workspace/builds/worker-4-tc1/source", kill_on_drop: false }`
[INFO] [stderr] Cloning into '/workspace/builds/worker-4-tc1/source'...
[INFO] [stderr] done.
[INFO] validating manifest of git repo https://github.com/buffalojoec/arb-program on toolchain 1.75.0
[INFO] running `Command { std: CARGO_HOME="/workspace/cargo-home" RUSTUP_HOME="/workspace/rustup-home" "/workspace/cargo-home/bin/cargo" "+1.75.0" "metadata" "--manifest-path" "Cargo.toml" "--no-deps", kill_on_drop: false }`
[INFO] started tweaking git repo https://github.com/buffalojoec/arb-program
[INFO] finished tweaking git repo https://github.com/buffalojoec/arb-program
[INFO] tweaked toml for git repo https://github.com/buffalojoec/arb-program written to /workspace/builds/worker-4-tc1/source/Cargo.toml
[INFO] crate git repo https://github.com/buffalojoec/arb-program already has a lockfile, it will not be regenerated
[INFO] running `Command { std: CARGO_HOME="/workspace/cargo-home" RUSTUP_HOME="/workspace/rustup-home" "/workspace/cargo-home/bin/cargo" "+1.75.0" "fetch" "--manifest-path" "Cargo.toml", kill_on_drop: false }`
[INFO] [stderr] warning: virtual workspace defaulting to `resolver = "1"` despite one or more workspace members being on edition 2021 which implies `resolver = "2"`
[INFO] [stderr] note: to keep the current resolver, specify `workspace.resolver = "1"` in the workspace root's manifest
[INFO] [stderr] note: to use the edition 2021 resolver, specify `workspace.resolver = "2"` in the workspace root's manifest
[INFO] [stderr] note: for more details see https://doc.rust-lang.org/cargo/reference/resolver.html#resolver-versions
[INFO] [stderr]  Downloading crates ...
[INFO] [stderr]   Downloaded solana-sdk-macro v1.14.18
[INFO] [stderr]   Downloaded solana-frozen-abi-macro v1.14.18
[INFO] [stderr]   Downloaded solana-logger v1.14.18
[INFO] [stderr]   Downloaded solana-frozen-abi v1.14.18
[INFO] [stderr]   Downloaded solana-sdk v1.14.18
[INFO] [stderr]   Downloaded solana-program v1.14.18
[INFO] [stderr]   Downloaded solana-zk-token-sdk v1.14.18
[INFO] running `Command { std: "docker" "create" "-v" "/var/lib/crater-agent-workspace/builds/worker-4-tc1/target:/opt/rustwide/target:rw,Z" "-v" "/var/lib/crater-agent-workspace/builds/worker-4-tc1/source:/opt/rustwide/workdir:ro,Z" "-v" "/var/lib/crater-agent-workspace/cargo-home:/opt/rustwide/cargo-home:ro,Z" "-v" "/var/lib/crater-agent-workspace/rustup-home:/opt/rustwide/rustup-home:ro,Z" "-e" "SOURCE_DIR=/opt/rustwide/workdir" "-e" "CARGO_TARGET_DIR=/opt/rustwide/target" "-e" "CARGO_HOME=/opt/rustwide/cargo-home" "-e" "RUSTUP_HOME=/opt/rustwide/rustup-home" "-w" "/opt/rustwide/workdir" "-m" "1610612736" "--user" "0:0" "--network" "none" "ghcr.io/rust-lang/crates-build-env/linux@sha256:2788e3201cd34a07e3172128adcd8b3090168a8e3bcc40d7c032b9dda1df7d1c" "/opt/rustwide/cargo-home/bin/cargo" "+1.75.0" "metadata" "--no-deps" "--format-version=1", kill_on_drop: false }`
[INFO] [stdout] f0aee003f13237f34b4a05abb883f8058741c6616841f5d1be75253fbbc4ecfc
[INFO] running `Command { std: "docker" "start" "-a" "f0aee003f13237f34b4a05abb883f8058741c6616841f5d1be75253fbbc4ecfc", kill_on_drop: false }`
[INFO] running `Command { std: "docker" "inspect" "f0aee003f13237f34b4a05abb883f8058741c6616841f5d1be75253fbbc4ecfc", kill_on_drop: false }`
[INFO] running `Command { std: "docker" "rm" "-f" "f0aee003f13237f34b4a05abb883f8058741c6616841f5d1be75253fbbc4ecfc", kill_on_drop: false }`
[INFO] [stdout] f0aee003f13237f34b4a05abb883f8058741c6616841f5d1be75253fbbc4ecfc
[INFO] running `Command { std: "docker" "create" "-v" "/var/lib/crater-agent-workspace/builds/worker-4-tc1/target:/opt/rustwide/target:rw,Z" "-v" "/var/lib/crater-agent-workspace/builds/worker-4-tc1/source:/opt/rustwide/workdir:ro,Z" "-v" "/var/lib/crater-agent-workspace/cargo-home:/opt/rustwide/cargo-home:ro,Z" "-v" "/var/lib/crater-agent-workspace/rustup-home:/opt/rustwide/rustup-home:ro,Z" "-e" "SOURCE_DIR=/opt/rustwide/workdir" "-e" "CARGO_TARGET_DIR=/opt/rustwide/target" "-e" "CARGO_INCREMENTAL=0" "-e" "RUST_BACKTRACE=full" "-e" "RUSTFLAGS=--cap-lints=warn" "-e" "RUSTDOCFLAGS=--cap-lints=warn" "-e" "CARGO_HOME=/opt/rustwide/cargo-home" "-e" "RUSTUP_HOME=/opt/rustwide/rustup-home" "-w" "/opt/rustwide/workdir" "-m" "1610612736" "--user" "0:0" "--network" "none" "ghcr.io/rust-lang/crates-build-env/linux@sha256:2788e3201cd34a07e3172128adcd8b3090168a8e3bcc40d7c032b9dda1df7d1c" "/opt/rustwide/cargo-home/bin/cargo" "+1.75.0" "build" "--frozen" "--message-format=json", kill_on_drop: false }`
[INFO] [stdout] c1961e73b163d36beb0917551d60a32a09e5c0b69f69ceb1bba3ee1be4285d7c
[INFO] running `Command { std: "docker" "start" "-a" "c1961e73b163d36beb0917551d60a32a09e5c0b69f69ceb1bba3ee1be4285d7c", kill_on_drop: false }`
[INFO] [stderr] warning: virtual workspace defaulting to `resolver = "1"` despite one or more workspace members being on edition 2021 which implies `resolver = "2"`
[INFO] [stderr] note: to keep the current resolver, specify `workspace.resolver = "1"` in the workspace root's manifest
[INFO] [stderr] note: to use the edition 2021 resolver, specify `workspace.resolver = "2"` in the workspace root's manifest
[INFO] [stderr] note: for more details see https://doc.rust-lang.org/cargo/reference/resolver.html#resolver-versions
[INFO] [stderr]    Compiling proc-macro2 v1.0.60
[INFO] [stderr]    Compiling unicode-ident v1.0.9
[INFO] [stderr]    Compiling quote v1.0.28
[INFO] [stderr]    Compiling serde v1.0.164
[INFO] [stderr]    Compiling typenum v1.16.0
[INFO] [stderr]    Compiling libc v0.2.146
[INFO] [stderr]    Compiling generic-array v0.14.7
[INFO] [stderr]    Compiling subtle v2.4.1
[INFO] [stderr]    Compiling once_cell v1.18.0
[INFO] [stderr]    Compiling semver v1.0.17
[INFO] [stderr]    Compiling syn v1.0.109
[INFO] [stderr]    Compiling ahash v0.7.6
[INFO] [stderr]    Compiling getrandom v0.1.16
[INFO] [stderr]    Compiling cpufeatures v0.2.7
[INFO] [stderr]    Compiling crossbeam-utils v0.8.16
[INFO] [stderr]    Compiling memoffset v0.9.0
[INFO] [stderr]    Compiling block-padding v0.2.1
[INFO] [stderr]    Compiling crunchy v0.2.2
[INFO] [stderr]    Compiling crossbeam-epoch v0.9.15
[INFO] [stderr]    Compiling rustc_version v0.4.0
[INFO] [stderr]    Compiling log v0.4.19
[INFO] [stderr]    Compiling syn v2.0.18
[INFO] [stderr]    Compiling ppv-lite86 v0.2.17
[INFO] [stderr]    Compiling scopeguard v1.1.0
[INFO] [stderr]    Compiling wasm-bindgen-shared v0.2.87
[INFO] [stderr]    Compiling byteorder v1.4.3
[INFO] [stderr]    Compiling rayon-core v1.11.0
[INFO] [stderr]    Compiling crossbeam-channel v0.5.8
[INFO] [stderr]    Compiling crossbeam-deque v0.8.3
[INFO] [stderr]    Compiling bumpalo v3.13.0
[INFO] [stderr]    Compiling getrandom v0.2.10
[INFO] [stderr]    Compiling jobserver v0.1.26
[INFO] [stderr]    Compiling num_cpus v1.15.0
[INFO] [stderr]    Compiling rand_core v0.5.1
[INFO] [stderr]    Compiling cc v1.0.79
[INFO] [stderr]    Compiling rand_chacha v0.2.2
[INFO] [stderr]    Compiling rand_core v0.6.4
[INFO] [stderr]    Compiling hashbrown v0.12.3
[INFO] [stderr]    Compiling rand v0.7.3
[INFO] [stderr]    Compiling either v1.8.1
[INFO] [stderr]    Compiling thiserror v1.0.40
[INFO] [stderr]    Compiling feature-probe v0.1.1
[INFO] [stderr]    Compiling bv v0.11.1
[INFO] [stderr]    Compiling bitmaps v2.1.0
[INFO] [stderr]    Compiling solana-frozen-abi-macro v1.14.18
[INFO] [stderr]    Compiling num-traits v0.2.15
[INFO] [stderr]    Compiling im v15.1.0
[INFO] [stderr]    Compiling memchr v2.5.0
[INFO] [stderr]    Compiling arrayref v0.3.7
[INFO] [stderr]    Compiling keccak v0.1.4
[INFO] [stderr]    Compiling rustversion v1.0.12
[INFO] [stderr]    Compiling serde_json v1.0.96
[INFO] [stderr]    Compiling tinyvec_macros v0.1.1
[INFO] [stderr]    Compiling anyhow v1.0.71
[INFO] [stderr]    Compiling blake3 v1.4.0
[INFO] [stderr]    Compiling tinyvec v1.6.0
[INFO] [stderr]    Compiling sized-chunks v0.6.5
[INFO] [stderr]    Compiling rayon v1.7.0
[INFO] [stderr]    Compiling rand_xoshiro v0.6.0
[INFO] [stderr]    Compiling wasm-bindgen-backend v0.2.87
[INFO] [stderr]    Compiling solana-frozen-abi v1.14.18
[INFO] [stderr]    Compiling borsh-schema-derive-internal v0.9.3
[INFO] [stderr]    Compiling borsh-derive-internal v0.9.3
[INFO] [stderr]    Compiling memoffset v0.6.5
[INFO] [stderr]    Compiling indexmap v1.9.3
[INFO] [stderr]    Compiling itoa v1.0.6
[INFO] [stderr]    Compiling wasm-bindgen v0.2.87
[INFO] [stderr]    Compiling ryu v1.0.13
[INFO] [stderr]    Compiling constant_time_eq v0.2.6
[INFO] [stderr]    Compiling bs58 v0.4.0
[INFO] [stderr]    Compiling arrayvec v0.7.3
[INFO] [stderr]    Compiling wasm-bindgen-macro-support v0.2.87
[INFO] [stderr]    Compiling unicode-normalization v0.1.22
[INFO] [stderr]    Compiling solana-program v1.14.18
[INFO] [stderr]    Compiling hashbrown v0.11.2
[INFO] [stderr]    Compiling memmap2 v0.5.10
[INFO] [stderr]    Compiling serde_derive v1.0.164
[INFO] [stderr]    Compiling zeroize_derive v1.4.2
[INFO] [stderr]    Compiling thiserror-impl v1.0.40
[INFO] [stderr]    Compiling wasm-bindgen-macro v0.2.87
[INFO] [stderr]    Compiling bytemuck_derive v1.4.1
[INFO] [stderr]    Compiling rustc-hash v1.1.0
[INFO] [stderr]    Compiling base64 v0.12.3
[INFO] [stderr]    Compiling aho-corasick v1.0.2
[INFO] [stderr]    Compiling solana-sdk-macro v1.14.18
[INFO] [stderr]    Compiling zeroize v1.3.0
[INFO] [stderr]    Compiling num-derive v0.3.3
[INFO] [stderr]    Compiling bytemuck v1.13.1
[INFO] [stderr]    Compiling itertools v0.10.5
[INFO] [stderr]    Compiling regex-syntax v0.7.2
[INFO] [stderr]    Compiling base64 v0.13.1
[INFO] [stderr]    Compiling winnow v0.4.6
[INFO] [stderr]    Compiling toml_datetime v0.6.2
[INFO] [stderr]    Compiling signature v1.6.4
[INFO] [stderr]    Compiling bitflags v1.3.2
[INFO] [stderr]    Compiling ed25519 v1.5.3
[INFO] [stderr]    Compiling atty v0.2.14
[INFO] [stderr]    Compiling humantime v2.1.0
[INFO] [stderr]    Compiling termcolor v1.2.0
[INFO] [stderr]    Compiling solana-sdk v1.14.18
[INFO] [stderr]    Compiling percent-encoding v2.3.0
[INFO] [stderr]    Compiling derivation-path v0.2.0
[INFO] [stderr]    Compiling uriparse v0.6.4
[INFO] [stderr]    Compiling qstring v0.7.2
[INFO] [stderr]    Compiling regex v1.8.4
[INFO] [stderr]    Compiling chrono v0.4.26
[INFO] [stderr]    Compiling assert_matches v1.5.0
[INFO] [stderr]    Compiling merlin v3.0.0
[INFO] [stderr]    Compiling toml_edit v0.19.10
[INFO] [stderr]    Compiling env_logger v0.9.3
[INFO] [stderr]    Compiling solana-logger v1.14.18
[INFO] [stderr]    Compiling proc-macro-crate v1.3.1
[INFO] [stderr]    Compiling num_enum_derive v0.5.11
[INFO] [stderr]    Compiling num_enum v0.5.11
[INFO] [stderr]    Compiling toml v0.5.11
[INFO] [stderr]    Compiling serde_bytes v0.11.9
[INFO] [stderr]    Compiling bincode v1.3.3
[INFO] [stderr]    Compiling digest v0.9.0
[INFO] [stderr]    Compiling crypto-common v0.1.6
[INFO] [stderr]    Compiling block-buffer v0.10.4
[INFO] [stderr]    Compiling block-buffer v0.9.0
[INFO] [stderr]    Compiling libsecp256k1-core v0.2.2
[INFO] [stderr]    Compiling crypto-mac v0.8.0
[INFO] [stderr]    Compiling sha2 v0.9.9
[INFO] [stderr]    Compiling digest v0.10.7
[INFO] [stderr]    Compiling hmac v0.8.1
[INFO] [stderr]    Compiling proc-macro-crate v0.1.5
[INFO] [stderr]    Compiling curve25519-dalek v3.2.1
[INFO] [stderr]    Compiling sha2 v0.10.6
[INFO] [stderr]    Compiling hmac-drbg v0.3.0
[INFO] [stderr]    Compiling pbkdf2 v0.4.0
[INFO] [stderr]    Compiling borsh-derive v0.9.3
[INFO] [stderr]    Compiling tiny-bip39 v0.8.2
[INFO] [stderr]    Compiling libsecp256k1-gen-genmult v0.2.1
[INFO] [stderr]    Compiling libsecp256k1-gen-ecmult v0.2.1
[INFO] [stderr]    Compiling sha3 v0.10.8
[INFO] [stderr]    Compiling cipher v0.3.0
[INFO] [stderr]    Compiling hmac v0.12.1
[INFO] [stderr]    Compiling ed25519-dalek v1.0.1
[INFO] [stderr]    Compiling universal-hash v0.4.1
[INFO] [stderr]    Compiling polyval v0.5.3
[INFO] [stderr]    Compiling libsecp256k1 v0.6.0
[INFO] [stderr]    Compiling ed25519-dalek-bip32 v0.2.0
[INFO] [stderr]    Compiling aes v0.7.5
[INFO] [stderr]    Compiling ctr v0.8.0
[INFO] [stderr]    Compiling borsh v0.9.3
[INFO] [stderr]    Compiling pbkdf2 v0.11.0
[INFO] [stderr]    Compiling inout v0.1.3
[INFO] [stderr]    Compiling aead v0.4.3
[INFO] [stderr]    Compiling sha3 v0.9.1
[INFO] [stderr]    Compiling cipher v0.4.4
[INFO] [stderr]    Compiling aes-gcm-siv v0.10.3
[INFO] [stderr]    Compiling spl-memo v3.0.1
[INFO] [stderr]    Compiling spl-token v3.5.0
[INFO] [stderr]    Compiling solana-zk-token-sdk v1.14.18
[INFO] [stderr]    Compiling spl-token-2022 v0.6.1
[INFO] [stderr]    Compiling spl-associated-token-account v1.1.3
[INFO] [stderr]    Compiling arb-program v0.1.0 (/opt/rustwide/workdir/program)
[INFO] [stderr]     Finished dev [unoptimized + debuginfo] target(s) in 39.57s
[INFO] running `Command { std: "docker" "inspect" "c1961e73b163d36beb0917551d60a32a09e5c0b69f69ceb1bba3ee1be4285d7c", kill_on_drop: false }`
[INFO] running `Command { std: "docker" "rm" "-f" "c1961e73b163d36beb0917551d60a32a09e5c0b69f69ceb1bba3ee1be4285d7c", kill_on_drop: false }`
[INFO] [stdout] c1961e73b163d36beb0917551d60a32a09e5c0b69f69ceb1bba3ee1be4285d7c
[INFO] running `Command { std: "docker" "create" "-v" "/var/lib/crater-agent-workspace/builds/worker-4-tc1/target:/opt/rustwide/target:rw,Z" "-v" "/var/lib/crater-agent-workspace/builds/worker-4-tc1/source:/opt/rustwide/workdir:ro,Z" "-v" "/var/lib/crater-agent-workspace/cargo-home:/opt/rustwide/cargo-home:ro,Z" "-v" "/var/lib/crater-agent-workspace/rustup-home:/opt/rustwide/rustup-home:ro,Z" "-e" "SOURCE_DIR=/opt/rustwide/workdir" "-e" "CARGO_TARGET_DIR=/opt/rustwide/target" "-e" "CARGO_INCREMENTAL=0" "-e" "RUST_BACKTRACE=full" "-e" "RUSTFLAGS=--cap-lints=warn" "-e" "RUSTDOCFLAGS=--cap-lints=warn" "-e" "CARGO_HOME=/opt/rustwide/cargo-home" "-e" "RUSTUP_HOME=/opt/rustwide/rustup-home" "-w" "/opt/rustwide/workdir" "-m" "1610612736" "--user" "0:0" "--network" "none" "ghcr.io/rust-lang/crates-build-env/linux@sha256:2788e3201cd34a07e3172128adcd8b3090168a8e3bcc40d7c032b9dda1df7d1c" "/opt/rustwide/cargo-home/bin/cargo" "+1.75.0" "test" "--frozen" "--no-run" "--message-format=json", kill_on_drop: false }`
[INFO] [stdout] 4ff95d766ce1bb683120e341125ed56922d501d8a0857788cf29189c1d1a47dc
[INFO] running `Command { std: "docker" "start" "-a" "4ff95d766ce1bb683120e341125ed56922d501d8a0857788cf29189c1d1a47dc", kill_on_drop: false }`
[INFO] [stderr] warning: virtual workspace defaulting to `resolver = "1"` despite one or more workspace members being on edition 2021 which implies `resolver = "2"`
[INFO] [stderr] note: to keep the current resolver, specify `workspace.resolver = "1"` in the workspace root's manifest
[INFO] [stderr] note: to use the edition 2021 resolver, specify `workspace.resolver = "2"` in the workspace root's manifest
[INFO] [stderr] note: for more details see https://doc.rust-lang.org/cargo/reference/resolver.html#resolver-versions
[INFO] [stderr]    Compiling arb-program v0.1.0 (/opt/rustwide/workdir/program)
[INFO] [stderr]     Finished test [unoptimized + debuginfo] target(s) in 1.64s
[INFO] running `Command { std: "docker" "inspect" "4ff95d766ce1bb683120e341125ed56922d501d8a0857788cf29189c1d1a47dc", kill_on_drop: false }`
[INFO] running `Command { std: "docker" "rm" "-f" "4ff95d766ce1bb683120e341125ed56922d501d8a0857788cf29189c1d1a47dc", kill_on_drop: false }`
[INFO] [stdout] 4ff95d766ce1bb683120e341125ed56922d501d8a0857788cf29189c1d1a47dc
[INFO] running `Command { std: "docker" "create" "-v" "/var/lib/crater-agent-workspace/builds/worker-4-tc1/target:/opt/rustwide/target:rw,Z" "-v" "/var/lib/crater-agent-workspace/builds/worker-4-tc1/source:/opt/rustwide/workdir:ro,Z" "-v" "/var/lib/crater-agent-workspace/cargo-home:/opt/rustwide/cargo-home:ro,Z" "-v" "/var/lib/crater-agent-workspace/rustup-home:/opt/rustwide/rustup-home:ro,Z" "-e" "SOURCE_DIR=/opt/rustwide/workdir" "-e" "CARGO_TARGET_DIR=/opt/rustwide/target" "-e" "CARGO_INCREMENTAL=0" "-e" "RUST_BACKTRACE=full" "-e" "RUSTFLAGS=--cap-lints=warn" "-e" "RUSTDOCFLAGS=--cap-lints=warn" "-e" "CARGO_HOME=/opt/rustwide/cargo-home" "-e" "RUSTUP_HOME=/opt/rustwide/rustup-home" "-w" "/opt/rustwide/workdir" "-m" "1610612736" "--user" "0:0" "--network" "none" "ghcr.io/rust-lang/crates-build-env/linux@sha256:2788e3201cd34a07e3172128adcd8b3090168a8e3bcc40d7c032b9dda1df7d1c" "/opt/rustwide/cargo-home/bin/cargo" "+1.75.0" "test" "--frozen", kill_on_drop: false }`
[INFO] [stdout] 5f99742a5542efa97b3549c3f8939940d652d1b46aff5841ff9679ba7d5ceba3
[INFO] running `Command { std: "docker" "start" "-a" "5f99742a5542efa97b3549c3f8939940d652d1b46aff5841ff9679ba7d5ceba3", kill_on_drop: false }`
[INFO] [stderr] warning: virtual workspace defaulting to `resolver = "1"` despite one or more workspace members being on edition 2021 which implies `resolver = "2"`
[INFO] [stderr] note: to keep the current resolver, specify `workspace.resolver = "1"` in the workspace root's manifest
[INFO] [stderr] note: to use the edition 2021 resolver, specify `workspace.resolver = "2"` in the workspace root's manifest
[INFO] [stderr] note: for more details see https://doc.rust-lang.org/cargo/reference/resolver.html#resolver-versions
[INFO] [stderr]     Finished test [unoptimized + debuginfo] target(s) in 0.17s
[INFO] [stderr]      Running unittests src/lib.rs (/opt/rustwide/target/debug/deps/arb_program-aba61d3b89a2bef2)
[INFO] [stdout] 
[INFO] [stdout] running 0 tests
[INFO] [stdout] 
[INFO] [stdout] test result: ok. 0 passed; 0 failed; 0 ignored; 0 measured; 0 filtered out; finished in 0.00s
[INFO] [stdout] 
[INFO] [stderr]    Doc-tests arb_program
[INFO] [stdout] 
[INFO] [stdout] running 1 test
[INFO] [stdout] test program/src/swap.rs - swap::determine_swap_receive (line 11) ... FAILED
[INFO] [stdout] 
[INFO] [stdout] failures:
[INFO] [stdout] 
[INFO] [stdout] ---- program/src/swap.rs - swap::determine_swap_receive (line 11) stdout ----
[INFO] [stdout] error: expected `;`, found `K`
[INFO] [stdout]  --> program/src/swap.rs:12:26
[INFO] [stdout]   |
[INFO] [stdout] 3 | K = a * b * c * d * P * R
[INFO] [stdout]   |                          ^ help: add `;` here
[INFO] [stdout] 4 | K = a * b * c * d * (P + p) * (R - r)
[INFO] [stdout]   | - unexpected token
[INFO] [stdout] 
[INFO] [stdout] error: expected `;`, found `a`
[INFO] [stdout]  --> program/src/swap.rs:13:38
[INFO] [stdout]   |
[INFO] [stdout] 4 | K = a * b * c * d * (P + p) * (R - r)
[INFO] [stdout]   |                                      ^ help: add `;` here
[INFO] [stdout] 5 |
[INFO] [stdout] 6 | a * b * c * d * P * R = a * b * c * d * (P + p) * (R - r)
[INFO] [stdout]   | - unexpected token
[INFO] [stdout] 
[INFO] [stdout] error: expected `;`, found `PR`
[INFO] [stdout]  --> program/src/swap.rs:15:58
[INFO] [stdout]   |
[INFO] [stdout] 6 | a * b * c * d * P * R = a * b * c * d * (P + p) * (R - r)
[INFO] [stdout]   |                                                          ^ help: add `;` here
[INFO] [stdout] 7 | PR = (P + p) * (R - r)
[INFO] [stdout]   | -- unexpected token
[INFO] [stdout] 
[INFO] [stdout] error: expected `;`, found `PR`
[INFO] [stdout]  --> program/src/swap.rs:16:23
[INFO] [stdout]   |
[INFO] [stdout] 7 | PR = (P + p) * (R - r)
[INFO] [stdout]   |                       ^ help: add `;` here
[INFO] [stdout] 8 | PR = PR - Pr + Rp - pr
[INFO] [stdout]   | -- unexpected token
[INFO] [stdout] 
[INFO] [stdout] error: expected `;`, found `0`
[INFO] [stdout]  --> program/src/swap.rs:17:23
[INFO] [stdout]   |
[INFO] [stdout] 8 | PR = PR - Pr + Rp - pr
[INFO] [stdout]   |                       ^ help: add `;` here
[INFO] [stdout] 9 | 0 = 0 - Pr + Rp - pr
[INFO] [stdout]   | - unexpected token
[INFO] [stdout] 
[INFO] [stdout] error: expected `;`, found `r`
[INFO] [stdout]   --> program/src/swap.rs:20:16
[INFO] [stdout]    |
[INFO] [stdout] 11 | -Rp = r(-P - p)
[INFO] [stdout]    |                ^ help: add `;` here
[INFO] [stdout] 12 | r = (-Rp) / (-P - p)
[INFO] [stdout]    | - unexpected token
[INFO] [stdout] 
[INFO] [stdout] error: expected `;`, found `r`
[INFO] [stdout]   --> program/src/swap.rs:21:21
[INFO] [stdout]    |
[INFO] [stdout] 12 | r = (-Rp) / (-P - p)
[INFO] [stdout]    |                     ^ help: add `;` here
[INFO] [stdout] 13 | r = [-1 * Rp] / [-1 * (P + p)]
[INFO] [stdout]    | - unexpected token
[INFO] [stdout] 
[INFO] [stdout] error: expected `;`, found `r`
[INFO] [stdout]   --> program/src/swap.rs:22:31
[INFO] [stdout]    |
[INFO] [stdout] 13 | r = [-1 * Rp] / [-1 * (P + p)]
[INFO] [stdout]    |                               ^ help: add `;` here
[INFO] [stdout] 14 | r = Rp / (P + p)
[INFO] [stdout]    | - unexpected token
[INFO] [stdout] 
[INFO] [stdout] error: expected `;`, found `r`
[INFO] [stdout]   --> program/src/swap.rs:23:17
[INFO] [stdout]    |
[INFO] [stdout] 14 | r = Rp / (P + p)
[INFO] [stdout]    |                 ^ help: add `;` here
[INFO] [stdout] 15 |
[INFO] [stdout] 16 | r = f(p) = (R * p) / (P + p)
[INFO] [stdout]    | - unexpected token
[INFO] [stdout] 
[INFO] [stdout] error[E0425]: cannot find value `r` in this scope
[INFO] [stdout]   --> program/src/swap.rs:25:1
[INFO] [stdout]    |
[INFO] [stdout] 16 | r = f(p) = (R * p) / (P + p)
[INFO] [stdout]    | ^
[INFO] [stdout]    |
[INFO] [stdout] help: you might have meant to introduce a new binding
[INFO] [stdout]    |
[INFO] [stdout] 16 | let r = f(p) = (R * p) / (P + p)
[INFO] [stdout]    | +++
[INFO] [stdout] 
[INFO] [stdout] error[E0425]: cannot find value `p` in this scope
[INFO] [stdout]   --> program/src/swap.rs:25:7
[INFO] [stdout]    |
[INFO] [stdout] 16 | r = f(p) = (R * p) / (P + p)
[INFO] [stdout]    |       ^ not found in this scope
[INFO] [stdout] 
[INFO] [stdout] error[E0425]: cannot find value `R` in this scope
[INFO] [stdout]   --> program/src/swap.rs:25:13
[INFO] [stdout]    |
[INFO] [stdout] 16 | r = f(p) = (R * p) / (P + p)
[INFO] [stdout]    |             ^ not found in this scope
[INFO] [stdout]    |
[INFO] [stdout] help: you might be missing a const parameter
[INFO] [stdout]    |
[INFO] [stdout] 2  | fn main() { #[allow(non_snake_case)] fn _doctest_main_program_src_swap_rs_11_0<const R: /* Type */>() {
[INFO] [stdout]    |                                                                               +++++++++++++++++++++
[INFO] [stdout] 
[INFO] [stdout] error[E0425]: cannot find value `p` in this scope
[INFO] [stdout]   --> program/src/swap.rs:25:17
[INFO] [stdout]    |
[INFO] [stdout] 16 | r = f(p) = (R * p) / (P + p)
[INFO] [stdout]    |                 ^ not found in this scope
[INFO] [stdout] 
[INFO] [stdout] error[E0425]: cannot find value `P` in this scope
[INFO] [stdout]   --> program/src/swap.rs:25:23
[INFO] [stdout]    |
[INFO] [stdout] 16 | r = f(p) = (R * p) / (P + p)
[INFO] [stdout]    |                       ^ not found in this scope
[INFO] [stdout]    |
[INFO] [stdout] help: you might be missing a const parameter
[INFO] [stdout]    |
[INFO] [stdout] 2  | fn main() { #[allow(non_snake_case)] fn _doctest_main_program_src_swap_rs_11_0<const P: /* Type */>() {
[INFO] [stdout]    |                                                                               +++++++++++++++++++++
[INFO] [stdout] 
[INFO] [stdout] error[E0425]: cannot find value `p` in this scope
[INFO] [stdout]   --> program/src/swap.rs:25:27
[INFO] [stdout]    |
[INFO] [stdout] 16 | r = f(p) = (R * p) / (P + p)
[INFO] [stdout]    |                           ^ not found in this scope
[INFO] [stdout] 
[INFO] [stdout] error[E0425]: cannot find function `f` in this scope
[INFO] [stdout]   --> program/src/swap.rs:25:5
[INFO] [stdout]    |
[INFO] [stdout] 16 | r = f(p) = (R * p) / (P + p)
[INFO] [stdout]    |     ^ not found in this scope
[INFO] [stdout] 
[INFO] [stdout] error[E0070]: invalid left-hand side of assignment
[INFO] [stdout]   --> program/src/swap.rs:25:10
[INFO] [stdout]    |
[INFO] [stdout] 16 | r = f(p) = (R * p) / (P + p)
[INFO] [stdout]    |     ---- ^
[INFO] [stdout]    |     |
[INFO] [stdout]    |     cannot assign to this expression
[INFO] [stdout] 
[INFO] [stdout] error: aborting due to 17 previous errors
[INFO] [stdout] 
[INFO] [stdout] Some errors have detailed explanations: E0070, E0425.
[INFO] [stdout] For more information about an error, try `rustc --explain E0070`.
[INFO] [stdout] Couldn't compile the test.
[INFO] [stdout] 
[INFO] [stdout] failures:
[INFO] [stdout]     program/src/swap.rs - swap::determine_swap_receive (line 11)
[INFO] [stdout] 
[INFO] [stdout] test result: FAILED. 0 passed; 1 failed; 0 ignored; 0 measured; 0 filtered out; finished in 0.29s
[INFO] [stdout] 
[INFO] [stderr] error: doctest failed, to rerun pass `--doc`
[INFO] running `Command { std: "docker" "inspect" "5f99742a5542efa97b3549c3f8939940d652d1b46aff5841ff9679ba7d5ceba3", kill_on_drop: false }`
[INFO] running `Command { std: "docker" "rm" "-f" "5f99742a5542efa97b3549c3f8939940d652d1b46aff5841ff9679ba7d5ceba3", kill_on_drop: false }`
[INFO] [stdout] 5f99742a5542efa97b3549c3f8939940d652d1b46aff5841ff9679ba7d5ceba3
[INFO] testing buffalojoec/arb-program against beta-2023-12-22 for beta-1.76-1
[INFO] running `Command { std: "git" "clone" "/workspace/cache/git-repos/https%3A%2F%2Fgithub.com%2Fbuffalojoec%2Farb-program" "/workspace/builds/worker-4-tc2/source", kill_on_drop: false }`
[INFO] [stderr] Cloning into '/workspace/builds/worker-4-tc2/source'...
[INFO] [stderr] done.
[INFO] validating manifest of git repo https://github.com/buffalojoec/arb-program on toolchain beta-2023-12-22
[INFO] running `Command { std: CARGO_HOME="/workspace/cargo-home" RUSTUP_HOME="/workspace/rustup-home" "/workspace/cargo-home/bin/cargo" "+beta-2023-12-22" "metadata" "--manifest-path" "Cargo.toml" "--no-deps", kill_on_drop: false }`
[INFO] started tweaking git repo https://github.com/buffalojoec/arb-program
[INFO] finished tweaking git repo https://github.com/buffalojoec/arb-program
[INFO] tweaked toml for git repo https://github.com/buffalojoec/arb-program written to /workspace/builds/worker-4-tc2/source/Cargo.toml
[INFO] crate git repo https://github.com/buffalojoec/arb-program already has a lockfile, it will not be regenerated
[INFO] running `Command { std: CARGO_HOME="/workspace/cargo-home" RUSTUP_HOME="/workspace/rustup-home" "/workspace/cargo-home/bin/cargo" "+beta-2023-12-22" "fetch" "--manifest-path" "Cargo.toml", kill_on_drop: false }`
[INFO] [stderr] warning: virtual workspace defaulting to `resolver = "1"` despite one or more workspace members being on edition 2021 which implies `resolver = "2"`
[INFO] [stderr] note: to keep the current resolver, specify `workspace.resolver = "1"` in the workspace root's manifest
[INFO] [stderr] note: to use the edition 2021 resolver, specify `workspace.resolver = "2"` in the workspace root's manifest
[INFO] [stderr] note: for more details see https://doc.rust-lang.org/cargo/reference/resolver.html#resolver-versions
[INFO] running `Command { std: "docker" "create" "-v" "/var/lib/crater-agent-workspace/builds/worker-4-tc2/target:/opt/rustwide/target:rw,Z" "-v" "/var/lib/crater-agent-workspace/builds/worker-4-tc2/source:/opt/rustwide/workdir:ro,Z" "-v" "/var/lib/crater-agent-workspace/cargo-home:/opt/rustwide/cargo-home:ro,Z" "-v" "/var/lib/crater-agent-workspace/rustup-home:/opt/rustwide/rustup-home:ro,Z" "-e" "SOURCE_DIR=/opt/rustwide/workdir" "-e" "CARGO_TARGET_DIR=/opt/rustwide/target" "-e" "CARGO_HOME=/opt/rustwide/cargo-home" "-e" "RUSTUP_HOME=/opt/rustwide/rustup-home" "-w" "/opt/rustwide/workdir" "-m" "1610612736" "--user" "0:0" "--network" "none" "ghcr.io/rust-lang/crates-build-env/linux@sha256:2788e3201cd34a07e3172128adcd8b3090168a8e3bcc40d7c032b9dda1df7d1c" "/opt/rustwide/cargo-home/bin/cargo" "+beta-2023-12-22" "metadata" "--no-deps" "--format-version=1", kill_on_drop: false }`
[INFO] [stdout] 9d969c746861f56544734a3f628fdd1d80bf605e5458c2e9929b18c71190d446
[INFO] running `Command { std: "docker" "start" "-a" "9d969c746861f56544734a3f628fdd1d80bf605e5458c2e9929b18c71190d446", kill_on_drop: false }`
[INFO] running `Command { std: "docker" "inspect" "9d969c746861f56544734a3f628fdd1d80bf605e5458c2e9929b18c71190d446", kill_on_drop: false }`
[INFO] running `Command { std: "docker" "rm" "-f" "9d969c746861f56544734a3f628fdd1d80bf605e5458c2e9929b18c71190d446", kill_on_drop: false }`
[INFO] [stdout] 9d969c746861f56544734a3f628fdd1d80bf605e5458c2e9929b18c71190d446
[INFO] running `Command { std: "docker" "create" "-v" "/var/lib/crater-agent-workspace/builds/worker-4-tc2/target:/opt/rustwide/target:rw,Z" "-v" "/var/lib/crater-agent-workspace/builds/worker-4-tc2/source:/opt/rustwide/workdir:ro,Z" "-v" "/var/lib/crater-agent-workspace/cargo-home:/opt/rustwide/cargo-home:ro,Z" "-v" "/var/lib/crater-agent-workspace/rustup-home:/opt/rustwide/rustup-home:ro,Z" "-e" "SOURCE_DIR=/opt/rustwide/workdir" "-e" "CARGO_TARGET_DIR=/opt/rustwide/target" "-e" "CARGO_INCREMENTAL=0" "-e" "RUST_BACKTRACE=full" "-e" "RUSTFLAGS=--cap-lints=warn" "-e" "RUSTDOCFLAGS=--cap-lints=warn" "-e" "CARGO_HOME=/opt/rustwide/cargo-home" "-e" "RUSTUP_HOME=/opt/rustwide/rustup-home" "-w" "/opt/rustwide/workdir" "-m" "1610612736" "--user" "0:0" "--network" "none" "ghcr.io/rust-lang/crates-build-env/linux@sha256:2788e3201cd34a07e3172128adcd8b3090168a8e3bcc40d7c032b9dda1df7d1c" "/opt/rustwide/cargo-home/bin/cargo" "+beta-2023-12-22" "build" "--frozen" "--message-format=json", kill_on_drop: false }`
[INFO] [stdout] ff56a8944e1c79cf806dd8ab80fdeab07776c88f957bfbca5f9b6b40950f073b
[INFO] running `Command { std: "docker" "start" "-a" "ff56a8944e1c79cf806dd8ab80fdeab07776c88f957bfbca5f9b6b40950f073b", kill_on_drop: false }`
[INFO] [stderr] warning: virtual workspace defaulting to `resolver = "1"` despite one or more workspace members being on edition 2021 which implies `resolver = "2"`
[INFO] [stderr] note: to keep the current resolver, specify `workspace.resolver = "1"` in the workspace root's manifest
[INFO] [stderr] note: to use the edition 2021 resolver, specify `workspace.resolver = "2"` in the workspace root's manifest
[INFO] [stderr] note: for more details see https://doc.rust-lang.org/cargo/reference/resolver.html#resolver-versions
[INFO] [stderr]    Compiling proc-macro2 v1.0.60
[INFO] [stderr]    Compiling quote v1.0.28
[INFO] [stderr]    Compiling unicode-ident v1.0.9
[INFO] [stderr]    Compiling serde v1.0.164
[INFO] [stderr]    Compiling typenum v1.16.0
[INFO] [stderr]    Compiling libc v0.2.146
[INFO] [stderr]    Compiling generic-array v0.14.7
[INFO] [stderr]    Compiling subtle v2.4.1
[INFO] [stderr]    Compiling once_cell v1.18.0
[INFO] [stderr]    Compiling semver v1.0.17
[INFO] [stderr]    Compiling syn v1.0.109
[INFO] [stderr]    Compiling ahash v0.7.6
[INFO] [stderr]    Compiling getrandom v0.1.16
[INFO] [stderr]    Compiling cpufeatures v0.2.7
[INFO] [stderr]    Compiling crossbeam-utils v0.8.16
[INFO] [stderr]    Compiling memoffset v0.9.0
[INFO] [stderr]    Compiling block-padding v0.2.1
[INFO] [stderr]    Compiling crunchy v0.2.2
[INFO] [stderr]    Compiling rustc_version v0.4.0
[INFO] [stderr]    Compiling crossbeam-epoch v0.9.15
[INFO] [stderr]    Compiling syn v2.0.18
[INFO] [stderr]    Compiling log v0.4.19
[INFO] [stderr]    Compiling wasm-bindgen-shared v0.2.87
[INFO] [stderr]    Compiling scopeguard v1.1.0
[INFO] [stderr]    Compiling ppv-lite86 v0.2.17
[INFO] [stderr]    Compiling rayon-core v1.11.0
[INFO] [stderr]    Compiling byteorder v1.4.3
[INFO] [stderr]    Compiling getrandom v0.2.10
[INFO] [stderr]    Compiling jobserver v0.1.26
[INFO] [stderr]    Compiling num_cpus v1.15.0
[INFO] [stderr]    Compiling crossbeam-deque v0.8.3
[INFO] [stderr]    Compiling rand_core v0.5.1
[INFO] [stderr]    Compiling cc v1.0.79
[INFO] [stderr]    Compiling rand_core v0.6.4
[INFO] [stderr]    Compiling hashbrown v0.12.3
[INFO] [stderr]    Compiling rand_chacha v0.2.2
[INFO] [stderr]    Compiling crossbeam-channel v0.5.8
[INFO] [stderr]    Compiling feature-probe v0.1.1
[INFO] [stderr]    Compiling either v1.8.1
[INFO] [stderr]    Compiling rand v0.7.3
[INFO] [stderr]    Compiling thiserror v1.0.40
[INFO] [stderr]    Compiling bumpalo v3.13.0
[INFO] [stderr]    Compiling bv v0.11.1
[INFO] [stderr]    Compiling bitmaps v2.1.0
[INFO] [stderr]    Compiling solana-frozen-abi-macro v1.14.18
[INFO] [stderr]    Compiling num-traits v0.2.15
[INFO] [stderr]    Compiling im v15.1.0
[INFO] [stderr]    Compiling rustversion v1.0.12
[INFO] [stderr]    Compiling anyhow v1.0.71
[INFO] [stderr]    Compiling memchr v2.5.0
[INFO] [stderr]    Compiling keccak v0.1.4
[INFO] [stderr]    Compiling blake3 v1.4.0
[INFO] [stderr]    Compiling serde_json v1.0.96
[INFO] [stderr]    Compiling tinyvec_macros v0.1.1
[INFO] [stderr]    Compiling arrayref v0.3.7
[INFO] [stderr]    Compiling tinyvec v1.6.0
[INFO] [stderr]    Compiling sized-chunks v0.6.5
[INFO] [stderr]    Compiling rayon v1.7.0
[INFO] [stderr]    Compiling rand_xoshiro v0.6.0
[INFO] [stderr]    Compiling solana-frozen-abi v1.14.18
[INFO] [stderr]    Compiling indexmap v1.9.3
[INFO] [stderr]    Compiling memoffset v0.6.5
[INFO] [stderr]    Compiling wasm-bindgen v0.2.87
[INFO] [stderr]    Compiling itoa v1.0.6
[INFO] [stderr]    Compiling constant_time_eq v0.2.6
[INFO] [stderr]    Compiling arrayvec v0.7.3
[INFO] [stderr]    Compiling ryu v1.0.13
[INFO] [stderr]    Compiling bs58 v0.4.0
[INFO] [stderr]    Compiling unicode-normalization v0.1.22
[INFO] [stderr]    Compiling wasm-bindgen-backend v0.2.87
[INFO] [stderr]    Compiling borsh-schema-derive-internal v0.9.3
[INFO] [stderr]    Compiling borsh-derive-internal v0.9.3
[INFO] [stderr]    Compiling solana-program v1.14.18
[INFO] [stderr]    Compiling hashbrown v0.11.2
[INFO] [stderr]    Compiling wasm-bindgen-macro-support v0.2.87
[INFO] [stderr]    Compiling memmap2 v0.5.10
[INFO] [stderr]    Compiling rustc-hash v1.1.0
[INFO] [stderr]    Compiling base64 v0.12.3
[INFO] [stderr]    Compiling aho-corasick v1.0.2
[INFO] [stderr]    Compiling itertools v0.10.5
[INFO] [stderr]    Compiling toml_datetime v0.6.2
[INFO] [stderr]    Compiling bitflags v1.3.2
[INFO] [stderr]    Compiling base64 v0.13.1
[INFO] [stderr]    Compiling winnow v0.4.6
[INFO] [stderr]    Compiling signature v1.6.4
[INFO] [stderr]    Compiling regex-syntax v0.7.2
[INFO] [stderr]    Compiling ed25519 v1.5.3
[INFO] [stderr]    Compiling atty v0.2.14
[INFO] [stderr]    Compiling humantime v2.1.0
[INFO] [stderr]    Compiling termcolor v1.2.0
[INFO] [stderr]    Compiling solana-sdk v1.14.18
[INFO] [stderr]    Compiling derivation-path v0.2.0
[INFO] [stderr]    Compiling percent-encoding v2.3.0
[INFO] [stderr]    Compiling uriparse v0.6.4
[INFO] [stderr]    Compiling serde_derive v1.0.164
[INFO] [stderr]    Compiling zeroize_derive v1.4.2
[INFO] [stderr]    Compiling thiserror-impl v1.0.40
[INFO] [stderr]    Compiling wasm-bindgen-macro v0.2.87
[INFO] [stderr]    Compiling bytemuck_derive v1.4.1
[INFO] [stderr]    Compiling zeroize v1.3.0
[INFO] [stderr]    Compiling solana-sdk-macro v1.14.18
[INFO] [stderr]    Compiling num-derive v0.3.3
[INFO] [stderr]    Compiling toml_edit v0.19.10
[INFO] [stderr]    Compiling regex v1.8.4
[INFO] [stderr]    Compiling qstring v0.7.2
[INFO] [stderr]    Compiling bytemuck v1.13.1
[INFO] [stderr]    Compiling chrono v0.4.26
[INFO] [stderr]    Compiling assert_matches v1.5.0
[INFO] [stderr]    Compiling merlin v3.0.0
[INFO] [stderr]    Compiling env_logger v0.9.3
[INFO] [stderr]    Compiling solana-logger v1.14.18
[INFO] [stderr]    Compiling proc-macro-crate v1.3.1
[INFO] [stderr]    Compiling num_enum_derive v0.5.11
[INFO] [stderr]    Compiling num_enum v0.5.11
[INFO] [stderr]    Compiling toml v0.5.11
[INFO] [stderr]    Compiling serde_bytes v0.11.9
[INFO] [stderr]    Compiling bincode v1.3.3
[INFO] [stderr]    Compiling digest v0.9.0
[INFO] [stderr]    Compiling crypto-common v0.1.6
[INFO] [stderr]    Compiling block-buffer v0.10.4
[INFO] [stderr]    Compiling block-buffer v0.9.0
[INFO] [stderr]    Compiling digest v0.10.7
[INFO] [stderr]    Compiling libsecp256k1-core v0.2.2
[INFO] [stderr]    Compiling crypto-mac v0.8.0
[INFO] [stderr]    Compiling sha2 v0.9.9
[INFO] [stderr]    Compiling hmac v0.8.1
[INFO] [stderr]    Compiling sha2 v0.10.6
[INFO] [stderr]    Compiling curve25519-dalek v3.2.1
[INFO] [stderr]    Compiling hmac-drbg v0.3.0
[INFO] [stderr]    Compiling proc-macro-crate v0.1.5
[INFO] [stderr]    Compiling pbkdf2 v0.4.0
[INFO] [stderr]    Compiling libsecp256k1-gen-ecmult v0.2.1
[INFO] [stderr]    Compiling libsecp256k1-gen-genmult v0.2.1
[INFO] [stderr]    Compiling tiny-bip39 v0.8.2
[INFO] [stderr]    Compiling sha3 v0.10.8
[INFO] [stderr]    Compiling cipher v0.3.0
[INFO] [stderr]    Compiling hmac v0.12.1
[INFO] [stderr]    Compiling ed25519-dalek v1.0.1
[INFO] [stderr]    Compiling universal-hash v0.4.1
[INFO] [stderr]    Compiling polyval v0.5.3
[INFO] [stderr]    Compiling ctr v0.8.0
[INFO] [stderr]    Compiling borsh-derive v0.9.3
[INFO] [stderr]    Compiling ed25519-dalek-bip32 v0.2.0
[INFO] [stderr]    Compiling libsecp256k1 v0.6.0
[INFO] [stderr]    Compiling aes v0.7.5
[INFO] [stderr]    Compiling pbkdf2 v0.11.0
[INFO] [stderr]    Compiling aead v0.4.3
[INFO] [stderr]    Compiling inout v0.1.3
[INFO] [stderr]    Compiling cipher v0.4.4
[INFO] [stderr]    Compiling sha3 v0.9.1
[INFO] [stderr]    Compiling aes-gcm-siv v0.10.3
[INFO] [stderr]    Compiling borsh v0.9.3
[INFO] [stderr]    Compiling spl-memo v3.0.1
[INFO] [stderr]    Compiling spl-token v3.5.0
[INFO] [stderr]    Compiling solana-zk-token-sdk v1.14.18
[INFO] [stderr]    Compiling spl-token-2022 v0.6.1
[INFO] [stderr]    Compiling spl-associated-token-account v1.1.3
[INFO] [stderr]    Compiling arb-program v0.1.0 (/opt/rustwide/workdir/program)
[INFO] [stderr]     Finished dev [unoptimized + debuginfo] target(s) in 1m 04s
[INFO] running `Command { std: "docker" "inspect" "ff56a8944e1c79cf806dd8ab80fdeab07776c88f957bfbca5f9b6b40950f073b", kill_on_drop: false }`
[INFO] running `Command { std: "docker" "rm" "-f" "ff56a8944e1c79cf806dd8ab80fdeab07776c88f957bfbca5f9b6b40950f073b", kill_on_drop: false }`
[INFO] [stdout] ff56a8944e1c79cf806dd8ab80fdeab07776c88f957bfbca5f9b6b40950f073b
[INFO] running `Command { std: "docker" "create" "-v" "/var/lib/crater-agent-workspace/builds/worker-4-tc2/target:/opt/rustwide/target:rw,Z" "-v" "/var/lib/crater-agent-workspace/builds/worker-4-tc2/source:/opt/rustwide/workdir:ro,Z" "-v" "/var/lib/crater-agent-workspace/cargo-home:/opt/rustwide/cargo-home:ro,Z" "-v" "/var/lib/crater-agent-workspace/rustup-home:/opt/rustwide/rustup-home:ro,Z" "-e" "SOURCE_DIR=/opt/rustwide/workdir" "-e" "CARGO_TARGET_DIR=/opt/rustwide/target" "-e" "CARGO_INCREMENTAL=0" "-e" "RUST_BACKTRACE=full" "-e" "RUSTFLAGS=--cap-lints=warn" "-e" "RUSTDOCFLAGS=--cap-lints=warn" "-e" "CARGO_HOME=/opt/rustwide/cargo-home" "-e" "RUSTUP_HOME=/opt/rustwide/rustup-home" "-w" "/opt/rustwide/workdir" "-m" "1610612736" "--user" "0:0" "--network" "none" "ghcr.io/rust-lang/crates-build-env/linux@sha256:2788e3201cd34a07e3172128adcd8b3090168a8e3bcc40d7c032b9dda1df7d1c" "/opt/rustwide/cargo-home/bin/cargo" "+beta-2023-12-22" "test" "--frozen" "--no-run" "--message-format=json", kill_on_drop: false }`
[INFO] [stdout] 16f12169118c770e7737e6559da66522fc4fb72f36e8201bcc71ec48831189ef
[INFO] running `Command { std: "docker" "start" "-a" "16f12169118c770e7737e6559da66522fc4fb72f36e8201bcc71ec48831189ef", kill_on_drop: false }`
[INFO] [stderr] warning: virtual workspace defaulting to `resolver = "1"` despite one or more workspace members being on edition 2021 which implies `resolver = "2"`
[INFO] [stderr] note: to keep the current resolver, specify `workspace.resolver = "1"` in the workspace root's manifest
[INFO] [stderr] note: to use the edition 2021 resolver, specify `workspace.resolver = "2"` in the workspace root's manifest
[INFO] [stderr] note: for more details see https://doc.rust-lang.org/cargo/reference/resolver.html#resolver-versions
[INFO] [stderr]    Compiling arb-program v0.1.0 (/opt/rustwide/workdir/program)
[INFO] [stderr]     Finished test [unoptimized + debuginfo] target(s) in 1.37s
[INFO] running `Command { std: "docker" "inspect" "16f12169118c770e7737e6559da66522fc4fb72f36e8201bcc71ec48831189ef", kill_on_drop: false }`
[INFO] running `Command { std: "docker" "rm" "-f" "16f12169118c770e7737e6559da66522fc4fb72f36e8201bcc71ec48831189ef", kill_on_drop: false }`
[INFO] [stdout] 16f12169118c770e7737e6559da66522fc4fb72f36e8201bcc71ec48831189ef
[INFO] running `Command { std: "docker" "create" "-v" "/var/lib/crater-agent-workspace/builds/worker-4-tc2/target:/opt/rustwide/target:rw,Z" "-v" "/var/lib/crater-agent-workspace/builds/worker-4-tc2/source:/opt/rustwide/workdir:ro,Z" "-v" "/var/lib/crater-agent-workspace/cargo-home:/opt/rustwide/cargo-home:ro,Z" "-v" "/var/lib/crater-agent-workspace/rustup-home:/opt/rustwide/rustup-home:ro,Z" "-e" "SOURCE_DIR=/opt/rustwide/workdir" "-e" "CARGO_TARGET_DIR=/opt/rustwide/target" "-e" "CARGO_INCREMENTAL=0" "-e" "RUST_BACKTRACE=full" "-e" "RUSTFLAGS=--cap-lints=warn" "-e" "RUSTDOCFLAGS=--cap-lints=warn" "-e" "CARGO_HOME=/opt/rustwide/cargo-home" "-e" "RUSTUP_HOME=/opt/rustwide/rustup-home" "-w" "/opt/rustwide/workdir" "-m" "1610612736" "--user" "0:0" "--network" "none" "ghcr.io/rust-lang/crates-build-env/linux@sha256:2788e3201cd34a07e3172128adcd8b3090168a8e3bcc40d7c032b9dda1df7d1c" "/opt/rustwide/cargo-home/bin/cargo" "+beta-2023-12-22" "test" "--frozen", kill_on_drop: false }`
[INFO] [stdout] 59d71f4130bac9b2b794771fb3711cb9cab592f8cc3bebaa2a865895faccc936
[INFO] running `Command { std: "docker" "start" "-a" "59d71f4130bac9b2b794771fb3711cb9cab592f8cc3bebaa2a865895faccc936", kill_on_drop: false }`
[INFO] [stderr] warning: virtual workspace defaulting to `resolver = "1"` despite one or more workspace members being on edition 2021 which implies `resolver = "2"`
[INFO] [stderr] note: to keep the current resolver, specify `workspace.resolver = "1"` in the workspace root's manifest
[INFO] [stderr] note: to use the edition 2021 resolver, specify `workspace.resolver = "2"` in the workspace root's manifest
[INFO] [stderr] note: for more details see https://doc.rust-lang.org/cargo/reference/resolver.html#resolver-versions
[INFO] [stderr]     Finished test [unoptimized + debuginfo] target(s) in 0.10s
[INFO] [stderr]      Running unittests src/lib.rs (/opt/rustwide/target/debug/deps/arb_program-bbc9ae68ddec4e4c)
[INFO] [stdout] 
[INFO] [stdout] running 0 tests
[INFO] [stdout] 
[INFO] [stdout] test result: ok. 0 passed; 0 failed; 0 ignored; 0 measured; 0 filtered out; finished in 0.00s
[INFO] [stdout] 
[INFO] [stderr]    Doc-tests arb_program
[INFO] [stdout] 
[INFO] [stdout] running 1 test
[INFO] [stdout] test program/src/swap.rs - swap::determine_swap_receive (line 11) ... FAILED
[INFO] [stdout] 
[INFO] [stdout] failures:
[INFO] [stdout] 
[INFO] [stdout] ---- program/src/swap.rs - swap::determine_swap_receive (line 11) stdout ----
[INFO] [stdout] error: expected `;`, found `K`
[INFO] [stdout]  --> program/src/swap.rs:12:26
[INFO] [stdout]   |
[INFO] [stdout] 3 | K = a * b * c * d * P * R
[INFO] [stdout]   |                          ^ help: add `;` here
[INFO] [stdout] 4 | K = a * b * c * d * (P + p) * (R - r)
[INFO] [stdout]   | - unexpected token
[INFO] [stdout] 
[INFO] [stdout] error: expected `;`, found `a`
[INFO] [stdout]  --> program/src/swap.rs:13:38
[INFO] [stdout]   |
[INFO] [stdout] 4 | K = a * b * c * d * (P + p) * (R - r)
[INFO] [stdout]   |                                      ^ help: add `;` here
[INFO] [stdout] 5 |
[INFO] [stdout] 6 | a * b * c * d * P * R = a * b * c * d * (P + p) * (R - r)
[INFO] [stdout]   | - unexpected token
[INFO] [stdout] 
[INFO] [stdout] error: expected `;`, found `PR`
[INFO] [stdout]  --> program/src/swap.rs:15:58
[INFO] [stdout]   |
[INFO] [stdout] 6 | a * b * c * d * P * R = a * b * c * d * (P + p) * (R - r)
[INFO] [stdout]   |                                                          ^ help: add `;` here
[INFO] [stdout] 7 | PR = (P + p) * (R - r)
[INFO] [stdout]   | -- unexpected token
[INFO] [stdout] 
[INFO] [stdout] error: expected `;`, found `PR`
[INFO] [stdout]  --> program/src/swap.rs:16:23
[INFO] [stdout]   |
[INFO] [stdout] 7 | PR = (P + p) * (R - r)
[INFO] [stdout]   |                       ^ help: add `;` here
[INFO] [stdout] 8 | PR = PR - Pr + Rp - pr
[INFO] [stdout]   | -- unexpected token
[INFO] [stdout] 
[INFO] [stdout] error: expected `;`, found `0`
[INFO] [stdout]  --> program/src/swap.rs:17:23
[INFO] [stdout]   |
[INFO] [stdout] 8 | PR = PR - Pr + Rp - pr
[INFO] [stdout]   |                       ^ help: add `;` here
[INFO] [stdout] 9 | 0 = 0 - Pr + Rp - pr
[INFO] [stdout]   | - unexpected token
[INFO] [stdout] 
[INFO] [stdout] error: expected `;`, found `r`
[INFO] [stdout]   --> program/src/swap.rs:20:16
[INFO] [stdout]    |
[INFO] [stdout] 11 | -Rp = r(-P - p)
[INFO] [stdout]    |                ^ help: add `;` here
[INFO] [stdout] 12 | r = (-Rp) / (-P - p)
[INFO] [stdout]    | - unexpected token
[INFO] [stdout] 
[INFO] [stdout] error: expected `;`, found `r`
[INFO] [stdout]   --> program/src/swap.rs:21:21
[INFO] [stdout]    |
[INFO] [stdout] 12 | r = (-Rp) / (-P - p)
[INFO] [stdout]    |                     ^ help: add `;` here
[INFO] [stdout] 13 | r = [-1 * Rp] / [-1 * (P + p)]
[INFO] [stdout]    | - unexpected token
[INFO] [stdout] 
[INFO] [stdout] error: expected `;`, found `r`
[INFO] [stdout]   --> program/src/swap.rs:22:31
[INFO] [stdout]    |
[INFO] [stdout] 13 | r = [-1 * Rp] / [-1 * (P + p)]
[INFO] [stdout]    |                               ^ help: add `;` here
[INFO] [stdout] 14 | r = Rp / (P + p)
[INFO] [stdout]    | - unexpected token
[INFO] [stdout] 
[INFO] [stdout] error: expected `;`, found `r`
[INFO] [stdout]   --> program/src/swap.rs:23:17
[INFO] [stdout]    |
[INFO] [stdout] 14 | r = Rp / (P + p)
[INFO] [stdout]    |                 ^ help: add `;` here
[INFO] [stdout] 15 |
[INFO] [stdout] 16 | r = f(p) = (R * p) / (P + p)
[INFO] [stdout]    | - unexpected token
[INFO] [stdout] 
[INFO] [stdout] error[E0425]: cannot find value `r` in this scope
[INFO] [stdout]   --> program/src/swap.rs:25:1
[INFO] [stdout]    |
[INFO] [stdout] 16 | r = f(p) = (R * p) / (P + p)
[INFO] [stdout]    | ^
[INFO] [stdout]    |
[INFO] [stdout] help: you might have meant to introduce a new binding
[INFO] [stdout]    |
[INFO] [stdout] 16 | let r = f(p) = (R * p) / (P + p)
[INFO] [stdout]    | +++
[INFO] [stdout] 
[INFO] [stdout] error[E0425]: cannot find value `p` in this scope
[INFO] [stdout]   --> program/src/swap.rs:25:7
[INFO] [stdout]    |
[INFO] [stdout] 16 | r = f(p) = (R * p) / (P + p)
[INFO] [stdout]    |       ^ not found in this scope
[INFO] [stdout] 
[INFO] [stdout] error[E0425]: cannot find value `R` in this scope
[INFO] [stdout]   --> program/src/swap.rs:25:13
[INFO] [stdout]    |
[INFO] [stdout] 16 | r = f(p) = (R * p) / (P + p)
[INFO] [stdout]    |             ^ not found in this scope
[INFO] [stdout]    |
[INFO] [stdout] help: you might be missing a const parameter
[INFO] [stdout]    |
[INFO] [stdout] 2  | fn main() { #[allow(non_snake_case)] fn _doctest_main_program_src_swap_rs_11_0<const R: /* Type */>() {
[INFO] [stdout]    |                                                                               +++++++++++++++++++++
[INFO] [stdout] 
[INFO] [stdout] error[E0425]: cannot find value `p` in this scope
[INFO] [stdout]   --> program/src/swap.rs:25:17
[INFO] [stdout]    |
[INFO] [stdout] 16 | r = f(p) = (R * p) / (P + p)
[INFO] [stdout]    |                 ^ not found in this scope
[INFO] [stdout] 
[INFO] [stdout] error[E0425]: cannot find value `P` in this scope
[INFO] [stdout]   --> program/src/swap.rs:25:23
[INFO] [stdout]    |
[INFO] [stdout] 16 | r = f(p) = (R * p) / (P + p)
[INFO] [stdout]    |                       ^ not found in this scope
[INFO] [stdout]    |
[INFO] [stdout] help: you might be missing a const parameter
[INFO] [stdout]    |
[INFO] [stdout] 2  | fn main() { #[allow(non_snake_case)] fn _doctest_main_program_src_swap_rs_11_0<const P: /* Type */>() {
[INFO] [stdout]    |                                                                               +++++++++++++++++++++
[INFO] [stdout] 
[INFO] [stdout] error[E0425]: cannot find value `p` in this scope
[INFO] [stdout]   --> program/src/swap.rs:25:27
[INFO] [stdout]    |
[INFO] [stdout] 16 | r = f(p) = (R * p) / (P + p)
[INFO] [stdout]    |                           ^ not found in this scope
[INFO] [stdout] 
[INFO] [stdout] error[E0425]: cannot find function `f` in this scope
[INFO] [stdout]   --> program/src/swap.rs:25:5
[INFO] [stdout]    |
[INFO] [stdout] 16 | r = f(p) = (R * p) / (P + p)
[INFO] [stdout]    |     ^ not found in this scope
[INFO] [stdout] 
[INFO] [stdout] error[E0070]: invalid left-hand side of assignment
[INFO] [stdout]   --> program/src/swap.rs:25:10
[INFO] [stdout]    |
[INFO] [stdout] 16 | r = f(p) = (R * p) / (P + p)
[INFO] [stdout]    |     ---- ^
[INFO] [stdout]    |     |
[INFO] [stdout]    |     cannot assign to this expression
[INFO] [stdout] 
[INFO] [stdout] error: aborting due to 17 previous errors
[INFO] [stdout] 
[INFO] [stdout] Some errors have detailed explanations: E0070, E0425.
[INFO] [stdout] For more information about an error, try `rustc --explain E0070`.
[INFO] [stdout] Couldn't compile the test.
[INFO] [stdout] 
[INFO] [stdout] failures:
[INFO] [stdout]     program/src/swap.rs - swap::determine_swap_receive (line 11)
[INFO] [stdout] 
[INFO] [stdout] test result: FAILED. 0 passed; 1 failed; 0 ignored; 0 measured; 0 filtered out; finished in 0.34s
[INFO] [stdout] 
[INFO] [stderr] error: doctest failed, to rerun pass `--doc`
[INFO] running `Command { std: "docker" "inspect" "59d71f4130bac9b2b794771fb3711cb9cab592f8cc3bebaa2a865895faccc936", kill_on_drop: false }`
[INFO] running `Command { std: "docker" "rm" "-f" "59d71f4130bac9b2b794771fb3711cb9cab592f8cc3bebaa2a865895faccc936", kill_on_drop: false }`
[INFO] [stdout] 59d71f4130bac9b2b794771fb3711cb9cab592f8cc3bebaa2a865895faccc936
