[INFO] cloning repository https://github.com/bohdaq/rust-web-server
[INFO] running `Command { std: "git" "-c" "credential.helper=" "-c" "credential.helper=/workspace/cargo-home/bin/git-credential-null" "clone" "--bare" "https://github.com/bohdaq/rust-web-server" "/workspace/cache/git-repos/https%3A%2F%2Fgithub.com%2Fbohdaq%2Frust-web-server", kill_on_drop: false }`
[INFO] [stderr] Cloning into bare repository '/workspace/cache/git-repos/https%3A%2F%2Fgithub.com%2Fbohdaq%2Frust-web-server'...
[INFO] running `Command { std: "git" "rev-parse" "HEAD", kill_on_drop: false }`
[INFO] [stdout] 8140f93baf09ae6382a7c04e45f258c56d3b1f8e
[INFO] testing bohdaq/rust-web-server against 1.75.0 for beta-1.76-1
[INFO] running `Command { std: "git" "clone" "/workspace/cache/git-repos/https%3A%2F%2Fgithub.com%2Fbohdaq%2Frust-web-server" "/workspace/builds/worker-6-tc1/source", kill_on_drop: false }`
[INFO] [stderr] Cloning into '/workspace/builds/worker-6-tc1/source'...
[INFO] [stderr] done.
[INFO] validating manifest of git repo https://github.com/bohdaq/rust-web-server on toolchain 1.75.0
[INFO] running `Command { std: CARGO_HOME="/workspace/cargo-home" RUSTUP_HOME="/workspace/rustup-home" "/workspace/cargo-home/bin/cargo" "+1.75.0" "metadata" "--manifest-path" "Cargo.toml" "--no-deps", kill_on_drop: false }`
[INFO] removed /workspace/builds/worker-6-tc1/source/.cargo/config
[INFO] started tweaking git repo https://github.com/bohdaq/rust-web-server
[INFO] finished tweaking git repo https://github.com/bohdaq/rust-web-server
[INFO] tweaked toml for git repo https://github.com/bohdaq/rust-web-server written to /workspace/builds/worker-6-tc1/source/Cargo.toml
[INFO] running `Command { std: CARGO_HOME="/workspace/cargo-home" RUSTUP_HOME="/workspace/rustup-home" "/workspace/cargo-home/bin/cargo" "+1.75.0" "generate-lockfile" "--manifest-path" "Cargo.toml", kill_on_drop: false }`
[INFO] [stderr]     Updating crates.io index
[INFO] running `Command { std: CARGO_HOME="/workspace/cargo-home" RUSTUP_HOME="/workspace/rustup-home" "/workspace/cargo-home/bin/cargo" "+1.75.0" "fetch" "--manifest-path" "Cargo.toml", kill_on_drop: false }`
[INFO] [stderr]  Downloading crates ...
[INFO] [stderr]   Downloaded url-search-params v12.0.0
[INFO] [stderr]   Downloaded url-build-parse v11.0.0
[INFO] [stderr]   Downloaded file-ext v12.0.0
[INFO] running `Command { std: "docker" "create" "-v" "/var/lib/crater-agent-workspace/builds/worker-6-tc1/target:/opt/rustwide/target:rw,Z" "-v" "/var/lib/crater-agent-workspace/builds/worker-6-tc1/source:/opt/rustwide/workdir:ro,Z" "-v" "/var/lib/crater-agent-workspace/cargo-home:/opt/rustwide/cargo-home:ro,Z" "-v" "/var/lib/crater-agent-workspace/rustup-home:/opt/rustwide/rustup-home:ro,Z" "-e" "SOURCE_DIR=/opt/rustwide/workdir" "-e" "CARGO_TARGET_DIR=/opt/rustwide/target" "-e" "CARGO_HOME=/opt/rustwide/cargo-home" "-e" "RUSTUP_HOME=/opt/rustwide/rustup-home" "-w" "/opt/rustwide/workdir" "-m" "1610612736" "--user" "0:0" "--network" "none" "ghcr.io/rust-lang/crates-build-env/linux@sha256:2788e3201cd34a07e3172128adcd8b3090168a8e3bcc40d7c032b9dda1df7d1c" "/opt/rustwide/cargo-home/bin/cargo" "+1.75.0" "metadata" "--no-deps" "--format-version=1", kill_on_drop: false }`
[INFO] [stdout] 507a59b2f802f1126b0a9bdeffc4857b8612e835bb38599592cca68d7766871d
[INFO] running `Command { std: "docker" "start" "-a" "507a59b2f802f1126b0a9bdeffc4857b8612e835bb38599592cca68d7766871d", kill_on_drop: false }`
[INFO] running `Command { std: "docker" "inspect" "507a59b2f802f1126b0a9bdeffc4857b8612e835bb38599592cca68d7766871d", kill_on_drop: false }`
[INFO] running `Command { std: "docker" "rm" "-f" "507a59b2f802f1126b0a9bdeffc4857b8612e835bb38599592cca68d7766871d", kill_on_drop: false }`
[INFO] [stdout] 507a59b2f802f1126b0a9bdeffc4857b8612e835bb38599592cca68d7766871d
[INFO] running `Command { std: "docker" "create" "-v" "/var/lib/crater-agent-workspace/builds/worker-6-tc1/target:/opt/rustwide/target:rw,Z" "-v" "/var/lib/crater-agent-workspace/builds/worker-6-tc1/source:/opt/rustwide/workdir:ro,Z" "-v" "/var/lib/crater-agent-workspace/cargo-home:/opt/rustwide/cargo-home:ro,Z" "-v" "/var/lib/crater-agent-workspace/rustup-home:/opt/rustwide/rustup-home:ro,Z" "-e" "SOURCE_DIR=/opt/rustwide/workdir" "-e" "CARGO_TARGET_DIR=/opt/rustwide/target" "-e" "CARGO_INCREMENTAL=0" "-e" "RUST_BACKTRACE=full" "-e" "RUSTFLAGS=--cap-lints=warn" "-e" "RUSTDOCFLAGS=--cap-lints=warn" "-e" "CARGO_HOME=/opt/rustwide/cargo-home" "-e" "RUSTUP_HOME=/opt/rustwide/rustup-home" "-w" "/opt/rustwide/workdir" "-m" "1610612736" "--user" "0:0" "--network" "none" "ghcr.io/rust-lang/crates-build-env/linux@sha256:2788e3201cd34a07e3172128adcd8b3090168a8e3bcc40d7c032b9dda1df7d1c" "/opt/rustwide/cargo-home/bin/cargo" "+1.75.0" "build" "--frozen" "--message-format=json", kill_on_drop: false }`
[INFO] [stdout] f2ba9c111b96a966a69aba8640cccd845ad83a033bbf2bb9e94e264770e93bdf
[INFO] running `Command { std: "docker" "start" "-a" "f2ba9c111b96a966a69aba8640cccd845ad83a033bbf2bb9e94e264770e93bdf", kill_on_drop: false }`
[INFO] [stderr]    Compiling url-search-params v12.0.0
[INFO] [stderr]    Compiling file-ext v12.0.0
[INFO] [stderr]    Compiling url-build-parse v11.0.0
[INFO] [stderr]    Compiling rws v16.0.0 (/opt/rustwide/workdir)
[INFO] [stderr]     Finished dev [unoptimized + debuginfo] target(s) in 2.72s
[INFO] running `Command { std: "docker" "inspect" "f2ba9c111b96a966a69aba8640cccd845ad83a033bbf2bb9e94e264770e93bdf", kill_on_drop: false }`
[INFO] running `Command { std: "docker" "rm" "-f" "f2ba9c111b96a966a69aba8640cccd845ad83a033bbf2bb9e94e264770e93bdf", kill_on_drop: false }`
[INFO] [stdout] f2ba9c111b96a966a69aba8640cccd845ad83a033bbf2bb9e94e264770e93bdf
[INFO] running `Command { std: "docker" "create" "-v" "/var/lib/crater-agent-workspace/builds/worker-6-tc1/target:/opt/rustwide/target:rw,Z" "-v" "/var/lib/crater-agent-workspace/builds/worker-6-tc1/source:/opt/rustwide/workdir:ro,Z" "-v" "/var/lib/crater-agent-workspace/cargo-home:/opt/rustwide/cargo-home:ro,Z" "-v" "/var/lib/crater-agent-workspace/rustup-home:/opt/rustwide/rustup-home:ro,Z" "-e" "SOURCE_DIR=/opt/rustwide/workdir" "-e" "CARGO_TARGET_DIR=/opt/rustwide/target" "-e" "CARGO_INCREMENTAL=0" "-e" "RUST_BACKTRACE=full" "-e" "RUSTFLAGS=--cap-lints=warn" "-e" "RUSTDOCFLAGS=--cap-lints=warn" "-e" "CARGO_HOME=/opt/rustwide/cargo-home" "-e" "RUSTUP_HOME=/opt/rustwide/rustup-home" "-w" "/opt/rustwide/workdir" "-m" "1610612736" "--user" "0:0" "--network" "none" "ghcr.io/rust-lang/crates-build-env/linux@sha256:2788e3201cd34a07e3172128adcd8b3090168a8e3bcc40d7c032b9dda1df7d1c" "/opt/rustwide/cargo-home/bin/cargo" "+1.75.0" "test" "--frozen" "--no-run" "--message-format=json", kill_on_drop: false }`
[INFO] [stdout] ddfd6fdf5ba45170269215dd11a401b946bf9d600be0cf1c32606c7beb0c0c03
[INFO] running `Command { std: "docker" "start" "-a" "ddfd6fdf5ba45170269215dd11a401b946bf9d600be0cf1c32606c7beb0c0c03", kill_on_drop: false }`
[INFO] [stderr]    Compiling rws v16.0.0 (/opt/rustwide/workdir)
[INFO] [stderr]     Finished test [unoptimized + debuginfo] target(s) in 7.45s
[INFO] running `Command { std: "docker" "inspect" "ddfd6fdf5ba45170269215dd11a401b946bf9d600be0cf1c32606c7beb0c0c03", kill_on_drop: false }`
[INFO] running `Command { std: "docker" "rm" "-f" "ddfd6fdf5ba45170269215dd11a401b946bf9d600be0cf1c32606c7beb0c0c03", kill_on_drop: false }`
[INFO] [stdout] ddfd6fdf5ba45170269215dd11a401b946bf9d600be0cf1c32606c7beb0c0c03
[INFO] running `Command { std: "docker" "create" "-v" "/var/lib/crater-agent-workspace/builds/worker-6-tc1/target:/opt/rustwide/target:rw,Z" "-v" "/var/lib/crater-agent-workspace/builds/worker-6-tc1/source:/opt/rustwide/workdir:ro,Z" "-v" "/var/lib/crater-agent-workspace/cargo-home:/opt/rustwide/cargo-home:ro,Z" "-v" "/var/lib/crater-agent-workspace/rustup-home:/opt/rustwide/rustup-home:ro,Z" "-e" "SOURCE_DIR=/opt/rustwide/workdir" "-e" "CARGO_TARGET_DIR=/opt/rustwide/target" "-e" "CARGO_INCREMENTAL=0" "-e" "RUST_BACKTRACE=full" "-e" "RUSTFLAGS=--cap-lints=warn" "-e" "RUSTDOCFLAGS=--cap-lints=warn" "-e" "CARGO_HOME=/opt/rustwide/cargo-home" "-e" "RUSTUP_HOME=/opt/rustwide/rustup-home" "-w" "/opt/rustwide/workdir" "-m" "1610612736" "--user" "0:0" "--network" "none" "ghcr.io/rust-lang/crates-build-env/linux@sha256:2788e3201cd34a07e3172128adcd8b3090168a8e3bcc40d7c032b9dda1df7d1c" "/opt/rustwide/cargo-home/bin/cargo" "+1.75.0" "test" "--frozen", kill_on_drop: false }`
[INFO] [stdout] cfbc33616f87aac417eb961922a2fff0b5a606480004361203087c190711d39b
[INFO] running `Command { std: "docker" "start" "-a" "cfbc33616f87aac417eb961922a2fff0b5a606480004361203087c190711d39b", kill_on_drop: false }`
[INFO] [stderr]     Finished test [unoptimized + debuginfo] target(s) in 0.01s
[INFO] [stderr]      Running unittests src/main.rs (/opt/rustwide/target/debug/deps/rws-e3de432c0a8f2120)
[INFO] [stdout] 
[INFO] [stdout] running 471 tests
[INFO] [stdout] test app::controller::static_resource::tests::directory_index_html_with_query ... ok
[INFO] [stdout] test app::controller::static_resource::tests::file_retrieval ... ok
[INFO] [stdout] test app::controller::static_resource::tests::file_retrieval_no_html_suffix ... ok
[INFO] [stdout] test app::controller::static_resource::tests::file_retrieval_no_html_suffix_with_query_params ... ok
[INFO] [stdout] test app::controller::static_resource::tests::directory_index_html ... ok
[INFO] [stdout] test app::controller::static_resource::tests::file_retrieval_with_query_params ... ok
[INFO] [stdout] test app::controller::static_resource::tests::malformed ... ok
[INFO] [stdout] test app::controller::static_resource::tests::directory_index_html_no_slash_and_query ... ok
[INFO] [stdout] test app::tests::index ... ok
[INFO] [stdout] test app::controller::static_resource::tests::directory_index_html_no_slash ... ok
[INFO] [stdout] test app::controller::static_resource::tests::not_found ... ok
[INFO] [stdout] test app::tests::static_file_cors_off_options_preflight_request_client_hints ... ok
[INFO] [stdout] test app::tests::static_file ... ok
[INFO] [stdout] test app::tests::not_found ... ok
[INFO] [stdout] test body::example::form_urlencoded ... ok
[INFO] [stdout] test app::tests::static_file_cors_options_preflight_request_client_hints ... ok
[INFO] [stdout] test body::example::body_in_request ... ok
[INFO] [stdout] test body::example::json_body_in_response ... ok
[INFO] [stdout] test body::example::body_in_response ... ok
[INFO] [stdout] test body::example::multipart_body_in_response ... ok
[INFO] [stdout] test body::example::multipart_form_data_body_in_request ... ok
[INFO] [stdout] test body::example::multipart_form_data_body_in_response ... ok
[INFO] [stdout] test body::example::json_in_request ... ok
[INFO] [stdout] test body::multipart_form_data::tests::generate_part_no_headers ... ok
[INFO] [stdout] test body::multipart_form_data::tests::generate_part ... ok
[INFO] [stdout] test body::multipart_form_data::tests::parse_multipart_request_body ... ok
[INFO] [stdout] test body::multipart_form_data::tests::generate_part_image ... ok
[INFO] [stdout] test body::multipart_form_data::tests::parse_multipart_request_body_image_extra_new_line_before_starting_payload_boundary ... ok
[INFO] [stdout] test app::controller::script::tests::file_retrieval ... FAILED
[INFO] [stdout] test app::controller::favicon::tests::favicon_retrieval ... FAILED
[INFO] [stdout] test app::controller::index::tests::file_retrieval ... FAILED
[INFO] [stdout] test body::multipart_form_data::tests::parse_multipart_request_body_malformed_content_disposition_header ... ok
[INFO] [stdout] test body::multipart_form_data::tests::parse_multipart_request_body_audio ... ok
[INFO] [stdout] test body::multipart_form_data::tests::parse_multipart_request_body_video_no_header_body_delimiter ... ok
[INFO] [stdout] test body::multipart_form_data::tests::parse_multipart_request_body_video_zero_length_payload ... ok
[INFO] [stdout] test client_hint::tests::accept_client_hints_header ... ok
[INFO] [stdout] test client_hint::tests::accept_client_hints ... ok
[INFO] [stdout] test body::multipart_form_data::tests::parse_multipart_request_body_image_no_start_boundary ... ok
[INFO] [stdout] test client_hint::tests::consts ... ok
[INFO] [stdout] test body::multipart_form_data::tests::parse_multipart_request_body_video_no_content_disposition ... ok
[INFO] [stdout] test client_hint::tests::critical_client_hints ... ok
[INFO] [stdout] test body::multipart_form_data::tests::parse_multipart_request_body_video ... ok
[INFO] [stdout] test client_hint::tests::vary ... ok
[INFO] [stdout] test client_hint::tests::critical_client_hints_header ... ok
[INFO] [stdout] test core::base64::tests::encode_two_chars ... ok
[INFO] [stdout] test core::base64::tests::basic_text_encode ... ok
[INFO] [stdout] test core::base64::tests::encode_three_chars ... ok
[INFO] [stdout] test core::base64::tests::no_text_encode ... ok
[INFO] [stdout] test cors::tests::actual_request_after_preflight ... ok
[INFO] [stdout] test cors::tests::cors_allow_all ... ok
[INFO] [stdout] test core::base64::tests::encode_one_char ... ok
[INFO] [stdout] test client_hint::tests::hint_list ... ok
[INFO] [stdout] test cors::tests::cors_process_default_config ... ok
[INFO] [stdout] test entry_point::command_line_args::tests::command_line_arg_ip ... ok
[INFO] [stdout] test cors::tests::cors_options_preflight_request ... ok
[INFO] [stdout] test cors::tests::cors_process_empty_config ... ok
[INFO] [stdout] test cors::tests::cors_process ... ok
[INFO] [stdout] test entry_point::command_line_args::tests::command_line_arg_thread_cors_allow_credentials ... ok
[INFO] [stdout] test entry_point::command_line_args::tests::command_line_arg_request_allocation_size ... ok
[INFO] [stdout] test entry_point::command_line_args::tests::_override ... ok
[INFO] [stdout] test entry_point::command_line_args::tests::command_line_arg_port ... ok
[INFO] [stdout] test entry_point::command_line_args::tests::command_line_arg_thread_cors_allow_headers ... ok
[INFO] [stdout] test entry_point::command_line_args::tests::command_line_arg_thread_cors_allow_methods ... ok
[INFO] [stdout] test entry_point::command_line_args::tests::command_line_arg_thread_cors_expose_headers ... ok
[INFO] [stdout] test entry_point::command_line_args::tests::command_line_arg_thread_cors_allow_origins ... ok
[INFO] [stdout] test entry_point::command_line_args::tests::command_line_arg_thread_cors_max_age ... ok
[INFO] [stdout] test entry_point::environment_variables::tests::env_vars ... ok
[INFO] [stdout] test entry_point::command_line_args::tests::parse_long_form ... FAILED
[INFO] [stdout] test entry_point::command_line_args::tests::command_line_arg_thread_cors_allow_all ... ok
[INFO] [stdout] test entry_point::tests::base ... ok
[INFO] [stdout] test ext::date_time_ext::tests::system_to_nanos ... ok
[INFO] [stdout] test header::content_disposition::tests::as_string_attachment_extra_name ... ok
[INFO] [stdout] test ext::date_time_ext::tests::now_as_nanos ... ok
[INFO] [stdout] test header::content_disposition::tests::as_string_attachment_no_field ... ok
[INFO] [stdout] test entry_point::command_line_args::tests::command_line_arg_thread_count ... ok
[INFO] [stdout] test entry_point::command_line_args::tests::parse ... ok
[INFO] [stdout] test header::content_disposition::tests::as_string_attachment ... ok
[INFO] [stdout] test header::content_disposition::tests::as_string_inline_extra_filename ... ok
[INFO] [stdout] test header::content_disposition::tests::as_string_form_data_no_field ... ok
[INFO] [stdout] test header::content_disposition::tests::as_string_inline_no_field ... ok
[INFO] [stdout] test header::content_disposition::tests::attachment ... ok
[INFO] [stdout] test header::content_disposition::tests::attachment_filename ... ok
[INFO] [stdout] test header::content_disposition::tests::form_data_field ... ok
[INFO] [stdout] test header::content_disposition::tests::inline ... ok
[INFO] [stdout] test header::content_disposition::tests::not_proper_value ... ok
[INFO] [stdout] test header::content_disposition::tests::form_data_field_filename ... ok
[INFO] [stdout] test header::content_disposition::tests::not_valid_form_data_field_filename_v2 ... ok
[INFO] [stdout] test header::content_disposition::tests::as_string_inline_extra_name ... ok
[INFO] [stdout] test header::content_disposition::tests::not_valid_form_data_field_filename ... ok
[INFO] [stdout] test header::content_disposition::tests::as_string_form_data_field_specified ... ok
[INFO] [stdout] test header::example::parse ... ok
[INFO] [stdout] test header::example::build ... ok
[INFO] [stdout] test header::tests::header_constants ... ok
[INFO] [stdout] test header::tests::header_test ... ok
[INFO] [stdout] test header::tests::parse ... ok
[INFO] [stdout] test header::content_disposition::tests::as_string_form_data_field_filename ... ok
[INFO] [stdout] test header::tests::parse_not_valid_header ... ok
[INFO] [stdout] test json::array::boolean::example_list_bool::vector_to_json ... ok
[INFO] [stdout] test http::tests::test_version ... ok
[INFO] [stdout] test json::array::boolean::example_list_bool::json_to_vector ... ok
[INFO] [stdout] test json::array::boolean::example_list_bool_with_asserts::vector_to_json ... ok
[INFO] [stdout] test json::array::boolean::example_list_bool_with_asserts::json_to_vector ... ok
[INFO] [stdout] test json::array::float::example_list_f32_with_asserts::vector_to_json ... ok
[INFO] [stdout] test json::array::float::example_list_f32::json_to_vector ... ok
[INFO] [stdout] test json::array::float::example_list_f64::json_to_vector ... ok
[INFO] [stdout] test json::array::float::example_list_f32::vector_to_json ... ok
[INFO] [stdout] test json::array::float::example_list_f64_with_asserts::json_to_vector ... ok
[INFO] [stdout] test json::array::float::example_list_f32_with_asserts::json_to_vector ... ok
[INFO] [stdout] test json::array::float::example_list_f64::vector_to_json ... ok
[INFO] [stdout] test json::array::float::example_list_f64_with_asserts::vector_to_json ... ok
[INFO] [stdout] test json::array::integer::example_list_i128::json_to_vector ... ok
[INFO] [stdout] test json::array::integer::example_list_i128::vector_to_json ... ok
[INFO] [stdout] test json::array::integer::example_list_i128_with_asserts::json_to_vector ... ok
[INFO] [stdout] test json::array::integer::example_list_i16::vector_to_json ... ok
[INFO] [stdout] test json::array::integer::example_list_i128_with_asserts::vector_to_json ... ok
[INFO] [stdout] test json::array::integer::example_list_i16::json_to_vector ... ok
[INFO] [stdout] test json::array::integer::example_list_i16_with_asserts::json_to_vector ... ok
[INFO] [stdout] test body::multipart_form_data::tests::parse_multipart_request_body_image ... ok
[INFO] [stdout] test json::array::integer::example_list_i32_with_asserts::vector_to_json ... ok
[INFO] [stdout] test json::array::integer::example_list_i32::json_to_vector ... ok
[INFO] [stdout] test json::array::integer::example_list_i32::vector_to_json ... ok
[INFO] [stdout] test json::array::integer::example_list_i32_with_asserts::json_to_vector ... ok
[INFO] [stdout] test json::array::integer::example_list_i64::json_to_vector ... ok
[INFO] [stdout] test json::array::integer::example_list_i8::json_to_vector ... ok
[INFO] [stdout] test json::array::integer::example_list_i64::vector_to_json ... ok
[INFO] [stdout] test json::array::integer::example_list_i8::vector_to_json ... ok
[INFO] [stdout] test json::array::integer::example_list_i64_with_asserts::json_to_vector ... ok
[INFO] [stdout] test json::array::integer::example_list_i8_with_asserts::json_to_vector ... ok
[INFO] [stdout] test json::array::integer::example_list_u128::vector_to_json ... ok
[INFO] [stdout] test json::array::integer::example_list_u128_with_asserts::vector_to_json ... ok
[INFO] [stdout] test json::array::integer::example_list_u128_with_asserts::json_to_vector ... ok
[INFO] [stdout] test json::array::integer::example_list_u16::json_to_vector ... ok
[INFO] [stdout] test json::array::integer::example_list_u16::vector_to_json ... ok
[INFO] [stdout] test json::array::integer::example_list_u16_with_asserts::json_to_vector ... ok
[INFO] [stdout] test json::array::integer::example_list_u16_with_asserts::vector_to_json ... ok
[INFO] [stdout] test json::array::integer::example_list_u32::json_to_vector ... ok
[INFO] [stdout] test body::multipart_form_data::tests::parse_multipart_request_body_image_no_end_boundary ... ok
[INFO] [stdout] test json::array::integer::example_list_i64_with_asserts::vector_to_json ... ok
[INFO] [stdout] test json::array::integer::example_list_i8_with_asserts::vector_to_json ... ok
[INFO] [stdout] test json::array::integer::example_list_u128::json_to_vector ... ok
[INFO] [stdout] test json::array::integer::example_list_u64::json_to_vector ... ok
[INFO] [stdout] test json::array::integer::example_list_u32_with_asserts::json_to_vector ... ok
[INFO] [stdout] test json::array::integer::example_list_u64::vector_to_json ... ok
[INFO] [stdout] test json::array::integer::example_list_u32::vector_to_json ... ok
[INFO] [stdout] test json::array::integer::example_list_u32_with_asserts::vector_to_json ... ok
[INFO] [stdout] test json::array::integer::example_list_u64_with_asserts::vector_to_json ... ok
[INFO] [stdout] test json::array::integer::example_list_u8_with_asserts::json_to_vector ... ok
[INFO] [stdout] test json::array::integer::example_list_u8_with_asserts::vector_to_json ... ok
[INFO] [stdout] test json::array::null::example_list_null::vector_to_json ... ok
[INFO] [stdout] test json::array::null::example_list_null::json_to_vector ... ok
[INFO] [stdout] test json::array::null::example_list_null_with_asserts::json_to_vector ... ok
[INFO] [stdout] test json::array::null::example_list_null_with_asserts::vector_to_json ... ok
[INFO] [stdout] test json::array::object::example_multi_nested_object::vector_to_json ... ok
[INFO] [stdout] test json::array::object::example_multi_nested_object_with_asserts::json_to_vector ... ok
[INFO] [stdout] test json::array::object::example_multi_nested_object::json_to_vector ... ok
[INFO] [stdout] test json::array::object::example_multi_nested_object_with_asserts::vector_to_json ... ok
[INFO] [stdout] test json::array::string::example_list_string::json_to_vector ... ok
[INFO] [stdout] test json::array::integer::example_list_u8::vector_to_json ... ok
[INFO] [stdout] test json::array::integer::example_list_i16_with_asserts::vector_to_json ... ok
[INFO] [stdout] test json::array::integer::example_list_u64_with_asserts::json_to_vector ... ok
[INFO] [stdout] test json::array::integer::example_list_u8::json_to_vector ... ok
[INFO] [stdout] test json::array::tests::example::vector_to_json ... ok
[INFO] [stdout] test json::array::string::example_list_string_with_asserts::json_to_vector ... ok
[INFO] [stdout] test json::array::tests::example::json_to_vector ... ok
[INFO] [stdout] test json::array::string::example_list_string_with_asserts::vector_to_json ... ok
[INFO] [stdout] test json::array::string::example_list_string::vector_to_json ... ok
[INFO] [stdout] test json::array::tests::json_array_float::json_array_float ... ok
[INFO] [stdout] test json::array::tests::json_array_ends_with_random_chars::json_array_ends_with_random_chars ... ok
[INFO] [stdout] test json::array::tests::json_array_false_element::json_array_false_element ... ok
[INFO] [stdout] test json::array::tests::json_array_multi_nested_array_multiple_items::json_array_multi_nested_array_multiple_items ... ok
[INFO] [stdout] test json::array::tests::example_with_asserts::vector_to_json ... ok
[INFO] [stdout] test json::array::tests::example_with_asserts::json_to_vector ... ok
[INFO] [stdout] test json::array::tests::json_array_multiple_false_elements::json_array_multiple_false_elements ... ok
[INFO] [stdout] test json::array::tests::json_array::json_array ... ok
[INFO] [stdout] test json::array::tests::json_array_multiple_elements::json_array_multiple_elements ... ok
[INFO] [stdout] test json::array::tests::json_array_multiple_true_elements::json_array_multiple_true_elements ... ok
[INFO] [stdout] test json::array::tests::json_array_nested_array_multiple_items::json_array_nested_array_multiple_items ... ok
[INFO] [stdout] test json::array::tests::json_array_nested_object_nested_array::json_array_nested_object_nested_array ... ok
[INFO] [stdout] test json::array::tests::json_array_nested_array::json_array_nested_array ... ok
[INFO] [stdout] test json::array::tests::json_array_no_closing_square_bracket::json_array_no_closing_square_bracket ... ok
[INFO] [stdout] test json::array::tests::json_array_no_starting_square_bracket::json_array_no_starting_square_bracket ... ok
[INFO] [stdout] test json::array::tests::json_array_null_element::json_array_null_element ... ok
[INFO] [stdout] test json::array::tests::json_array_starts_with_random_chars::json_array_starts_with_random_chars ... ok
[INFO] [stdout] test json::array::tests::json_array_strings::json_array_strings ... ok
[INFO] [stdout] test json::array::tests::json_array_strings_multichar::json_array_strings_multichar ... ok
[INFO] [stdout] test json::array::tests::json_array_whitespace_after_array::json_array_whitespace_after_array ... ok
[INFO] [stdout] test json::array::tests::json_array_whitespace_before_array::json_array_whitespace_before_array ... ok
[INFO] [stdout] test json::array::tests::json_array_whitespace_before_first_element::json_array_whitespace_before_first_element ... ok
[INFO] [stdout] test json::array::tests::json_array_whitespaces::json_array_whitespaces ... ok
[INFO] [stdout] test json::array::tests::json_array_nested_empty_object::json_array_nested_empty_object ... ok
[INFO] [stdout] test json::array::tests::json_array_nested_object::json_array_nested_object ... ok
[INFO] [stdout] test json::array::tests::json_array_wrong_element_duplicate_exponent::json_array_wrong_element_duplicate_exponent ... ok
[INFO] [stdout] test json::array::tests::json_array_wrong_element_duplicate_minus::json_array_wrong_element_duplicate_minus ... ok
[INFO] [stdout] test json::array::tests::json_array_wrong_element::json_array_wrong_element ... ok
[INFO] [stdout] test json::array::tests::json_array_wrong_element_duplicate_point::json_array_wrong_element_duplicate_point ... ok
[INFO] [stdout] test json::array::tests::json_empty_array::json_empty_array ... ok
[INFO] [stdout] test json::array::tests::json_array_wrong_element_random_char::json_array_wrong_element_random_char ... ok
[INFO] [stdout] test json::object::tests::deserialize_json_extra_comma_after_array_property::deserialize_json_extra_comma_after_array_property ... ok
[INFO] [stdout] test json::object::tests::deserialize_json_extra_comma_after_float_property::deserialize_json_extra_comma_after_float_property ... ok
[INFO] [stdout] test json::array::tests::json_array_whitespace_after_last_element::json_array_whitespace_after_last_element ... ok
[INFO] [stdout] test json::object::tests::deserialize_json_extra_comma_after_boolean_false_property::deserialize_json_extra_comma_after_boolean_false_property ... ok
[INFO] [stdout] test json::object::tests::deserialize_json_extra_comma_after_boolean_true_property::deserialize_json_extra_comma_after_boolean_true_property ... ok
[INFO] [stdout] test json::object::tests::deserialize_json_extra_comma_after_integer_property::deserialize_json_extra_comma_after_integer_property ... ok
[INFO] [stdout] test json::object::tests::deserialize_json_missing_comma_after_array::deserialize_json_missing_comma_after_array ... ok
[INFO] [stdout] test json::object::tests::deserialize_json_extra_comma_after_null_last_property::deserialize_json_extra_comma_after_null_last_property ... ok
[INFO] [stdout] test json::object::tests::deserialize_json_missing_comma_after_boolean_true::deserialize_json_missing_comma_after_boolean_true ... ok
[INFO] [stdout] test json::object::tests::deserialize_json_missing_comma_after_boolean_false::deserialize_json_missing_comma_after_boolean_true ... ok
[INFO] [stdout] test json::object::tests::deserialize_json_missing_comma_after_integer::deserialize_json_missing_comma_after_integer ... ok
[INFO] [stdout] test json::object::tests::deserialize_json_extra_comma_after_string_property::deserialize_json_extra_comma_after_string_property ... ok
[INFO] [stdout] test json::object::tests::deserialize_json_extra_comma_after_object_property::deserialize_json_extra_comma_after_object_property ... ok
[INFO] [stdout] test json::object::tests::deserialize_json_missing_comma_after_float::deserialize_json_missing_comma_after_float ... ok
[INFO] [stdout] test json::object::tests::deserialize_json_missing_comma_after_null::deserialize_json_missing_comma_after_null ... ok
[INFO] [stdout] test json::object::tests::deserialize_json_missing_comma_after_object::deserialize_json_missing_comma_after_object ... ok
[INFO] [stdout] test json::object::tests::deserialize_json_no_closing_curly_brace::deserialize_json_no_closing_curly_brace ... ok
[INFO] [stdout] test json::object::tests::deserialize_json_missing_comma_after_string::deserialize_json_missing_comma_after_string ... ok
[INFO] [stdout] test json::object::tests::deserialize_json_no_key::deserialize_json_no_key ... ok
[INFO] [stdout] test json::object::tests::deserialize_json_no_delimiter::deserialize_json_no_delimiter ... ok
[INFO] [stdout] test json::array::tests::json_array_true_element::json_array_true_element ... ok
[INFO] [stdout] test json::array::tests::json_array_multiple_null_elements::json_array_multiple_null_elements ... ok
[INFO] [stdout] test json::array::tests::json_array_missing_comma::json_array_missing_comma ... ok
[INFO] [stdout] test json::object::tests::deserialize_json_random_text::deserialize_json_random_text ... ok
[INFO] [stdout] test json::object::tests::deserialize_json_to_struct_check_internals::deserialize_json_to_struct_check_internals ... ok
[INFO] [stdout] test json::object::tests::deserialize_json_to_struct_another_example::deserialize_json_to_struct_another_example ... ok
[INFO] [stdout] test json::object::tests::deserialize_json_with_multiple_nested_objects_to_struct::deserialize_json_with_multiple_nested_objects_to_struct ... ok
[INFO] [stdout] test json::object::tests::deserialize_json_with_nested_object_none_to_struct::deserialize_json_with_nested_object_none_to_struct ... ok
[INFO] [stdout] test json::object::tests::deserialize_json_no_opening_curly_brace::deserialize_json_no_opening_curly_brace ... ok
[INFO] [stdout] test json::object::tests::deserialize_json_with_nested_object_null_to_struct::deserialize_json_with_nested_object_null_to_struct ... ok
[INFO] [stdout] test json::object::tests::deserialize_json_to_struct_containing_nested_struct::deserialize_json_to_struct_containing_nested_struct ... ok
[INFO] [stdout] test json::object::tests::deserialize_json_with_extra_new_lines_to_struct::parse_new_lines_carriage_returns ... ok
[INFO] [stdout] test json::object::tests::deserialize_json_no_value::deserialize_json_no_value ... ok
[INFO] [stdout] test json::object::tests::example_multi_nested_object::to_json ... ok
[INFO] [stdout] test json::object::tests::deserialize_json_with_nested_object_null_to_struct_check_overrides::deserialize_json_with_nested_object_null_to_struct_check_overrides ... ok
[INFO] [stdout] test json::object::tests::example::parse_json ... ok
[INFO] [stdout] test json::property::tests::parse_raw_property_boolean_false ... ok
[INFO] [stdout] test json::property::tests::parse_raw_property_boolean_true ... ok
[INFO] [stdout] test json::object::tests::example::to_json ... ok
[INFO] [stdout] test json::object::tests::deserialize_json_with_null_fields_to_struct::parse_null ... ok
[INFO] [stdout] test json::property::tests::parse_raw_property_number_float_parse_error ... ok
[INFO] [stdout] test json::property::tests::parse_raw_property_number_float ... ok
[INFO] [stdout] test body::multipart_form_data::tests::generate ... ok
[INFO] [stdout] test json::property::tests::parse_raw_property_null ... ok
[INFO] [stdout] test json::object::tests::example_multi_nested_object::parse_json ... ok
[INFO] [stdout] test json::object::tests::deserialize_json_with_nested_object_null_field_to_struct::parse_nested_object_property_null ... ok
[INFO] [stdout] test json::property::tests::parse_raw_property_string ... ok
[INFO] [stdout] test json::tests::to_string_f64 ... ok
[INFO] [stdout] test json::tests::json_types ... ok
[INFO] [stdout] test json::tests::to_string_f64_3 ... ok
[INFO] [stdout] test json::property::tests::parse_raw_property_number_integer ... ok
[INFO] [stdout] test json::tests::to_string_f64_precision ... ok
[INFO] [stdout] test json::tests::to_string_array ... ok
[INFO] [stdout] test json::property::tests::parse_raw_property_number_integer_parse_error ... ok
[INFO] [stdout] test json::tests::to_string_f64_precision_2 ... ok
[INFO] [stdout] test json::tests::to_string_f64_2 ... ok
[INFO] [stdout] test json::tests::to_string_int ... ok
[INFO] [stdout] test json::tests::to_string_not_set ... ok
[INFO] [stdout] test json::tests::to_string_null ... ok
[INFO] [stdout] test json::tests::to_string_string ... ok
[INFO] [stdout] test language::tests::language ... ok
[INFO] [stdout] test json::tests::to_string_boolean ... ok
[INFO] [stdout] test json::tests::to_string_object ... ok
[INFO] [stdout] test mime_type::tests::detect_mime_type_for_3g2_file ... ok
[INFO] [stdout] test log::tests::usage_info ... ok
[INFO] [stdout] test mime_type::tests::detect_mime_type_for_7z_file ... ok
[INFO] [stdout] test json::tests::to_string_f64_precision_3 ... ok
[INFO] [stdout] test log::tests::log_request_response ... ok
[INFO] [stdout] test mime_type::tests::detect_mime_type_for_abiword_file ... ok
[INFO] [stdout] test mime_type::tests::detect_mime_type_for_audio_flac_file ... ok
[INFO] [stdout] test mime_type::tests::detect_mime_type_for_audio_aac_file ... ok
[INFO] [stdout] test mime_type::tests::detect_mime_type_for_avi_file ... ok
[INFO] [stdout] test mime_type::tests::detect_mime_type_for_audio_oga_file ... ok
[INFO] [stdout] test mime_type::tests::detect_mime_type_for_audio_wav_file ... ok
[INFO] [stdout] test mime_type::tests::detect_mime_type_for_bz2_file ... ok
[INFO] [stdout] test mime_type::tests::detect_mime_type_for_bz_file ... ok
[INFO] [stdout] test mime_type::tests::detect_mime_type_for_cda_file ... ok
[INFO] [stdout] test mime_type::tests::detect_mime_type_for_azv_file ... ok
[INFO] [stdout] test mime_type::tests::detect_mime_type_for_binary_file ... ok
[INFO] [stdout] test mime_type::tests::detect_mime_type_for_crt_file ... ok
[INFO] [stdout] test mime_type::tests::detect_mime_type_for_csv_file ... ok
[INFO] [stdout] test mime_type::tests::detect_mime_type_for_doc_file ... ok
[INFO] [stdout] test mime_type::tests::detect_mime_type_for_docx_file ... ok
[INFO] [stdout] test mime_type::tests::detect_mime_type_for_bin_file ... ok
[INFO] [stdout] test mime_type::tests::detect_mime_type_for_csh_file ... ok
[INFO] [stdout] test mime_type::tests::detect_mime_type_for_css_file ... ok
[INFO] [stdout] test mime_type::tests::detect_mime_type_for_htm_file ... ok
[INFO] [stdout] test mime_type::tests::detect_mime_type_for_eot_file ... ok
[INFO] [stdout] test mime_type::tests::detect_mime_type_for_html_file ... ok
[INFO] [stdout] test mime_type::tests::detect_mime_type_for_ics_file ... ok
[INFO] [stdout] test mime_type::tests::detect_mime_type_for_image_avif_file ... ok
[INFO] [stdout] test mime_type::tests::detect_mime_type_for_image_apng_file ... ok
[INFO] [stdout] test mime_type::tests::detect_mime_type_for_image_cur_file ... ok
[INFO] [stdout] test mime_type::tests::detect_mime_type_for_image_jfif_file ... ok
[INFO] [stdout] test mime_type::tests::detect_mime_type_for_image_gif_file ... ok
[INFO] [stdout] test mime_type::tests::detect_mime_type_for_image_ico_file ... ok
[INFO] [stdout] test mime_type::tests::detect_mime_type_for_image_jpeg_file ... ok
[INFO] [stdout] test mime_type::tests::detect_mime_type_for_image_jpg_file ... ok
[INFO] [stdout] test mime_type::tests::detect_mime_type_for_image_png_file ... ok
[INFO] [stdout] test mime_type::tests::detect_mime_type_for_image_svg_file ... ok
[INFO] [stdout] test mime_type::tests::detect_mime_type_for_image_jpe_file ... ok
[INFO] [stdout] test mime_type::tests::detect_mime_type_for_image_jif_file ... ok
[INFO] [stdout] test mime_type::tests::detect_mime_type_for_image_tif_file ... ok
[INFO] [stdout] test mime_type::tests::detect_mime_type_for_image_tiff_file ... ok
[INFO] [stdout] test mime_type::tests::detect_mime_type_for_image_webp_file ... ok
[INFO] [stdout] test mime_type::tests::detect_mime_type_for_gz_file ... ok
[INFO] [stdout] test mime_type::tests::detect_mime_type_for_image_bmp_file ... ok
[INFO] [stdout] test mime_type::tests::detect_mime_type_for_mid_file ... ok
[INFO] [stdout] test mime_type::tests::detect_mime_type_for_midi_file ... ok
[INFO] [stdout] test mime_type::tests::detect_mime_type_for_mp3_file ... ok
[INFO] [stdout] test mime_type::tests::detect_mime_type_for_mp4_file ... ok
[INFO] [stdout] test mime_type::tests::detect_mime_type_for_jar_file ... ok
[INFO] [stdout] test mime_type::tests::detect_mime_type_for_json_file ... ok
[INFO] [stdout] test mime_type::tests::detect_mime_type_for_mjs_file ... ok
[INFO] [stdout] test mime_type::tests::detect_mime_type_for_mpkg_file ... ok
[INFO] [stdout] test mime_type::tests::detect_mime_type_for_odp_file ... ok
[INFO] [stdout] test mime_type::tests::detect_mime_type_for_php_file ... ok
[INFO] [stdout] test mime_type::tests::detect_mime_type_for_ppt_file ... ok
[INFO] [stdout] test mime_type::tests::detect_mime_type_for_odt_file ... ok
[INFO] [stdout] test mime_type::tests::detect_mime_type_for_rar_file ... ok
[INFO] [stdout] test mime_type::tests::detect_mime_type_for_rtf_file ... ok
[INFO] [stdout] test mime_type::tests::detect_mime_type_for_sh_file ... ok
[INFO] [stdout] test mime_type::tests::detect_mime_type_for_swf_file ... ok
[INFO] [stdout] test mime_type::tests::detect_mime_type_for_tar_file ... ok
[INFO] [stdout] test mime_type::tests::detect_mime_type_for_js_file ... ok
[INFO] [stdout] test mime_type::tests::detect_mime_type_for_jsonld_file ... ok
[INFO] [stdout] test mime_type::tests::detect_mime_type_for_pptx_file ... ok
[INFO] [stdout] test mime_type::tests::detect_mime_type_for_ods_file ... ok
[INFO] [stdout] test mime_type::tests::detect_mime_type_for_video_3gp_file ... ok
[INFO] [stdout] test mime_type::tests::detect_mime_type_for_text_file ... ok
[INFO] [stdout] test mime_type::tests::detect_mime_type_for_ttf_file ... ok
[INFO] [stdout] test mime_type::tests::detect_mime_type_for_video_m4v_file ... ok
[INFO] [stdout] test log::tests::info ... ok
[INFO] [stdout] test mime_type::tests::detect_mime_type_for_video_mpg_file ... ok
[INFO] [stdout] test mime_type::tests::detect_mime_type_for_video_ogg_file ... ok
[INFO] [stdout] test mime_type::tests::detect_mime_type_for_video_mpeg_file ... ok
[INFO] [stdout] test mime_type::tests::detect_mime_type_for_ts_file ... ok
[INFO] [stdout] test mime_type::tests::detect_mime_type_for_video_m4p_file ... ok
[INFO] [stdout] test mime_type::tests::detect_mime_type_for_video_mp4_file ... ok
[INFO] [stdout] test mime_type::tests::detect_mime_type_for_video_opus_file ... ok
[INFO] [stdout] test mime_type::tests::detect_mime_type_for_video_pdf_file ... ok
[INFO] [stdout] test mime_type::tests::detect_mime_type_for_video_ogx_file ... ok
[INFO] [stdout] test mime_type::tests::detect_mime_type_for_video_ogv_file ... ok
[INFO] [stdout] test mime_type::tests::detect_mime_type_for_video_quicktime_file ... ok
[INFO] [stdout] test mime_type::tests::detect_mime_type_for_vsd_file ... ok
[INFO] [stdout] test mime_type::tests::detect_mime_type_for_video_webm_file ... ok
[INFO] [stdout] test mime_type::tests::detect_mime_type_for_webm_file ... ok
[INFO] [stdout] test mime_type::tests::detect_mime_type_for_woff2_file ... ok
[INFO] [stdout] test mime_type::tests::detect_mime_type_for_woff_file ... ok
[INFO] [stdout] test mime_type::tests::detect_mime_type_for_video_otf_file ... ok
[INFO] [stdout] test mime_type::tests::detect_mime_type_for_xls_file ... ok
[INFO] [stdout] test mime_type::tests::detect_mime_type_for_xhtml_file ... ok
[INFO] [stdout] test mime_type::tests::detect_mime_type_for_xul_file ... ok
[INFO] [stdout] test range::example::as_response ... ok
[INFO] [stdout] test mime_type::tests::detect_mime_type_for_xlsx_file ... ok
[INFO] [stdout] test mime_type::tests::detect_mime_type_for_xml_file ... ok
[INFO] [stdout] test range::tests::content_range_raw_regex_empty_string ... ok
[INFO] [stdout] test range::example::as_response_range_shortcut ... ok
[INFO] [stdout] test mime_type::tests::detect_mime_type_for_zip_file ... ok
[INFO] [stdout] test range::tests::content_range_raw_regex ... ok
[INFO] [stdout] test range::tests::content_range_raw_regex_bytes_random_case ... ok
[INFO] [stdout] test range::tests::check_range_response_is_ok_two_part ... ok
[INFO] [stdout] test null::tests::null_check ... ok
[INFO] [stdout] test range::tests::content_range_raw_regex_end_not_a_number ... ok
[INFO] [stdout] test range::tests::content_range_raw_regex_malformed_bytes ... ok
[INFO] [stdout] test range::tests::content_range_raw_regex_start_not_a_number ... ok
[INFO] [stdout] test range::tests::content_range_raw_regex_random_string ... ok
[INFO] [stdout] test range::tests::content_range_raw_regex_size_not_a_number ... ok
[INFO] [stdout] test range::tests::content_range_raw_regex_whitespace_uppercase ... ok
[INFO] [stdout] test range::tests::end_bigger_than_filesize_parse_content_range_header_value ... ok
[INFO] [stdout] test range::tests::malformed_header_parse_content_range_header_value ... ok
[INFO] [stdout] test range::tests::no_empty_string_between_header_and_body_in_parse_multipart_body ... ok
[INFO] [stdout] test range::tests::parse_range_test ... ok
[INFO] [stdout] test range::tests::parse_multipart_body ... ok
[INFO] [stdout] test range::tests::parse_content_range_header_value ... ok
[INFO] [stdout] test range::tests::start_bigger_than_filesize_parse_content_range_header_value ... ok
[INFO] [stdout] test range::tests::check_range_response_is_ok_single_part ... ok
[INFO] [stdout] test range::tests::content_range_raw_regex_whitespace ... ok
[INFO] [stdout] test request::tests::form_urlencoded_content_type ... ok
[INFO] [stdout] test range::tests::get_right_content_range_of_a_file ... ok
[INFO] [stdout] test request::example::parse_array_of_bytes_as_request ... ok
[INFO] [stdout] test range::tests::start_after_end_parse_content_range_header_value ... ok
[INFO] [stdout] test request::example::query ... ok
[INFO] [stdout] test request::example::path ... ok
[INFO] [stdout] test request::example::generate ... ok
[INFO] [stdout] test request::tests::get_domain_no_host ... ok
[INFO] [stdout] test request::tests::get_domain_no_port ... ok
[INFO] [stdout] test request::tests::form_urlencoded_content_type_ends_with_new_line ... ok
[INFO] [stdout] test request::tests::get_path_no_path ... ok
[INFO] [stdout] test request::tests::get_domain_port_present ... ok
[INFO] [stdout] test request::tests::get_path ... ok
[INFO] [stdout] test request::tests::get_domain_empty_host ... ok
[INFO] [stdout] test request::tests::method ... ok
[INFO] [stdout] test request::tests::get_port_no_port ... ok
[INFO] [stdout] test request::tests::get_query ... ok
[INFO] [stdout] test request::tests::get_port_no_host ... ok
[INFO] [stdout] test request::tests::multipart_form_data_content_type ... ok
[INFO] [stdout] test request::tests::get_port_empty_host ... ok
[INFO] [stdout] test request::tests::test_request_lowercase_not_valid_utf_8 ... ok
[INFO] [stdout] test request::tests::test_request_not_ok ... ok
[INFO] [stdout] test request::tests::get_port ... ok
[INFO] [stdout] test request::tests::test_request_empty_request_uri ... ok
[INFO] [stdout] test request::tests::test_request_lowercase ... ok
[INFO] [stdout] test request::tests::test_request_not_ok_empty_request ... ok
[INFO] [stdout] test request::tests::method_and_request_uri_and_http_version_regex ... ok
[INFO] [stdout] test request::tests::test_request_not_ok_dummy_not_valid_request ... ok
[INFO] [stdout] test request::tests::test_request_ok_with_special_characters ... ok
[INFO] [stdout] test request::tests::get_query_no_query ... ok
[INFO] [stdout] test request::tests::test_request_ok_with_ukrainian_characters ... ok
[INFO] [stdout] test response::example::build ... ok
[INFO] [stdout] test request::tests::test_request_ok ... ok
[INFO] [stdout] test request::tests::test_request_randomcase ... ok
[INFO] [stdout] test request::tests::text_plain_content_type ... ok
[INFO] [stdout] test response::tests::check_is_multipart_byteranges_content_type ... ok
[INFO] [stdout] test response::tests::error ... ok
[INFO] [stdout] test response::tests::http_version_and_status_code_and_reason_phrase_200_regex ... ok
[INFO] [stdout] test response::tests::http_version_and_status_code_and_reason_phrase_404_regex ... ok
[INFO] [stdout] test response::tests::http_version_and_status_code_and_reason_phrase_empty_string ... ok
[INFO] [stdout] test response::tests::http_version_and_status_code_and_reason_phrase_empty_string_newline ... ok
[INFO] [stdout] test response::example::parse ... ok
[INFO] [stdout] test response::tests::http_version_and_status_code_and_reason_phrase_200_regex_random_case ... ok
[INFO] [stdout] test request::tests::test_request_not_ok_zeros_request ... ok
[INFO] [stdout] test response::tests::parse_no_boundary_at_the_beginning ... ok
[INFO] [stdout] test response::tests::it_generates_successful_response_with_additional_headers ... ok
[INFO] [stdout] test server::tests::check_range_response_for_not_proper_range_header_range_end_bigger_than_filesize ... ok
[INFO] [stdout] test server::tests::check_range_response_for_not_proper_range_header_range_end_malformed ... ok
[INFO] [stdout] test server::tests::check_range_response_for_not_proper_range_header_range_start_bigger_than_end ... ok
[INFO] [stdout] test response::tests::parse_no_boundary_at_the_end ... ok
[INFO] [stdout] test server::tests::check_range_response_for_not_proper_range_header ... ok
[INFO] [stdout] test server::tests::it_generates_not_found_page_for_absent_static_file ... ok
[INFO] [stdout] test server::tests::it_generates_not_found_page_for_absent_route ... ok
[INFO] [stdout] test server::tests::it_generates_not_found_page_for_static_subdirectory ... ok
[INFO] [stdout] test server::tests::check_range_response_for_not_proper_range_header_range_start_malformed ... ok
[INFO] [stdout] test response::tests::status_code_reason_phrase ... ok
[INFO] [stdout] test server::tests::it_generates_successful_response_with_index_html ... ok
[INFO] [stdout] test server::tests::check_range_response_for_not_proper_range_header_malformed ... ok
[INFO] [stdout] test server::tests::it_generates_not_found_page_for_static_directory ... ok
[INFO] [stdout] test server::tests::it_generates_successful_response_with_index_html_as_symlink ... ok
[INFO] [stdout] test server::tests::it_generates_successful_response_with_static_file_in_subdirectory ... ok
[INFO] [stdout] test server::tests::it_generates_bad_request_for_non_ut8_char_in_request ... ok
[INFO] [stdout] test symbol::tests::symbol_check ... ok
[INFO] [stdout] test url::example::build_query ... ok
[INFO] [stdout] test server::tests::it_generates_successful_response_with_static_file ... ok
[INFO] [stdout] test server::tests::it_generates_successful_response_with_static_file_in_subdirectory_to_head_request ... ok
[INFO] [stdout] test response::tests::it_generates_successful_response_with_additional_headers_and_non_utf8_file ... ok
[INFO] [stdout] test server::tests::it_generates_successful_response_with_static_file_in_multiple_static_directories ... ok
[INFO] [stdout] test thread_pool::tests::thread_pool_test ... ok
[INFO] [stdout] test url::example::parse_query ... ok
[INFO] [stdout] test url::example::uri_encode ... ok
[INFO] [stdout] test url::path::tests::build ... ok
[INFO] [stdout] test url::path::tests::build_non_url ... ok
[INFO] [stdout] test url::example::build_url ... ok
[INFO] [stdout] test url::path::tests::extract ... ok
[INFO] [stdout] test url::path::tests::build_v2 ... ok
[INFO] [stdout] test url::path::tests::extract_v2 ... ok
[INFO] [stdout] test url::example::uri_decode ... ok
[INFO] [stdout] test url::path::tests::build_v3 ... ok
[INFO] [stdout] test url::path::tests::build_v4 ... ok
[INFO] [stdout] test url::path::tests::build_v5 ... ok
[INFO] [stdout] true None None Some("/some/path/")
[INFO] [stdout] test url::path::tests::is_matching_control_char_path ... ok
[INFO] [stdout] false Some("id") None None
[INFO] [stdout] test url::path::tests::is_matching_whitespace_path ... false Some("id") None None
[INFO] [stdout] ok
[INFO] [stdout] false Some("id") None None
[INFO] [stdout] true None None Some("/another/path/")
[INFO] [stdout] false Some("name") None None
[INFO] [stdout] false Some("name") None None
[INFO] [stdout] test url::path::tests::is_matching_multiple_tokens ... ok
[INFO] [stdout] test url::path::tests::is_matching_whitespace_pattern ... ok
[INFO] [stdout] test url::path::tests::parts ... ok
[INFO] [stdout] test url::path::tests::parts_extra_nested_token ... ok
[INFO] [stdout] test url::path::tests::parts_extra_opening_bracket ... ok
[INFO] [stdout] test url::path::tests::parts_malformed_whitespace ... ok
[INFO] [stdout] test url::tests::encode_decode ... ok
[INFO] [stdout] test url::path::tests::parts_malformed ... ok
[INFO] [stdout] true None None Some("/some/path/")
[INFO] [stdout] false Some("id") None None
[INFO] [stdout] false Some("id") None None
[INFO] [stdout] test url::example::parse_url ... ok
[INFO] [stdout] test url::path::tests::extract_v3 ... ok
[INFO] [stdout] test url::path::tests::extract_v4 ... ok
[INFO] [stdout] test url::path::tests::extract_v5 ... ok
[INFO] [stdout] test url::path::tests::is_matching ... ok
[INFO] [stdout] 
[INFO] [stdout] failures:
[INFO] [stdout] 
[INFO] [stdout] ---- app::controller::script::tests::file_retrieval stdout ----
[INFO] [stdout] thread 'app::controller::script::tests::file_retrieval' panicked at src/app/controller/script/tests.rs:47:39:
[INFO] [stdout] called `Result::unwrap()` on an `Err` value: "unable to create file: Read-only file system (os error 30)"
[INFO] [stdout] stack backtrace:
[INFO] [stdout]    0:     0x5631c11f6fac - std::backtrace_rs::backtrace::libunwind::trace::ha637c64ce894333a
[INFO] [stdout]                                at /rustc/82e1608dfa6e0b5569232559e3d385fea5a93112/library/std/src/../../backtrace/src/backtrace/libunwind.rs:104:5
[INFO] [stdout]    1:     0x5631c11f6fac - std::backtrace_rs::backtrace::trace_unsynchronized::h47f62dea28e0c88d
[INFO] [stdout]                                at /rustc/82e1608dfa6e0b5569232559e3d385fea5a93112/library/std/src/../../backtrace/src/backtrace/mod.rs:66:5
[INFO] [stdout]    2:     0x5631c11f6fac - std::sys_common::backtrace::_print_fmt::h9eef0abe20ede486
[INFO] [stdout]                                at /rustc/82e1608dfa6e0b5569232559e3d385fea5a93112/library/std/src/sys_common/backtrace.rs:67:5
[INFO] [stdout]    3:     0x5631c11f6fac - <std::sys_common::backtrace::_print::DisplayBacktrace as core::fmt::Display>::fmt::hed7f999df88cc644
[INFO] [stdout]                                at /rustc/82e1608dfa6e0b5569232559e3d385fea5a93112/library/std/src/sys_common/backtrace.rs:44:22
[INFO] [stdout]    4:     0x5631c1225b70 - core::fmt::rt::Argument::fmt::h1539a9308b8d058d
[INFO] [stdout]                                at /rustc/82e1608dfa6e0b5569232559e3d385fea5a93112/library/core/src/fmt/rt.rs:142:9
[INFO] [stdout]    5:     0x5631c1225b70 - core::fmt::write::h3a39390d8560d9c9
[INFO] [stdout]                                at /rustc/82e1608dfa6e0b5569232559e3d385fea5a93112/library/core/src/fmt/mod.rs:1120:17
[INFO] [stdout]    6:     0x5631c11f487f - std::io::Write::write_fmt::h040b369f3a0f9cbc
[INFO] [stdout]                                at /rustc/82e1608dfa6e0b5569232559e3d385fea5a93112/library/std/src/io/mod.rs:1762:15
[INFO] [stdout]    7:     0x5631c11f6d94 - std::sys_common::backtrace::_print::h894006fb5c6f3d45
[INFO] [stdout]                                at /rustc/82e1608dfa6e0b5569232559e3d385fea5a93112/library/std/src/sys_common/backtrace.rs:47:5
[INFO] [stdout]    8:     0x5631c11f6d94 - std::sys_common::backtrace::print::h23a2d212c6fff936
[INFO] [stdout]                                at /rustc/82e1608dfa6e0b5569232559e3d385fea5a93112/library/std/src/sys_common/backtrace.rs:34:9
[INFO] [stdout]    9:     0x5631c11f8a57 - std::panicking::default_hook::{{closure}}::h8a1d2ee00185001a
[INFO] [stdout]   10:     0x5631c11f8743 - std::panicking::default_hook::h6038f2eba384e475
[INFO] [stdout]                                at /rustc/82e1608dfa6e0b5569232559e3d385fea5a93112/library/std/src/panicking.rs:289:9
[INFO] [stdout]   11:     0x5631c11828c7 - <alloc::boxed::Box<F,A> as core::ops::function::Fn<Args>>::call::h0ad024c9bdc6d768
[INFO] [stdout]                                at /rustc/82e1608dfa6e0b5569232559e3d385fea5a93112/library/alloc/src/boxed.rs:2021:9
[INFO] [stdout]   12:     0x5631c11828c7 - test::test_main::{{closure}}::h7500b54257359db6
[INFO] [stdout]                                at /rustc/82e1608dfa6e0b5569232559e3d385fea5a93112/library/test/src/lib.rs:138:21
[INFO] [stdout]   13:     0x5631c11f9068 - <alloc::boxed::Box<F,A> as core::ops::function::Fn<Args>>::call::h1f8f335eaa9cfaee
[INFO] [stdout]                                at /rustc/82e1608dfa6e0b5569232559e3d385fea5a93112/library/alloc/src/boxed.rs:2021:9
[INFO] [stdout]   14:     0x5631c11f9068 - std::panicking::rust_panic_with_hook::h2b5517d590cab22e
[INFO] [stdout]                                at /rustc/82e1608dfa6e0b5569232559e3d385fea5a93112/library/std/src/panicking.rs:783:13
[INFO] [stdout]   15:     0x5631c11f8dbe - std::panicking::begin_panic_handler::{{closure}}::h233112c06e0ef43e
[INFO] [stdout]                                at /rustc/82e1608dfa6e0b5569232559e3d385fea5a93112/library/std/src/panicking.rs:657:13
[INFO] [stdout]   16:     0x5631c11f7476 - std::sys_common::backtrace::__rust_end_short_backtrace::h6e893f24d7ebbff8
[INFO] [stdout]                                at /rustc/82e1608dfa6e0b5569232559e3d385fea5a93112/library/std/src/sys_common/backtrace.rs:170:18
[INFO] [stdout]   17:     0x5631c11f8b22 - rust_begin_unwind
[INFO] [stdout]                                at /rustc/82e1608dfa6e0b5569232559e3d385fea5a93112/library/std/src/panicking.rs:645:5
[INFO] [stdout]   18:     0x5631c0f28195 - core::panicking::panic_fmt::hbf0e066aabfa482c
[INFO] [stdout]                                at /rustc/82e1608dfa6e0b5569232559e3d385fea5a93112/library/core/src/panicking.rs:72:14
[INFO] [stdout]   19:     0x5631c0f28763 - core::result::unwrap_failed::hddb4fea594200c52
[INFO] [stdout]                                at /rustc/82e1608dfa6e0b5569232559e3d385fea5a93112/library/core/src/result.rs:1653:5
[INFO] [stdout]   20:     0x5631c11c5975 - core::result::Result<T,E>::unwrap::ha3275d67eaabdad9
[INFO] [stdout]                                at /rustc/82e1608dfa6e0b5569232559e3d385fea5a93112/library/core/src/result.rs:1077:23
[INFO] [stdout]   21:     0x5631c10ce5cb - rws::app::controller::script::tests::file_retrieval::h837d6145ffdaf15e
[INFO] [stdout]                                at /opt/rustwide/workdir/src/app/controller/script/tests.rs:47:5
[INFO] [stdout]   22:     0x5631c10cdbd7 - rws::app::controller::script::tests::file_retrieval::{{closure}}::hc4dbbe754cee8c4a
[INFO] [stdout]                                at /opt/rustwide/workdir/src/app/controller/script/tests.rs:11:20
[INFO] [stdout]   23:     0x5631c0fa4bf6 - core::ops::function::FnOnce::call_once::h8b4fe573c0b420fb
[INFO] [stdout]                                at /rustc/82e1608dfa6e0b5569232559e3d385fea5a93112/library/core/src/ops/function.rs:250:5
[INFO] [stdout]   24:     0x5631c1187f1f - core::ops::function::FnOnce::call_once::h2b5d431d5046312d
[INFO] [stdout]                                at /rustc/82e1608dfa6e0b5569232559e3d385fea5a93112/library/core/src/ops/function.rs:250:5
[INFO] [stdout]   25:     0x5631c1187f1f - test::__rust_begin_short_backtrace::h7714669af176e207
[INFO] [stdout]                                at /rustc/82e1608dfa6e0b5569232559e3d385fea5a93112/library/test/src/lib.rs:628:18
[INFO] [stdout]   26:     0x5631c1186f35 - test::run_test_in_process::{{closure}}::h85218797dcbcec12
[INFO] [stdout]                                at /rustc/82e1608dfa6e0b5569232559e3d385fea5a93112/library/test/src/lib.rs:651:60
[INFO] [stdout]   27:     0x5631c1186f35 - <core::panic::unwind_safe::AssertUnwindSafe<F> as core::ops::function::FnOnce<()>>::call_once::h76c106ea31c14d7b
[INFO] [stdout]                                at /rustc/82e1608dfa6e0b5569232559e3d385fea5a93112/library/core/src/panic/unwind_safe.rs:272:9
[INFO] [stdout]   28:     0x5631c1186f35 - std::panicking::try::do_call::h3bd5d0f6620ee946
[INFO] [stdout]                                at /rustc/82e1608dfa6e0b5569232559e3d385fea5a93112/library/std/src/panicking.rs:552:40
[INFO] [stdout]   29:     0x5631c1186f35 - std::panicking::try::h232e535e4744fe31
[INFO] [stdout]                                at /rustc/82e1608dfa6e0b5569232559e3d385fea5a93112/library/std/src/panicking.rs:516:19
[INFO] [stdout]   30:     0x5631c1186f35 - std::panic::catch_unwind::h3ce3bd6ca8dbac68
[INFO] [stdout]                                at /rustc/82e1608dfa6e0b5569232559e3d385fea5a93112/library/std/src/panic.rs:142:14
[INFO] [stdout]   31:     0x5631c1186f35 - test::run_test_in_process::hc97b257c9621286a
[INFO] [stdout]                                at /rustc/82e1608dfa6e0b5569232559e3d385fea5a93112/library/test/src/lib.rs:651:27
[INFO] [stdout]   32:     0x5631c1186f35 - test::run_test::{{closure}}::h2aa798823a438d38
[INFO] [stdout]                                at /rustc/82e1608dfa6e0b5569232559e3d385fea5a93112/library/test/src/lib.rs:574:43
[INFO] [stdout]   33:     0x5631c114f1f6 - test::run_test::{{closure}}::h87d231c78fb59832
[INFO] [stdout]                                at /rustc/82e1608dfa6e0b5569232559e3d385fea5a93112/library/test/src/lib.rs:602:41
[INFO] [stdout]   34:     0x5631c114f1f6 - std::sys_common::backtrace::__rust_begin_short_backtrace::he6df152596625789
[INFO] [stdout]                                at /rustc/82e1608dfa6e0b5569232559e3d385fea5a93112/library/std/src/sys_common/backtrace.rs:154:18
[INFO] [stdout]   35:     0x5631c11542a7 - std::thread::Builder::spawn_unchecked_::{{closure}}::{{closure}}::ha94be15d1e0acf36
[INFO] [stdout]                                at /rustc/82e1608dfa6e0b5569232559e3d385fea5a93112/library/std/src/thread/mod.rs:529:17
[INFO] [stdout]   36:     0x5631c11542a7 - <core::panic::unwind_safe::AssertUnwindSafe<F> as core::ops::function::FnOnce<()>>::call_once::h9dc6bd6372f16606
[INFO] [stdout]                                at /rustc/82e1608dfa6e0b5569232559e3d385fea5a93112/library/core/src/panic/unwind_safe.rs:272:9
[INFO] [stdout]   37:     0x5631c11542a7 - std::panicking::try::do_call::h9057517f80303cd4
[INFO] [stdout]                                at /rustc/82e1608dfa6e0b5569232559e3d385fea5a93112/library/std/src/panicking.rs:552:40
[INFO] [stdout]   38:     0x5631c11542a7 - std::panicking::try::he3a30b11ee45340c
[INFO] [stdout]                                at /rustc/82e1608dfa6e0b5569232559e3d385fea5a93112/library/std/src/panicking.rs:516:19
[INFO] [stdout]   39:     0x5631c11542a7 - std::panic::catch_unwind::h410458cfd3528b8b
[INFO] [stdout]                                at /rustc/82e1608dfa6e0b5569232559e3d385fea5a93112/library/std/src/panic.rs:142:14
[INFO] [stdout]   40:     0x5631c11542a7 - std::thread::Builder::spawn_unchecked_::{{closure}}::h72ac3bdb567b737b
[INFO] [stdout]                                at /rustc/82e1608dfa6e0b5569232559e3d385fea5a93112/library/std/src/thread/mod.rs:528:30
[INFO] [stdout]   41:     0x5631c11542a7 - core::ops::function::FnOnce::call_once{{vtable.shim}}::h38f34da3654a8344
[INFO] [stdout]                                at /rustc/82e1608dfa6e0b5569232559e3d385fea5a93112/library/core/src/ops/function.rs:250:5
[INFO] [stdout]   42:     0x5631c11fdeb5 - <alloc::boxed::Box<F,A> as core::ops::function::FnOnce<Args>>::call_once::hc7eafaff61e32df9
[INFO] [stdout]                                at /rustc/82e1608dfa6e0b5569232559e3d385fea5a93112/library/alloc/src/boxed.rs:2007:9
[INFO] [stdout]   43:     0x5631c11fdeb5 - <alloc::boxed::Box<F,A> as core::ops::function::FnOnce<Args>>::call_once::h6ba4a5de48dd2304
[INFO] [stdout]                                at /rustc/82e1608dfa6e0b5569232559e3d385fea5a93112/library/alloc/src/boxed.rs:2007:9
[INFO] [stdout]   44:     0x5631c11fdeb5 - std::sys::unix::thread::Thread::new::thread_start::he469335aef763e45
[INFO] [stdout]                                at /rustc/82e1608dfa6e0b5569232559e3d385fea5a93112/library/std/src/sys/unix/thread.rs:108:17
[INFO] [stdout]   45:     0x7f9ac5a94ac3 - <unknown>
[INFO] [stdout]   46:     0x7f9ac5b25bf4 - __clone
[INFO] [stdout]   47:                0x0 - <unknown>
[INFO] [stdout] 
[INFO] [stdout] ---- app::controller::favicon::tests::favicon_retrieval stdout ----
[INFO] [stdout] thread 'app::controller::favicon::tests::favicon_retrieval' panicked at src/app/controller/favicon/tests.rs:47:41:
[INFO] [stdout] called `Result::unwrap()` on an `Err` value: "unable to create file: Read-only file system (os error 30)"
[INFO] [stdout] stack backtrace:
[INFO] [stdout]    0:     0x5631c11f6fac - std::backtrace_rs::backtrace::libunwind::trace::ha637c64ce894333a
[INFO] [stdout]                                at /rustc/82e1608dfa6e0b5569232559e3d385fea5a93112/library/std/src/../../backtrace/src/backtrace/libunwind.rs:104:5
[INFO] [stdout]    1:     0x5631c11f6fac - std::backtrace_rs::backtrace::trace_unsynchronized::h47f62dea28e0c88d
[INFO] [stdout]                                at /rustc/82e1608dfa6e0b5569232559e3d385fea5a93112/library/std/src/../../backtrace/src/backtrace/mod.rs:66:5
[INFO] [stdout]    2:     0x5631c11f6fac - std::sys_common::backtrace::_print_fmt::h9eef0abe20ede486
[INFO] [stdout]                                at /rustc/82e1608dfa6e0b5569232559e3d385fea5a93112/library/std/src/sys_common/backtrace.rs:67:5
[INFO] [stdout]    3:     0x5631c11f6fac - <std::sys_common::backtrace::_print::DisplayBacktrace as core::fmt::Display>::fmt::hed7f999df88cc644
[INFO] [stdout]                                at /rustc/82e1608dfa6e0b5569232559e3d385fea5a93112/library/std/src/sys_common/backtrace.rs:44:22
[INFO] [stdout]    4:     0x5631c1225b70 - core::fmt::rt::Argument::fmt::h1539a9308b8d058d
[INFO] [stdout]                                at /rustc/82e1608dfa6e0b5569232559e3d385fea5a93112/library/core/src/fmt/rt.rs:142:9
[INFO] [stdout]    5:     0x5631c1225b70 - core::fmt::write::h3a39390d8560d9c9
[INFO] [stdout]                                at /rustc/82e1608dfa6e0b5569232559e3d385fea5a93112/library/core/src/fmt/mod.rs:1120:17
[INFO] [stdout]    6:     0x5631c11f487f - std::io::Write::write_fmt::h040b369f3a0f9cbc
[INFO] [stdout]                                at /rustc/82e1608dfa6e0b5569232559e3d385fea5a93112/library/std/src/io/mod.rs:1762:15
[INFO] [stdout]    7:     0x5631c11f6d94 - std::sys_common::backtrace::_print::h894006fb5c6f3d45
[INFO] [stdout]                                at /rustc/82e1608dfa6e0b5569232559e3d385fea5a93112/library/std/src/sys_common/backtrace.rs:47:5
[INFO] [stdout]    8:     0x5631c11f6d94 - std::sys_common::backtrace::print::h23a2d212c6fff936
[INFO] [stdout]                                at /rustc/82e1608dfa6e0b5569232559e3d385fea5a93112/library/std/src/sys_common/backtrace.rs:34:9
[INFO] [stdout]    9:     0x5631c11f8a57 - std::panicking::default_hook::{{closure}}::h8a1d2ee00185001a
[INFO] [stdout]   10:     0x5631c11f8743 - std::panicking::default_hook::h6038f2eba384e475
[INFO] [stdout]                                at /rustc/82e1608dfa6e0b5569232559e3d385fea5a93112/library/std/src/panicking.rs:289:9
[INFO] [stdout]   11:     0x5631c11828c7 - <alloc::boxed::Box<F,A> as core::ops::function::Fn<Args>>::call::h0ad024c9bdc6d768
[INFO] [stdout]                                at /rustc/82e1608dfa6e0b5569232559e3d385fea5a93112/library/alloc/src/boxed.rs:2021:9
[INFO] [stdout]   12:     0x5631c11828c7 - test::test_main::{{closure}}::h7500b54257359db6
[INFO] [stdout]                                at /rustc/82e1608dfa6e0b5569232559e3d385fea5a93112/library/test/src/lib.rs:138:21
[INFO] [stdout]   13:     0x5631c11f9068 - <alloc::boxed::Box<F,A> as core::ops::function::Fn<Args>>::call::h1f8f335eaa9cfaee
[INFO] [stdout]                                at /rustc/82e1608dfa6e0b5569232559e3d385fea5a93112/library/alloc/src/boxed.rs:2021:9
[INFO] [stdout]   14:     0x5631c11f9068 - std::panicking::rust_panic_with_hook::h2b5517d590cab22e
[INFO] [stdout]                                at /rustc/82e1608dfa6e0b5569232559e3d385fea5a93112/library/std/src/panicking.rs:783:13
[INFO] [stdout]   15:     0x5631c11f8dbe - std::panicking::begin_panic_handler::{{closure}}::h233112c06e0ef43e
[INFO] [stdout]                                at /rustc/82e1608dfa6e0b5569232559e3d385fea5a93112/library/std/src/panicking.rs:657:13
[INFO] [stdout]   16:     0x5631c11f7476 - std::sys_common::backtrace::__rust_end_short_backtrace::h6e893f24d7ebbff8
[INFO] [stdout]                                at /rustc/82e1608dfa6e0b5569232559e3d385fea5a93112/library/std/src/sys_common/backtrace.rs:170:18
[INFO] [stdout]   17:     0x5631c11f8b22 - rust_begin_unwind
[INFO] [stdout]                                at /rustc/82e1608dfa6e0b5569232559e3d385fea5a93112/library/std/src/panicking.rs:645:5
[INFO] [stdout]   18:     0x5631c0f28195 - core::panicking::panic_fmt::hbf0e066aabfa482c
[INFO] [stdout]                                at /rustc/82e1608dfa6e0b5569232559e3d385fea5a93112/library/core/src/panicking.rs:72:14
[INFO] [stdout]   19:     0x5631c0f28763 - core::result::unwrap_failed::hddb4fea594200c52
[INFO] [stdout]                                at /rustc/82e1608dfa6e0b5569232559e3d385fea5a93112/library/core/src/result.rs:1653:5
[INFO] [stdout]   20:     0x5631c11c5975 - core::result::Result<T,E>::unwrap::ha3275d67eaabdad9
[INFO] [stdout]                                at /rustc/82e1608dfa6e0b5569232559e3d385fea5a93112/library/core/src/result.rs:1077:23
[INFO] [stdout]   21:     0x5631c0f7f1cb - rws::app::controller::favicon::tests::favicon_retrieval::hfd2ddcd3a85ea66e
[INFO] [stdout]                                at /opt/rustwide/workdir/src/app/controller/favicon/tests.rs:47:5
[INFO] [stdout]   22:     0x5631c0f7e7f7 - rws::app::controller::favicon::tests::favicon_retrieval::{{closure}}::h5829c527e27f5080
[INFO] [stdout]                                at /opt/rustwide/workdir/src/app/controller/favicon/tests.rs:11:23
[INFO] [stdout]   23:     0x5631c0fa43f6 - core::ops::function::FnOnce::call_once::h788a069398cf85de
[INFO] [stdout]                                at /rustc/82e1608dfa6e0b5569232559e3d385fea5a93112/library/core/src/ops/function.rs:250:5
[INFO] [stdout]   24:     0x5631c1187f1f - core::ops::function::FnOnce::call_once::h2b5d431d5046312d
[INFO] [stdout]                                at /rustc/82e1608dfa6e0b5569232559e3d385fea5a93112/library/core/src/ops/function.rs:250:5
[INFO] [stdout]   25:     0x5631c1187f1f - test::__rust_begin_short_backtrace::h7714669af176e207
[INFO] [stdout]                                at /rustc/82e1608dfa6e0b5569232559e3d385fea5a93112/library/test/src/lib.rs:628:18
[INFO] [stdout]   26:     0x5631c1186f35 - test::run_test_in_process::{{closure}}::h85218797dcbcec12
[INFO] [stdout]                                at /rustc/82e1608dfa6e0b5569232559e3d385fea5a93112/library/test/src/lib.rs:651:60
[INFO] [stdout]   27:     0x5631c1186f35 - <core::panic::unwind_safe::AssertUnwindSafe<F> as core::ops::function::FnOnce<()>>::call_once::h76c106ea31c14d7b
[INFO] [stdout]                                at /rustc/82e1608dfa6e0b5569232559e3d385fea5a93112/library/core/src/panic/unwind_safe.rs:272:9
[INFO] [stdout]   28:     0x5631c1186f35 - std::panicking::try::do_call::h3bd5d0f6620ee946
[INFO] [stdout]                                at /rustc/82e1608dfa6e0b5569232559e3d385fea5a93112/library/std/src/panicking.rs:552:40
[INFO] [stdout]   29:     0x5631c1186f35 - std::panicking::try::h232e535e4744fe31
[INFO] [stdout]                                at /rustc/82e1608dfa6e0b5569232559e3d385fea5a93112/library/std/src/panicking.rs:516:19
[INFO] [stdout]   30:     0x5631c1186f35 - std::panic::catch_unwind::h3ce3bd6ca8dbac68
[INFO] [stdout]                                at /rustc/82e1608dfa6e0b5569232559e3d385fea5a93112/library/std/src/panic.rs:142:14
[INFO] [stdout]   31:     0x5631c1186f35 - test::run_test_in_process::hc97b257c9621286a
[INFO] [stdout]                                at /rustc/82e1608dfa6e0b5569232559e3d385fea5a93112/library/test/src/lib.rs:651:27
[INFO] [stdout]   32:     0x5631c1186f35 - test::run_test::{{closure}}::h2aa798823a438d38
[INFO] [stdout]                                at /rustc/82e1608dfa6e0b5569232559e3d385fea5a93112/library/test/src/lib.rs:574:43
[INFO] [stdout]   33:     0x5631c114f1f6 - test::run_test::{{closure}}::h87d231c78fb59832
[INFO] [stdout]                                at /rustc/82e1608dfa6e0b5569232559e3d385fea5a93112/library/test/src/lib.rs:602:41
[INFO] [stdout]   34:     0x5631c114f1f6 - std::sys_common::backtrace::__rust_begin_short_backtrace::he6df152596625789
[INFO] [stdout]                                at /rustc/82e1608dfa6e0b5569232559e3d385fea5a93112/library/std/src/sys_common/backtrace.rs:154:18
[INFO] [stdout]   35:     0x5631c11542a7 - std::thread::Builder::spawn_unchecked_::{{closure}}::{{closure}}::ha94be15d1e0acf36
[INFO] [stdout]                                at /rustc/82e1608dfa6e0b5569232559e3d385fea5a93112/library/std/src/thread/mod.rs:529:17
[INFO] [stdout]   36:     0x5631c11542a7 - <core::panic::unwind_safe::AssertUnwindSafe<F> as core::ops::function::FnOnce<()>>::call_once::h9dc6bd6372f16606
[INFO] [stdout]                                at /rustc/82e1608dfa6e0b5569232559e3d385fea5a93112/library/core/src/panic/unwind_safe.rs:272:9
[INFO] [stdout]   37:     0x5631c11542a7 - std::panicking::try::do_call::h9057517f80303cd4
[INFO] [stdout]                                at /rustc/82e1608dfa6e0b5569232559e3d385fea5a93112/library/std/src/panicking.rs:552:40
[INFO] [stdout]   38:     0x5631c11542a7 - std::panicking::try::he3a30b11ee45340c
[INFO] [stdout]                                at /rustc/82e1608dfa6e0b5569232559e3d385fea5a93112/library/std/src/panicking.rs:516:19
[INFO] [stdout]   39:     0x5631c11542a7 - std::panic::catch_unwind::h410458cfd3528b8b
[INFO] [stdout]                                at /rustc/82e1608dfa6e0b5569232559e3d385fea5a93112/library/std/src/panic.rs:142:14
[INFO] [stdout]   40:     0x5631c11542a7 - std::thread::Builder::spawn_unchecked_::{{closure}}::h72ac3bdb567b737b
[INFO] [stdout]                                at /rustc/82e1608dfa6e0b5569232559e3d385fea5a93112/library/std/src/thread/mod.rs:528:30
[INFO] [stdout]   41:     0x5631c11542a7 - core::ops::function::FnOnce::call_once{{vtable.shim}}::h38f34da3654a8344
[INFO] [stdout]                                at /rustc/82e1608dfa6e0b5569232559e3d385fea5a93112/library/core/src/ops/function.rs:250:5
[INFO] [stdout]   42:     0x5631c11fdeb5 - <alloc::boxed::Box<F,A> as core::ops::function::FnOnce<Args>>::call_once::hc7eafaff61e32df9
[INFO] [stdout]                                at /rustc/82e1608dfa6e0b5569232559e3d385fea5a93112/library/alloc/src/boxed.rs:2007:9
[INFO] [stdout]   43:     0x5631c11fdeb5 - <alloc::boxed::Box<F,A> as core::ops::function::FnOnce<Args>>::call_once::h6ba4a5de48dd2304
[INFO] [stdout]                                at /rustc/82e1608dfa6e0b5569232559e3d385fea5a93112/library/alloc/src/boxed.rs:2007:9
[INFO] [stdout]   44:     0x5631c11fdeb5 - std::sys::unix::thread::Thread::new::thread_start::he469335aef763e45
[INFO] [stdout]                                at /rustc/82e1608dfa6e0b5569232559e3d385fea5a93112/library/std/src/sys/unix/thread.rs:108:17
[INFO] [stdout]   45:     0x7f9ac5a94ac3 - <unknown>
[INFO] [stdout]   46:     0x7f9ac5b25bf4 - __clone
[INFO] [stdout]   47:                0x0 - <unknown>
[INFO] [stdout] 
[INFO] [stdout] ---- app::controller::index::tests::file_retrieval stdout ----
[INFO] [stdout] thread 'app::controller::index::tests::file_retrieval' panicked at src/app/controller/index/tests.rs:48:7:
[INFO] [stdout] called `Result::unwrap()` on an `Err` value: "unable to create file: Read-only file system (os error 30)"
[INFO] [stdout] stack backtrace:
[INFO] [stdout]    0:     0x5631c11f6fac - std::backtrace_rs::backtrace::libunwind::trace::ha637c64ce894333a
[INFO] [stdout]                                at /rustc/82e1608dfa6e0b5569232559e3d385fea5a93112/library/std/src/../../backtrace/src/backtrace/libunwind.rs:104:5
[INFO] [stdout]    1:     0x5631c11f6fac - std::backtrace_rs::backtrace::trace_unsynchronized::h47f62dea28e0c88d
[INFO] [stdout]                                at /rustc/82e1608dfa6e0b5569232559e3d385fea5a93112/library/std/src/../../backtrace/src/backtrace/mod.rs:66:5
[INFO] [stdout]    2:     0x5631c11f6fac - std::sys_common::backtrace::_print_fmt::h9eef0abe20ede486
[INFO] [stdout]                                at /rustc/82e1608dfa6e0b5569232559e3d385fea5a93112/library/std/src/sys_common/backtrace.rs:67:5
[INFO] [stdout]    3:     0x5631c11f6fac - <std::sys_common::backtrace::_print::DisplayBacktrace as core::fmt::Display>::fmt::hed7f999df88cc644
[INFO] [stdout]                                at /rustc/82e1608dfa6e0b5569232559e3d385fea5a93112/library/std/src/sys_common/backtrace.rs:44:22
[INFO] [stdout]    4:     0x5631c1225b70 - core::fmt::rt::Argument::fmt::h1539a9308b8d058d
[INFO] [stdout]                                at /rustc/82e1608dfa6e0b5569232559e3d385fea5a93112/library/core/src/fmt/rt.rs:142:9
[INFO] [stdout]    5:     0x5631c1225b70 - core::fmt::write::h3a39390d8560d9c9
[INFO] [stdout]                                at /rustc/82e1608dfa6e0b5569232559e3d385fea5a93112/library/core/src/fmt/mod.rs:1120:17
[INFO] [stdout]    6:     0x5631c11f487f - std::io::Write::write_fmt::h040b369f3a0f9cbc
[INFO] [stdout]                                at /rustc/82e1608dfa6e0b5569232559e3d385fea5a93112/library/std/src/io/mod.rs:1762:15
[INFO] [stdout]    7:     0x5631c11f6d94 - std::sys_common::backtrace::_print::h894006fb5c6f3d45
[INFO] [stdout]                                at /rustc/82e1608dfa6e0b5569232559e3d385fea5a93112/library/std/src/sys_common/backtrace.rs:47:5
[INFO] [stdout]    8:     0x5631c11f6d94 - std::sys_common::backtrace::print::h23a2d212c6fff936
[INFO] [stdout]                                at /rustc/82e1608dfa6e0b5569232559e3d385fea5a93112/library/std/src/sys_common/backtrace.rs:34:9
[INFO] [stdout]    9:     0x5631c11f8a57 - std::panicking::default_hook::{{closure}}::h8a1d2ee00185001a
[INFO] [stdout]   10:     0x5631c11f8743 - std::panicking::default_hook::h6038f2eba384e475
[INFO] [stdout]                                at /rustc/82e1608dfa6e0b5569232559e3d385fea5a93112/library/std/src/panicking.rs:289:9
[INFO] [stdout]   11:     0x5631c11828c7 - <alloc::boxed::Box<F,A> as core::ops::function::Fn<Args>>::call::h0ad024c9bdc6d768
[INFO] [stdout]                                at /rustc/82e1608dfa6e0b5569232559e3d385fea5a93112/library/alloc/src/boxed.rs:2021:9
[INFO] [stdout]   12:     0x5631c11828c7 - test::test_main::{{closure}}::h7500b54257359db6
[INFO] [stdout]                                at /rustc/82e1608dfa6e0b5569232559e3d385fea5a93112/library/test/src/lib.rs:138:21
[INFO] [stdout]   13:     0x5631c11f9068 - <alloc::boxed::Box<F,A> as core::ops::function::Fn<Args>>::call::h1f8f335eaa9cfaee
[INFO] [stdout]                                at /rustc/82e1608dfa6e0b5569232559e3d385fea5a93112/library/alloc/src/boxed.rs:2021:9
[INFO] [stdout]   14:     0x5631c11f9068 - std::panicking::rust_panic_with_hook::h2b5517d590cab22e
[INFO] [stdout]                                at /rustc/82e1608dfa6e0b5569232559e3d385fea5a93112/library/std/src/panicking.rs:783:13
[INFO] [stdout]   15:     0x5631c11f8dbe - std::panicking::begin_panic_handler::{{closure}}::h233112c06e0ef43e
[INFO] [stdout]                                at /rustc/82e1608dfa6e0b5569232559e3d385fea5a93112/library/std/src/panicking.rs:657:13
[INFO] [stdout]   16:     0x5631c11f7476 - std::sys_common::backtrace::__rust_end_short_backtrace::h6e893f24d7ebbff8
[INFO] [stdout]                                at /rustc/82e1608dfa6e0b5569232559e3d385fea5a93112/library/std/src/sys_common/backtrace.rs:170:18
[INFO] [stdout]   17:     0x5631c11f8b22 - rust_begin_unwind
[INFO] [stdout]                                at /rustc/82e1608dfa6e0b5569232559e3d385fea5a93112/library/std/src/panicking.rs:645:5
[INFO] [stdout]   18:     0x5631c0f28195 - core::panicking::panic_fmt::hbf0e066aabfa482c
[INFO] [stdout]                                at /rustc/82e1608dfa6e0b5569232559e3d385fea5a93112/library/core/src/panicking.rs:72:14
[INFO] [stdout]   19:     0x5631c0f28763 - core::result::unwrap_failed::hddb4fea594200c52
[INFO] [stdout]                                at /rustc/82e1608dfa6e0b5569232559e3d385fea5a93112/library/core/src/result.rs:1653:5
[INFO] [stdout]   20:     0x5631c11c5975 - core::result::Result<T,E>::unwrap::ha3275d67eaabdad9
[INFO] [stdout]                                at /rustc/82e1608dfa6e0b5569232559e3d385fea5a93112/library/core/src/result.rs:1077:23
[INFO] [stdout]   21:     0x5631c0ff69e7 - rws::app::controller::index::tests::file_retrieval::hca9969c201b6188c
[INFO] [stdout]                                at /opt/rustwide/workdir/src/app/controller/index/tests.rs:45:5
[INFO] [stdout]   22:     0x5631c0ff5d67 - rws::app::controller::index::tests::file_retrieval::{{closure}}::h0ac972674a5ab028
[INFO] [stdout]                                at /opt/rustwide/workdir/src/app/controller/index/tests.rs:11:20
[INFO] [stdout]   23:     0x5631c0fa6b16 - core::ops::function::FnOnce::call_once::hc905ba292e7378a0
[INFO] [stdout]                                at /rustc/82e1608dfa6e0b5569232559e3d385fea5a93112/library/core/src/ops/function.rs:250:5
[INFO] [stdout]   24:     0x5631c1187f1f - core::ops::function::FnOnce::call_once::h2b5d431d5046312d
[INFO] [stdout]                                at /rustc/82e1608dfa6e0b5569232559e3d385fea5a93112/library/core/src/ops/function.rs:250:5
[INFO] [stdout]   25:     0x5631c1187f1f - test::__rust_begin_short_backtrace::h7714669af176e207
[INFO] [stdout]                                at /rustc/82e1608dfa6e0b5569232559e3d385fea5a93112/library/test/src/lib.rs:628:18
[INFO] [stdout]   26:     0x5631c1186f35 - test::run_test_in_process::{{closure}}::h85218797dcbcec12
[INFO] [stdout]                                at /rustc/82e1608dfa6e0b5569232559e3d385fea5a93112/library/test/src/lib.rs:651:60
[INFO] [stdout]   27:     0x5631c1186f35 - <core::panic::unwind_safe::AssertUnwindSafe<F> as core::ops::function::FnOnce<()>>::call_once::h76c106ea31c14d7b
[INFO] [stdout]                                at /rustc/82e1608dfa6e0b5569232559e3d385fea5a93112/library/core/src/panic/unwind_safe.rs:272:9
[INFO] [stdout]   28:     0x5631c1186f35 - std::panicking::try::do_call::h3bd5d0f6620ee946
[INFO] [stdout]                                at /rustc/82e1608dfa6e0b5569232559e3d385fea5a93112/library/std/src/panicking.rs:552:40
[INFO] [stdout]   29:     0x5631c1186f35 - std::panicking::try::h232e535e4744fe31
[INFO] [stdout]                                at /rustc/82e1608dfa6e0b5569232559e3d385fea5a93112/library/std/src/panicking.rs:516:19
[INFO] [stdout]   30:     0x5631c1186f35 - std::panic::catch_unwind::h3ce3bd6ca8dbac68
[INFO] [stdout]                                at /rustc/82e1608dfa6e0b5569232559e3d385fea5a93112/library/std/src/panic.rs:142:14
[INFO] [stdout]   31:     0x5631c1186f35 - test::run_test_in_process::hc97b257c9621286a
[INFO] [stdout]                                at /rustc/82e1608dfa6e0b5569232559e3d385fea5a93112/library/test/src/lib.rs:651:27
[INFO] [stdout]   32:     0x5631c1186f35 - test::run_test::{{closure}}::h2aa798823a438d38
[INFO] [stdout]                                at /rustc/82e1608dfa6e0b5569232559e3d385fea5a93112/library/test/src/lib.rs:574:43
[INFO] [stdout]   33:     0x5631c114f1f6 - test::run_test::{{closure}}::h87d231c78fb59832
[INFO] [stdout]                                at /rustc/82e1608dfa6e0b5569232559e3d385fea5a93112/library/test/src/lib.rs:602:41
[INFO] [stdout]   34:     0x5631c114f1f6 - std::sys_common::backtrace::__rust_begin_short_backtrace::he6df152596625789
[INFO] [stdout]                                at /rustc/82e1608dfa6e0b5569232559e3d385fea5a93112/library/std/src/sys_common/backtrace.rs:154:18
[INFO] [stdout]   35:     0x5631c11542a7 - std::thread::Builder::spawn_unchecked_::{{closure}}::{{closure}}::ha94be15d1e0acf36
[INFO] [stdout]                                at /rustc/82e1608dfa6e0b5569232559e3d385fea5a93112/library/std/src/thread/mod.rs:529:17
[INFO] [stdout]   36:     0x5631c11542a7 - <core::panic::unwind_safe::AssertUnwindSafe<F> as core::ops::function::FnOnce<()>>::call_once::h9dc6bd6372f16606
[INFO] [stdout]                                at /rustc/82e1608dfa6e0b5569232559e3d385fea5a93112/library/core/src/panic/unwind_safe.rs:272:9
[INFO] [stdout]   37:     0x5631c11542a7 - std::panicking::try::do_call::h9057517f80303cd4
[INFO] [stdout]                                at /rustc/82e1608dfa6e0b5569232559e3d385fea5a93112/library/std/src/panicking.rs:552:40
[INFO] [stdout]   38:     0x5631c11542a7 - std::panicking::try::he3a30b11ee45340c
[INFO] [stdout]                                at /rustc/82e1608dfa6e0b5569232559e3d385fea5a93112/library/std/src/panicking.rs:516:19
[INFO] [stdout]   39:     0x5631c11542a7 - std::panic::catch_unwind::h410458cfd3528b8b
[INFO] [stdout]                                at /rustc/82e1608dfa6e0b5569232559e3d385fea5a93112/library/std/src/panic.rs:142:14
[INFO] [stdout]   40:     0x5631c11542a7 - std::thread::Builder::spawn_unchecked_::{{closure}}::h72ac3bdb567b737b
[INFO] [stdout]                                at /rustc/82e1608dfa6e0b5569232559e3d385fea5a93112/library/std/src/thread/mod.rs:528:30
[INFO] [stdout]   41:     0x5631c11542a7 - core::ops::function::FnOnce::call_once{{vtable.shim}}::h38f34da3654a8344
[INFO] [stdout]                                at /rustc/82e1608dfa6e0b5569232559e3d385fea5a93112/library/core/src/ops/function.rs:250:5
[INFO] [stdout]   42:     0x5631c11fdeb5 - <alloc::boxed::Box<F,A> as core::ops::function::FnOnce<Args>>::call_once::hc7eafaff61e32df9
[INFO] [stdout]                                at /rustc/82e1608dfa6e0b5569232559e3d385fea5a93112/library/alloc/src/boxed.rs:2007:9
[INFO] [stdout]   43:     0x5631c11fdeb5 - <alloc::boxed::Box<F,A> as core::ops::function::FnOnce<Args>>::call_once::h6ba4a5de48dd2304
[INFO] [stdout]                                at /rustc/82e1608dfa6e0b5569232559e3d385fea5a93112/library/alloc/src/boxed.rs:2007:9
[INFO] [stdout]   44:     0x5631c11fdeb5 - std::sys::unix::thread::Thread::new::thread_start::he469335aef763e45
[INFO] [stdout]                                at /rustc/82e1608dfa6e0b5569232559e3d385fea5a93112/library/std/src/sys/unix/thread.rs:108:17
[INFO] [stdout]   45:     0x7f9ac5a94ac3 - <unknown>
[INFO] [stdout]   46:     0x7f9ac5b25bf4 - __clone
[INFO] [stdout]   47:                0x0 - <unknown>
[INFO] [stdout] 
[INFO] [stdout] ---- entry_point::command_line_args::tests::parse_long_form stdout ----
[INFO] [stdout] 
[INFO] [stdout]     --ip=127.0.0.1
[INFO] [stdout]     Set env variable 'RWS_CONFIG_IP' to value '127.0.0.1'
[INFO] [stdout] 
[INFO] [stdout]     --port=7777
[INFO] [stdout]     Set env variable 'RWS_CONFIG_PORT' to value '7777'
[INFO] [stdout] 
[INFO] [stdout]     --threads=100
[INFO] [stdout] 
[INFO] [stdout]     --cors-allow-all=false
[INFO] [stdout]     Set env variable 'RWS_CONFIG_CORS_ALLOW_ALL' to value 'false'
[INFO] [stdout] 
[INFO] [stdout]     --cors-allow-origins=https://foo.example,https://bar.example
[INFO] [stdout]     Set env variable 'RWS_CONFIG_CORS_ALLOW_ORIGINS' to value 'https://foo.example,https://bar.example'
[INFO] [stdout] 
[INFO] [stdout]     --cors-allow-methods=GET,POST,PUT,DELETE
[INFO] [stdout]     Set env variable 'RWS_CONFIG_CORS_ALLOW_METHODS' to value 'GET,POST,PUT,DELETE'
[INFO] [stdout] 
[INFO] [stdout]     --cors-allow-headers=content-type,x-custom-header
[INFO] [stdout]     Set env variable 'RWS_CONFIG_CORS_ALLOW_HEADERS' to value 'content-type,x-custom-header'
[INFO] [stdout] 
[INFO] [stdout]     --cors-allow-credentials=true
[INFO] [stdout]     Set env variable 'RWS_CONFIG_CORS_ALLOW_CREDENTIALS' to value 'true'
[INFO] [stdout] 
[INFO] [stdout]     --cors-expose-headers=content-type,x-custom-header
[INFO] [stdout]     Set env variable 'RWS_CONFIG_CORS_EXPOSE_HEADERS' to value 'content-type,x-custom-header'
[INFO] [stdout] 
[INFO] [stdout]     --cors-max-age=86400
[INFO] [stdout]     Set env variable 'RWS_CONFIG_CORS_MAX_AGE' to value '86400'
[INFO] [stdout] thread 'entry_point::command_line_args::tests::parse_long_form' panicked at src/entry_point/command_line_args/tests.rs:267:5:
[INFO] [stdout] assertion `left == right` failed
[INFO] [stdout]   left: "200"
[INFO] [stdout]  right: "100"
[INFO] [stdout] stack backtrace:
[INFO] [stdout]    0:     0x5631c11f6fac - std::backtrace_rs::backtrace::libunwind::trace::ha637c64ce894333a
[INFO] [stdout]                                at /rustc/82e1608dfa6e0b5569232559e3d385fea5a93112/library/std/src/../../backtrace/src/backtrace/libunwind.rs:104:5
[INFO] [stdout]    1:     0x5631c11f6fac - std::backtrace_rs::backtrace::trace_unsynchronized::h47f62dea28e0c88d
[INFO] [stdout]                                at /rustc/82e1608dfa6e0b5569232559e3d385fea5a93112/library/std/src/../../backtrace/src/backtrace/mod.rs:66:5
[INFO] [stdout]    2:     0x5631c11f6fac - std::sys_common::backtrace::_print_fmt::h9eef0abe20ede486
[INFO] [stdout]                                at /rustc/82e1608dfa6e0b5569232559e3d385fea5a93112/library/std/src/sys_common/backtrace.rs:67:5
[INFO] [stdout]    3:     0x5631c11f6fac - <std::sys_common::backtrace::_print::DisplayBacktrace as core::fmt::Display>::fmt::hed7f999df88cc644
[INFO] [stdout]                                at /rustc/82e1608dfa6e0b5569232559e3d385fea5a93112/library/std/src/sys_common/backtrace.rs:44:22
[INFO] [stdout]    4:     0x5631c1225b70 - core::fmt::rt::Argument::fmt::h1539a9308b8d058d
[INFO] [stdout]                                at /rustc/82e1608dfa6e0b5569232559e3d385fea5a93112/library/core/src/fmt/rt.rs:142:9
[INFO] [stdout]    5:     0x5631c1225b70 - core::fmt::write::h3a39390d8560d9c9
[INFO] [stdout]                                at /rustc/82e1608dfa6e0b5569232559e3d385fea5a93112/library/core/src/fmt/mod.rs:1120:17
[INFO] [stdout]    6:     0x5631c11f487f - std::io::Write::write_fmt::h040b369f3a0f9cbc
[INFO] [stdout]                                at /rustc/82e1608dfa6e0b5569232559e3d385fea5a93112/library/std/src/io/mod.rs:1762:15
[INFO] [stdout]    7:     0x5631c11f6d94 - std::sys_common::backtrace::_print::h894006fb5c6f3d45
[INFO] [stdout]                                at /rustc/82e1608dfa6e0b5569232559e3d385fea5a93112/library/std/src/sys_common/backtrace.rs:47:5
[INFO] [stdout]    8:     0x5631c11f6d94 - std::sys_common::backtrace::print::h23a2d212c6fff936
[INFO] [stdout]                                at /rustc/82e1608dfa6e0b5569232559e3d385fea5a93112/library/std/src/sys_common/backtrace.rs:34:9
[INFO] [stdout]    9:     0x5631c11f8a57 - std::panicking::default_hook::{{closure}}::h8a1d2ee00185001a
[INFO] [stdout]   10:     0x5631c11f8743 - std::panicking::default_hook::h6038f2eba384e475
[INFO] [stdout]                                at /rustc/82e1608dfa6e0b5569232559e3d385fea5a93112/library/std/src/panicking.rs:289:9
[INFO] [stdout]   11:     0x5631c11828c7 - <alloc::boxed::Box<F,A> as core::ops::function::Fn<Args>>::call::h0ad024c9bdc6d768
[INFO] [stdout]                                at /rustc/82e1608dfa6e0b5569232559e3d385fea5a93112/library/alloc/src/boxed.rs:2021:9
[INFO] [stdout]   12:     0x5631c11828c7 - test::test_main::{{closure}}::h7500b54257359db6
[INFO] [stdout]                                at /rustc/82e1608dfa6e0b5569232559e3d385fea5a93112/library/test/src/lib.rs:138:21
[INFO] [stdout]   13:     0x5631c11f9068 - <alloc::boxed::Box<F,A> as core::ops::function::Fn<Args>>::call::h1f8f335eaa9cfaee
[INFO] [stdout]                                at /rustc/82e1608dfa6e0b5569232559e3d385fea5a93112/library/alloc/src/boxed.rs:2021:9
[INFO] [stdout]   14:     0x5631c11f9068 - std::panicking::rust_panic_with_hook::h2b5517d590cab22e
[INFO] [stdout]                                at /rustc/82e1608dfa6e0b5569232559e3d385fea5a93112/library/std/src/panicking.rs:783:13
[INFO] [stdout]   15:     0x5631c11f8dbe - std::panicking::begin_panic_handler::{{closure}}::h233112c06e0ef43e
[INFO] [stdout]                                at /rustc/82e1608dfa6e0b5569232559e3d385fea5a93112/library/std/src/panicking.rs:657:13
[INFO] [stdout]   16:     0x5631c11f7476 - std::sys_common::backtrace::__rust_end_short_backtrace::h6e893f24d7ebbff8
[INFO] [stdout]                                at /rustc/82e1608dfa6e0b5569232559e3d385fea5a93112/library/std/src/sys_common/backtrace.rs:170:18
[INFO] [stdout]   17:     0x5631c11f8b22 - rust_begin_unwind
[INFO] [stdout]                                at /rustc/82e1608dfa6e0b5569232559e3d385fea5a93112/library/std/src/panicking.rs:645:5
[INFO] [stdout]   18:     0x5631c0f28195 - core::panicking::panic_fmt::hbf0e066aabfa482c
[INFO] [stdout]                                at /rustc/82e1608dfa6e0b5569232559e3d385fea5a93112/library/core/src/panicking.rs:72:14
[INFO] [stdout]   19:     0x5631c0f285eb - core::panicking::assert_failed_inner::h0bba8b7c26ee4492
[INFO] [stdout]   20:     0x5631c0ff09a2 - core::panicking::assert_failed::ha09514e0e92fc8f3
[INFO] [stdout]                                at /rustc/82e1608dfa6e0b5569232559e3d385fea5a93112/library/core/src/panicking.rs:279:5
[INFO] [stdout]   21:     0x5631c0f62c86 - rws::entry_point::command_line_args::tests::parse_long_form::hd0fb5706989ac30f
[INFO] [stdout]                                at /opt/rustwide/workdir/src/entry_point/command_line_args/tests.rs:267:5
[INFO] [stdout]   22:     0x5631c0f62257 - rws::entry_point::command_line_args::tests::parse_long_form::{{closure}}::h9779032d17b34406
[INFO] [stdout]                                at /opt/rustwide/workdir/src/entry_point/command_line_args/tests.rs:235:21
[INFO] [stdout]   23:     0x5631c0fa7116 - core::ops::function::FnOnce::call_once::hd3d9bb3570b69abb
[INFO] [stdout]                                at /rustc/82e1608dfa6e0b5569232559e3d385fea5a93112/library/core/src/ops/function.rs:250:5
[INFO] [stdout]   24:     0x5631c1187f1f - core::ops::function::FnOnce::call_once::h2b5d431d5046312d
[INFO] [stdout]                                at /rustc/82e1608dfa6e0b5569232559e3d385fea5a93112/library/core/src/ops/function.rs:250:5
[INFO] [stdout]   25:     0x5631c1187f1f - test::__rust_begin_short_backtrace::h7714669af176e207
[INFO] [stdout]                                at /rustc/82e1608dfa6e0b5569232559e3d385fea5a93112/library/test/src/lib.rs:628:18
[INFO] [stdout]   26:     0x5631c1186f35 - test::run_test_in_process::{{closure}}::h85218797dcbcec12
[INFO] [stdout]                                at /rustc/82e1608dfa6e0b5569232559e3d385fea5a93112/library/test/src/lib.rs:651:60
[INFO] [stdout]   27:     0x5631c1186f35 - <core::panic::unwind_safe::AssertUnwindSafe<F> as core::ops::function::FnOnce<()>>::call_once::h76c106ea31c14d7b
[INFO] [stdout]                                at /rustc/82e1608dfa6e0b5569232559e3d385fea5a93112/library/core/src/panic/unwind_safe.rs:272:9
[INFO] [stdout]   28:     0x5631c1186f35 - std::panicking::try::do_call::h3bd5d0f6620ee946
[INFO] [stdout]                                at /rustc/82e1608dfa6e0b5569232559e3d385fea5a93112/library/std/src/panicking.rs:552:40
[INFO] [stdout]   29:     0x5631c1186f35 - std::panicking::try::h232e535e4744fe31
[INFO] [stdout]                                at /rustc/82e1608dfa6e0b5569232559e3d385fea5a93112/library/std/src/panicking.rs:516:19
[INFO] [stdout]   30:     0x5631c1186f35 - std::panic::catch_unwind::h3ce3bd6ca8dbac68
[INFO] [stdout]                                at /rustc/82e1608dfa6e0b5569232559e3d385fea5a93112/library/std/src/panic.rs:142:14
[INFO] [stdout]   31:     0x5631c1186f35 - test::run_test_in_process::hc97b257c9621286a
[INFO] [stdout]                                at /rustc/82e1608dfa6e0b5569232559e3d385fea5a93112/library/test/src/lib.rs:651:27
[INFO] [stdout]   32:     0x5631c1186f35 - test::run_test::{{closure}}::h2aa798823a438d38
[INFO] [stdout]                                at /rustc/82e1608dfa6e0b5569232559e3d385fea5a93112/library/test/src/lib.rs:574:43
[INFO] [stdout]   33:     0x5631c114f1f6 - test::run_test::{{closure}}::h87d231c78fb59832
[INFO] [stdout]                                at /rustc/82e1608dfa6e0b5569232559e3d385fea5a93112/library/test/src/lib.rs:602:41
[INFO] [stdout]   34:     0x5631c114f1f6 - std::sys_common::backtrace::__rust_begin_short_backtrace::he6df152596625789
[INFO] [stdout]                                at /rustc/82e1608dfa6e0b5569232559e3d385fea5a93112/library/std/src/sys_common/backtrace.rs:154:18
[INFO] [stdout]   35:     0x5631c11542a7 - std::thread::Builder::spawn_unchecked_::{{closure}}::{{closure}}::ha94be15d1e0acf36
[INFO] [stdout]                                at /rustc/82e1608dfa6e0b5569232559e3d385fea5a93112/library/std/src/thread/mod.rs:529:17
[INFO] [stdout]   36:     0x5631c11542a7 - <core::panic::unwind_safe::AssertUnwindSafe<F> as core::ops::function::FnOnce<()>>::call_once::h9dc6bd6372f16606
[INFO] [stdout]                                at /rustc/82e1608dfa6e0b5569232559e3d385fea5a93112/library/core/src/panic/unwind_safe.rs:272:9
[INFO] [stdout]   37:     0x5631c11542a7 - std::panicking::try::do_call::h9057517f80303cd4
[INFO] [stdout]                                at /rustc/82e1608dfa6e0b5569232559e3d385fea5a93112/library/std/src/panicking.rs:552:40
[INFO] [stdout]   38:     0x5631c11542a7 - std::panicking::try::he3a30b11ee45340c
[INFO] [stdout]                                at /rustc/82e1608dfa6e0b5569232559e3d385fea5a93112/library/std/src/panicking.rs:516:19
[INFO] [stdout]   39:     0x5631c11542a7 - std::panic::catch_unwind::h410458cfd3528b8b
[INFO] [stdout]                                at /rustc/82e1608dfa6e0b5569232559e3d385fea5a93112/library/std/src/panic.rs:142:14
[INFO] [stdout]   40:     0x5631c11542a7 - std::thread::Builder::spawn_unchecked_::{{closure}}::h72ac3bdb567b737b
[INFO] [stdout]                                at /rustc/82e1608dfa6e0b5569232559e3d385fea5a93112/library/std/src/thread/mod.rs:528:30
[INFO] [stdout]   41:     0x5631c11542a7 - core::ops::function::FnOnce::call_once{{vtable.shim}}::h38f34da3654a8344
[INFO] [stdout]                                at /rustc/82e1608dfa6e0b5569232559e3d385fea5a93112/library/core/src/ops/function.rs:250:5
[INFO] [stdout]   42:     0x5631c11fdeb5 - <alloc::boxed::Box<F,A> as core::ops::function::FnOnce<Args>>::call_once::hc7eafaff61e32df9
[INFO] [stdout]                                at /rustc/82e1608dfa6e0b5569232559e3d385fea5a93112/library/alloc/src/boxed.rs:2007:9
[INFO] [stdout]   43:     0x5631c11fdeb5 - <alloc::boxed::Box<F,A> as core::ops::function::FnOnce<Args>>::call_once::h6ba4a5de48dd2304
[INFO] [stdout]                                at /rustc/82e1608dfa6e0b5569232559e3d385fea5a93112/library/alloc/src/boxed.rs:2007:9
[INFO] [stdout]   44:     0x5631c11fdeb5 - std::sys::unix::thread::Thread::new::thread_start::he469335aef763e45
[INFO] [stdout]                                at /rustc/82e1608dfa6e0b5569232559e3d385fea5a93112/library/std/src/sys/unix/thread.rs:108:17
[INFO] [stdout]   45:     0x7f9ac5a94ac3 - <unknown>
[INFO] [stdout]   46:     0x7f9ac5b25bf4 - __clone
[INFO] [stdout]   47:                0x0 - <unknown>
[INFO] [stdout] 
[INFO] [stdout] 
[INFO] [stdout] failures:
[INFO] [stdout]     app::controller::favicon::tests::favicon_retrieval
[INFO] [stdout]     app::controller::index::tests::file_retrieval
[INFO] [stdout]     app::controller::script::tests::file_retrieval
[INFO] [stdout]     entry_point::command_line_args::tests::parse_long_form
[INFO] [stdout] 
[INFO] [stdout] test result: FAILED. 467 passed; 4 failed; 0 ignored; 0 measured; 0 filtered out; finished in 0.72s
[INFO] [stdout] 
[INFO] [stderr] error: test failed, to rerun pass `--bin rws`
[INFO] running `Command { std: "docker" "inspect" "cfbc33616f87aac417eb961922a2fff0b5a606480004361203087c190711d39b", kill_on_drop: false }`
[INFO] running `Command { std: "docker" "rm" "-f" "cfbc33616f87aac417eb961922a2fff0b5a606480004361203087c190711d39b", kill_on_drop: false }`
[INFO] [stdout] cfbc33616f87aac417eb961922a2fff0b5a606480004361203087c190711d39b
